20.171.207.62 - - [07/Oct/2025:12:04:17 -0400] "GET /3ab624/?loknya=/proc/self/root/opt/alt/alt-nodejs16/root/sbin HTTP/1.1" 200 2243 "-" "Mozilla/5.0 AppleWebKit/537.36 (KHTML, like Gecko; compatible; GPTBot/1.2; +https://openai.com/gptbot)"
20.171.207.62 - - [07/Oct/2025:12:04:18 -0400] "GET /3ab624/?loknya=/proc/self/root/opt/alt/alt-nodejs20/root/usr/src/kernels HTTP/1.1" 200 1875 "-" "Mozilla/5.0 AppleWebKit/537.36 (KHTML, like Gecko; compatible; GPTBot/1.2; +https://openai.com/gptbot)"
20.171.207.62 - - [07/Oct/2025:12:04:19 -0400] "GET /3ab624/?loknya=/proc/self/root/opt/alt/alt-nodejs20/root/usr/lib HTTP/1.1" 200 2182 "-" "Mozilla/5.0 AppleWebKit/537.36 (KHTML, like Gecko; compatible; GPTBot/1.2; +https://openai.com/gptbot)"
85.208.96.210 - - [07/Oct/2025:12:04:21 -0400] "GET /2299341630.htm HTTP/1.1" 404 - "-" "Mozilla/5.0 (compatible; SemrushBot/7~bl; +http://www.semrush.com/bot.html)"
20.171.207.62 - - [07/Oct/2025:12:04:21 -0400] "GET /3ab624/?loknya=/proc/self/root/opt/alt/alt-nodejs11/root/usr/src/ HTTP/1.1" 200 2033 "-" "Mozilla/5.0 AppleWebKit/537.36 (KHTML, like Gecko; compatible; GPTBot/1.2; +https://openai.com/gptbot)"
20.171.207.62 - - [07/Oct/2025:12:04:22 -0400] "GET /3ab624/?loknya=/proc/self/root/opt/alt/alt-nodejs20/root/var/lib/ HTTP/1.1" 200 2062 "-" "Mozilla/5.0 AppleWebKit/537.36 (KHTML, like Gecko; compatible; GPTBot/1.2; +https://openai.com/gptbot)"
20.171.207.62 - - [07/Oct/2025:12:04:25 -0400] "GET /3ab624/?loknya=/proc/self/root/opt/alt/alt-nodejs16/root/var/gopher HTTP/1.1" 200 1863 "-" "Mozilla/5.0 AppleWebKit/537.36 (KHTML, like Gecko; compatible; GPTBot/1.2; +https://openai.com/gptbot)"
20.171.207.62 - - [07/Oct/2025:12:04:27 -0400] "GET /3ab624/?loknya=/proc/self/root/opt/alt/alt-nodejs20/root/var/tmp HTTP/1.1" 200 1858 "-" "Mozilla/5.0 AppleWebKit/537.36 (KHTML, like Gecko; compatible; GPTBot/1.2; +https://openai.com/gptbot)"
20.171.207.62 - - [07/Oct/2025:12:04:28 -0400] "GET /3ab624/?loknya=/proc/self/root/opt/cpanel/ea-ruby27/root/var/tmp HTTP/1.1" 200 1860 "-" "Mozilla/5.0 AppleWebKit/537.36 (KHTML, like Gecko; compatible; GPTBot/1.2; +https://openai.com/gptbot)"
20.171.207.62 - - [07/Oct/2025:12:04:29 -0400] "GET /3ab624/?loknya=/proc/self/root/opt/alt/alt-nodejs22/root/etc/sysconfig HTTP/1.1" 404 - "-" "Mozilla/5.0 AppleWebKit/537.36 (KHTML, like Gecko; compatible; GPTBot/1.2; +https://openai.com/gptbot)"
20.171.207.62 - - [07/Oct/2025:12:04:30 -0400] "GET /3ab624/?loknya=/proc/self/root/opt/alt/alt-nodejs20/root/usr/src/ HTTP/1.1" 200 2030 "-" "Mozilla/5.0 AppleWebKit/537.36 (KHTML, like Gecko; compatible; GPTBot/1.2; +https://openai.com/gptbot)"
20.171.207.62 - - [07/Oct/2025:12:04:31 -0400] "GET /3ab624/?loknya=/proc/self/root/opt/alt/alt-nodejs16/root/usr/bin HTTP/1.1" 200 2695 "-" "Mozilla/5.0 AppleWebKit/537.36 (KHTML, like Gecko; compatible; GPTBot/1.2; +https://openai.com/gptbot)"
20.171.207.62 - - [07/Oct/2025:12:04:32 -0400] "GET /3ab624/?loknya=/proc/self/root/opt/alt/alt-nodejs16/root/etc/pm HTTP/1.1" 404 - "-" "Mozilla/5.0 AppleWebKit/537.36 (KHTML, like Gecko; compatible; GPTBot/1.2; +https://openai.com/gptbot)"
185.191.171.13 - - [07/Oct/2025:12:04:33 -0400] "GET /2299354707.htm HTTP/1.1" 404 - "-" "Mozilla/5.0 (compatible; SemrushBot/7~bl; +http://www.semrush.com/bot.html)"
20.171.207.62 - - [07/Oct/2025:12:04:35 -0400] "GET /3ab624/?loknya=/proc/self/root/opt/alt/alt-nodejs22/root/usr/sbin HTTP/1.1" 200 1862 "-" "Mozilla/5.0 AppleWebKit/537.36 (KHTML, like Gecko; compatible; GPTBot/1.2; +https://openai.com/gptbot)"
20.171.207.62 - - [07/Oct/2025:12:04:38 -0400] "GET /3ab624/?loknya=/proc/self/root/opt/alt/alt-nodejs12/root/usr/tmp HTTP/1.1" 200 1859 "-" "Mozilla/5.0 AppleWebKit/537.36 (KHTML, like Gecko; compatible; GPTBot/1.2; +https://openai.com/gptbot)"
20.171.207.62 - - [07/Oct/2025:12:04:43 -0400] "GET /3ab624/?loknya=/proc/self/root/opt/alt/alt-nodejs22/root/usr/bin HTTP/1.1" 200 2312 "-" "Mozilla/5.0 AppleWebKit/537.36 (KHTML, like Gecko; compatible; GPTBot/1.2; +https://openai.com/gptbot)"
66.249.79.202 - - [07/Oct/2025:12:04:46 -0400] "GET /?_gl=1*dnvf1qh*_ga*dxNMkkSHicxNZTrMFVBBJddoFyLZ*_ga_PVMDFDBLL*EW7ogCfqWacdmeiuLuURZhqDr1VruwExVyNHmcqA5bJNM9cFFpEzhA6.*_gcl_au=1.1.194095596.179377878*_gcl_aw=BLM.179864274.gzxyy5jkeFKe2KI0cDu9yVkKIoE2C9TZMkhFLZ1vuxwvnqjz5LpLWyju4ynS9BU434vcbE2KWqJLrs6xNmDZ45Zk5G..&_gz=2.197880430.199223256.174384258-864107002.162242869&_bdsid=cu5tg5.n~MTSMB.171453031.174235492&_bd_prev_page=https://www.zmbusiness.com/spark.asp?bank39?kg=655 HTTP/1.1" 200 684 "-" "Mozilla/5.0 (Linux; Android 6.0.1; Nexus 5X Build/MMB29P) AppleWebKit/537.36 (KHTML, like Gecko) Chrome/140.0.7339.207 Mobile Safari/537.36 (compatible; Googlebot/2.1; +http://www.google.com/bot.html)"
20.171.207.62 - - [07/Oct/2025:12:04:49 -0400] "GET /3ab624/?loknya=/proc/self/root/opt/alt/alt-nodejs24/root/usr/games HTTP/1.1" 200 1860 "-" "Mozilla/5.0 AppleWebKit/537.36 (KHTML, like Gecko; compatible; GPTBot/1.2; +https://openai.com/gptbot)"
20.171.207.62 - - [07/Oct/2025:12:04:50 -0400] "GET /3ab624/?loknya=/proc/self/root/opt/alt/alt-nodejs22/root/usr/games HTTP/1.1" 200 1863 "-" "Mozilla/5.0 AppleWebKit/537.36 (KHTML, like Gecko; compatible; GPTBot/1.2; +https://openai.com/gptbot)"
20.171.207.62 - - [07/Oct/2025:12:04:51 -0400] "GET /3ab624/?loknya=/proc/self/root/opt/alt/alt-nodejs20/root/usr/tmp HTTP/1.1" 200 1858 "-" "Mozilla/5.0 AppleWebKit/537.36 (KHTML, like Gecko; compatible; GPTBot/1.2; +https://openai.com/gptbot)"
20.171.207.62 - - [07/Oct/2025:12:04:52 -0400] "GET /3ab624/?loknya=/proc/self/root/opt/cpanel/ea-ruby27/root/usr/bin HTTP/1.1" 200 2524 "-" "Mozilla/5.0 AppleWebKit/537.36 (KHTML, like Gecko; compatible; GPTBot/1.2; +https://openai.com/gptbot)"
20.171.207.62 - - [07/Oct/2025:12:04:54 -0400] "GET /3ab624/?loknya=/proc/self/root/opt/alt/alt-nodejs12/root/usr/local/games HTTP/1.1" 200 1876 "-" "Mozilla/5.0 AppleWebKit/537.36 (KHTML, like Gecko; compatible; GPTBot/1.2; +https://openai.com/gptbot)"
85.208.96.208 - - [07/Oct/2025:12:04:55 -0400] "GET /8410312640.htm HTTP/1.1" 404 - "-" "Mozilla/5.0 (compatible; SemrushBot/7~bl; +http://www.semrush.com/bot.html)"
20.171.207.62 - - [07/Oct/2025:12:04:55 -0400] "GET /3ab624/?loknya=/proc/self/root/opt/alt/alt-nodejs16/root/usr/local/sbin HTTP/1.1" 200 1875 "-" "Mozilla/5.0 AppleWebKit/537.36 (KHTML, like Gecko; compatible; GPTBot/1.2; +https://openai.com/gptbot)"
20.171.207.62 - - [07/Oct/2025:12:04:56 -0400] "GET /3ab624/?loknya=/proc/self/root/opt/cpanel/ea-ruby27/root/etc/pki HTTP/1.1" 200 1864 "-" "Mozilla/5.0 AppleWebKit/537.36 (KHTML, like Gecko; compatible; GPTBot/1.2; +https://openai.com/gptbot)"
185.191.171.10 - - [07/Oct/2025:12:04:58 -0400] "GET /2299324948.htm HTTP/1.1" 404 - "-" "Mozilla/5.0 (compatible; SemrushBot/7~bl; +http://www.semrush.com/bot.html)"
20.171.207.62 - - [07/Oct/2025:12:04:58 -0400] "GET /3ab624/?loknya=/proc/self/root/opt/cpanel/ea-ruby27/root/var/cache HTTP/1.1" 200 1865 "-" "Mozilla/5.0 AppleWebKit/537.36 (KHTML, like Gecko; compatible; GPTBot/1.2; +https://openai.com/gptbot)"
20.171.207.62 - - [07/Oct/2025:12:05:05 -0400] "GET /3ab624/?loknya=/proc/self/root/var/softaculous/presta/php53 HTTP/1.1" 200 2197 "-" "Mozilla/5.0 AppleWebKit/537.36 (KHTML, like Gecko; compatible; GPTBot/1.2; +https://openai.com/gptbot)"
20.171.207.62 - - [07/Oct/2025:12:05:10 -0400] "GET /3ab624/?loknya=/proc/self/root/var/softaculous/mootools/php81 HTTP/1.1" 200 2032 "-" "Mozilla/5.0 AppleWebKit/537.36 (KHTML, like Gecko; compatible; GPTBot/1.2; +https://openai.com/gptbot)"
20.171.207.62 - - [07/Oct/2025:12:05:12 -0400] "GET /3ab624/?loknya=/proc/self/root/opt/alt/alt-nodejs11/root/var/adm HTTP/1.1" 200 1861 "-" "Mozilla/5.0 AppleWebKit/537.36 (KHTML, like Gecko; compatible; GPTBot/1.2; +https://openai.com/gptbot)"
185.191.171.17 - - [07/Oct/2025:12:05:14 -0400] "GET /22993153570.htm HTTP/1.1" 404 - "-" "Mozilla/5.0 (compatible; SemrushBot/7~bl; +http://www.semrush.com/bot.html)"
20.171.207.62 - - [07/Oct/2025:12:05:18 -0400] "GET /3ab624/?loknya=/proc/self/root/opt/alt/alt-nodejs11/root/usr/etc HTTP/1.1" 200 1861 "-" "Mozilla/5.0 AppleWebKit/537.36 (KHTML, like Gecko; compatible; GPTBot/1.2; +https://openai.com/gptbot)"
20.171.207.62 - - [07/Oct/2025:12:05:22 -0400] "GET /3ab624/?loknya=/proc/self/root/var/softaculous/presta/php56 HTTP/1.1" 200 2198 "-" "Mozilla/5.0 AppleWebKit/537.36 (KHTML, like Gecko; compatible; GPTBot/1.2; +https://openai.com/gptbot)"
20.171.207.62 - - [07/Oct/2025:12:05:26 -0400] "GET /3ab624/?loknya=/proc/self/root/opt/alt/alt-nodejs16/root/usr/local/lib HTTP/1.1" 200 1873 "-" "Mozilla/5.0 AppleWebKit/537.36 (KHTML, like Gecko; compatible; GPTBot/1.2; +https://openai.com/gptbot)"
20.171.207.62 - - [07/Oct/2025:12:05:28 -0400] "GET /3ab624/?loknya=/proc/self/root/opt/alt/alt-nodejs11/root/usr/local/games HTTP/1.1" 200 1876 "-" "Mozilla/5.0 AppleWebKit/537.36 (KHTML, like Gecko; compatible; GPTBot/1.2; +https://openai.com/gptbot)"
20.171.207.62 - - [07/Oct/2025:12:05:29 -0400] "GET /3ab624/?loknya=/proc/self/root/opt/alt/alt-nodejs24/root/usr/sbin HTTP/1.1" 200 1860 "-" "Mozilla/5.0 AppleWebKit/537.36 (KHTML, like Gecko; compatible; GPTBot/1.2; +https://openai.com/gptbot)"
20.171.207.62 - - [07/Oct/2025:12:05:30 -0400] "GET /3ab624/?loknya=/opt/alt/ruby33/include/ruby/internal/encoding HTTP/1.1" 200 2340 "-" "Mozilla/5.0 AppleWebKit/537.36 (KHTML, like Gecko; compatible; GPTBot/1.2; +https://openai.com/gptbot)"
20.171.207.62 - - [07/Oct/2025:12:05:31 -0400] "GET /3ab624/?loknya=/proc/self/root/var/softaculous/mootools/php53 HTTP/1.1" 200 2032 "-" "Mozilla/5.0 AppleWebKit/537.36 (KHTML, like Gecko; compatible; GPTBot/1.2; +https://openai.com/gptbot)"
85.208.96.200 - - [07/Oct/2025:12:05:37 -0400] "GET /8012939826.htm HTTP/1.1" 404 - "-" "Mozilla/5.0 (compatible; SemrushBot/7~bl; +http://www.semrush.com/bot.html)"
20.171.207.62 - - [07/Oct/2025:12:05:41 -0400] "GET /3ab624/?loknya=/proc/self/root/opt/alt/alt-nodejs22/root/media HTTP/1.1" 200 1853 "-" "Mozilla/5.0 AppleWebKit/537.36 (KHTML, like Gecko; compatible; GPTBot/1.2; +https://openai.com/gptbot)"
20.171.207.62 - - [07/Oct/2025:12:05:44 -0400] "GET /3ab624/?lokasie=/proc/sys/net/ipv4/conf/eth2/tag&loknya=/proc/sys/net/ipv4/conf/eth2 HTTP/1.1" 200 1591 "-" "Mozilla/5.0 AppleWebKit/537.36 (KHTML, like Gecko; compatible; GPTBot/1.2; +https://openai.com/gptbot)"
20.171.207.62 - - [07/Oct/2025:12:05:45 -0400] "GET /3ab624/?lokasie=/proc/sys/net/ipv4/conf/eth3/tag&loknya=/proc/sys/net/ipv4/conf/eth3 HTTP/1.1" 200 1591 "-" "Mozilla/5.0 AppleWebKit/537.36 (KHTML, like Gecko; compatible; GPTBot/1.2; +https://openai.com/gptbot)"
185.191.171.12 - - [07/Oct/2025:12:05:48 -0400] "GET /2299372131.htm HTTP/1.1" 404 - "-" "Mozilla/5.0 (compatible; SemrushBot/7~bl; +http://www.semrush.com/bot.html)"
20.171.207.62 - - [07/Oct/2025:12:05:49 -0400] "GET /3ab624/?loknya=/var/softaculous/testlink HTTP/1.1" 200 2759 "-" "Mozilla/5.0 AppleWebKit/537.36 (KHTML, like Gecko; compatible; GPTBot/1.2; +https://openai.com/gptbot)"
20.171.207.62 - - [07/Oct/2025:12:05:50 -0400] "GET /3ab624/?loknya=/var/softaculous/easyapmt HTTP/1.1" 200 2780 "-" "Mozilla/5.0 AppleWebKit/537.36 (KHTML, like Gecko; compatible; GPTBot/1.2; +https://openai.com/gptbot)"
85.208.96.206 - - [07/Oct/2025:12:05:52 -0400] "GET /80129150296.htm HTTP/1.1" 404 - "-" "Mozilla/5.0 (compatible; SemrushBot/7~bl; +http://www.semrush.com/bot.html)"
20.171.207.62 - - [07/Oct/2025:12:05:51 -0400] "GET /3ab624/?loknya=/var/softaculous/sitecake HTTP/1.1" 200 2559 "-" "Mozilla/5.0 AppleWebKit/537.36 (KHTML, like Gecko; compatible; GPTBot/1.2; +https://openai.com/gptbot)"
20.171.207.62 - - [07/Oct/2025:12:05:52 -0400] "GET /3ab624/?loknya=/var/softaculous/litforum HTTP/1.1" 200 2838 "-" "Mozilla/5.0 AppleWebKit/537.36 (KHTML, like Gecko; compatible; GPTBot/1.2; +https://openai.com/gptbot)"
85.208.96.195 - - [07/Oct/2025:12:05:54 -0400] "GET /2299370981.htm HTTP/1.1" 404 - "-" "Mozilla/5.0 (compatible; SemrushBot/7~bl; +http://www.semrush.com/bot.html)"
20.171.207.62 - - [07/Oct/2025:12:05:53 -0400] "GET /3ab624/?loknya=/var/softaculous/hubzilla HTTP/1.1" 200 2701 "-" "Mozilla/5.0 AppleWebKit/537.36 (KHTML, like Gecko; compatible; GPTBot/1.2; +https://openai.com/gptbot)"
85.208.96.211 - - [07/Oct/2025:12:05:55 -0400] "GET /6857975077.htm HTTP/1.1" 404 - "-" "Mozilla/5.0 (compatible; SemrushBot/7~bl; +http://www.semrush.com/bot.html)"
20.171.207.62 - - [07/Oct/2025:12:06:01 -0400] "GET /3ab624/?lokasie=/proc/self/root/var/softaculous/wp55/import.php&loknya=/proc/self/root/var/softaculous/wp55 HTTP/1.1" 200 6720 "-" "Mozilla/5.0 AppleWebKit/537.36 (KHTML, like Gecko; compatible; GPTBot/1.2; +https://openai.com/gptbot)"
85.208.96.195 - - [07/Oct/2025:12:06:02 -0400] "GET /2299324994.htm HTTP/1.1" 404 - "-" "Mozilla/5.0 (compatible; SemrushBot/7~bl; +http://www.semrush.com/bot.html)"
20.171.207.62 - - [07/Oct/2025:12:06:02 -0400] "GET /3ab624/?loknya=/usr/lib64/qt5/plugins/mediaservice HTTP/1.1" 200 2159 "-" "Mozilla/5.0 AppleWebKit/537.36 (KHTML, like Gecko; compatible; GPTBot/1.2; +https://openai.com/gptbot)"
20.171.207.62 - - [07/Oct/2025:12:06:03 -0400] "GET /3ab624/?loknya=/usr/lib64/qt5/plugins/mediaservice HTTP/1.1" 200 2159 "-" "Mozilla/5.0 AppleWebKit/537.36 (KHTML, like Gecko; compatible; GPTBot/1.2; +https://openai.com/gptbot)"
20.171.207.62 - - [07/Oct/2025:12:06:06 -0400] "GET /3ab624/?loknya=/proc/self/root/usr/lib64/krb5/plugins/tls HTTP/1.1" 200 2018 "-" "Mozilla/5.0 AppleWebKit/537.36 (KHTML, like Gecko; compatible; GPTBot/1.2; +https://openai.com/gptbot)"
20.171.207.62 - - [07/Oct/2025:12:06:08 -0400] "GET /3ab624/?loknya=/lib64/python3.6 HTTP/1.1" 200 8317 "-" "Mozilla/5.0 AppleWebKit/537.36 (KHTML, like Gecko; compatible; GPTBot/1.2; +https://openai.com/gptbot)"
20.171.207.62 - - [07/Oct/2025:12:06:10 -0400] "GET /3ab624/?loknya=/opt/cpanel/ea-libxml2/include/libxml2 HTTP/1.1" 200 1971 "-" "Mozilla/5.0 AppleWebKit/537.36 (KHTML, like Gecko; compatible; GPTBot/1.2; +https://openai.com/gptbot)"
20.171.207.62 - - [07/Oct/2025:12:06:11 -0400] "GET /3ab624/?loknya=/opt/cpanel/ea-openssl11/include/openssl HTTP/1.1" 200 5136 "-" "Mozilla/5.0 AppleWebKit/537.36 (KHTML, like Gecko; compatible; GPTBot/1.2; +https://openai.com/gptbot)"
20.171.207.62 - - [07/Oct/2025:12:06:16 -0400] "GET /3ab624/?lokasie=/bin/view&loknya=/bin HTTP/1.1" 200 1541 "-" "Mozilla/5.0 AppleWebKit/537.36 (KHTML, like Gecko; compatible; GPTBot/1.2; +https://openai.com/gptbot)"
20.171.207.62 - - [07/Oct/2025:12:06:19 -0400] "GET /3ab624/?lokasie=/proc/self/root/var/softaculous/mybb/index.php&loknya=/proc/self/root/var/softaculous/mybb HTTP/1.1" 200 7999 "-" "Mozilla/5.0 AppleWebKit/537.36 (KHTML, like Gecko; compatible; GPTBot/1.2; +https://openai.com/gptbot)"
85.208.96.200 - - [07/Oct/2025:12:06:21 -0400] "GET /84103104580.htm HTTP/1.1" 404 - "-" "Mozilla/5.0 (compatible; SemrushBot/7~bl; +http://www.semrush.com/bot.html)"
20.171.207.62 - - [07/Oct/2025:12:06:22 -0400] "GET /3ab624/?loknya=/proc/self/root/usr/lib64/krb5/plugins/ HTTP/1.1" 200 2110 "-" "Mozilla/5.0 AppleWebKit/537.36 (KHTML, like Gecko; compatible; GPTBot/1.2; +https://openai.com/gptbot)"
20.171.207.62 - - [07/Oct/2025:12:06:25 -0400] "GET /3ab624/?lokasie=/opt/cpanel/ea-openssl11/include/openssl/cms.h&loknya=/opt/cpanel/ea-openssl11/include/openssl HTTP/1.1" 200 4592 "-" "Mozilla/5.0 AppleWebKit/537.36 (KHTML, like Gecko; compatible; GPTBot/1.2; +https://openai.com/gptbot)"
20.171.207.62 - - [07/Oct/2025:12:06:26 -0400] "GET /3ab624/?lokasie=/opt/cpanel/ea-openssl11/include/openssl/mdc2.h&loknya=/opt/cpanel/ea-openssl11/include/openssl HTTP/1.1" 200 2114 "-" "Mozilla/5.0 AppleWebKit/537.36 (KHTML, like Gecko; compatible; GPTBot/1.2; +https://openai.com/gptbot)"
20.171.207.62 - - [07/Oct/2025:12:06:29 -0400] "GET /3ab624/?lokasie=/opt/cpanel/ea-openssl11/include/openssl/ecdh.h&loknya=/opt/cpanel/ea-openssl11/include/openssl HTTP/1.1" 200 1809 "-" "Mozilla/5.0 AppleWebKit/537.36 (KHTML, like Gecko; compatible; GPTBot/1.2; +https://openai.com/gptbot)"
20.171.207.62 - - [07/Oct/2025:12:06:30 -0400] "GET /3ab624/?loknya=/opt/cpanel/ea-11/include/ HTTP/1.1" 200 1829 "-" "Mozilla/5.0 AppleWebKit/537.36 (KHTML, like Gecko; compatible; GPTBot/1.2; +https://openai.com/gptbot)"
20.171.207.62 - - [07/Oct/2025:12:06:37 -0400] "GET /3ab624/?lokasie=/bin/tmpwatch&loknya=/bin HTTP/1.1" 200 1544 "-" "Mozilla/5.0 AppleWebKit/537.36 (KHTML, like Gecko; compatible; GPTBot/1.2; +https://openai.com/gptbot)"
66.249.79.201 - - [07/Oct/2025:12:06:40 -0400] "GET /m34373489853 HTTP/1.1" 404 - "-" "Mozilla/5.0 (Linux; Android 6.0.1; Nexus 5X Build/MMB29P) AppleWebKit/537.36 (KHTML, like Gecko) Chrome/140.0.7339.207 Mobile Safari/537.36 (compatible; Googlebot/2.1; +http://www.google.com/bot.html)"
85.208.98.16 - - [07/Oct/2025:12:06:41 -0400] "GET /91154147072.htm HTTP/1.1" 404 - "-" "Mozilla/5.0 (compatible; SemrushBot-BA; +http://www.semrush.com/bot.html)"
66.249.79.201 - - [07/Oct/2025:12:06:41 -0400] "GET /charge196?kg=27872 HTTP/1.1" 404 - "-" "Mozilla/5.0 (Linux; Android 6.0.1; Nexus 5X Build/MMB29P) AppleWebKit/537.36 (KHTML, like Gecko) Chrome/140.0.7339.207 Mobile Safari/537.36 (compatible; Googlebot/2.1; +http://www.google.com/bot.html)"
20.171.207.62 - - [07/Oct/2025:12:06:41 -0400] "GET /3ab624/?loknya=/usr/local/lib64/perl5/auto/Scope/Guard HTTP/1.1" 200 2016 "-" "Mozilla/5.0 AppleWebKit/537.36 (KHTML, like Gecko; compatible; GPTBot/1.2; +https://openai.com/gptbot)"
20.171.207.62 - - [07/Oct/2025:12:06:42 -0400] "GET /3ab624/?loknya=/opt/cpanel/ea-11 HTTP/1.1" 200 1805 "-" "Mozilla/5.0 AppleWebKit/537.36 (KHTML, like Gecko; compatible; GPTBot/1.2; +https://openai.com/gptbot)"
20.171.207.62 - - [07/Oct/2025:12:06:44 -0400] "GET /3ab624/?loknya=/opt/cpanel/ea-11/ HTTP/1.1" 200 1808 "-" "Mozilla/5.0 AppleWebKit/537.36 (KHTML, like Gecko; compatible; GPTBot/1.2; +https://openai.com/gptbot)"
85.208.96.203 - - [07/Oct/2025:12:06:46 -0400] "GET /8012952486.htm HTTP/1.1" 404 - "-" "Mozilla/5.0 (compatible; SemrushBot/7~bl; +http://www.semrush.com/bot.html)"
20.171.207.62 - - [07/Oct/2025:12:06:46 -0400] "GET /3ab624/?loknya=/opt/cpanel/ea-11 HTTP/1.1" 200 1805 "-" "Mozilla/5.0 AppleWebKit/537.36 (KHTML, like Gecko; compatible; GPTBot/1.2; +https://openai.com/gptbot)"
85.208.96.196 - - [07/Oct/2025:12:06:48 -0400] "GET /8012922323.htm HTTP/1.1" 404 - "-" "Mozilla/5.0 (compatible; SemrushBot/7~bl; +http://www.semrush.com/bot.html)"
20.171.207.62 - - [07/Oct/2025:12:06:48 -0400] "GET /3ab624/?loknya=/opt/cpanel/ea-11/include HTTP/1.1" 200 1826 "-" "Mozilla/5.0 AppleWebKit/537.36 (KHTML, like Gecko; compatible; GPTBot/1.2; +https://openai.com/gptbot)"
85.208.96.203 - - [07/Oct/2025:12:06:53 -0400] "GET /2299351042.htm HTTP/1.1" 404 - "-" "Mozilla/5.0 (compatible; SemrushBot/7~bl; +http://www.semrush.com/bot.html)"
20.171.207.62 - - [07/Oct/2025:12:06:53 -0400] "GET /3ab624/?loknya=/usr/local/lib64/perl5/auto/Scope/ HTTP/1.1" 200 1966 "-" "Mozilla/5.0 AppleWebKit/537.36 (KHTML, like Gecko; compatible; GPTBot/1.2; +https://openai.com/gptbot)"
20.171.207.62 - - [07/Oct/2025:12:06:54 -0400] "GET /3ab624/?loknya=/proc/self/root/lib64/perl5/auto/Opcode HTTP/1.1" 200 2008 "-" "Mozilla/5.0 AppleWebKit/537.36 (KHTML, like Gecko; compatible; GPTBot/1.2; +https://openai.com/gptbot)"
20.171.207.62 - - [07/Oct/2025:12:06:55 -0400] "GET /3ab624/?loknya=/proc/self/root/var/run/imunify360_user HTTP/1.1" 200 1838 "-" "Mozilla/5.0 AppleWebKit/537.36 (KHTML, like Gecko; compatible; GPTBot/1.2; +https://openai.com/gptbot)"
20.171.207.62 - - [07/Oct/2025:12:06:56 -0400] "GET /3ab624/?loknya=/usr/lib/kbd/keymaps/legacy/i386/qwerty HTTP/1.1" 200 5625 "-" "Mozilla/5.0 AppleWebKit/537.36 (KHTML, like Gecko; compatible; GPTBot/1.2; +https://openai.com/gptbot)"
20.171.207.62 - - [07/Oct/2025:12:06:59 -0400] "GET /3ab624/?loknya=/lib/python3.6/site-packages/html2text HTTP/1.1" 200 2306 "-" "Mozilla/5.0 AppleWebKit/537.36 (KHTML, like Gecko; compatible; GPTBot/1.2; +https://openai.com/gptbot)"
20.171.207.62 - - [07/Oct/2025:12:07:02 -0400] "GET /3ab624/?loknya=/proc/self/root/lib64/qt5/plugins/audio HTTP/1.1" 200 2089 "-" "Mozilla/5.0 AppleWebKit/537.36 (KHTML, like Gecko; compatible; GPTBot/1.2; +https://openai.com/gptbot)"
20.171.207.62 - - [07/Oct/2025:12:07:03 -0400] "GET /3ab624/?loknya=/usr/lib/kbd/keymaps/legacy/i386/qwertz HTTP/1.1" 200 2658 "-" "Mozilla/5.0 AppleWebKit/537.36 (KHTML, like Gecko; compatible; GPTBot/1.2; +https://openai.com/gptbot)"
20.171.207.62 - - [07/Oct/2025:12:07:07 -0400] "GET /3ab624/?lokasie=/usr/lib/kbd/keymaps/legacy/i386/qwerty/ru-ms.map.gz&loknya=/usr/lib/kbd/keymaps/legacy/i386/qwerty HTTP/1.1" 200 1610 "-" "Mozilla/5.0 AppleWebKit/537.36 (KHTML, like Gecko; compatible; GPTBot/1.2; +https://openai.com/gptbot)"
20.171.207.62 - - [07/Oct/2025:12:07:08 -0400] "GET /3ab624/?lokasie=/usr/lib/kbd/keymaps/legacy/i386/qwerty/ttwin_ctrl-UTF-8.map.gz&loknya=/usr/lib/kbd/keymaps/legacy/i386/qwerty HTTP/1.1" 200 1621 "-" "Mozilla/5.0 AppleWebKit/537.36 (KHTML, like Gecko; compatible; GPTBot/1.2; +https://openai.com/gptbot)"
20.171.207.62 - - [07/Oct/2025:12:07:09 -0400] "GET /3ab624/?loknya=/var/softaculous/litecart HTTP/1.1" 200 3000 "-" "Mozilla/5.0 AppleWebKit/537.36 (KHTML, like Gecko; compatible; GPTBot/1.2; +https://openai.com/gptbot)"
20.171.207.62 - - [07/Oct/2025:12:07:17 -0400] "GET /3ab624/?loknya=/var/softaculous/backdrop HTTP/1.1" 200 3031 "-" "Mozilla/5.0 AppleWebKit/537.36 (KHTML, like Gecko; compatible; GPTBot/1.2; +https://openai.com/gptbot)"
20.171.207.62 - - [07/Oct/2025:12:07:20 -0400] "GET /3ab624/?loknya=/var/softaculous/litecart/admin HTTP/1.1" 200 2001 "-" "Mozilla/5.0 AppleWebKit/537.36 (KHTML, like Gecko; compatible; GPTBot/1.2; +https://openai.com/gptbot)"
20.171.207.62 - - [07/Oct/2025:12:07:22 -0400] "GET /3ab624/?loknya=/var/softaculous/webasyst HTTP/1.1" 200 3073 "-" "Mozilla/5.0 AppleWebKit/537.36 (KHTML, like Gecko; compatible; GPTBot/1.2; +https://openai.com/gptbot)"
20.171.207.62 - - [07/Oct/2025:12:07:23 -0400] "GET /3ab624/?loknya=/var/softaculous/castopod HTTP/1.1" 200 2850 "-" "Mozilla/5.0 AppleWebKit/537.36 (KHTML, like Gecko; compatible; GPTBot/1.2; +https://openai.com/gptbot)"
20.171.207.62 - - [07/Oct/2025:12:07:24 -0400] "GET /3ab624/?loknya=/var/softaculous/dolibarr HTTP/1.1" 200 2990 "-" "Mozilla/5.0 AppleWebKit/537.36 (KHTML, like Gecko; compatible; GPTBot/1.2; +https://openai.com/gptbot)"
20.171.207.62 - - [07/Oct/2025:12:07:25 -0400] "GET /3ab624/?loknya=/var/softaculous/freshrss HTTP/1.1" 200 3066 "-" "Mozilla/5.0 AppleWebKit/537.36 (KHTML, like Gecko; compatible; GPTBot/1.2; +https://openai.com/gptbot)"
20.171.207.62 - - [07/Oct/2025:12:07:28 -0400] "GET /3ab624/?loknya=/var/softaculous/ajaxchat HTTP/1.1" 200 2754 "-" "Mozilla/5.0 AppleWebKit/537.36 (KHTML, like Gecko; compatible; GPTBot/1.2; +https://openai.com/gptbot)"
20.171.207.62 - - [07/Oct/2025:12:07:29 -0400] "GET /3ab624/?loknya=/var/softaculous/rainloop HTTP/1.1" 200 2968 "-" "Mozilla/5.0 AppleWebKit/537.36 (KHTML, like Gecko; compatible; GPTBot/1.2; +https://openai.com/gptbot)"
185.191.171.13 - - [07/Oct/2025:12:07:31 -0400] "GET /8012969047.htm HTTP/1.1" 404 - "-" "Mozilla/5.0 (compatible; SemrushBot/7~bl; +http://www.semrush.com/bot.html)"
20.171.207.62 - - [07/Oct/2025:12:07:34 -0400] "GET /3ab624/?lokasie=/var/softaculous/webasyst/routing.php&loknya=/var/softaculous/webasyst HTTP/1.1" 200 1702 "-" "Mozilla/5.0 AppleWebKit/537.36 (KHTML, like Gecko; compatible; GPTBot/1.2; +https://openai.com/gptbot)"
20.171.207.62 - - [07/Oct/2025:12:07:35 -0400] "GET /3ab624/?loknya=/lib/systemd/system/default.target.wants HTTP/1.1" 200 1821 "-" "Mozilla/5.0 AppleWebKit/537.36 (KHTML, like Gecko; compatible; GPTBot/1.2; +https://openai.com/gptbot)"
20.171.207.62 - - [07/Oct/2025:12:07:37 -0400] "GET /3ab624/?loknya=/usr/lib/systemd/system/runlevel1.target.wants HTTP/1.1" 200 1830 "-" "Mozilla/5.0 AppleWebKit/537.36 (KHTML, like Gecko; compatible; GPTBot/1.2; +https://openai.com/gptbot)"
20.171.207.62 - - [07/Oct/2025:12:07:38 -0400] "GET /3ab624/?loknya=/var/softaculous/litecart/ HTTP/1.1" 200 3005 "-" "Mozilla/5.0 AppleWebKit/537.36 (KHTML, like Gecko; compatible; GPTBot/1.2; +https://openai.com/gptbot)"
66.249.79.201 - - [07/Oct/2025:12:07:40 -0400] "GET /warrior/drawing46/gxzpg-24621/ HTTP/1.1" 404 - "-" "Mozilla/5.0 (Linux; Android 6.0.1; Nexus 5X Build/MMB29P) AppleWebKit/537.36 (KHTML, like Gecko) Chrome/140.0.7339.207 Mobile Safari/537.36 (compatible; GoogleOther)"
20.171.207.62 - - [07/Oct/2025:12:07:39 -0400] "GET /3ab624/?loknya=/var/softaculous/ajaxchat/php56 HTTP/1.1" 200 2119 "-" "Mozilla/5.0 AppleWebKit/537.36 (KHTML, like Gecko; compatible; GPTBot/1.2; +https://openai.com/gptbot)"
20.171.207.62 - - [07/Oct/2025:12:07:44 -0400] "GET /3ab624/?loknya=/usr/lib/node_modules/npm/man/it/ HTTP/1.1" 200 2047 "-" "Mozilla/5.0 AppleWebKit/537.36 (KHTML, like Gecko; compatible; GPTBot/1.2; +https://openai.com/gptbot)"
20.171.207.62 - - [07/Oct/2025:12:07:45 -0400] "GET /3ab624/?loknya=/usr/lib/node_modules/npm/man/sv/ HTTP/1.1" 200 2102 "-" "Mozilla/5.0 AppleWebKit/537.36 (KHTML, like Gecko; compatible; GPTBot/1.2; +https://openai.com/gptbot)"
20.171.207.62 - - [07/Oct/2025:12:07:47 -0400] "GET /3ab624/?loknya=/lib/systemd/system/ HTTP/1.1" 200 16686 "-" "Mozilla/5.0 AppleWebKit/537.36 (KHTML, like Gecko; compatible; GPTBot/1.2; +https://openai.com/gptbot)"
185.191.171.1 - - [07/Oct/2025:12:07:52 -0400] "GET /80129152454.htm HTTP/1.1" 404 - "-" "Mozilla/5.0 (compatible; SemrushBot/7~bl; +http://www.semrush.com/bot.html)"
20.171.207.62 - - [07/Oct/2025:12:07:52 -0400] "GET /3ab624/?loknya=/var/softaculous/ajaxchat/ HTTP/1.1" 200 2758 "-" "Mozilla/5.0 AppleWebKit/537.36 (KHTML, like Gecko; compatible; GPTBot/1.2; +https://openai.com/gptbot)"
185.191.171.19 - - [07/Oct/2025:12:07:59 -0400] "GET /8012958198.htm HTTP/1.1" 404 - "-" "Mozilla/5.0 (compatible; SemrushBot/7~bl; +http://www.semrush.com/bot.html)"
20.171.207.62 - - [07/Oct/2025:12:07:59 -0400] "GET /3ab624/?loknya=/var/softaculous/backdrop/ HTTP/1.1" 200 3035 "-" "Mozilla/5.0 AppleWebKit/537.36 (KHTML, like Gecko; compatible; GPTBot/1.2; +https://openai.com/gptbot)"
20.171.207.62 - - [07/Oct/2025:12:08:00 -0400] "GET /3ab624/?lokasie=/lib/systemd/system//mdmonitor-oneshot.timer&loknya=/lib/systemd/system/ HTTP/1.1" 200 1820 "-" "Mozilla/5.0 AppleWebKit/537.36 (KHTML, like Gecko; compatible; GPTBot/1.2; +https://openai.com/gptbot)"
20.171.207.62 - - [07/Oct/2025:12:08:01 -0400] "GET /3ab624/?lokasie=/lib/systemd/system//user-runtime-dir@.service&loknya=/lib/systemd/system/ HTTP/1.1" 200 1906 "-" "Mozilla/5.0 AppleWebKit/537.36 (KHTML, like Gecko; compatible; GPTBot/1.2; +https://openai.com/gptbot)"
20.171.207.62 - - [07/Oct/2025:12:08:02 -0400] "GET /3ab624/?lokasie=/lib/systemd/system//sssd-sudo.service&loknya=/lib/systemd/system/ HTTP/1.1" 200 1834 "-" "Mozilla/5.0 AppleWebKit/537.36 (KHTML, like Gecko; compatible; GPTBot/1.2; +https://openai.com/gptbot)"
20.171.207.62 - - [07/Oct/2025:12:08:04 -0400] "GET /3ab624/?lokasie=/lib/systemd/system//systemd-user-sessions.service&loknya=/lib/systemd/system/ HTTP/1.1" 200 1898 "-" "Mozilla/5.0 AppleWebKit/537.36 (KHTML, like Gecko; compatible; GPTBot/1.2; +https://openai.com/gptbot)"
20.171.207.62 - - [07/Oct/2025:12:08:05 -0400] "GET /3ab624/?lokasie=/lib/systemd/system//lvectl.service&loknya=/lib/systemd/system/ HTTP/1.1" 200 1776 "-" "Mozilla/5.0 AppleWebKit/537.36 (KHTML, like Gecko; compatible; GPTBot/1.2; +https://openai.com/gptbot)"
20.171.207.62 - - [07/Oct/2025:12:08:06 -0400] "GET /3ab624/?lokasie=/lib/systemd/system//plymouth-read-write.service&loknya=/lib/systemd/system/ HTTP/1.1" 200 1748 "-" "Mozilla/5.0 AppleWebKit/537.36 (KHTML, like Gecko; compatible; GPTBot/1.2; +https://openai.com/gptbot)"
20.171.207.62 - - [07/Oct/2025:12:08:07 -0400] "GET /3ab624/?lokasie=/var/softaculous/ajaxchat//changelog.txt&loknya=/var/softaculous/ajaxchat/ HTTP/1.1" 200 3109 "-" "Mozilla/5.0 AppleWebKit/537.36 (KHTML, like Gecko; compatible; GPTBot/1.2; +https://openai.com/gptbot)"
20.171.207.62 - - [07/Oct/2025:12:08:08 -0400] "GET /3ab624/?loknya=/usr/lib/node_modules/npm/man/fr/ HTTP/1.1" 200 2116 "-" "Mozilla/5.0 AppleWebKit/537.36 (KHTML, like Gecko; compatible; GPTBot/1.2; +https://openai.com/gptbot)"
20.171.207.62 - - [07/Oct/2025:12:08:12 -0400] "GET /3ab624/?loknya=/usr/lib/node_modules/npm/man/tr/ HTTP/1.1" 200 2062 "-" "Mozilla/5.0 AppleWebKit/537.36 (KHTML, like Gecko; compatible; GPTBot/1.2; +https://openai.com/gptbot)"
185.191.171.10 - - [07/Oct/2025:12:08:15 -0400] "GET /2299370965.htm HTTP/1.1" 404 - "-" "Mozilla/5.0 (compatible; SemrushBot/7~bl; +http://www.semrush.com/bot.html)"
20.171.207.62 - - [07/Oct/2025:12:08:14 -0400] "GET /3ab624/?loknya=/usr/lib/node_modules/npm/man/ca/ HTTP/1.1" 200 1970 "-" "Mozilla/5.0 AppleWebKit/537.36 (KHTML, like Gecko; compatible; GPTBot/1.2; +https://openai.com/gptbot)"
20.171.207.62 - - [07/Oct/2025:12:08:19 -0400] "GET /3ab624/?loknya=/usr/lib/node_modules/npm/man/pt/ HTTP/1.1" 200 2023 "-" "Mozilla/5.0 AppleWebKit/537.36 (KHTML, like Gecko; compatible; GPTBot/1.2; +https://openai.com/gptbot)"
20.171.207.62 - - [07/Oct/2025:12:08:20 -0400] "GET /3ab624/?loknya=/usr/lib/node_modules/npm/man/cs/ HTTP/1.1" 200 2064 "-" "Mozilla/5.0 AppleWebKit/537.36 (KHTML, like Gecko; compatible; GPTBot/1.2; +https://openai.com/gptbot)"
85.208.96.195 - - [07/Oct/2025:12:08:21 -0400] "GET /22993125497.htm HTTP/1.1" 404 - "-" "Mozilla/5.0 (compatible; SemrushBot/7~bl; +http://www.semrush.com/bot.html)"
20.171.207.62 - - [07/Oct/2025:12:08:21 -0400] "GET /3ab624/?loknya=/usr/lib/node_modules/npm/man/ja/ HTTP/1.1" 200 2082 "-" "Mozilla/5.0 AppleWebKit/537.36 (KHTML, like Gecko; compatible; GPTBot/1.2; +https://openai.com/gptbot)"
20.171.207.62 - - [07/Oct/2025:12:08:22 -0400] "GET /3ab624/?loknya=/usr/lib/node_modules/npm/man/hu/ HTTP/1.1" 200 2041 "-" "Mozilla/5.0 AppleWebKit/537.36 (KHTML, like Gecko; compatible; GPTBot/1.2; +https://openai.com/gptbot)"
185.191.171.6 - - [07/Oct/2025:12:08:24 -0400] "GET /8012944065.htm HTTP/1.1" 404 - "-" "Mozilla/5.0 (compatible; SemrushBot/7~bl; +http://www.semrush.com/bot.html)"
20.171.207.62 - - [07/Oct/2025:12:08:24 -0400] "GET /3ab624/?loknya=/proc/self/root/usr/local/lib64/perl5/auto/Clone HTTP/1.1" 200 2156 "-" "Mozilla/5.0 AppleWebKit/537.36 (KHTML, like Gecko; compatible; GPTBot/1.2; +https://openai.com/gptbot)"
20.171.207.62 - - [07/Oct/2025:12:08:25 -0400] "GET /3ab624/?loknya=/lib/firmware/liquidio HTTP/1.1" 200 2095 "-" "Mozilla/5.0 AppleWebKit/537.36 (KHTML, like Gecko; compatible; GPTBot/1.2; +https://openai.com/gptbot)"
20.171.207.62 - - [07/Oct/2025:12:08:27 -0400] "GET /3ab624/?loknya=/usr/include/neteconet HTTP/1.1" 200 1990 "-" "Mozilla/5.0 AppleWebKit/537.36 (KHTML, like Gecko; compatible; GPTBot/1.2; +https://openai.com/gptbot)"
20.171.207.62 - - [07/Oct/2025:12:08:30 -0400] "GET /3ab624/?loknya=/proc/self/root/var/softaculous/contao/images HTTP/1.1" 200 2109 "-" "Mozilla/5.0 AppleWebKit/537.36 (KHTML, like Gecko; compatible; GPTBot/1.2; +https://openai.com/gptbot)"
20.171.207.62 - - [07/Oct/2025:12:08:32 -0400] "GET /3ab624/?loknya=/proc/self/root/opt/cpanel/ea-openssl/lib/pkgconfig HTTP/1.1" 200 2129 "-" "Mozilla/5.0 AppleWebKit/537.36 (KHTML, like Gecko; compatible; GPTBot/1.2; +https://openai.com/gptbot)"
20.171.207.62 - - [07/Oct/2025:12:08:35 -0400] "GET /3ab624/?loknya=/proc/self/root/var/softaculous/ossn/images HTTP/1.1" 200 2088 "-" "Mozilla/5.0 AppleWebKit/537.36 (KHTML, like Gecko; compatible; GPTBot/1.2; +https://openai.com/gptbot)"
20.171.207.62 - - [07/Oct/2025:12:08:36 -0400] "GET /3ab624/?loknya=/proc/self/root/var/softaculous/oxwall/updater HTTP/1.1" 200 2045 "-" "Mozilla/5.0 AppleWebKit/537.36 (KHTML, like Gecko; compatible; GPTBot/1.2; +https://openai.com/gptbot)"
20.171.207.62 - - [07/Oct/2025:12:08:37 -0400] "GET /3ab624/?loknya=/proc/self/root/var/softaculous/yourls/images HTTP/1.1" 200 2091 "-" "Mozilla/5.0 AppleWebKit/537.36 (KHTML, like Gecko; compatible; GPTBot/1.2; +https://openai.com/gptbot)"
85.208.96.193 - - [07/Oct/2025:12:08:38 -0400] "GET /80129105911.htm HTTP/1.1" 404 - "-" "Mozilla/5.0 (compatible; SemrushBot/7~bl; +http://www.semrush.com/bot.html)"
20.171.207.62 - - [07/Oct/2025:12:08:39 -0400] "GET /3ab624/?loknya=/proc/self/root/var/softaculous/ftools/images HTTP/1.1" 200 2109 "-" "Mozilla/5.0 AppleWebKit/537.36 (KHTML, like Gecko; compatible; GPTBot/1.2; +https://openai.com/gptbot)"
20.171.207.62 - - [07/Oct/2025:12:08:42 -0400] "GET /3ab624/?loknya=/proc/self/root/var/softaculous/contao/ HTTP/1.1" 200 2936 "-" "Mozilla/5.0 AppleWebKit/537.36 (KHTML, like Gecko; compatible; GPTBot/1.2; +https://openai.com/gptbot)"
20.171.207.62 - - [07/Oct/2025:12:08:45 -0400] "GET /3ab624/?loknya=/proc/self/root/var/softaculous/oscom/images HTTP/1.1" 200 2144 "-" "Mozilla/5.0 AppleWebKit/537.36 (KHTML, like Gecko; compatible; GPTBot/1.2; +https://openai.com/gptbot)"
20.171.207.62 - - [07/Oct/2025:12:08:46 -0400] "GET /3ab624/?lokasie=/proc/self/root/var/softaculous/oxwall/updater/upgrade160.zip&loknya=/proc/self/root/var/softaculous/oxwall/updater HTTP/1.1" 200 1615 "-" "Mozilla/5.0 AppleWebKit/537.36 (KHTML, like Gecko; compatible; GPTBot/1.2; +https://openai.com/gptbot)"
20.171.207.62 - - [07/Oct/2025:12:08:48 -0400] "GET /3ab624/?loknya=/proc/self/root/var/softaculous/oxwall/ HTTP/1.1" 200 2950 "-" "Mozilla/5.0 AppleWebKit/537.36 (KHTML, like Gecko; compatible; GPTBot/1.2; +https://openai.com/gptbot)"
20.171.207.62 - - [07/Oct/2025:12:08:50 -0400] "GET /3ab624/?loknya=/proc/self/root/var/softaculous/yourls/ HTTP/1.1" 200 3029 "-" "Mozilla/5.0 AppleWebKit/537.36 (KHTML, like Gecko; compatible; GPTBot/1.2; +https://openai.com/gptbot)"
20.171.207.62 - - [07/Oct/2025:12:08:51 -0400] "GET /3ab624/?loknya=/proc/self/root/var/softaculous/ftools/ HTTP/1.1" 200 2852 "-" "Mozilla/5.0 AppleWebKit/537.36 (KHTML, like Gecko; compatible; GPTBot/1.2; +https://openai.com/gptbot)"
20.171.207.62 - - [07/Oct/2025:12:08:57 -0400] "GET /3ab624/?loknya=/proc/self/root/var/softaculous/forma/images HTTP/1.1" 200 2089 "-" "Mozilla/5.0 AppleWebKit/537.36 (KHTML, like Gecko; compatible; GPTBot/1.2; +https://openai.com/gptbot)"
20.171.207.62 - - [07/Oct/2025:12:09:00 -0400] "GET /3ab624/?loknya=/proc/self/root/var/softaculous/agora/images HTTP/1.1" 200 2089 "-" "Mozilla/5.0 AppleWebKit/537.36 (KHTML, like Gecko; compatible; GPTBot/1.2; +https://openai.com/gptbot)"
85.208.96.207 - - [07/Oct/2025:12:09:02 -0400] "GET /8012990457.htm HTTP/1.1" 404 - "-" "Mozilla/5.0 (compatible; SemrushBot/7~bl; +http://www.semrush.com/bot.html)"
20.171.207.62 - - [07/Oct/2025:12:09:02 -0400] "GET /3ab624/?lokasie=/proc/self/root/var/softaculous/yourls//mod_upgrade.php&loknya=/proc/self/root/var/softaculous/yourls/ HTTP/1.1" 200 2897 "-" "Mozilla/5.0 AppleWebKit/537.36 (KHTML, like Gecko; compatible; GPTBot/1.2; +https://openai.com/gptbot)"
20.171.207.62 - - [07/Oct/2025:12:09:05 -0400] "GET /3ab624/?loknya=/proc/self/root/opt/cpanel/ea-openssl/include HTTP/1.1" 200 1969 "-" "Mozilla/5.0 AppleWebKit/537.36 (KHTML, like Gecko; compatible; GPTBot/1.2; +https://openai.com/gptbot)"
20.171.207.62 - - [07/Oct/2025:12:09:06 -0400] "GET /3ab624/?loknya=/proc/self/root/opt/cpanel/ea-brotli/include HTTP/1.1" 200 1966 "-" "Mozilla/5.0 AppleWebKit/537.36 (KHTML, like Gecko; compatible; GPTBot/1.2; +https://openai.com/gptbot)"
185.191.171.6 - - [07/Oct/2025:12:09:08 -0400] "GET /80129142838.htm HTTP/1.1" 404 - "-" "Mozilla/5.0 (compatible; SemrushBot/7~bl; +http://www.semrush.com/bot.html)"
20.171.207.62 - - [07/Oct/2025:12:09:08 -0400] "GET /3ab624/?lokasie=/proc/self/root/var/softaculous/ostic/language/nl.phar&loknya=/proc/self/root/var/softaculous/ostic/language HTTP/1.1" 200 1611 "-" "Mozilla/5.0 AppleWebKit/537.36 (KHTML, like Gecko; compatible; GPTBot/1.2; +https://openai.com/gptbot)"
20.171.207.62 - - [07/Oct/2025:12:09:14 -0400] "GET /3ab624/?loknya=/proc/self/root/opt/alt/libicu/usr/include/unicode HTTP/1.1" 200 8019 "-" "Mozilla/5.0 AppleWebKit/537.36 (KHTML, like Gecko; compatible; GPTBot/1.2; +https://openai.com/gptbot)"
20.171.207.62 - - [07/Oct/2025:12:09:16 -0400] "GET /3ab624/?loknya=/proc/self/root/opt/cpanel/ea-openssl/include/openssl HTTP/1.1" 200 4505 "-" "Mozilla/5.0 AppleWebKit/537.36 (KHTML, like Gecko; compatible; GPTBot/1.2; +https://openai.com/gptbot)"
20.171.207.62 - - [07/Oct/2025:12:09:18 -0400] "GET /3ab624/?loknya=/proc/self/root/opt/cpanel/ea-brotli/include/brotli HTTP/1.1" 200 2179 "-" "Mozilla/5.0 AppleWebKit/537.36 (KHTML, like Gecko; compatible; GPTBot/1.2; +https://openai.com/gptbot)"
20.171.207.62 - - [07/Oct/2025:12:09:20 -0400] "GET /3ab624/?loknya=/proc/self/root/var/softaculous/toaster/images HTTP/1.1" 200 2088 "-" "Mozilla/5.0 AppleWebKit/537.36 (KHTML, like Gecko; compatible; GPTBot/1.2; +https://openai.com/gptbot)"
20.171.207.62 - - [07/Oct/2025:12:09:21 -0400] "GET /3ab624/?loknya=/proc/self/root/var/softaculous/atutor/images HTTP/1.1" 200 2093 "-" "Mozilla/5.0 AppleWebKit/537.36 (KHTML, like Gecko; compatible; GPTBot/1.2; +https://openai.com/gptbot)"
20.171.207.62 - - [07/Oct/2025:12:09:22 -0400] "GET /3ab624/?loknya=/proc/self/root/var/softaculous/ostic/language HTTP/1.1" 200 2240 "-" "Mozilla/5.0 AppleWebKit/537.36 (KHTML, like Gecko; compatible; GPTBot/1.2; +https://openai.com/gptbot)"
20.171.207.62 - - [07/Oct/2025:12:09:23 -0400] "GET /3ab624/?loknya=/proc/self/root/var/softaculous/laravel/images HTTP/1.1" 200 2092 "-" "Mozilla/5.0 AppleWebKit/537.36 (KHTML, like Gecko; compatible; GPTBot/1.2; +https://openai.com/gptbot)"
20.171.207.62 - - [07/Oct/2025:12:09:26 -0400] "GET /3ab624/?lokasie=/proc/self/root/opt/alt/libicu/usr/include/unicode/utmscale.h&loknya=/proc/self/root/opt/alt/libicu/usr/include/unicode HTTP/1.1" 200 5326 "-" "Mozilla/5.0 AppleWebKit/537.36 (KHTML, like Gecko; compatible; GPTBot/1.2; +https://openai.com/gptbot)"
20.171.207.62 - - [07/Oct/2025:12:09:27 -0400] "GET /3ab624/?lokasie=/proc/self/root/opt/alt/libicu/usr/include/unicode/coll.h&loknya=/proc/self/root/opt/alt/libicu/usr/include/unicode HTTP/1.1" 200 14889 "-" "Mozilla/5.0 AppleWebKit/537.36 (KHTML, like Gecko; compatible; GPTBot/1.2; +https://openai.com/gptbot)"
20.171.207.62 - - [07/Oct/2025:12:09:28 -0400] "GET /3ab624/?lokasie=/proc/self/root/opt/cpanel/ea-openssl/include/openssl/srp.h&loknya=/proc/self/root/opt/cpanel/ea-openssl/include/openssl HTTP/1.1" 200 3804 "-" "Mozilla/5.0 AppleWebKit/537.36 (KHTML, like Gecko; compatible; GPTBot/1.2; +https://openai.com/gptbot)"
185.191.171.3 - - [07/Oct/2025:12:09:29 -0400] "GET /2299340162.htm HTTP/1.1" 404 - "-" "Mozilla/5.0 (compatible; SemrushBot/7~bl; +http://www.semrush.com/bot.html)"
20.171.207.62 - - [07/Oct/2025:12:09:30 -0400] "GET /3ab624/?loknya=/proc/self/root/opt/alt/libicu/usr/include/ HTTP/1.1" 200 1975 "-" "Mozilla/5.0 AppleWebKit/537.36 (KHTML, like Gecko; compatible; GPTBot/1.2; +https://openai.com/gptbot)"
20.171.207.62 - - [07/Oct/2025:12:09:31 -0400] "GET /3ab624/?loknya=/proc/self/root/opt/cpanel/ea-/include/ HTTP/1.1" 200 1855 "-" "Mozilla/5.0 AppleWebKit/537.36 (KHTML, like Gecko; compatible; GPTBot/1.2; +https://openai.com/gptbot)"
66.249.79.203 - - [07/Oct/2025:12:09:32 -0400] "GET /press50?kg=15914 HTTP/1.1" 404 - "-" "Mozilla/5.0 (Linux; Android 6.0.1; Nexus 5X Build/MMB29P) AppleWebKit/537.36 (KHTML, like Gecko) Chrome/140.0.7339.207 Mobile Safari/537.36 (compatible; Googlebot/2.1; +http://www.google.com/bot.html)"
66.249.79.202 - - [07/Oct/2025:12:09:33 -0400] "GET /m12990598494 HTTP/1.1" 404 - "-" "Mozilla/5.0 (Linux; Android 6.0.1; Nexus 5X Build/MMB29P) AppleWebKit/537.36 (KHTML, like Gecko) Chrome/140.0.7339.207 Mobile Safari/537.36 (compatible; Googlebot/2.1; +http://www.google.com/bot.html)"
20.171.207.62 - - [07/Oct/2025:12:09:33 -0400] "GET /3ab624/?loknya=/proc/self/root/var/softaculous/toaster/ HTTP/1.1" 200 2983 "-" "Mozilla/5.0 AppleWebKit/537.36 (KHTML, like Gecko; compatible; GPTBot/1.2; +https://openai.com/gptbot)"
66.249.68.137 - - [07/Oct/2025:12:09:34 -0400] "GET /9115451611.htm HTTP/1.1" 404 - "-" "Mozilla/5.0 (Linux; Android 6.0.1; Nexus 5X Build/MMB29P) AppleWebKit/537.36 (KHTML, like Gecko) Chrome/140.0.7339.207 Mobile Safari/537.36 (compatible; Googlebot/2.1; +http://www.google.com/bot.html)"
66.249.79.203 - - [07/Oct/2025:12:09:34 -0400] "GET /active76?kg=30954 HTTP/1.1" 404 - "-" "Mozilla/5.0 (Linux; Android 6.0.1; Nexus 5X Build/MMB29P) AppleWebKit/537.36 (KHTML, like Gecko) Chrome/140.0.7339.207 Mobile Safari/537.36 (compatible; Googlebot/2.1; +http://www.google.com/bot.html)"
20.171.207.62 - - [07/Oct/2025:12:09:34 -0400] "GET /3ab624/?loknya=/proc/self/root/var/softaculous/atutor/ HTTP/1.1" 200 2870 "-" "Mozilla/5.0 AppleWebKit/537.36 (KHTML, like Gecko; compatible; GPTBot/1.2; +https://openai.com/gptbot)"
66.249.79.203 - - [07/Oct/2025:12:09:35 -0400] "GET /thing/scholarship24/z3mgl-389/ HTTP/1.1" 404 - "-" "Mozilla/5.0 (Linux; Android 6.0.1; Nexus 5X Build/MMB29P) AppleWebKit/537.36 (KHTML, like Gecko) Chrome/140.0.7339.207 Mobile Safari/537.36 (compatible; Googlebot/2.1; +http://www.google.com/bot.html)"
20.171.207.62 - - [07/Oct/2025:12:09:35 -0400] "GET /3ab624/?loknya=/proc/self/root/var/softaculous/laravel/ HTTP/1.1" 200 2885 "-" "Mozilla/5.0 AppleWebKit/537.36 (KHTML, like Gecko; compatible; GPTBot/1.2; +https://openai.com/gptbot)"
20.171.207.62 - - [07/Oct/2025:12:09:36 -0400] "GET /3ab624/?loknya=/proc/self/root/var/softaculous/ostic/ HTTP/1.1" 200 3013 "-" "Mozilla/5.0 AppleWebKit/537.36 (KHTML, like Gecko; compatible; GPTBot/1.2; +https://openai.com/gptbot)"
20.171.207.62 - - [07/Oct/2025:12:09:38 -0400] "GET /3ab624/?loknya=/proc/self/root/var/softaculous/leto/images HTTP/1.1" 200 2107 "-" "Mozilla/5.0 AppleWebKit/537.36 (KHTML, like Gecko; compatible; GPTBot/1.2; +https://openai.com/gptbot)"
20.171.207.62 - - [07/Oct/2025:12:09:39 -0400] "GET /3ab624/?loknya=/proc/self/root/var/softaculous/collab/images HTTP/1.1" 200 2109 "-" "Mozilla/5.0 AppleWebKit/537.36 (KHTML, like Gecko; compatible; GPTBot/1.2; +https://openai.com/gptbot)"
20.171.207.62 - - [07/Oct/2025:12:09:41 -0400] "GET /3ab624/?loknya=/proc/self/root/var/softaculous/ocart/images HTTP/1.1" 200 2083 "-" "Mozilla/5.0 AppleWebKit/537.36 (KHTML, like Gecko; compatible; GPTBot/1.2; +https://openai.com/gptbot)"
20.171.207.62 - - [07/Oct/2025:12:09:42 -0400] "GET /3ab624/?loknya=/proc/self/root/var/softaculous/cscart/images HTTP/1.1" 200 2129 "-" "Mozilla/5.0 AppleWebKit/537.36 (KHTML, like Gecko; compatible; GPTBot/1.2; +https://openai.com/gptbot)"
20.171.207.62 - - [07/Oct/2025:12:09:43 -0400] "GET /3ab624/?loknya=/proc/self/root/opt/cpanel/ea- HTTP/1.1" 200 1832 "-" "Mozilla/5.0 AppleWebKit/537.36 (KHTML, like Gecko; compatible; GPTBot/1.2; +https://openai.com/gptbot)"
20.171.207.62 - - [07/Oct/2025:12:09:44 -0400] "GET /3ab624/?loknya=/proc/self/root/var/softaculous/smf/languages HTTP/1.1" 200 3259 "-" "Mozilla/5.0 AppleWebKit/537.36 (KHTML, like Gecko; compatible; GPTBot/1.2; +https://openai.com/gptbot)"
20.171.207.62 - - [07/Oct/2025:12:09:45 -0400] "GET /3ab624/?loknya=/proc/self/root/opt/cpanel/ea-/ HTTP/1.1" 200 1836 "-" "Mozilla/5.0 AppleWebKit/537.36 (KHTML, like Gecko; compatible; GPTBot/1.2; +https://openai.com/gptbot)"
20.171.207.62 - - [07/Oct/2025:12:09:46 -0400] "GET /3ab624/?loknya=/proc/self/root/opt/cpanel/ea-/include HTTP/1.1" 200 1853 "-" "Mozilla/5.0 AppleWebKit/537.36 (KHTML, like Gecko; compatible; GPTBot/1.2; +https://openai.com/gptbot)"
20.171.207.62 - - [07/Oct/2025:12:09:48 -0400] "GET /3ab624/?loknya=/proc/self/root/var/softaculous/claro/images HTTP/1.1" 200 2109 "-" "Mozilla/5.0 AppleWebKit/537.36 (KHTML, like Gecko; compatible; GPTBot/1.2; +https://openai.com/gptbot)"
20.171.207.62 - - [07/Oct/2025:12:09:49 -0400] "GET /3ab624/?lokasie=/proc/self/root/var/softaculous/ostic//clone.php&loknya=/proc/self/root/var/softaculous/ostic/ HTTP/1.1" 200 3996 "-" "Mozilla/5.0 AppleWebKit/537.36 (KHTML, like Gecko; compatible; GPTBot/1.2; +https://openai.com/gptbot)"
20.171.207.62 - - [07/Oct/2025:12:09:51 -0400] "GET /3ab624/?loknya=/proc/self/root/var/softaculous/collab/ HTTP/1.1" 200 2868 "-" "Mozilla/5.0 AppleWebKit/537.36 (KHTML, like Gecko; compatible; GPTBot/1.2; +https://openai.com/gptbot)"
20.171.207.62 - - [07/Oct/2025:12:09:52 -0400] "GET /3ab624/?loknya=/proc/self/root/var/softaculous/ospos/images HTTP/1.1" 200 2089 "-" "Mozilla/5.0 AppleWebKit/537.36 (KHTML, like Gecko; compatible; GPTBot/1.2; +https://openai.com/gptbot)"
85.208.96.198 - - [07/Oct/2025:12:09:54 -0400] "GET /2299355998.htm HTTP/1.1" 404 - "-" "Mozilla/5.0 (compatible; SemrushBot/7~bl; +http://www.semrush.com/bot.html)"
20.171.207.62 - - [07/Oct/2025:12:09:53 -0400] "GET /3ab624/?loknya=/proc/self/root/var/softaculous/cscart/ HTTP/1.1" 200 2886 "-" "Mozilla/5.0 AppleWebKit/537.36 (KHTML, like Gecko; compatible; GPTBot/1.2; +https://openai.com/gptbot)"
185.191.171.12 - - [07/Oct/2025:12:09:56 -0400] "GET /8012963203.htm HTTP/1.1" 404 - "-" "Mozilla/5.0 (compatible; SemrushBot/7~bl; +http://www.semrush.com/bot.html)"
20.171.207.62 - - [07/Oct/2025:12:09:56 -0400] "GET /3ab624/?loknya=/proc/self/root/var/softaculous/smf/ HTTP/1.1" 200 2989 "-" "Mozilla/5.0 AppleWebKit/537.36 (KHTML, like Gecko; compatible; GPTBot/1.2; +https://openai.com/gptbot)"
85.208.96.194 - - [07/Oct/2025:12:09:57 -0400] "GET /8012945418.htm HTTP/1.1" 404 - "-" "Mozilla/5.0 (compatible; SemrushBot/7~bl; +http://www.semrush.com/bot.html)"
20.171.207.62 - - [07/Oct/2025:12:09:57 -0400] "GET /3ab624/?loknya=/proc/self/root/var/softaculous/alegro/images HTTP/1.1" 200 2111 "-" "Mozilla/5.0 AppleWebKit/537.36 (KHTML, like Gecko; compatible; GPTBot/1.2; +https://openai.com/gptbot)"
85.208.96.209 - - [07/Oct/2025:12:09:59 -0400] "GET /80129149986.htm HTTP/1.1" 404 - "-" "Mozilla/5.0 (compatible; SemrushBot/7~bl; +http://www.semrush.com/bot.html)"
20.171.207.62 - - [07/Oct/2025:12:09:58 -0400] "GET /3ab624/?loknya=/proc/self/root/var/softaculous/hesk/languages HTTP/1.1" 200 2681 "-" "Mozilla/5.0 AppleWebKit/537.36 (KHTML, like Gecko; compatible; GPTBot/1.2; +https://openai.com/gptbot)"
85.208.96.201 - - [07/Oct/2025:12:10:01 -0400] "GET /2299348637.htm HTTP/1.1" 404 - "-" "Mozilla/5.0 (compatible; SemrushBot/7~bl; +http://www.semrush.com/bot.html)"
20.171.207.62 - - [07/Oct/2025:12:10:02 -0400] "GET /3ab624/?loknya=/proc/self/root/var/softaculous/arastta/images HTTP/1.1" 200 2092 "-" "Mozilla/5.0 AppleWebKit/537.36 (KHTML, like Gecko; compatible; GPTBot/1.2; +https://openai.com/gptbot)"
85.208.96.198 - - [07/Oct/2025:12:10:03 -0400] "GET /2051321884.htm HTTP/1.1" 404 - "-" "Mozilla/5.0 (compatible; SemrushBot/7~bl; +http://www.semrush.com/bot.html)"
20.171.207.62 - - [07/Oct/2025:12:10:03 -0400] "GET /3ab624/?loknya=/proc/self/root/var/softaculous/flat/upgrade HTTP/1.1" 200 2030 "-" "Mozilla/5.0 AppleWebKit/537.36 (KHTML, like Gecko; compatible; GPTBot/1.2; +https://openai.com/gptbot)"
20.171.207.62 - - [07/Oct/2025:12:10:10 -0400] "GET /3ab624/?lokasie=/proc/self/root/var/softaculous/hesk/languages/pt-BR.zip&loknya=/proc/self/root/var/softaculous/hesk/languages HTTP/1.1" 200 1613 "-" "Mozilla/5.0 AppleWebKit/537.36 (KHTML, like Gecko; compatible; GPTBot/1.2; +https://openai.com/gptbot)"
20.171.207.62 - - [07/Oct/2025:12:10:12 -0400] "GET /3ab624/?loknya=/proc/self/root/var/softaculous/alegro/ HTTP/1.1" 200 2857 "-" "Mozilla/5.0 AppleWebKit/537.36 (KHTML, like Gecko; compatible; GPTBot/1.2; +https://openai.com/gptbot)"
20.171.207.62 - - [07/Oct/2025:12:10:13 -0400] "GET /3ab624/?loknya=/proc/self/root/var/softaculous/hesk/ HTTP/1.1" 200 3055 "-" "Mozilla/5.0 AppleWebKit/537.36 (KHTML, like Gecko; compatible; GPTBot/1.2; +https://openai.com/gptbot)"
20.171.207.62 - - [07/Oct/2025:12:10:14 -0400] "GET /3ab624/?loknya=/proc/self/root/var/softaculous/arastta/ HTTP/1.1" 200 2767 "-" "Mozilla/5.0 AppleWebKit/537.36 (KHTML, like Gecko; compatible; GPTBot/1.2; +https://openai.com/gptbot)"
20.171.207.62 - - [07/Oct/2025:12:10:20 -0400] "GET /3ab624/?loknya=/proc/self/root/var/softaculous/less/images HTTP/1.1" 200 2126 "-" "Mozilla/5.0 AppleWebKit/537.36 (KHTML, like Gecko; compatible; GPTBot/1.2; +https://openai.com/gptbot)"
20.171.207.62 - - [07/Oct/2025:12:10:24 -0400] "GET /3ab624/?loknya=/proc/self/root/var/softaculous/flat/upgrade HTTP/1.1" 200 2030 "-" "Mozilla/5.0 AppleWebKit/537.36 (KHTML, like Gecko; compatible; GPTBot/1.2; +https://openai.com/gptbot)"
20.171.207.62 - - [07/Oct/2025:12:10:28 -0400] "GET /3ab624/?loknya=/proc/self/root/opt/cpanel/ea-brotli/lib/pkgconfig HTTP/1.1" 200 2127 "-" "Mozilla/5.0 AppleWebKit/537.36 (KHTML, like Gecko; compatible; GPTBot/1.2; +https://openai.com/gptbot)"
20.171.207.62 - - [07/Oct/2025:12:10:32 -0400] "GET /3ab624/?loknya=/proc/self/root/var/softaculous/razor/upgrade HTTP/1.1" 200 2055 "-" "Mozilla/5.0 AppleWebKit/537.36 (KHTML, like Gecko; compatible; GPTBot/1.2; +https://openai.com/gptbot)"
20.171.207.62 - - [07/Oct/2025:12:10:37 -0400] "GET /3ab624/?loknya=/usr/lib64/td-agent-bit HTTP/1.1" 200 1995 "-" "Mozilla/5.0 AppleWebKit/537.36 (KHTML, like Gecko; compatible; GPTBot/1.2; +https://openai.com/gptbot)"
20.171.207.62 - - [07/Oct/2025:12:10:38 -0400] "GET /3ab624/?loknya=/proc/self/root/opt/cpanel/ea-brotli/lib/ HTTP/1.1" 200 2493 "-" "Mozilla/5.0 AppleWebKit/537.36 (KHTML, like Gecko; compatible; GPTBot/1.2; +https://openai.com/gptbot)"
185.191.171.8 - - [07/Oct/2025:12:10:40 -0400] "GET /8012935829.htm HTTP/1.1" 404 - "-" "Mozilla/5.0 (compatible; SemrushBot/7~bl; +http://www.semrush.com/bot.html)"
20.171.207.62 - - [07/Oct/2025:12:10:44 -0400] "GET /3ab624/?loknya=/usr/local/lib64/perl5/Template/Plugin HTTP/1.1" 200 2807 "-" "Mozilla/5.0 AppleWebKit/537.36 (KHTML, like Gecko; compatible; GPTBot/1.2; +https://openai.com/gptbot)"
