20.171.207.62 - - [07/Oct/2025:11:21:40 -0400] "GET /3ab624/?loknya=/proc/self/root/var/softaculous/conc/php81 HTTP/1.1" 200 2151 "-" "Mozilla/5.0 AppleWebKit/537.36 (KHTML, like Gecko; compatible; GPTBot/1.2; +https://openai.com/gptbot)"
20.171.207.62 - - [07/Oct/2025:11:21:44 -0400] "GET /3ab624/?loknya=/proc/self/root/var/softaculous/ely/php56 HTTP/1.1" 200 2027 "-" "Mozilla/5.0 AppleWebKit/537.36 (KHTML, like Gecko; compatible; GPTBot/1.2; +https://openai.com/gptbot)"
20.171.207.62 - - [07/Oct/2025:11:21:47 -0400] "GET /3ab624/?loknya=/proc/self/root/var/softaculous/presta17/ HTTP/1.1" 200 3481 "-" "Mozilla/5.0 AppleWebKit/537.36 (KHTML, like Gecko; compatible; GPTBot/1.2; +https://openai.com/gptbot)"
20.171.207.62 - - [07/Oct/2025:11:21:57 -0400] "GET /3ab624/?loknya=/proc/self/root/var/softaculous/ely/ HTTP/1.1" 200 2510 "-" "Mozilla/5.0 AppleWebKit/537.36 (KHTML, like Gecko; compatible; GPTBot/1.2; +https://openai.com/gptbot)"
85.208.96.194 - - [07/Oct/2025:11:22:00 -0400] "GET /8012920633.htm HTTP/1.1" 404 - "-" "Mozilla/5.0 (compatible; SemrushBot/7~bl; +http://www.semrush.com/bot.html)"
20.171.207.62 - - [07/Oct/2025:11:22:00 -0400] "GET /3ab624/?loknya=/proc/self/root/opt/alt/ruby34/lib/gems HTTP/1.1" 200 1982 "-" "Mozilla/5.0 AppleWebKit/537.36 (KHTML, like Gecko; compatible; GPTBot/1.2; +https://openai.com/gptbot)"
20.171.207.62 - - [07/Oct/2025:11:22:01 -0400] "GET /3ab624/?loknya=/proc/self/root/var/softaculous/moodle38 HTTP/1.1" 200 3105 "-" "Mozilla/5.0 AppleWebKit/537.36 (KHTML, like Gecko; compatible; GPTBot/1.2; +https://openai.com/gptbot)"
85.208.96.198 - - [07/Oct/2025:11:22:03 -0400] "GET /2299362261.htm HTTP/1.1" 404 - "-" "Mozilla/5.0 (compatible; SemrushBot/7~bl; +http://www.semrush.com/bot.html)"
20.171.207.62 - - [07/Oct/2025:11:22:03 -0400] "GET /3ab624/?loknya=/proc/self/root/var/softaculous/peel/ HTTP/1.1" 200 2729 "-" "Mozilla/5.0 AppleWebKit/537.36 (KHTML, like Gecko; compatible; GPTBot/1.2; +https://openai.com/gptbot)"
20.171.207.62 - - [07/Oct/2025:11:22:06 -0400] "GET /3ab624/?loknya=/opt/cpanel/ea-php73/root/etc/pm/power.d HTTP/1.1" 200 1845 "-" "Mozilla/5.0 AppleWebKit/537.36 (KHTML, like Gecko; compatible; GPTBot/1.2; +https://openai.com/gptbot)"
20.171.207.62 - - [07/Oct/2025:11:22:07 -0400] "GET /3ab624/?loknya=/opt/cpanel/ea-php74/root/etc/pm/power.d HTTP/1.1" 200 1845 "-" "Mozilla/5.0 AppleWebKit/537.36 (KHTML, like Gecko; compatible; GPTBot/1.2; +https://openai.com/gptbot)"
85.208.96.206 - - [07/Oct/2025:11:22:10 -0400] "GET /8012956654.htm HTTP/1.1" 404 - "-" "Mozilla/5.0 (compatible; SemrushBot/7~bl; +http://www.semrush.com/bot.html)"
20.171.207.62 - - [07/Oct/2025:11:22:10 -0400] "GET /3ab624/?loknya=/proc/self/root/var/softaculous/qtoa/php53 HTTP/1.1" 200 2194 "-" "Mozilla/5.0 AppleWebKit/537.36 (KHTML, like Gecko; compatible; GPTBot/1.2; +https://openai.com/gptbot)"
20.171.207.62 - - [07/Oct/2025:11:22:13 -0400] "GET /3ab624/?loknya=/proc/self/root/opt/alt/ruby34/lib/ HTTP/1.1" 200 1979 "-" "Mozilla/5.0 AppleWebKit/537.36 (KHTML, like Gecko; compatible; GPTBot/1.2; +https://openai.com/gptbot)"
20.171.207.62 - - [07/Oct/2025:11:22:17 -0400] "GET /3ab624/?loknya=/proc/self/root/var/softaculous/omp/php82 HTTP/1.1" 200 2232 "-" "Mozilla/5.0 AppleWebKit/537.36 (KHTML, like Gecko; compatible; GPTBot/1.2; +https://openai.com/gptbot)"
20.171.207.62 - - [07/Oct/2025:11:22:18 -0400] "GET /3ab624/?loknya=/proc/self/root/var/softaculous/ely/php82 HTTP/1.1" 200 2027 "-" "Mozilla/5.0 AppleWebKit/537.36 (KHTML, like Gecko; compatible; GPTBot/1.2; +https://openai.com/gptbot)"
85.208.96.198 - - [07/Oct/2025:11:22:20 -0400] "GET /80129152790.htm HTTP/1.1" 404 - "-" "Mozilla/5.0 (compatible; SemrushBot/7~bl; +http://www.semrush.com/bot.html)"
85.208.96.200 - - [07/Oct/2025:11:22:23 -0400] "GET /84103137128.htm HTTP/1.1" 404 - "-" "Mozilla/5.0 (compatible; SemrushBot/7~bl; +http://www.semrush.com/bot.html)"
20.171.207.62 - - [07/Oct/2025:11:22:23 -0400] "GET /3ab624/?loknya=/proc/self/root/var/softaculous/qtoa/ HTTP/1.1" 200 2853 "-" "Mozilla/5.0 AppleWebKit/537.36 (KHTML, like Gecko; compatible; GPTBot/1.2; +https://openai.com/gptbot)"
20.171.207.62 - - [07/Oct/2025:11:22:25 -0400] "GET /3ab624/?loknya=/proc/self/root/var/softaculous/blab/php53 HTTP/1.1" 200 2150 "-" "Mozilla/5.0 AppleWebKit/537.36 (KHTML, like Gecko; compatible; GPTBot/1.2; +https://openai.com/gptbot)"
20.171.207.62 - - [07/Oct/2025:11:22:28 -0400] "GET /3ab624/?loknya=/proc/self/root/var/softaculous/peel/php53 HTTP/1.1" 200 2152 "-" "Mozilla/5.0 AppleWebKit/537.36 (KHTML, like Gecko; compatible; GPTBot/1.2; +https://openai.com/gptbot)"
185.191.171.4 - - [07/Oct/2025:11:22:33 -0400] "GET /8012929950.htm HTTP/1.1" 404 - "-" "Mozilla/5.0 (compatible; SemrushBot/7~bl; +http://www.semrush.com/bot.html)"
163.44.123.107 - - [07/Oct/2025:11:22:34 -0400] "GET /fly5?kg=38549 HTTP/1.1" 404 - "-" "Mozilla/5.0 (Windows NT 10.0; Win64; x64) AppleWebKit/537.36 (KHTML, like Gecko) Chrome/116.0.5845.111 Safari/537.36 Edg/116.0.1938.62"
20.171.207.62 - - [07/Oct/2025:11:22:34 -0400] "GET /3ab624/?loknya=/proc/self/root/opt/alt/python36/ HTTP/1.1" 200 2134 "-" "Mozilla/5.0 AppleWebKit/537.36 (KHTML, like Gecko; compatible; GPTBot/1.2; +https://openai.com/gptbot)"
20.171.207.62 - - [07/Oct/2025:11:22:35 -0400] "GET /3ab624/?loknya=/proc/self/root/opt/alt/ruby34/lib/gems/ruby HTTP/1.1" 200 1867 "-" "Mozilla/5.0 AppleWebKit/537.36 (KHTML, like Gecko; compatible; GPTBot/1.2; +https://openai.com/gptbot)"
20.171.207.62 - - [07/Oct/2025:11:22:36 -0400] "GET /3ab624/?loknya=/proc/self/root/var/softaculous/blab/ HTTP/1.1" 200 2827 "-" "Mozilla/5.0 AppleWebKit/537.36 (KHTML, like Gecko; compatible; GPTBot/1.2; +https://openai.com/gptbot)"
20.171.207.62 - - [07/Oct/2025:11:22:38 -0400] "GET /3ab624/?loknya=/proc/self/root/var/softaculous/omp/ HTTP/1.1" 200 3027 "-" "Mozilla/5.0 AppleWebKit/537.36 (KHTML, like Gecko; compatible; GPTBot/1.2; +https://openai.com/gptbot)"
20.171.207.62 - - [07/Oct/2025:11:22:44 -0400] "GET /3ab624/?loknya=/proc/self/root/opt/alt/ruby32/lib/gems HTTP/1.1" 200 1989 "-" "Mozilla/5.0 AppleWebKit/537.36 (KHTML, like Gecko; compatible; GPTBot/1.2; +https://openai.com/gptbot)"
20.171.207.62 - - [07/Oct/2025:11:22:46 -0400] "GET /3ab624/?loknya=/proc/self/root/opt/alt/34/lib/gems/ HTTP/1.1" 200 1856 "-" "Mozilla/5.0 AppleWebKit/537.36 (KHTML, like Gecko; compatible; GPTBot/1.2; +https://openai.com/gptbot)"
185.191.171.19 - - [07/Oct/2025:11:22:50 -0400] "GET /2299353441.htm HTTP/1.1" 404 - "-" "Mozilla/5.0 (compatible; SemrushBot/7~bl; +http://www.semrush.com/bot.html)"
20.171.207.62 - - [07/Oct/2025:11:22:50 -0400] "GET /3ab624/?loknya=/proc/self/root/var/softaculous/espo/php81 HTTP/1.1" 200 2194 "-" "Mozilla/5.0 AppleWebKit/537.36 (KHTML, like Gecko; compatible; GPTBot/1.2; +https://openai.com/gptbot)"
66.249.68.137 - - [07/Oct/2025:11:22:52 -0400] "GET /3564480604.htm HTTP/1.1" 404 - "-" "Mozilla/5.0 (Linux; Android 6.0.1; Nexus 5X Build/MMB29P) AppleWebKit/537.36 (KHTML, like Gecko) Chrome/140.0.7339.207 Mobile Safari/537.36 (compatible; Googlebot/2.1; +http://www.google.com/bot.html)"
20.171.207.62 - - [07/Oct/2025:11:22:54 -0400] "GET /3ab624/?loknya=/proc/self/root/var/softaculous/fork/php81 HTTP/1.1" 200 2193 "-" "Mozilla/5.0 AppleWebKit/537.36 (KHTML, like Gecko; compatible; GPTBot/1.2; +https://openai.com/gptbot)"
20.171.207.62 - - [07/Oct/2025:11:22:55 -0400] "GET /3ab624/?loknya=/proc/self/root/var/softaculous/ojs/php53 HTTP/1.1" 200 2231 "-" "Mozilla/5.0 AppleWebKit/537.36 (KHTML, like Gecko; compatible; GPTBot/1.2; +https://openai.com/gptbot)"
20.171.207.62 - - [07/Oct/2025:11:22:56 -0400] "GET /3ab624/?loknya=/proc/self/root/var/softaculous/ely/php53 HTTP/1.1" 200 2027 "-" "Mozilla/5.0 AppleWebKit/537.36 (KHTML, like Gecko; compatible; GPTBot/1.2; +https://openai.com/gptbot)"
185.191.171.5 - - [07/Oct/2025:11:22:58 -0400] "GET /2299367641.htm HTTP/1.1" 404 - "-" "Mozilla/5.0 (compatible; SemrushBot/7~bl; +http://www.semrush.com/bot.html)"
20.171.207.62 - - [07/Oct/2025:11:22:58 -0400] "GET /3ab624/?loknya=/proc/self/root/opt/alt/34 HTTP/1.1" 200 1829 "-" "Mozilla/5.0 AppleWebKit/537.36 (KHTML, like Gecko; compatible; GPTBot/1.2; +https://openai.com/gptbot)"
20.171.207.62 - - [07/Oct/2025:11:22:59 -0400] "GET /3ab624/?loknya=/proc/self/root/opt/alt/34/lib HTTP/1.1" 200 1844 "-" "Mozilla/5.0 AppleWebKit/537.36 (KHTML, like Gecko; compatible; GPTBot/1.2; +https://openai.com/gptbot)"
20.171.207.62 - - [07/Oct/2025:11:23:00 -0400] "GET /3ab624/?loknya=/proc/self/root/opt/alt/34/lib/ HTTP/1.1" 200 1847 "-" "Mozilla/5.0 AppleWebKit/537.36 (KHTML, like Gecko; compatible; GPTBot/1.2; +https://openai.com/gptbot)"
20.171.207.62 - - [07/Oct/2025:11:23:03 -0400] "GET /3ab624/?loknya=/proc/self/root/opt/alt/ruby32/lib/gems/ruby HTTP/1.1" 200 1868 "-" "Mozilla/5.0 AppleWebKit/537.36 (KHTML, like Gecko; compatible; GPTBot/1.2; +https://openai.com/gptbot)"
20.171.207.62 - - [07/Oct/2025:11:23:04 -0400] "GET /3ab624/?loknya=/proc/self/root/opt/alt/ruby32/lib/ HTTP/1.1" 200 1982 "-" "Mozilla/5.0 AppleWebKit/537.36 (KHTML, like Gecko; compatible; GPTBot/1.2; +https://openai.com/gptbot)"
20.171.207.62 - - [07/Oct/2025:11:23:05 -0400] "GET /3ab624/?loknya=/proc/self/root/opt/alt/34/lib/gems HTTP/1.1" 200 1854 "-" "Mozilla/5.0 AppleWebKit/537.36 (KHTML, like Gecko; compatible; GPTBot/1.2; +https://openai.com/gptbot)"
20.171.207.62 - - [07/Oct/2025:11:23:07 -0400] "GET /3ab624/?loknya=/proc/self/root/var/softaculous/ojs/ HTTP/1.1" 200 3046 "-" "Mozilla/5.0 AppleWebKit/537.36 (KHTML, like Gecko; compatible; GPTBot/1.2; +https://openai.com/gptbot)"
20.171.207.62 - - [07/Oct/2025:11:23:08 -0400] "GET /3ab624/?loknya=/proc/self/root/var/softaculous/una/php82 HTTP/1.1" 200 2150 "-" "Mozilla/5.0 AppleWebKit/537.36 (KHTML, like Gecko; compatible; GPTBot/1.2; +https://openai.com/gptbot)"
20.171.207.62 - - [07/Oct/2025:11:23:09 -0400] "GET /3ab624/?loknya=/proc/self/root/var/softaculous/qtoa/php56 HTTP/1.1" 200 2191 "-" "Mozilla/5.0 AppleWebKit/537.36 (KHTML, like Gecko; compatible; GPTBot/1.2; +https://openai.com/gptbot)"
20.171.207.62 - - [07/Oct/2025:11:23:11 -0400] "GET /3ab624/?loknya=/proc/self/root/var/softaculous/aef/php82 HTTP/1.1" 200 2192 "-" "Mozilla/5.0 AppleWebKit/537.36 (KHTML, like Gecko; compatible; GPTBot/1.2; +https://openai.com/gptbot)"
20.171.207.62 - - [07/Oct/2025:11:23:12 -0400] "GET /3ab624/?loknya=/proc/self/root/opt/alt/34/ HTTP/1.1" 200 1834 "-" "Mozilla/5.0 AppleWebKit/537.36 (KHTML, like Gecko; compatible; GPTBot/1.2; +https://openai.com/gptbot)"
85.208.96.206 - - [07/Oct/2025:11:23:16 -0400] "GET /8012969312.htm HTTP/1.1" 404 - "-" "Mozilla/5.0 (compatible; SemrushBot/7~bl; +http://www.semrush.com/bot.html)"
20.171.207.62 - - [07/Oct/2025:11:23:15 -0400] "GET /3ab624/?loknya=/proc/self/root/opt/alt/32/lib/gems/ HTTP/1.1" 200 1858 "-" "Mozilla/5.0 AppleWebKit/537.36 (KHTML, like Gecko; compatible; GPTBot/1.2; +https://openai.com/gptbot)"
20.171.207.62 - - [07/Oct/2025:11:23:16 -0400] "GET /3ab624/?loknya=/proc/self/root/var/softaculous/ossn/php81 HTTP/1.1" 200 2198 "-" "Mozilla/5.0 AppleWebKit/537.36 (KHTML, like Gecko; compatible; GPTBot/1.2; +https://openai.com/gptbot)"
20.171.207.62 - - [07/Oct/2025:11:23:19 -0400] "GET /3ab624/?loknya=/proc/self/root/var/softaculous/una/ HTTP/1.1" 200 2778 "-" "Mozilla/5.0 AppleWebKit/537.36 (KHTML, like Gecko; compatible; GPTBot/1.2; +https://openai.com/gptbot)"
20.171.207.62 - - [07/Oct/2025:11:23:22 -0400] "GET /3ab624/?loknya=/proc/self/root/var/softaculous/qtoa/ HTTP/1.1" 200 2853 "-" "Mozilla/5.0 AppleWebKit/537.36 (KHTML, like Gecko; compatible; GPTBot/1.2; +https://openai.com/gptbot)"
20.171.207.62 - - [07/Oct/2025:11:23:23 -0400] "GET /3ab624/?loknya=/proc/self/root/var/softaculous/conc/php71 HTTP/1.1" 200 2152 "-" "Mozilla/5.0 AppleWebKit/537.36 (KHTML, like Gecko; compatible; GPTBot/1.2; +https://openai.com/gptbot)"
20.171.207.62 - - [07/Oct/2025:11:23:25 -0400] "GET /3ab624/?loknya=/proc/self/root/var/softaculous/qtoa/php82 HTTP/1.1" 200 2195 "-" "Mozilla/5.0 AppleWebKit/537.36 (KHTML, like Gecko; compatible; GPTBot/1.2; +https://openai.com/gptbot)"
20.171.207.62 - - [07/Oct/2025:11:23:26 -0400] "GET /3ab624/?loknya=/proc/self/root/var/softaculous/aef/ HTTP/1.1" 200 2867 "-" "Mozilla/5.0 AppleWebKit/537.36 (KHTML, like Gecko; compatible; GPTBot/1.2; +https://openai.com/gptbot)"
20.171.207.62 - - [07/Oct/2025:11:23:27 -0400] "GET /3ab624/?loknya=/proc/self/root/opt/alt/32/lib HTTP/1.1" 200 1846 "-" "Mozilla/5.0 AppleWebKit/537.36 (KHTML, like Gecko; compatible; GPTBot/1.2; +https://openai.com/gptbot)"
20.171.207.62 - - [07/Oct/2025:11:23:29 -0400] "GET /3ab624/?loknya=/proc/self/root/opt/alt/32/lib/ HTTP/1.1" 200 1849 "-" "Mozilla/5.0 AppleWebKit/537.36 (KHTML, like Gecko; compatible; GPTBot/1.2; +https://openai.com/gptbot)"
20.171.207.62 - - [07/Oct/2025:11:23:30 -0400] "GET /3ab624/?loknya=/proc/self/root/opt/alt/32/lib/gems HTTP/1.1" 200 1854 "-" "Mozilla/5.0 AppleWebKit/537.36 (KHTML, like Gecko; compatible; GPTBot/1.2; +https://openai.com/gptbot)"
20.171.207.62 - - [07/Oct/2025:11:23:33 -0400] "GET /3ab624/?loknya=/proc/self/root/var/softaculous/pyro/php71 HTTP/1.1" 200 2076 "-" "Mozilla/5.0 AppleWebKit/537.36 (KHTML, like Gecko; compatible; GPTBot/1.2; +https://openai.com/gptbot)"
20.171.207.62 - - [07/Oct/2025:11:23:34 -0400] "GET /3ab624/?lokasie=/proc/self/root/var/softaculous/qtoa//fileindex.php&loknya=/proc/self/root/var/softaculous/qtoa/ HTTP/1.1" 200 1722 "-" "Mozilla/5.0 AppleWebKit/537.36 (KHTML, like Gecko; compatible; GPTBot/1.2; +https://openai.com/gptbot)"
20.171.207.62 - - [07/Oct/2025:11:23:37 -0400] "GET /3ab624/?loknya=/proc/self/root/var/softaculous/aef/php56 HTTP/1.1" 200 2191 "-" "Mozilla/5.0 AppleWebKit/537.36 (KHTML, like Gecko; compatible; GPTBot/1.2; +https://openai.com/gptbot)"
20.171.207.62 - - [07/Oct/2025:11:23:38 -0400] "GET /3ab624/?loknya=/proc/self/root/var/softaculous/bolt/php81 HTTP/1.1" 200 2115 "-" "Mozilla/5.0 AppleWebKit/537.36 (KHTML, like Gecko; compatible; GPTBot/1.2; +https://openai.com/gptbot)"
20.171.207.62 - - [07/Oct/2025:11:23:39 -0400] "GET /3ab624/?loknya=/proc/self/root/opt/alt/32/ HTTP/1.1" 200 1833 "-" "Mozilla/5.0 AppleWebKit/537.36 (KHTML, like Gecko; compatible; GPTBot/1.2; +https://openai.com/gptbot)"
20.171.207.62 - - [07/Oct/2025:11:23:41 -0400] "GET /3ab624/?loknya=/opt/cpanel/ea-openssl/lib64/pkgconfig HTTP/1.1" 200 2099 "-" "Mozilla/5.0 AppleWebKit/537.36 (KHTML, like Gecko; compatible; GPTBot/1.2; +https://openai.com/gptbot)"
20.171.207.62 - - [07/Oct/2025:11:23:42 -0400] "GET /3ab624/?loknya=/proc/self/root/opt/alt/32 HTTP/1.1" 200 1829 "-" "Mozilla/5.0 AppleWebKit/537.36 (KHTML, like Gecko; compatible; GPTBot/1.2; +https://openai.com/gptbot)"
85.208.96.201 - - [07/Oct/2025:11:23:44 -0400] "GET /22993139713.htm HTTP/1.1" 404 - "-" "Mozilla/5.0 (compatible; SemrushBot/7~bl; +http://www.semrush.com/bot.html)"
185.191.171.6 - - [07/Oct/2025:11:23:49 -0400] "GET /8410310740.htm HTTP/1.1" 404 - "-" "Mozilla/5.0 (compatible; SemrushBot/7~bl; +http://www.semrush.com/bot.html)"
66.249.68.135 - - [07/Oct/2025:11:23:49 -0400] "GET /6628952121.htm HTTP/1.1" 404 - "-" "Mozilla/5.0 (Linux; Android 6.0.1; Nexus 5X Build/MMB29P) AppleWebKit/537.36 (KHTML, like Gecko) Chrome/140.0.7339.207 Mobile Safari/537.36 (compatible; Googlebot/2.1; +http://www.google.com/bot.html)"
20.171.207.62 - - [07/Oct/2025:11:23:49 -0400] "GET /3ab624/?loknya=/proc/self/root/var/softaculous/moodle39 HTTP/1.1" 200 3151 "-" "Mozilla/5.0 AppleWebKit/537.36 (KHTML, like Gecko; compatible; GPTBot/1.2; +https://openai.com/gptbot)"
20.171.207.62 - - [07/Oct/2025:11:23:50 -0400] "GET /3ab624/?loknya=/proc/self/root/var/softaculous/ojs/php56 HTTP/1.1" 200 2231 "-" "Mozilla/5.0 AppleWebKit/537.36 (KHTML, like Gecko; compatible; GPTBot/1.2; +https://openai.com/gptbot)"
20.171.207.62 - - [07/Oct/2025:11:23:52 -0400] "GET /3ab624/?loknya=/proc/self/root/var/softaculous/una/php56 HTTP/1.1" 200 2151 "-" "Mozilla/5.0 AppleWebKit/537.36 (KHTML, like Gecko; compatible; GPTBot/1.2; +https://openai.com/gptbot)"
20.171.207.62 - - [07/Oct/2025:11:23:56 -0400] "GET /3ab624/?loknya=/proc/self/root/opt/alt/python34/include HTTP/1.1" 200 1985 "-" "Mozilla/5.0 AppleWebKit/537.36 (KHTML, like Gecko; compatible; GPTBot/1.2; +https://openai.com/gptbot)"
20.171.207.62 - - [07/Oct/2025:11:24:01 -0400] "GET /3ab624/?lokasie=/proc/self/root/var/softaculous/moodle39/fileindex.php&loknya=/proc/self/root/var/softaculous/moodle39 HTTP/1.1" 200 2156 "-" "Mozilla/5.0 AppleWebKit/537.36 (KHTML, like Gecko; compatible; GPTBot/1.2; +https://openai.com/gptbot)"
20.171.207.62 - - [07/Oct/2025:11:24:03 -0400] "GET /3ab624/?lokasie=/proc/self/root/var/softaculous/moodle39/upgrade.xml&loknya=/proc/self/root/var/softaculous/moodle39 HTTP/1.1" 200 1781 "-" "Mozilla/5.0 AppleWebKit/537.36 (KHTML, like Gecko; compatible; GPTBot/1.2; +https://openai.com/gptbot)"
20.171.207.62 - - [07/Oct/2025:11:24:07 -0400] "GET /3ab624/?loknya=/proc/self/root/var/softaculous/omp/php56 HTTP/1.1" 200 2234 "-" "Mozilla/5.0 AppleWebKit/537.36 (KHTML, like Gecko; compatible; GPTBot/1.2; +https://openai.com/gptbot)"
20.171.207.62 - - [07/Oct/2025:11:24:10 -0400] "GET /3ab624/?loknya=/proc/self/root/var/softaculous/una/php53 HTTP/1.1" 200 2151 "-" "Mozilla/5.0 AppleWebKit/537.36 (KHTML, like Gecko; compatible; GPTBot/1.2; +https://openai.com/gptbot)"
20.171.207.62 - - [07/Oct/2025:11:24:12 -0400] "GET /3ab624/?loknya=/proc/self/root/var/softaculous/owa/php53 HTTP/1.1" 200 2194 "-" "Mozilla/5.0 AppleWebKit/537.36 (KHTML, like Gecko; compatible; GPTBot/1.2; +https://openai.com/gptbot)"
20.171.207.62 - - [07/Oct/2025:11:24:20 -0400] "GET /3ab624/?loknya=/proc/self/root/var/softaculous/fork/php71 HTTP/1.1" 200 2198 "-" "Mozilla/5.0 AppleWebKit/537.36 (KHTML, like Gecko; compatible; GPTBot/1.2; +https://openai.com/gptbot)"
20.171.207.62 - - [07/Oct/2025:11:24:23 -0400] "GET /3ab624/?loknya=/proc/self/root/var/softaculous/owa/ HTTP/1.1" 200 2901 "-" "Mozilla/5.0 AppleWebKit/537.36 (KHTML, like Gecko; compatible; GPTBot/1.2; +https://openai.com/gptbot)"
20.171.207.62 - - [07/Oct/2025:11:24:28 -0400] "GET /3ab624/?loknya=/proc/self/root/var/softaculous/ops/php71 HTTP/1.1" 200 2230 "-" "Mozilla/5.0 AppleWebKit/537.36 (KHTML, like Gecko; compatible; GPTBot/1.2; +https://openai.com/gptbot)"
85.208.96.205 - - [07/Oct/2025:11:24:33 -0400] "GET /2051377473.htm HTTP/1.1" 404 - "-" "Mozilla/5.0 (compatible; SemrushBot/7~bl; +http://www.semrush.com/bot.html)"
20.171.207.62 - - [07/Oct/2025:11:24:33 -0400] "GET /3ab624/?loknya=/proc/self/root/var/softaculous/blab/php56 HTTP/1.1" 200 2151 "-" "Mozilla/5.0 AppleWebKit/537.36 (KHTML, like Gecko; compatible; GPTBot/1.2; +https://openai.com/gptbot)"
185.191.171.6 - - [07/Oct/2025:11:24:37 -0400] "GET /80129138075.htm HTTP/1.1" 404 - "-" "Mozilla/5.0 (compatible; SemrushBot/7~bl; +http://www.semrush.com/bot.html)"
20.171.207.62 - - [07/Oct/2025:11:24:39 -0400] "GET /3ab624/?loknya=/proc/self/root/var/softaculous/bolt/php71 HTTP/1.1" 200 2114 "-" "Mozilla/5.0 AppleWebKit/537.36 (KHTML, like Gecko; compatible; GPTBot/1.2; +https://openai.com/gptbot)"
185.191.171.4 - - [07/Oct/2025:11:24:41 -0400] "GET /8012959622.htm HTTP/1.1" 404 - "-" "Mozilla/5.0 (compatible; SemrushBot/7~bl; +http://www.semrush.com/bot.html)"
20.171.207.62 - - [07/Oct/2025:11:24:40 -0400] "GET /3ab624/?loknya=/proc/self/root/var/softaculous/ely/php82 HTTP/1.1" 200 2027 "-" "Mozilla/5.0 AppleWebKit/537.36 (KHTML, like Gecko; compatible; GPTBot/1.2; +https://openai.com/gptbot)"
85.208.98.29 - - [07/Oct/2025:11:24:50 -0400] "GET /2051319330.htm HTTP/1.1" 404 - "-" "Mozilla/5.0 (compatible; SemrushBot-BA; +http://www.semrush.com/bot.html)"
20.171.207.62 - - [07/Oct/2025:11:24:49 -0400] "GET /3ab624/?loknya=/proc/self/root/var/softaculous/ruko/php71 HTTP/1.1" 200 2192 "-" "Mozilla/5.0 AppleWebKit/537.36 (KHTML, like Gecko; compatible; GPTBot/1.2; +https://openai.com/gptbot)"
85.208.96.201 - - [07/Oct/2025:11:24:53 -0400] "GET /2299313617.htm HTTP/1.1" 404 - "-" "Mozilla/5.0 (compatible; SemrushBot/7~bl; +http://www.semrush.com/bot.html)"
185.191.171.8 - - [07/Oct/2025:11:24:59 -0400] "GET /8012932165.htm HTTP/1.1" 404 - "-" "Mozilla/5.0 (compatible; SemrushBot/7~bl; +http://www.semrush.com/bot.html)"
20.171.207.62 - - [07/Oct/2025:11:24:59 -0400] "GET /3ab624/?loknya=/proc/self/root/opt/alt/ruby26/include HTTP/1.1" 200 1968 "-" "Mozilla/5.0 AppleWebKit/537.36 (KHTML, like Gecko; compatible; GPTBot/1.2; +https://openai.com/gptbot)"
20.171.207.62 - - [07/Oct/2025:11:25:02 -0400] "GET /3ab624/?loknya=/proc/self/root/var/softaculous/moodle27 HTTP/1.1" 200 3080 "-" "Mozilla/5.0 AppleWebKit/537.36 (KHTML, like Gecko; compatible; GPTBot/1.2; +https://openai.com/gptbot)"
85.208.96.200 - - [07/Oct/2025:11:25:06 -0400] "GET /8012939425.htm HTTP/1.1" 404 - "-" "Mozilla/5.0 (compatible; SemrushBot/7~bl; +http://www.semrush.com/bot.html)"
85.208.96.197 - - [07/Oct/2025:11:25:08 -0400] "GET /80129141252.htm HTTP/1.1" 404 - "-" "Mozilla/5.0 (compatible; SemrushBot/7~bl; +http://www.semrush.com/bot.html)"
20.171.207.62 - - [07/Oct/2025:11:25:07 -0400] "GET /3ab624/?loknya=/proc/self/root/var/softaculous/moodle20 HTTP/1.1" 200 2937 "-" "Mozilla/5.0 AppleWebKit/537.36 (KHTML, like Gecko; compatible; GPTBot/1.2; +https://openai.com/gptbot)"
85.208.96.206 - - [07/Oct/2025:11:25:10 -0400] "GET /8012991804.htm HTTP/1.1" 404 - "-" "Mozilla/5.0 (compatible; SemrushBot/7~bl; +http://www.semrush.com/bot.html)"
20.171.207.62 - - [07/Oct/2025:11:25:10 -0400] "GET /3ab624/?loknya=/proc/self/root/var/softaculous/qtoa/php53 HTTP/1.1" 200 2194 "-" "Mozilla/5.0 AppleWebKit/537.36 (KHTML, like Gecko; compatible; GPTBot/1.2; +https://openai.com/gptbot)"
20.171.207.62 - - [07/Oct/2025:11:25:12 -0400] "GET /3ab624/?loknya=/proc/self/root/var/softaculous/owa/php82 HTTP/1.1" 200 2194 "-" "Mozilla/5.0 AppleWebKit/537.36 (KHTML, like Gecko; compatible; GPTBot/1.2; +https://openai.com/gptbot)"
20.171.207.62 - - [07/Oct/2025:11:25:14 -0400] "GET /3ab624/?loknya=/proc/self/root/var/softaculous/cftp/php56 HTTP/1.1" 200 2231 "-" "Mozilla/5.0 AppleWebKit/537.36 (KHTML, like Gecko; compatible; GPTBot/1.2; +https://openai.com/gptbot)"
185.191.171.12 - - [07/Oct/2025:11:25:24 -0400] "GET /2299369457.htm HTTP/1.1" 404 - "-" "Mozilla/5.0 (compatible; SemrushBot/7~bl; +http://www.semrush.com/bot.html)"
20.171.207.62 - - [07/Oct/2025:11:25:27 -0400] "GET /3ab624/?loknya=/proc/self/root/opt/alt/ruby23/include HTTP/1.1" 200 1970 "-" "Mozilla/5.0 AppleWebKit/537.36 (KHTML, like Gecko; compatible; GPTBot/1.2; +https://openai.com/gptbot)"
20.171.207.62 - - [07/Oct/2025:11:25:28 -0400] "GET /3ab624/?loknya=/proc/self/root/var/softaculous/fuel/php53 HTTP/1.1" 200 2029 "-" "Mozilla/5.0 AppleWebKit/537.36 (KHTML, like Gecko; compatible; GPTBot/1.2; +https://openai.com/gptbot)"
20.171.207.62 - - [07/Oct/2025:11:25:30 -0400] "GET /3ab624/?loknya=/proc/self/root/var/softaculous/cake/php53 HTTP/1.1" 200 2078 "-" "Mozilla/5.0 AppleWebKit/537.36 (KHTML, like Gecko; compatible; GPTBot/1.2; +https://openai.com/gptbot)"
20.171.207.62 - - [07/Oct/2025:11:25:32 -0400] "GET /3ab624/?loknya=/proc/self/root/var/softaculous/cftp/ HTTP/1.1" 200 3018 "-" "Mozilla/5.0 AppleWebKit/537.36 (KHTML, like Gecko; compatible; GPTBot/1.2; +https://openai.com/gptbot)"
20.171.207.62 - - [07/Oct/2025:11:25:34 -0400] "GET /3ab624/?loknya=/proc/self/root/var/softaculous/typo/php81 HTTP/1.1" 200 2191 "-" "Mozilla/5.0 AppleWebKit/537.36 (KHTML, like Gecko; compatible; GPTBot/1.2; +https://openai.com/gptbot)"
20.171.207.62 - - [07/Oct/2025:11:25:36 -0400] "GET /3ab624/?loknya=/proc/self/root/var/softaculous/cake/php56 HTTP/1.1" 200 2078 "-" "Mozilla/5.0 AppleWebKit/537.36 (KHTML, like Gecko; compatible; GPTBot/1.2; +https://openai.com/gptbot)"
66.249.79.203 - - [07/Oct/2025:11:25:38 -0400] "GET /conduct/smell149/8i1wx-4426/ HTTP/1.1" 404 - "-" "Mozilla/5.0 (Linux; Android 6.0.1; Nexus 5X Build/MMB29P) AppleWebKit/537.36 (KHTML, like Gecko) Chrome/140.0.7339.207 Mobile Safari/537.36 (compatible; GoogleOther)"
20.171.207.62 - - [07/Oct/2025:11:25:39 -0400] "GET /3ab624/?loknya=/proc/self/root/var/softaculous/ojs/php82 HTTP/1.1" 200 2226 "-" "Mozilla/5.0 AppleWebKit/537.36 (KHTML, like Gecko; compatible; GPTBot/1.2; +https://openai.com/gptbot)"
20.171.207.62 - - [07/Oct/2025:11:25:40 -0400] "GET /3ab624/?loknya=/proc/self/root/var/softaculous/fuel/ HTTP/1.1" 200 2506 "-" "Mozilla/5.0 AppleWebKit/537.36 (KHTML, like Gecko; compatible; GPTBot/1.2; +https://openai.com/gptbot)"
20.171.207.62 - - [07/Oct/2025:11:25:43 -0400] "GET /3ab624/?loknya=/proc/self/root/var/softaculous/aef/php53 HTTP/1.1" 200 2194 "-" "Mozilla/5.0 AppleWebKit/537.36 (KHTML, like Gecko; compatible; GPTBot/1.2; +https://openai.com/gptbot)"
20.171.207.62 - - [07/Oct/2025:11:25:45 -0400] "GET /3ab624/?loknya=/proc/self/root/var/softaculous/cake/ HTTP/1.1" 200 2664 "-" "Mozilla/5.0 AppleWebKit/537.36 (KHTML, like Gecko; compatible; GPTBot/1.2; +https://openai.com/gptbot)"
20.171.207.62 - - [07/Oct/2025:11:25:46 -0400] "GET /3ab624/?loknya=/proc/self/root/var/softaculous/sp/php81 HTTP/1.1" 200 2226 "-" "Mozilla/5.0 AppleWebKit/537.36 (KHTML, like Gecko; compatible; GPTBot/1.2; +https://openai.com/gptbot)"
20.171.207.62 - - [07/Oct/2025:11:25:47 -0400] "GET /3ab624/?lokasie=/proc/self/root/var/softaculous/typo/php81/edit.php&loknya=/proc/self/root/var/softaculous/typo/php81 HTTP/1.1" 200 4910 "-" "Mozilla/5.0 AppleWebKit/537.36 (KHTML, like Gecko; compatible; GPTBot/1.2; +https://openai.com/gptbot)"
20.171.207.62 - - [07/Oct/2025:11:25:49 -0400] "GET /3ab624/?loknya=/proc/self/root/var/softaculous/cftp/php82 HTTP/1.1" 200 2233 "-" "Mozilla/5.0 AppleWebKit/537.36 (KHTML, like Gecko; compatible; GPTBot/1.2; +https://openai.com/gptbot)"
20.171.207.62 - - [07/Oct/2025:11:25:51 -0400] "GET /3ab624/?loknya=/proc/self/root/var/softaculous/omp/php53 HTTP/1.1" 200 2232 "-" "Mozilla/5.0 AppleWebKit/537.36 (KHTML, like Gecko; compatible; GPTBot/1.2; +https://openai.com/gptbot)"
20.171.207.62 - - [07/Oct/2025:11:25:56 -0400] "GET /3ab624/?loknya=/proc/self/root/opt/alt/python36/include HTTP/1.1" 200 1985 "-" "Mozilla/5.0 AppleWebKit/537.36 (KHTML, like Gecko; compatible; GPTBot/1.2; +https://openai.com/gptbot)"
20.171.207.62 - - [07/Oct/2025:11:25:59 -0400] "GET /3ab624/?lokasie=/proc/self/root/var/softaculous/cftp/php82/upgrade.php&loknya=/proc/self/root/var/softaculous/cftp/php82 HTTP/1.1" 200 4445 "-" "Mozilla/5.0 AppleWebKit/537.36 (KHTML, like Gecko; compatible; GPTBot/1.2; +https://openai.com/gptbot)"
20.171.207.62 - - [07/Oct/2025:11:26:00 -0400] "GET /3ab624/?loknya=/proc/self/root/var/softaculous/ruko/php81 HTTP/1.1" 200 2192 "-" "Mozilla/5.0 AppleWebKit/537.36 (KHTML, like Gecko; compatible; GPTBot/1.2; +https://openai.com/gptbot)"
20.171.207.62 - - [07/Oct/2025:11:26:02 -0400] "GET /3ab624/?loknya=/proc/self/root/var/softaculous/owa/php56 HTTP/1.1" 200 2194 "-" "Mozilla/5.0 AppleWebKit/537.36 (KHTML, like Gecko; compatible; GPTBot/1.2; +https://openai.com/gptbot)"
20.171.207.62 - - [07/Oct/2025:11:26:03 -0400] "GET /3ab624/?loknya=/proc/self/root/var/softaculous/ops/php81 HTTP/1.1" 200 2229 "-" "Mozilla/5.0 AppleWebKit/537.36 (KHTML, like Gecko; compatible; GPTBot/1.2; +https://openai.com/gptbot)"
85.208.96.197 - - [07/Oct/2025:11:26:04 -0400] "GET /2299371517.htm HTTP/1.1" 404 - "-" "Mozilla/5.0 (compatible; SemrushBot/7~bl; +http://www.semrush.com/bot.html)"
20.171.207.62 - - [07/Oct/2025:11:26:05 -0400] "GET /3ab624/?loknya=/proc/self/root/var/softaculous/peel/php82 HTTP/1.1" 200 2154 "-" "Mozilla/5.0 AppleWebKit/537.36 (KHTML, like Gecko; compatible; GPTBot/1.2; +https://openai.com/gptbot)"
66.249.79.201 - - [07/Oct/2025:11:26:08 -0400] "GET /secret/hot51/fi5nj-50/ HTTP/1.1" 404 - "-" "Mozilla/5.0 (Linux; Android 6.0.1; Nexus 5X Build/MMB29P) AppleWebKit/537.36 (KHTML, like Gecko) Chrome/140.0.7339.207 Mobile Safari/537.36 (compatible; Googlebot/2.1; +http://www.google.com/bot.html)"
66.249.79.203 - - [07/Oct/2025:11:26:08 -0400] "GET /counterpart130?kg=13220 HTTP/1.1" 404 - "-" "Mozilla/5.0 (Linux; Android 6.0.1; Nexus 5X Build/MMB29P) AppleWebKit/537.36 (KHTML, like Gecko) Chrome/140.0.7339.207 Mobile Safari/537.36 (compatible; Googlebot/2.1; +http://www.google.com/bot.html)"
20.171.207.62 - - [07/Oct/2025:11:26:07 -0400] "GET /3ab624/?lokasie=/proc/self/root/var/softaculous/ojs/php53/clone.php&loknya=/proc/self/root/var/softaculous/ojs/php53 HTTP/1.1" 200 8092 "-" "Mozilla/5.0 AppleWebKit/537.36 (KHTML, like Gecko; compatible; GPTBot/1.2; +https://openai.com/gptbot)"
185.191.171.12 - - [07/Oct/2025:11:26:12 -0400] "GET /80129134649.htm HTTP/1.1" 404 - "-" "Mozilla/5.0 (compatible; SemrushBot/7~bl; +http://www.semrush.com/bot.html)"
20.171.207.62 - - [07/Oct/2025:11:26:12 -0400] "GET /3ab624/?loknya=/proc/self/root/var/softaculous/sp/php71 HTTP/1.1" 200 2223 "-" "Mozilla/5.0 AppleWebKit/537.36 (KHTML, like Gecko; compatible; GPTBot/1.2; +https://openai.com/gptbot)"
20.171.207.62 - - [07/Oct/2025:11:26:13 -0400] "GET /3ab624/?loknya=/proc/self/root/var/softaculous/moodle40 HTTP/1.1" 200 3199 "-" "Mozilla/5.0 AppleWebKit/537.36 (KHTML, like Gecko; compatible; GPTBot/1.2; +https://openai.com/gptbot)"
20.171.207.62 - - [07/Oct/2025:11:26:15 -0400] "GET /3ab624/?loknya=/proc/self/root/var/softaculous/cake/php82 HTTP/1.1" 200 2078 "-" "Mozilla/5.0 AppleWebKit/537.36 (KHTML, like Gecko; compatible; GPTBot/1.2; +https://openai.com/gptbot)"
20.171.207.62 - - [07/Oct/2025:11:26:17 -0400] "GET /3ab624/?loknya=/proc/self/root/var/softaculous/typo/php71 HTTP/1.1" 200 2189 "-" "Mozilla/5.0 AppleWebKit/537.36 (KHTML, like Gecko; compatible; GPTBot/1.2; +https://openai.com/gptbot)"
20.171.207.62 - - [07/Oct/2025:11:26:21 -0400] "GET /3ab624/?loknya=/proc/self/root/var/softaculous/moodle41 HTTP/1.1" 200 3195 "-" "Mozilla/5.0 AppleWebKit/537.36 (KHTML, like Gecko; compatible; GPTBot/1.2; +https://openai.com/gptbot)"
85.208.96.194 - - [07/Oct/2025:11:26:23 -0400] "GET /6857977825.htm HTTP/1.1" 404 - "-" "Mozilla/5.0 (compatible; SemrushBot/7~bl; +http://www.semrush.com/bot.html)"
20.171.207.62 - - [07/Oct/2025:11:26:23 -0400] "GET /3ab624/?loknya=/proc/self/root/var/softaculous/ostic17 HTTP/1.1" 200 2974 "-" "Mozilla/5.0 AppleWebKit/537.36 (KHTML, like Gecko; compatible; GPTBot/1.2; +https://openai.com/gptbot)"
20.171.207.62 - - [07/Oct/2025:11:26:24 -0400] "GET /3ab624/?loknya=/proc/self/root/var/softaculous/lss/php81 HTTP/1.1" 200 2194 "-" "Mozilla/5.0 AppleWebKit/537.36 (KHTML, like Gecko; compatible; GPTBot/1.2; +https://openai.com/gptbot)"
20.171.207.62 - - [07/Oct/2025:11:26:27 -0400] "GET /3ab624/?loknya=/proc/self/root/var/softaculous/leto/php81 HTTP/1.1" 200 2146 "-" "Mozilla/5.0 AppleWebKit/537.36 (KHTML, like Gecko; compatible; GPTBot/1.2; +https://openai.com/gptbot)"
20.171.207.62 - - [07/Oct/2025:11:26:28 -0400] "GET /3ab624/?loknya=/proc/self/root/var/softaculous/moodle30 HTTP/1.1" 200 3231 "-" "Mozilla/5.0 AppleWebKit/537.36 (KHTML, like Gecko; compatible; GPTBot/1.2; +https://openai.com/gptbot)"
20.171.207.62 - - [07/Oct/2025:11:26:30 -0400] "GET /3ab624/?loknya=/proc/self/root/var/softaculous/flat/php81 HTTP/1.1" 200 2152 "-" "Mozilla/5.0 AppleWebKit/537.36 (KHTML, like Gecko; compatible; GPTBot/1.2; +https://openai.com/gptbot)"
85.208.96.210 - - [07/Oct/2025:11:26:38 -0400] "GET /2299371522.htm HTTP/1.1" 404 - "-" "Mozilla/5.0 (compatible; SemrushBot/7~bl; +http://www.semrush.com/bot.html)"
20.171.207.62 - - [07/Oct/2025:11:26:37 -0400] "GET /3ab624/?loknya=/proc/self/root/var/softaculous/espo/php81 HTTP/1.1" 200 2194 "-" "Mozilla/5.0 AppleWebKit/537.36 (KHTML, like Gecko; compatible; GPTBot/1.2; +https://openai.com/gptbot)"
20.171.207.62 - - [07/Oct/2025:11:26:40 -0400] "GET /3ab624/?loknya=/proc/self/root/var/softaculous/blab/php82 HTTP/1.1" 200 2151 "-" "Mozilla/5.0 AppleWebKit/537.36 (KHTML, like Gecko; compatible; GPTBot/1.2; +https://openai.com/gptbot)"
85.208.96.206 - - [07/Oct/2025:11:26:41 -0400] "GET /1666135322.htm HTTP/1.1" 404 - "-" "Mozilla/5.0 (compatible; SemrushBot/7~bl; +http://www.semrush.com/bot.html)"
20.171.207.62 - - [07/Oct/2025:11:26:41 -0400] "GET /3ab624/?loknya=/proc/self/root/opt/alt/freetds11/usr/bin HTTP/1.1" 200 2340 "-" "Mozilla/5.0 AppleWebKit/537.36 (KHTML, like Gecko; compatible; GPTBot/1.2; +https://openai.com/gptbot)"
85.208.96.197 - - [07/Oct/2025:11:26:43 -0400] "GET /8012953614.htm HTTP/1.1" 404 - "-" "Mozilla/5.0 (compatible; SemrushBot/7~bl; +http://www.semrush.com/bot.html)"
20.171.207.62 - - [07/Oct/2025:11:26:42 -0400] "GET /3ab624/?loknya=/proc/self/root/var/softaculous/moodle45 HTTP/1.1" 200 3134 "-" "Mozilla/5.0 AppleWebKit/537.36 (KHTML, like Gecko; compatible; GPTBot/1.2; +https://openai.com/gptbot)"
20.171.207.62 - - [07/Oct/2025:11:26:47 -0400] "GET /3ab624/?loknya=/proc/self/root/var/softaculous/moodle28 HTTP/1.1" 200 3067 "-" "Mozilla/5.0 AppleWebKit/537.36 (KHTML, like Gecko; compatible; GPTBot/1.2; +https://openai.com/gptbot)"
20.171.207.62 - - [07/Oct/2025:11:26:48 -0400] "GET /3ab624/?loknya=/proc/self/root/var/softaculous/cftp/php53 HTTP/1.1" 200 2231 "-" "Mozilla/5.0 AppleWebKit/537.36 (KHTML, like Gecko; compatible; GPTBot/1.2; +https://openai.com/gptbot)"
20.171.207.62 - - [07/Oct/2025:11:26:49 -0400] "GET /3ab624/?loknya=/proc/self/root/opt/alt/ruby34/include HTTP/1.1" 200 2126 "-" "Mozilla/5.0 AppleWebKit/537.36 (KHTML, like Gecko; compatible; GPTBot/1.2; +https://openai.com/gptbot)"
85.208.96.202 - - [07/Oct/2025:11:26:52 -0400] "GET /22993119256.htm HTTP/1.1" 404 - "-" "Mozilla/5.0 (compatible; SemrushBot/7~bl; +http://www.semrush.com/bot.html)"
20.171.207.62 - - [07/Oct/2025:11:26:51 -0400] "GET /3ab624/?loknya=/proc/self/root/var/softaculous/tiki24 HTTP/1.1" 200 2934 "-" "Mozilla/5.0 AppleWebKit/537.36 (KHTML, like Gecko; compatible; GPTBot/1.2; +https://openai.com/gptbot)"
20.171.207.62 - - [07/Oct/2025:11:26:54 -0400] "GET /3ab624/?loknya=/proc/self/root/opt/alt/freetds11/usr/ HTTP/1.1" 200 2045 "-" "Mozilla/5.0 AppleWebKit/537.36 (KHTML, like Gecko; compatible; GPTBot/1.2; +https://openai.com/gptbot)"
20.171.207.62 - - [07/Oct/2025:11:26:55 -0400] "GET /3ab624/?loknya=/proc/self/root/var/softaculous/lss/php71 HTTP/1.1" 200 2191 "-" "Mozilla/5.0 AppleWebKit/537.36 (KHTML, like Gecko; compatible; GPTBot/1.2; +https://openai.com/gptbot)"
20.171.207.62 - - [07/Oct/2025:11:26:56 -0400] "GET /3ab624/?lokasie=/proc/self/root/var/softaculous/moodle45/data.zip&loknya=/proc/self/root/var/softaculous/moodle45 HTTP/1.1" 200 1601 "-" "Mozilla/5.0 AppleWebKit/537.36 (KHTML, like Gecko; compatible; GPTBot/1.2; +https://openai.com/gptbot)"
20.171.207.62 - - [07/Oct/2025:11:26:59 -0400] "GET /3ab624/?lokasie=/proc/self/root/var/softaculous/moodle28/moodle28.sql&loknya=/proc/self/root/var/softaculous/moodle28 HTTP/1.1" 200 134533 "-" "Mozilla/5.0 AppleWebKit/537.36 (KHTML, like Gecko; compatible; GPTBot/1.2; +https://openai.com/gptbot)"
20.171.207.62 - - [07/Oct/2025:11:27:02 -0400] "GET /3ab624/?loknya=/proc/self/root/opt/alt/ruby34/include/ruby HTTP/1.1" 200 3129 "-" "Mozilla/5.0 AppleWebKit/537.36 (KHTML, like Gecko; compatible; GPTBot/1.2; +https://openai.com/gptbot)"
20.171.207.62 - - [07/Oct/2025:11:27:03 -0400] "GET /3ab624/?loknya=/proc/self/root/var/softaculous/tiki24/images HTTP/1.1" 200 2086 "-" "Mozilla/5.0 AppleWebKit/537.36 (KHTML, like Gecko; compatible; GPTBot/1.2; +https://openai.com/gptbot)"
20.171.207.62 - - [07/Oct/2025:11:27:05 -0400] "GET /3ab624/?loknya=/proc/self/root/opt/alt/ruby32/include HTTP/1.1" 200 2229 "-" "Mozilla/5.0 AppleWebKit/537.36 (KHTML, like Gecko; compatible; GPTBot/1.2; +https://openai.com/gptbot)"
185.191.171.1 - - [07/Oct/2025:11:27:06 -0400] "GET /2299336857.htm HTTP/1.1" 404 - "-" "Mozilla/5.0 (compatible; SemrushBot/7~bl; +http://www.semrush.com/bot.html)"
20.171.207.62 - - [07/Oct/2025:11:27:06 -0400] "GET /3ab624/?loknya=/proc/self/root/var/softaculous/leto/php71 HTTP/1.1" 200 2147 "-" "Mozilla/5.0 AppleWebKit/537.36 (KHTML, like Gecko; compatible; GPTBot/1.2; +https://openai.com/gptbot)"
20.171.207.62 - - [07/Oct/2025:11:27:07 -0400] "GET /3ab624/?loknya=/proc/self/root/var/softaculous/pyro/php81 HTTP/1.1" 200 2075 "-" "Mozilla/5.0 AppleWebKit/537.36 (KHTML, like Gecko; compatible; GPTBot/1.2; +https://openai.com/gptbot)"
20.171.207.62 - - [07/Oct/2025:11:27:08 -0400] "GET /3ab624/?loknya=/proc/self/root/var/softaculous/flat/php71 HTTP/1.1" 200 2153 "-" "Mozilla/5.0 AppleWebKit/537.36 (KHTML, like Gecko; compatible; GPTBot/1.2; +https://openai.com/gptbot)"
20.171.207.62 - - [07/Oct/2025:11:27:11 -0400] "GET /3ab624/?loknya=/opt/cpanel/ea-ruby27/root/var/spool/mail HTTP/1.1" 200 1847 "-" "Mozilla/5.0 AppleWebKit/537.36 (KHTML, like Gecko; compatible; GPTBot/1.2; +https://openai.com/gptbot)"
20.171.207.62 - - [07/Oct/2025:11:27:12 -0400] "GET /3ab624/?lokasie=/proc/self/root/opt/alt/ruby34/include/ruby/encoding.h&loknya=/proc/self/root/opt/alt/ruby34/include/ruby HTTP/1.1" 200 2174 "-" "Mozilla/5.0 AppleWebKit/537.36 (KHTML, like Gecko; compatible; GPTBot/1.2; +https://openai.com/gptbot)"
20.171.207.62 - - [07/Oct/2025:11:27:13 -0400] "GET /3ab624/?loknya=/proc/self/root/opt/alt/34/include/ HTTP/1.1" 200 1852 "-" "Mozilla/5.0 AppleWebKit/537.36 (KHTML, like Gecko; compatible; GPTBot/1.2; +https://openai.com/gptbot)"
20.171.207.62 - - [07/Oct/2025:11:27:15 -0400] "GET /3ab624/?loknya=/proc/self/root/opt/alt/ruby32/include/ruby HTTP/1.1" 200 3156 "-" "Mozilla/5.0 AppleWebKit/537.36 (KHTML, like Gecko; compatible; GPTBot/1.2; +https://openai.com/gptbot)"
20.171.207.62 - - [07/Oct/2025:11:27:16 -0400] "GET /3ab624/?loknya=/proc/self/root/var/softaculous/tiki24/ HTTP/1.1" 200 2939 "-" "Mozilla/5.0 AppleWebKit/537.36 (KHTML, like Gecko; compatible; GPTBot/1.2; +https://openai.com/gptbot)"
40.77.167.55 - - [07/Oct/2025:11:27:18 -0400] "GET /contact-us/ HTTP/1.1" 404 - "-" "Mozilla/5.0 AppleWebKit/537.36 (KHTML, like Gecko; compatible; bingbot/2.0; +http://www.bing.com/bingbot.htm) Chrome/116.0.1938.76 Safari/537.36"
20.171.207.62 - - [07/Oct/2025:11:27:17 -0400] "GET /3ab624/?loknya=/proc/self/root/var/softaculous/typo/php71 HTTP/1.1" 200 2189 "-" "Mozilla/5.0 AppleWebKit/537.36 (KHTML, like Gecko; compatible; GPTBot/1.2; +https://openai.com/gptbot)"
66.249.79.203 - - [07/Oct/2025:11:27:18 -0400] "GET /?_ga=2.198040047.1958808748.1721886654-862398307.1699453578&_bdsid=2ulvIJ.n~ZXCIW.1721886656070.1721886848&_bd_prev_page=https://www.zmbusiness.com/detail.php?2299329432.htm HTTP/1.1" 200 684 "-" "Mozilla/5.0 (Linux; Android 6.0.1; Nexus 5X Build/MMB29P) AppleWebKit/537.36 (KHTML, like Gecko) Chrome/140.0.7339.207 Mobile Safari/537.36 (compatible; Googlebot/2.1; +http://www.google.com/bot.html)"
20.171.207.62 - - [07/Oct/2025:11:27:20 -0400] "GET /3ab624/?loknya=/proc/self/root/var/softaculous/fuel/php82 HTTP/1.1" 200 2029 "-" "Mozilla/5.0 AppleWebKit/537.36 (KHTML, like Gecko; compatible; GPTBot/1.2; +https://openai.com/gptbot)"
20.171.207.62 - - [07/Oct/2025:11:27:22 -0400] "GET /3ab624/?loknya=/proc/self/root/var/softaculous/moodle29 HTTP/1.1" 200 3108 "-" "Mozilla/5.0 AppleWebKit/537.36 (KHTML, like Gecko; compatible; GPTBot/1.2; +https://openai.com/gptbot)"
20.171.207.62 - - [07/Oct/2025:11:27:27 -0400] "GET /3ab624/?loknya=/proc/self/root/opt/alt/32/include/ HTTP/1.1" 200 1852 "-" "Mozilla/5.0 AppleWebKit/537.36 (KHTML, like Gecko; compatible; GPTBot/1.2; +https://openai.com/gptbot)"
20.171.207.62 - - [07/Oct/2025:11:27:31 -0400] "GET /3ab624/?loknya=/usr/lib64/cmake/Qt5PrintSupport HTTP/1.1" 200 2012 "-" "Mozilla/5.0 AppleWebKit/537.36 (KHTML, like Gecko; compatible; GPTBot/1.2; +https://openai.com/gptbot)"
20.171.207.62 - - [07/Oct/2025:11:27:34 -0400] "GET /3ab624/?loknya=/proc/self/root/lib/firmware/microchip HTTP/1.1" 200 2093 "-" "Mozilla/5.0 AppleWebKit/537.36 (KHTML, like Gecko; compatible; GPTBot/1.2; +https://openai.com/gptbot)"
20.171.207.62 - - [07/Oct/2025:11:27:35 -0400] "GET /3ab624/?loknya=/proc/self/root/lib/firewalld/services HTTP/1.1" 200 7185 "-" "Mozilla/5.0 AppleWebKit/537.36 (KHTML, like Gecko; compatible; GPTBot/1.2; +https://openai.com/gptbot)"
20.171.207.62 - - [07/Oct/2025:11:27:40 -0400] "GET /3ab624/?loknya=/proc/self/root/var/lve/lveinfo.ver.cagefs HTTP/1.1" 200 2012 "-" "Mozilla/5.0 AppleWebKit/537.36 (KHTML, like Gecko; compatible; GPTBot/1.2; +https://openai.com/gptbot)"
20.171.207.62 - - [07/Oct/2025:11:27:42 -0400] "GET /3ab624/?lokasie=/bin/hexdump&loknya=/bin HTTP/1.1" 200 1543 "-" "Mozilla/5.0 AppleWebKit/537.36 (KHTML, like Gecko; compatible; GPTBot/1.2; +https://openai.com/gptbot)"
20.171.207.62 - - [07/Oct/2025:11:27:44 -0400] "GET /3ab624/?loknya=/opt/alt/alt-nodejs8/root/usr/lib/dtrace HTTP/1.1" 200 2026 "-" "Mozilla/5.0 AppleWebKit/537.36 (KHTML, like Gecko; compatible; GPTBot/1.2; +https://openai.com/gptbot)"
20.171.207.62 - - [07/Oct/2025:11:27:45 -0400] "GET /3ab624/?loknya=/opt/alt/alt-nodejs6/root/var/lib/misc HTTP/1.1" 200 1841 "-" "Mozilla/5.0 AppleWebKit/537.36 (KHTML, like Gecko; compatible; GPTBot/1.2; +https://openai.com/gptbot)"
20.171.207.62 - - [07/Oct/2025:11:27:48 -0400] "GET /3ab624/?lokasie=/proc/self/root/lib/firewalld/services/amqp.xml&loknya=/proc/self/root/lib/firewalld/services HTTP/1.1" 200 1782 "-" "Mozilla/5.0 AppleWebKit/537.36 (KHTML, like Gecko; compatible; GPTBot/1.2; +https://openai.com/gptbot)"
20.171.207.62 - - [07/Oct/2025:11:27:52 -0400] "GET /3ab624/?loknya=/proc/self/root/var/lve/ HTTP/1.1" 200 2167 "-" "Mozilla/5.0 AppleWebKit/537.36 (KHTML, like Gecko; compatible; GPTBot/1.2; +https://openai.com/gptbot)"
20.171.207.62 - - [07/Oct/2025:11:27:56 -0400] "GET /3ab624/?loknya=/opt/alt/alt-nodejs6/root/etc/xinetd.d HTTP/1.1" 404 - "-" "Mozilla/5.0 AppleWebKit/537.36 (KHTML, like Gecko; compatible; GPTBot/1.2; +https://openai.com/gptbot)"
20.171.207.62 - - [07/Oct/2025:11:27:57 -0400] "GET /3ab624/?loknya=/opt/alt/alt-nodejs8/root/usr/lib/ HTTP/1.1" 200 2038 "-" "Mozilla/5.0 AppleWebKit/537.36 (KHTML, like Gecko; compatible; GPTBot/1.2; +https://openai.com/gptbot)"
20.171.207.62 - - [07/Oct/2025:11:27:58 -0400] "GET /3ab624/?loknya=/opt/alt/alt-nodejs6/root/var/lib/games HTTP/1.1" 200 1842 "-" "Mozilla/5.0 AppleWebKit/537.36 (KHTML, like Gecko; compatible; GPTBot/1.2; +https://openai.com/gptbot)"
20.171.207.62 - - [07/Oct/2025:11:27:59 -0400] "GET /3ab624/?loknya=/opt/alt/alt-nodejs6/root/lib/node_modules HTTP/1.1" 200 1960 "-" "Mozilla/5.0 AppleWebKit/537.36 (KHTML, like Gecko; compatible; GPTBot/1.2; +https://openai.com/gptbot)"
85.208.96.200 - - [07/Oct/2025:11:28:02 -0400] "GET /8012964371.htm HTTP/1.1" 404 - "-" "Mozilla/5.0 (compatible; SemrushBot/7~bl; +http://www.semrush.com/bot.html)"
20.171.207.62 - - [07/Oct/2025:11:28:02 -0400] "GET /3ab624/?loknya=/opt/alt/alt-nodejs6/root/usr/src/debug HTTP/1.1" 200 1842 "-" "Mozilla/5.0 AppleWebKit/537.36 (KHTML, like Gecko; compatible; GPTBot/1.2; +https://openai.com/gptbot)"
20.171.207.62 - - [07/Oct/2025:11:28:06 -0400] "GET /3ab624/?loknya=/proc/self/root/var/softaculous/sugar/php71 HTTP/1.1" 200 2153 "-" "Mozilla/5.0 AppleWebKit/537.36 (KHTML, like Gecko; compatible; GPTBot/1.2; +https://openai.com/gptbot)"
185.191.171.3 - - [07/Oct/2025:11:28:08 -0400] "GET /8012932306.htm HTTP/1.1" 404 - "-" "Mozilla/5.0 (compatible; SemrushBot/7~bl; +http://www.semrush.com/bot.html)"
20.171.207.62 - - [07/Oct/2025:11:28:09 -0400] "GET /3ab624/?loknya=/opt/cpanel/ea-php72/root/var/lib/pear/pkgxml HTTP/1.1" 200 2234 "-" "Mozilla/5.0 AppleWebKit/537.36 (KHTML, like Gecko; compatible; GPTBot/1.2; +https://openai.com/gptbot)"
20.171.207.62 - - [07/Oct/2025:11:28:13 -0400] "GET /3ab624/?loknya=/opt/cpanel/ea-php73/root/var/lib/pear/pkgxml HTTP/1.1" 200 2231 "-" "Mozilla/5.0 AppleWebKit/537.36 (KHTML, like Gecko; compatible; GPTBot/1.2; +https://openai.com/gptbot)"
20.171.207.62 - - [07/Oct/2025:11:28:14 -0400] "GET /3ab624/?loknya=/opt/cpanel/ea-php70/root/var/lib/pear/pkgxml HTTP/1.1" 200 2234 "-" "Mozilla/5.0 AppleWebKit/537.36 (KHTML, like Gecko; compatible; GPTBot/1.2; +https://openai.com/gptbot)"
20.171.207.62 - - [07/Oct/2025:11:28:16 -0400] "GET /3ab624/?loknya=/proc/self/root/var/softaculous/sugar/php82 HTTP/1.1" 200 2153 "-" "Mozilla/5.0 AppleWebKit/537.36 (KHTML, like Gecko; compatible; GPTBot/1.2; +https://openai.com/gptbot)"
20.171.207.62 - - [07/Oct/2025:11:28:18 -0400] "GET /3ab624/?loknya=/proc/self/root/var/softaculous/ricar/php81 HTTP/1.1" 200 2151 "-" "Mozilla/5.0 AppleWebKit/537.36 (KHTML, like Gecko; compatible; GPTBot/1.2; +https://openai.com/gptbot)"
20.171.207.62 - - [07/Oct/2025:11:28:19 -0400] "GET /3ab624/?loknya=/opt/cpanel/ea-php72/root/var/lib/pear/ HTTP/1.1" 200 2292 "-" "Mozilla/5.0 AppleWebKit/537.36 (KHTML, like Gecko; compatible; GPTBot/1.2; +https://openai.com/gptbot)"
20.171.207.62 - - [07/Oct/2025:11:28:20 -0400] "GET /3ab624/?loknya=/proc/self/root/var/softaculous/phpbb/php71 HTTP/1.1" 200 2193 "-" "Mozilla/5.0 AppleWebKit/537.36 (KHTML, like Gecko; compatible; GPTBot/1.2; +https://openai.com/gptbot)"
20.171.207.62 - - [07/Oct/2025:11:28:23 -0400] "GET /3ab624/?loknya=/proc/self/root/var/softaculous/sugar/ HTTP/1.1" 200 2920 "-" "Mozilla/5.0 AppleWebKit/537.36 (KHTML, like Gecko; compatible; GPTBot/1.2; +https://openai.com/gptbot)"
20.171.207.62 - - [07/Oct/2025:11:28:25 -0400] "GET /3ab624/?loknya=/opt/cpanel/ea-php73/root/var/lib/pear/ HTTP/1.1" 200 2291 "-" "Mozilla/5.0 AppleWebKit/537.36 (KHTML, like Gecko; compatible; GPTBot/1.2; +https://openai.com/gptbot)"
20.171.207.62 - - [07/Oct/2025:11:28:26 -0400] "GET /3ab624/?loknya=/opt/cpanel/ea-php70/root/var/lib/pear/ HTTP/1.1" 200 2291 "-" "Mozilla/5.0 AppleWebKit/537.36 (KHTML, like Gecko; compatible; GPTBot/1.2; +https://openai.com/gptbot)"
20.171.207.62 - - [07/Oct/2025:11:28:32 -0400] "GET /3ab624/?loknya=/opt/alt/alt-nodejs18/root/usr/local/include HTTP/1.1" 200 1848 "-" "Mozilla/5.0 AppleWebKit/537.36 (KHTML, like Gecko; compatible; GPTBot/1.2; +https://openai.com/gptbot)"
185.191.171.10 - - [07/Oct/2025:11:28:35 -0400] "GET /6857973311.htm HTTP/1.1" 404 - "-" "Mozilla/5.0 (compatible; SemrushBot/7~bl; +http://www.semrush.com/bot.html)"
20.171.207.62 - - [07/Oct/2025:11:28:34 -0400] "GET /3ab624/?loknya=/opt/alt/alt-nodejs19/root/usr/local/include HTTP/1.1" 200 1848 "-" "Mozilla/5.0 AppleWebKit/537.36 (KHTML, like Gecko; compatible; GPTBot/1.2; +https://openai.com/gptbot)"
20.171.207.62 - - [07/Oct/2025:11:28:35 -0400] "GET /3ab624/?loknya=/opt/alt/alt-nodejs24/root/lib/node_modules HTTP/1.1" 200 2000 "-" "Mozilla/5.0 AppleWebKit/537.36 (KHTML, like Gecko; compatible; GPTBot/1.2; +https://openai.com/gptbot)"
20.171.207.62 - - [07/Oct/2025:11:28:36 -0400] "GET /3ab624/?loknya=/proc/self/root/var/softaculous/fuel/php56 HTTP/1.1" 200 2029 "-" "Mozilla/5.0 AppleWebKit/537.36 (KHTML, like Gecko; compatible; GPTBot/1.2; +https://openai.com/gptbot)"
20.171.207.62 - - [07/Oct/2025:11:28:38 -0400] "GET /3ab624/?loknya=/opt/alt/alt-nodejs16/root/usr/local/libexec HTTP/1.1" 200 1847 "-" "Mozilla/5.0 AppleWebKit/537.36 (KHTML, like Gecko; compatible; GPTBot/1.2; +https://openai.com/gptbot)"
20.171.207.62 - - [07/Oct/2025:11:28:42 -0400] "GET /3ab624/?loknya=/proc/self/root/var/softaculous/sugar/php53 HTTP/1.1" 200 2154 "-" "Mozilla/5.0 AppleWebKit/537.36 (KHTML, like Gecko; compatible; GPTBot/1.2; +https://openai.com/gptbot)"
185.191.171.15 - - [07/Oct/2025:11:28:44 -0400] "GET /6857999618.htm HTTP/1.1" 404 - "-" "Mozilla/5.0 (compatible; SemrushBot/7~bl; +http://www.semrush.com/bot.html)"
85.208.96.205 - - [07/Oct/2025:11:28:46 -0400] "GET /2299326267.htm HTTP/1.1" 404 - "-" "Mozilla/5.0 (compatible; SemrushBot/7~bl; +http://www.semrush.com/bot.html)"
20.171.207.62 - - [07/Oct/2025:11:28:46 -0400] "GET /3ab624/?loknya=/opt/alt/alt-nodejs10/root/usr/local/include HTTP/1.1" 200 1848 "-" "Mozilla/5.0 AppleWebKit/537.36 (KHTML, like Gecko; compatible; GPTBot/1.2; +https://openai.com/gptbot)"
20.171.207.62 - - [07/Oct/2025:11:28:47 -0400] "GET /3ab624/?loknya=/opt/alt/alt-nodejs24/root/lib/ HTTP/1.1" 200 2150 "-" "Mozilla/5.0 AppleWebKit/537.36 (KHTML, like Gecko; compatible; GPTBot/1.2; +https://openai.com/gptbot)"
20.171.207.62 - - [07/Oct/2025:11:28:52 -0400] "GET /3ab624/?loknya=/opt/alt/alt-nodejs20/root/usr/local/libexec HTTP/1.1" 200 1847 "-" "Mozilla/5.0 AppleWebKit/537.36 (KHTML, like Gecko; compatible; GPTBot/1.2; +https://openai.com/gptbot)"
20.171.207.62 - - [07/Oct/2025:11:28:53 -0400] "GET /3ab624/?loknya=/proc/self/root/opt/alt/php70/etc/sysconfig HTTP/1.1" 404 - "-" "Mozilla/5.0 AppleWebKit/537.36 (KHTML, like Gecko; compatible; GPTBot/1.2; +https://openai.com/gptbot)"
20.171.207.62 - - [07/Oct/2025:11:28:54 -0400] "GET /3ab624/?loknya=/proc/self/root/opt/alt/php80/etc/sysconfig HTTP/1.1" 404 - "-" "Mozilla/5.0 AppleWebKit/537.36 (KHTML, like Gecko; compatible; GPTBot/1.2; +https://openai.com/gptbot)"
20.171.207.62 - - [07/Oct/2025:11:28:55 -0400] "GET /3ab624/?loknya=/proc/self/root/opt/alt/php81/etc/sysconfig HTTP/1.1" 404 - "-" "Mozilla/5.0 AppleWebKit/537.36 (KHTML, like Gecko; compatible; GPTBot/1.2; +https://openai.com/gptbot)"
85.208.96.193 - - [07/Oct/2025:11:28:59 -0400] "GET /80129130476.htm HTTP/1.1" 404 - "-" "Mozilla/5.0 (compatible; SemrushBot/7~bl; +http://www.semrush.com/bot.html)"
20.171.207.62 - - [07/Oct/2025:11:28:58 -0400] "GET /3ab624/?loknya=/proc/self/root/var/softaculous/prado/php71 HTTP/1.1" 200 2028 "-" "Mozilla/5.0 AppleWebKit/537.36 (KHTML, like Gecko; compatible; GPTBot/1.2; +https://openai.com/gptbot)"
20.171.207.62 - - [07/Oct/2025:11:29:02 -0400] "GET /3ab624/?loknya=/opt/alt/alt-nodejs16/root/lib/node_modules HTTP/1.1" 200 2003 "-" "Mozilla/5.0 AppleWebKit/537.36 (KHTML, like Gecko; compatible; GPTBot/1.2; +https://openai.com/gptbot)"
20.171.207.62 - - [07/Oct/2025:11:29:04 -0400] "GET /3ab624/?loknya=/opt/cpanel/ea-php71/root/var/lib/pear/pkgxml HTTP/1.1" 200 2234 "-" "Mozilla/5.0 AppleWebKit/537.36 (KHTML, like Gecko; compatible; GPTBot/1.2; +https://openai.com/gptbot)"
