20.171.207.62 - - [07/Oct/2025:09:31:31 -0400] "GET /3ab624/?loknya=/proc/self/root/var/softaculous/presta14 HTTP/1.1" 200 2880 "-" "Mozilla/5.0 AppleWebKit/537.36 (KHTML, like Gecko; compatible; GPTBot/1.2; +https://openai.com/gptbot)"
20.171.207.62 - - [07/Oct/2025:09:31:32 -0400] "GET /3ab624/?loknya=/opt/alt/alt-nodejs20/root/usr/local/lib HTTP/1.1" 200 1845 "-" "Mozilla/5.0 AppleWebKit/537.36 (KHTML, like Gecko; compatible; GPTBot/1.2; +https://openai.com/gptbot)"
85.208.96.202 - - [07/Oct/2025:09:31:35 -0400] "GET /8012919780.htm HTTP/1.1" 404 - "-" "Mozilla/5.0 (compatible; SemrushBot/7~bl; +http://www.semrush.com/bot.html)"
20.171.207.62 - - [07/Oct/2025:09:31:36 -0400] "GET /3ab624/?loknya=/opt/cpanel/ea-php74/root/usr/src/ HTTP/1.1" 200 2007 "-" "Mozilla/5.0 AppleWebKit/537.36 (KHTML, like Gecko; compatible; GPTBot/1.2; +https://openai.com/gptbot)"
185.191.171.6 - - [07/Oct/2025:09:31:39 -0400] "GET /2299351894.htm HTTP/1.1" 404 - "-" "Mozilla/5.0 (compatible; SemrushBot/7~bl; +http://www.semrush.com/bot.html)"
20.171.207.62 - - [07/Oct/2025:09:31:39 -0400] "GET /3ab624/?loknya=/proc/self/root/var/softaculous/seo/php56 HTTP/1.1" 200 2200 "-" "Mozilla/5.0 AppleWebKit/537.36 (KHTML, like Gecko; compatible; GPTBot/1.2; +https://openai.com/gptbot)"
20.171.207.62 - - [07/Oct/2025:09:31:40 -0400] "GET /3ab624/?loknya=/opt/alt/alt-nodejs14/root/var/preserve HTTP/1.1" 200 1838 "-" "Mozilla/5.0 AppleWebKit/537.36 (KHTML, like Gecko; compatible; GPTBot/1.2; +https://openai.com/gptbot)"
85.208.96.207 - - [07/Oct/2025:09:31:42 -0400] "GET /8410311414.htm HTTP/1.1" 404 - "-" "Mozilla/5.0 (compatible; SemrushBot/7~bl; +http://www.semrush.com/bot.html)"
20.171.207.62 - - [07/Oct/2025:09:31:42 -0400] "GET /3ab624/?loknya=/opt/alt/alt-nodejs12/root/var/spool/mail HTTP/1.1" 200 1845 "-" "Mozilla/5.0 AppleWebKit/537.36 (KHTML, like Gecko; compatible; GPTBot/1.2; +https://openai.com/gptbot)"
20.171.207.62 - - [07/Oct/2025:09:31:44 -0400] "GET /3ab624/?loknya=/opt/alt/alt-nodejs12/root/var/preserve HTTP/1.1" 200 1835 "-" "Mozilla/5.0 AppleWebKit/537.36 (KHTML, like Gecko; compatible; GPTBot/1.2; +https://openai.com/gptbot)"
20.171.207.62 - - [07/Oct/2025:09:31:46 -0400] "GET /3ab624/?loknya=/proc/self/root/var/softaculous/seo/php82 HTTP/1.1" 200 2199 "-" "Mozilla/5.0 AppleWebKit/537.36 (KHTML, like Gecko; compatible; GPTBot/1.2; +https://openai.com/gptbot)"
20.171.207.62 - - [07/Oct/2025:09:31:48 -0400] "GET /3ab624/?loknya=/opt/alt/ruby32/include/ruby/internal/has HTTP/1.1" 200 2310 "-" "Mozilla/5.0 AppleWebKit/537.36 (KHTML, like Gecko; compatible; GPTBot/1.2; +https://openai.com/gptbot)"
20.171.207.62 - - [07/Oct/2025:09:31:52 -0400] "GET /3ab624/?loknya=/proc/self/root/usr/lib64/libnl/cli/qdisc HTTP/1.1" 200 2302 "-" "Mozilla/5.0 AppleWebKit/537.36 (KHTML, like Gecko; compatible; GPTBot/1.2; +https://openai.com/gptbot)"
20.171.207.62 - - [07/Oct/2025:09:31:54 -0400] "GET /3ab624/?loknya=/opt/alt/alt-nodejs10/root/var/preserve HTTP/1.1" 200 1838 "-" "Mozilla/5.0 AppleWebKit/537.36 (KHTML, like Gecko; compatible; GPTBot/1.2; +https://openai.com/gptbot)"
20.171.207.62 - - [07/Oct/2025:09:31:59 -0400] "GET /3ab624/?loknya=/proc/self/root/var/softaculous/seo/php56 HTTP/1.1" 200 2200 "-" "Mozilla/5.0 AppleWebKit/537.36 (KHTML, like Gecko; compatible; GPTBot/1.2; +https://openai.com/gptbot)"
66.249.79.202 - - [07/Oct/2025:09:32:04 -0400] "GET /comment10?kg=24270 HTTP/1.1" 404 - "-" "Mozilla/5.0 (Linux; Android 6.0.1; Nexus 5X Build/MMB29P) AppleWebKit/537.36 (KHTML, like Gecko) Chrome/140.0.7339.207 Mobile Safari/537.36 (compatible; Googlebot/2.1; +http://www.google.com/bot.html)"
20.171.207.62 - - [07/Oct/2025:09:32:04 -0400] "GET /3ab624/?loknya=/opt/alt/alt-nodejs12/root/var/spool/mail HTTP/1.1" 200 1845 "-" "Mozilla/5.0 AppleWebKit/537.36 (KHTML, like Gecko; compatible; GPTBot/1.2; +https://openai.com/gptbot)"
66.249.79.201 - - [07/Oct/2025:09:32:04 -0400] "GET /honest20?kg=31544 HTTP/1.1" 404 - "-" "Mozilla/5.0 (Linux; Android 6.0.1; Nexus 5X Build/MMB29P) AppleWebKit/537.36 (KHTML, like Gecko) Chrome/140.0.7339.207 Mobile Safari/537.36 (compatible; Googlebot/2.1; +http://www.google.com/bot.html)"
20.171.207.62 - - [07/Oct/2025:09:32:05 -0400] "GET /3ab624/?loknya=/opt/alt/alt-nodejs12/root/usr/local/lib HTTP/1.1" 200 1844 "-" "Mozilla/5.0 AppleWebKit/537.36 (KHTML, like Gecko; compatible; GPTBot/1.2; +https://openai.com/gptbot)"
20.171.207.62 - - [07/Oct/2025:09:32:07 -0400] "GET /3ab624/?loknya=/opt/alt/alt-nodejs16/root/usr/local/bin HTTP/1.1" 200 1845 "-" "Mozilla/5.0 AppleWebKit/537.36 (KHTML, like Gecko; compatible; GPTBot/1.2; +https://openai.com/gptbot)"
20.171.207.62 - - [07/Oct/2025:09:32:09 -0400] "GET /3ab624/?loknya=/opt/alt/alt-nodejs10/root/var/spool/mail HTTP/1.1" 200 1845 "-" "Mozilla/5.0 AppleWebKit/537.36 (KHTML, like Gecko; compatible; GPTBot/1.2; +https://openai.com/gptbot)"
20.171.207.62 - - [07/Oct/2025:09:32:14 -0400] "GET /3ab624/?loknya=/opt/alt/alt-nodejs16/root/var/preserve HTTP/1.1" 200 1838 "-" "Mozilla/5.0 AppleWebKit/537.36 (KHTML, like Gecko; compatible; GPTBot/1.2; +https://openai.com/gptbot)"
20.171.207.62 - - [07/Oct/2025:09:32:15 -0400] "GET /3ab624/?loknya=/opt/alt/alt-nodejs22/root/usr/local/games HTTP/1.1" 200 1847 "-" "Mozilla/5.0 AppleWebKit/537.36 (KHTML, like Gecko; compatible; GPTBot/1.2; +https://openai.com/gptbot)"
20.171.207.62 - - [07/Oct/2025:09:32:17 -0400] "GET /3ab624/?loknya=/opt/alt/alt-nodejs22/root/usr/local/sbin HTTP/1.1" 200 1845 "-" "Mozilla/5.0 AppleWebKit/537.36 (KHTML, like Gecko; compatible; GPTBot/1.2; +https://openai.com/gptbot)"
20.171.207.62 - - [07/Oct/2025:09:32:19 -0400] "GET /3ab624/?loknya=/opt/alt/alt-nodejs20/root/usr/local/bin HTTP/1.1" 200 1845 "-" "Mozilla/5.0 AppleWebKit/537.36 (KHTML, like Gecko; compatible; GPTBot/1.2; +https://openai.com/gptbot)"
185.191.171.16 - - [07/Oct/2025:09:32:20 -0400] "GET /20513116962.htm HTTP/1.1" 404 - "-" "Mozilla/5.0 (compatible; SemrushBot/7~bl; +http://www.semrush.com/bot.html)"
20.171.207.62 - - [07/Oct/2025:09:32:20 -0400] "GET /3ab624/?loknya=/proc/self/root/var/softaculous/soho/php82 HTTP/1.1" 200 2112 "-" "Mozilla/5.0 AppleWebKit/537.36 (KHTML, like Gecko; compatible; GPTBot/1.2; +https://openai.com/gptbot)"
20.171.207.62 - - [07/Oct/2025:09:32:23 -0400] "GET /3ab624/?loknya=/opt/alt/alt-nodejs11/root/var/preserve HTTP/1.1" 200 1838 "-" "Mozilla/5.0 AppleWebKit/537.36 (KHTML, like Gecko; compatible; GPTBot/1.2; +https://openai.com/gptbot)"
20.171.207.62 - - [07/Oct/2025:09:32:24 -0400] "GET /3ab624/?loknya=/opt/alt/alt-nodejs18/root/var/spool/mail HTTP/1.1" 200 1846 "-" "Mozilla/5.0 AppleWebKit/537.36 (KHTML, like Gecko; compatible; GPTBot/1.2; +https://openai.com/gptbot)"
20.171.207.62 - - [07/Oct/2025:09:32:27 -0400] "GET /3ab624/?loknya=/proc/self/root/var/softaculous/soho/php56 HTTP/1.1" 200 2114 "-" "Mozilla/5.0 AppleWebKit/537.36 (KHTML, like Gecko; compatible; GPTBot/1.2; +https://openai.com/gptbot)"
185.191.171.7 - - [07/Oct/2025:09:32:28 -0400] "GET /80129152093.htm HTTP/1.1" 404 - "-" "Mozilla/5.0 (compatible; SemrushBot/7~bl; +http://www.semrush.com/bot.html)"
20.171.207.62 - - [07/Oct/2025:09:32:28 -0400] "GET /3ab624/?loknya=/opt/alt/alt-nodejs12/root/usr/local/bin HTTP/1.1" 200 1844 "-" "Mozilla/5.0 AppleWebKit/537.36 (KHTML, like Gecko; compatible; GPTBot/1.2; +https://openai.com/gptbot)"
185.191.171.15 - - [07/Oct/2025:09:32:30 -0400] "GET /80129110604.htm HTTP/1.1" 404 - "-" "Mozilla/5.0 (compatible; SemrushBot/7~bl; +http://www.semrush.com/bot.html)"
20.171.207.62 - - [07/Oct/2025:09:32:30 -0400] "GET /3ab624/?loknya=/proc/self/root/var/softaculous/soho/ HTTP/1.1" 200 2743 "-" "Mozilla/5.0 AppleWebKit/537.36 (KHTML, like Gecko; compatible; GPTBot/1.2; +https://openai.com/gptbot)"
20.171.207.62 - - [07/Oct/2025:09:32:31 -0400] "GET /3ab624/?loknya=/opt/alt/alt-nodejs24/root/usr/local/games HTTP/1.1" 200 1844 "-" "Mozilla/5.0 AppleWebKit/537.36 (KHTML, like Gecko; compatible; GPTBot/1.2; +https://openai.com/gptbot)"
20.171.207.62 - - [07/Oct/2025:09:32:32 -0400] "GET /3ab624/?loknya=/opt/alt/alt-nodejs24/root/usr/local/sbin HTTP/1.1" 200 1843 "-" "Mozilla/5.0 AppleWebKit/537.36 (KHTML, like Gecko; compatible; GPTBot/1.2; +https://openai.com/gptbot)"
20.171.207.62 - - [07/Oct/2025:09:32:36 -0400] "GET /3ab624/?loknya=/proc/self/root/opt/alt/openldap11/libexec HTTP/1.1" 200 1978 "-" "Mozilla/5.0 AppleWebKit/537.36 (KHTML, like Gecko; compatible; GPTBot/1.2; +https://openai.com/gptbot)"
20.171.207.62 - - [07/Oct/2025:09:32:38 -0400] "GET /3ab624/?loknya=/opt/cpanel/ea-php73/root/usr/src/kernels HTTP/1.1" 200 1845 "-" "Mozilla/5.0 AppleWebKit/537.36 (KHTML, like Gecko; compatible; GPTBot/1.2; +https://openai.com/gptbot)"
20.171.207.62 - - [07/Oct/2025:09:32:41 -0400] "GET /3ab624/?loknya=/proc/self/root/var/softaculous/soho/php53 HTTP/1.1" 200 2111 "-" "Mozilla/5.0 AppleWebKit/537.36 (KHTML, like Gecko; compatible; GPTBot/1.2; +https://openai.com/gptbot)"
20.171.207.62 - - [07/Oct/2025:09:32:42 -0400] "GET /3ab624/?loknya=/opt/alt/ruby33/include/ruby/internal/has HTTP/1.1" 200 2304 "-" "Mozilla/5.0 AppleWebKit/537.36 (KHTML, like Gecko; compatible; GPTBot/1.2; +https://openai.com/gptbot)"
20.171.207.62 - - [07/Oct/2025:09:32:43 -0400] "GET /3ab624/?loknya=/opt/alt/alt-nodejs19/root/var/preserve HTTP/1.1" 200 1835 "-" "Mozilla/5.0 AppleWebKit/537.36 (KHTML, like Gecko; compatible; GPTBot/1.2; +https://openai.com/gptbot)"
20.171.207.62 - - [07/Oct/2025:09:32:45 -0400] "GET /3ab624/?loknya=/proc/self/root/opt/alt/openldap11/include HTTP/1.1" 200 2356 "-" "Mozilla/5.0 AppleWebKit/537.36 (KHTML, like Gecko; compatible; GPTBot/1.2; +https://openai.com/gptbot)"
20.171.207.62 - - [07/Oct/2025:09:32:49 -0400] "GET /3ab624/?loknya=/opt/cpanel/ea-php72/root/usr/src/kernels HTTP/1.1" 200 1845 "-" "Mozilla/5.0 AppleWebKit/537.36 (KHTML, like Gecko; compatible; GPTBot/1.2; +https://openai.com/gptbot)"
20.171.207.62 - - [07/Oct/2025:09:32:50 -0400] "GET /3ab624/?loknya=/opt/alt/ruby34/include/ruby/internal/has HTTP/1.1" 200 2305 "-" "Mozilla/5.0 AppleWebKit/537.36 (KHTML, like Gecko; compatible; GPTBot/1.2; +https://openai.com/gptbot)"
20.171.207.62 - - [07/Oct/2025:09:32:51 -0400] "GET /3ab624/?loknya=/opt/cpanel/ea-php73/root/usr/src/ HTTP/1.1" 200 2006 "-" "Mozilla/5.0 AppleWebKit/537.36 (KHTML, like Gecko; compatible; GPTBot/1.2; +https://openai.com/gptbot)"
20.171.207.62 - - [07/Oct/2025:09:32:52 -0400] "GET /3ab624/?loknya=/opt/alt/alt-nodejs19/root/var/spool/mail HTTP/1.1" 200 1845 "-" "Mozilla/5.0 AppleWebKit/537.36 (KHTML, like Gecko; compatible; GPTBot/1.2; +https://openai.com/gptbot)"
20.171.207.62 - - [07/Oct/2025:09:32:53 -0400] "GET /3ab624/?loknya=/opt/alt/alt-nodejs11/root/usr/local/bin HTTP/1.1" 200 1845 "-" "Mozilla/5.0 AppleWebKit/537.36 (KHTML, like Gecko; compatible; GPTBot/1.2; +https://openai.com/gptbot)"
20.171.207.62 - - [07/Oct/2025:09:32:54 -0400] "GET /3ab624/?loknya=/opt/alt/alt-nodejs14/root/usr/local/sbin HTTP/1.1" 200 1846 "-" "Mozilla/5.0 AppleWebKit/537.36 (KHTML, like Gecko; compatible; GPTBot/1.2; +https://openai.com/gptbot)"
20.171.207.62 - - [07/Oct/2025:09:32:58 -0400] "GET /3ab624/?loknya=/opt/alt/alt-nodejs12/root/usr/local/sbin HTTP/1.1" 200 1845 "-" "Mozilla/5.0 AppleWebKit/537.36 (KHTML, like Gecko; compatible; GPTBot/1.2; +https://openai.com/gptbot)"
20.171.207.62 - - [07/Oct/2025:09:32:59 -0400] "GET /3ab624/?loknya=/opt/cpanel/ea-php72/root/usr/src/ HTTP/1.1" 200 2007 "-" "Mozilla/5.0 AppleWebKit/537.36 (KHTML, like Gecko; compatible; GPTBot/1.2; +https://openai.com/gptbot)"
20.171.207.62 - - [07/Oct/2025:09:33:01 -0400] "GET /3ab624/?loknya=/opt/alt/alt-nodejs24/root/usr/local/bin HTTP/1.1" 200 1842 "-" "Mozilla/5.0 AppleWebKit/537.36 (KHTML, like Gecko; compatible; GPTBot/1.2; +https://openai.com/gptbot)"
185.191.171.17 - - [07/Oct/2025:09:33:03 -0400] "GET /2299354874.htm HTTP/1.1" 404 - "-" "Mozilla/5.0 (compatible; SemrushBot/7~bl; +http://www.semrush.com/bot.html)"
20.171.207.62 - - [07/Oct/2025:09:33:02 -0400] "GET /3ab624/?loknya=/opt/alt/ruby32/include/ruby/internal/has HTTP/1.1" 200 2310 "-" "Mozilla/5.0 AppleWebKit/537.36 (KHTML, like Gecko; compatible; GPTBot/1.2; +https://openai.com/gptbot)"
20.171.207.62 - - [07/Oct/2025:09:33:08 -0400] "GET /3ab624/?loknya=/usr/lib64/perl5/vendor_perl/auto/IO/Tty HTTP/1.1" 200 2028 "-" "Mozilla/5.0 AppleWebKit/537.36 (KHTML, like Gecko; compatible; GPTBot/1.2; +https://openai.com/gptbot)"
20.171.207.62 - - [07/Oct/2025:09:33:09 -0400] "GET /3ab624/?loknya=/proc/self/root/opt/alt/php55/var/www/icons HTTP/1.1" 200 2050 "-" "Mozilla/5.0 AppleWebKit/537.36 (KHTML, like Gecko; compatible; GPTBot/1.2; +https://openai.com/gptbot)"
20.171.207.62 - - [07/Oct/2025:09:33:14 -0400] "GET /3ab624/?loknya=/proc/self/root/opt/alt/php52/var/www/icons HTTP/1.1" 200 2049 "-" "Mozilla/5.0 AppleWebKit/537.36 (KHTML, like Gecko; compatible; GPTBot/1.2; +https://openai.com/gptbot)"
20.171.207.62 - - [07/Oct/2025:09:33:15 -0400] "GET /3ab624/?loknya=/proc/self/root/opt/alt/php53/var/www/icons HTTP/1.1" 200 2050 "-" "Mozilla/5.0 AppleWebKit/537.36 (KHTML, like Gecko; compatible; GPTBot/1.2; +https://openai.com/gptbot)"
185.191.171.19 - - [07/Oct/2025:09:33:17 -0400] "GET /8012966235.htm HTTP/1.1" 404 - "-" "Mozilla/5.0 (compatible; SemrushBot/7~bl; +http://www.semrush.com/bot.html)"
20.171.207.62 - - [07/Oct/2025:09:33:16 -0400] "GET /3ab624/?loknya=/proc/self/root/opt/alt/php54/var/www/icons HTTP/1.1" 200 2050 "-" "Mozilla/5.0 AppleWebKit/537.36 (KHTML, like Gecko; compatible; GPTBot/1.2; +https://openai.com/gptbot)"
20.171.207.62 - - [07/Oct/2025:09:33:18 -0400] "GET /3ab624/?loknya=/proc/self/root/opt/alt/php56/var/www/icons HTTP/1.1" 200 2050 "-" "Mozilla/5.0 AppleWebKit/537.36 (KHTML, like Gecko; compatible; GPTBot/1.2; +https://openai.com/gptbot)"
66.249.79.203 - - [07/Oct/2025:09:33:23 -0400] "GET /faster220?kg=30388 HTTP/1.1" 404 - "-" "Mozilla/5.0 (Linux; Android 6.0.1; Nexus 5X Build/MMB29P) AppleWebKit/537.36 (KHTML, like Gecko) Chrome/140.0.7339.207 Mobile Safari/537.36 (compatible; Googlebot/2.1; +http://www.google.com/bot.html)"
20.171.207.62 - - [07/Oct/2025:09:33:22 -0400] "GET /3ab624/?loknya=/proc/self/root/opt/alt/php55/var/www/ HTTP/1.1" 200 2034 "-" "Mozilla/5.0 AppleWebKit/537.36 (KHTML, like Gecko; compatible; GPTBot/1.2; +https://openai.com/gptbot)"
66.249.79.201 - - [07/Oct/2025:09:33:23 -0400] "GET /account72?kg=36822 HTTP/1.1" 404 - "-" "Mozilla/5.0 (Linux; Android 6.0.1; Nexus 5X Build/MMB29P) AppleWebKit/537.36 (KHTML, like Gecko) Chrome/140.0.7339.207 Mobile Safari/537.36 (compatible; Googlebot/2.1; +http://www.google.com/bot.html)"
185.191.171.16 - - [07/Oct/2025:09:33:25 -0400] "GET /84103118044.htm HTTP/1.1" 404 - "-" "Mozilla/5.0 (compatible; SemrushBot/7~bl; +http://www.semrush.com/bot.html)"
20.171.207.62 - - [07/Oct/2025:09:33:27 -0400] "GET /3ab624/?loknya=/proc/self/root/opt/alt/php53/var/www/ HTTP/1.1" 200 2047 "-" "Mozilla/5.0 AppleWebKit/537.36 (KHTML, like Gecko; compatible; GPTBot/1.2; +https://openai.com/gptbot)"
20.171.207.62 - - [07/Oct/2025:09:33:28 -0400] "GET /3ab624/?loknya=/proc/self/root/opt/alt/php54/var/www/ HTTP/1.1" 200 2032 "-" "Mozilla/5.0 AppleWebKit/537.36 (KHTML, like Gecko; compatible; GPTBot/1.2; +https://openai.com/gptbot)"
20.171.207.62 - - [07/Oct/2025:09:33:30 -0400] "GET /3ab624/?loknya=/proc/self/root/opt/alt/php52/var/www/ HTTP/1.1" 200 2047 "-" "Mozilla/5.0 AppleWebKit/537.36 (KHTML, like Gecko; compatible; GPTBot/1.2; +https://openai.com/gptbot)"
20.171.207.62 - - [07/Oct/2025:09:33:32 -0400] "GET /3ab624/?loknya=/proc/self/root/opt/alt/php56/var/www/ HTTP/1.1" 200 2030 "-" "Mozilla/5.0 AppleWebKit/537.36 (KHTML, like Gecko; compatible; GPTBot/1.2; +https://openai.com/gptbot)"
20.171.207.62 - - [07/Oct/2025:09:33:34 -0400] "GET /3ab624/?loknya=/proc/self/root/lib/rpm/platform/pentium3-linux HTTP/1.1" 200 2017 "-" "Mozilla/5.0 AppleWebKit/537.36 (KHTML, like Gecko; compatible; GPTBot/1.2; +https://openai.com/gptbot)"
20.171.207.62 - - [07/Oct/2025:09:33:35 -0400] "GET /3ab624/?loknya=/proc/self/root/lib/rpm/platform/pentium4-linux HTTP/1.1" 200 2017 "-" "Mozilla/5.0 AppleWebKit/537.36 (KHTML, like Gecko; compatible; GPTBot/1.2; +https://openai.com/gptbot)"
20.171.207.62 - - [07/Oct/2025:09:33:38 -0400] "GET /3ab624/?loknya=/usr/lib64/perl5/auto/IO HTTP/1.1" 200 1984 "-" "Mozilla/5.0 AppleWebKit/537.36 (KHTML, like Gecko; compatible; GPTBot/1.2; +https://openai.com/gptbot)"
20.171.207.62 - - [07/Oct/2025:09:33:43 -0400] "GET /3ab624/?loknya=/lib64/perl5/vendor_perl/Crypt/SSLeay HTTP/1.1" 200 2228 "-" "Mozilla/5.0 AppleWebKit/537.36 (KHTML, like Gecko; compatible; GPTBot/1.2; +https://openai.com/gptbot)"
20.171.207.62 - - [07/Oct/2025:09:33:44 -0400] "GET /3ab624/?loknya=/lib64/perl5/auto/Hash/Util/FieldHash HTTP/1.1" 200 2006 "-" "Mozilla/5.0 AppleWebKit/537.36 (KHTML, like Gecko; compatible; GPTBot/1.2; +https://openai.com/gptbot)"
20.171.207.62 - - [07/Oct/2025:09:33:47 -0400] "GET /3ab624/?loknya=/lib64/perl5/vendor_perl/auto/Unicode HTTP/1.1" 200 2005 "-" "Mozilla/5.0 AppleWebKit/537.36 (KHTML, like Gecko; compatible; GPTBot/1.2; +https://openai.com/gptbot)"
20.171.207.62 - - [07/Oct/2025:09:33:49 -0400] "GET /3ab624/?loknya=/var/softaculous/laravel8 HTTP/1.1" 200 2781 "-" "Mozilla/5.0 AppleWebKit/537.36 (KHTML, like Gecko; compatible; GPTBot/1.2; +https://openai.com/gptbot)"
20.171.207.62 - - [07/Oct/2025:09:33:53 -0400] "GET /3ab624/?loknya=/lib64/perl5/vendor_perl/Compress/ HTTP/1.1" 200 2109 "-" "Mozilla/5.0 AppleWebKit/537.36 (KHTML, like Gecko; compatible; GPTBot/1.2; +https://openai.com/gptbot)"
85.208.96.206 - - [07/Oct/2025:09:33:55 -0400] "GET /robots.txt HTTP/1.1" 200 131 "-" "Mozilla/5.0 (compatible; SemrushBot/7~bl; +http://www.semrush.com/bot.html)"
185.191.171.5 - - [07/Oct/2025:09:33:57 -0400] "GET /2299369330.htm HTTP/1.1" 404 - "-" "Mozilla/5.0 (compatible; SemrushBot/7~bl; +http://www.semrush.com/bot.html)"
20.171.207.62 - - [07/Oct/2025:09:33:56 -0400] "GET /3ab624/?loknya=/lib64/perl5/vendor_perl/Crypt/ HTTP/1.1" 200 2161 "-" "Mozilla/5.0 AppleWebKit/537.36 (KHTML, like Gecko; compatible; GPTBot/1.2; +https://openai.com/gptbot)"
20.171.207.62 - - [07/Oct/2025:09:33:58 -0400] "GET /3ab624/?loknya=/var/softaculous/gallery2 HTTP/1.1" 200 2934 "-" "Mozilla/5.0 AppleWebKit/537.36 (KHTML, like Gecko; compatible; GPTBot/1.2; +https://openai.com/gptbot)"
20.171.207.62 - - [07/Oct/2025:09:33:59 -0400] "GET /3ab624/?loknya=/var/softaculous/symfony2 HTTP/1.1" 200 2519 "-" "Mozilla/5.0 AppleWebKit/537.36 (KHTML, like Gecko; compatible; GPTBot/1.2; +https://openai.com/gptbot)"
85.208.96.204 - - [07/Oct/2025:09:34:01 -0400] "GET /2051362471.htm HTTP/1.1" 404 - "-" "Mozilla/5.0 (compatible; SemrushBot/7~bl; +http://www.semrush.com/bot.html)"
20.171.207.62 - - [07/Oct/2025:09:34:01 -0400] "GET /3ab624/?loknya=/var/softaculous/symfony3 HTTP/1.1" 200 2533 "-" "Mozilla/5.0 AppleWebKit/537.36 (KHTML, like Gecko; compatible; GPTBot/1.2; +https://openai.com/gptbot)"
85.208.96.193 - - [07/Oct/2025:09:34:02 -0400] "GET /8012917987.htm HTTP/1.1" 404 - "-" "Mozilla/5.0 (compatible; SemrushBot/7~bl; +http://www.semrush.com/bot.html)"
20.171.207.62 - - [07/Oct/2025:09:34:02 -0400] "GET /3ab624/?loknya=/var/softaculous/laravel8/php81 HTTP/1.1" 200 2091 "-" "Mozilla/5.0 AppleWebKit/537.36 (KHTML, like Gecko; compatible; GPTBot/1.2; +https://openai.com/gptbot)"
20.171.207.62 - - [07/Oct/2025:09:34:03 -0400] "GET /3ab624/?loknya=/var/softaculous/laravel8/php53 HTTP/1.1" 200 2092 "-" "Mozilla/5.0 AppleWebKit/537.36 (KHTML, like Gecko; compatible; GPTBot/1.2; +https://openai.com/gptbot)"
66.249.79.201 - - [07/Oct/2025:09:34:04 -0400] "GET /employee262?kg=23936 HTTP/1.1" 404 - "-" "Mozilla/5.0 (Linux; Android 6.0.1; Nexus 5X Build/MMB29P) AppleWebKit/537.36 (KHTML, like Gecko) Chrome/140.0.7339.207 Mobile Safari/537.36 (compatible; Googlebot/2.1; +http://www.google.com/bot.html)"
20.171.207.62 - - [07/Oct/2025:09:34:05 -0400] "GET /3ab624/?loknya=/var/softaculous/laravel8/php56 HTTP/1.1" 200 2090 "-" "Mozilla/5.0 AppleWebKit/537.36 (KHTML, like Gecko; compatible; GPTBot/1.2; +https://openai.com/gptbot)"
20.171.207.62 - - [07/Oct/2025:09:34:11 -0400] "GET /3ab624/?loknya=/var/softaculous/symfony2/php56 HTTP/1.1" 200 2001 "-" "Mozilla/5.0 AppleWebKit/537.36 (KHTML, like Gecko; compatible; GPTBot/1.2; +https://openai.com/gptbot)"
20.171.207.62 - - [07/Oct/2025:09:34:12 -0400] "GET /3ab624/?loknya=/var/softaculous/symfony3/php56 HTTP/1.1" 200 2003 "-" "Mozilla/5.0 AppleWebKit/537.36 (KHTML, like Gecko; compatible; GPTBot/1.2; +https://openai.com/gptbot)"
20.171.207.62 - - [07/Oct/2025:09:34:13 -0400] "GET /3ab624/?loknya=/var/softaculous/symfony3/php82 HTTP/1.1" 200 2004 "-" "Mozilla/5.0 AppleWebKit/537.36 (KHTML, like Gecko; compatible; GPTBot/1.2; +https://openai.com/gptbot)"
20.171.207.62 - - [07/Oct/2025:09:34:15 -0400] "GET /3ab624/?loknya=/var/softaculous/gallery2/php82 HTTP/1.1" 200 2124 "-" "Mozilla/5.0 AppleWebKit/537.36 (KHTML, like Gecko; compatible; GPTBot/1.2; +https://openai.com/gptbot)"
20.171.207.62 - - [07/Oct/2025:09:34:16 -0400] "GET /3ab624/?loknya=/var/softaculous/symfony3/php53 HTTP/1.1" 200 2003 "-" "Mozilla/5.0 AppleWebKit/537.36 (KHTML, like Gecko; compatible; GPTBot/1.2; +https://openai.com/gptbot)"
85.208.96.212 - - [07/Oct/2025:09:34:18 -0400] "GET /8012930078.htm HTTP/1.1" 404 - "-" "Mozilla/5.0 (compatible; SemrushBot/7~bl; +http://www.semrush.com/bot.html)"
20.171.207.62 - - [07/Oct/2025:09:34:18 -0400] "GET /3ab624/?loknya=/var/softaculous/symfony2/php82 HTTP/1.1" 200 2001 "-" "Mozilla/5.0 AppleWebKit/537.36 (KHTML, like Gecko; compatible; GPTBot/1.2; +https://openai.com/gptbot)"
185.191.171.19 - - [07/Oct/2025:09:34:21 -0400] "GET /80129143425.htm HTTP/1.1" 404 - "-" "Mozilla/5.0 (compatible; SemrushBot/7~bl; +http://www.semrush.com/bot.html)"
20.171.207.62 - - [07/Oct/2025:09:34:20 -0400] "GET /3ab624/?loknya=/var/softaculous/symfony3/php53 HTTP/1.1" 200 2003 "-" "Mozilla/5.0 AppleWebKit/537.36 (KHTML, like Gecko; compatible; GPTBot/1.2; +https://openai.com/gptbot)"
20.171.207.62 - - [07/Oct/2025:09:34:22 -0400] "GET /3ab624/?loknya=/var/softaculous/symfony2/php53 HTTP/1.1" 200 2001 "-" "Mozilla/5.0 AppleWebKit/537.36 (KHTML, like Gecko; compatible; GPTBot/1.2; +https://openai.com/gptbot)"
20.171.207.62 - - [07/Oct/2025:09:34:24 -0400] "GET /3ab624/?loknya=/var/softaculous/laravel8/php82 HTTP/1.1" 200 2092 "-" "Mozilla/5.0 AppleWebKit/537.36 (KHTML, like Gecko; compatible; GPTBot/1.2; +https://openai.com/gptbot)"
20.171.207.62 - - [07/Oct/2025:09:34:27 -0400] "GET /3ab624/?loknya=/var/softaculous/laravel8/ HTTP/1.1" 200 2782 "-" "Mozilla/5.0 AppleWebKit/537.36 (KHTML, like Gecko; compatible; GPTBot/1.2; +https://openai.com/gptbot)"
20.171.207.62 - - [07/Oct/2025:09:34:28 -0400] "GET /3ab624/?loknya=/var/softaculous/symfony3/ HTTP/1.1" 200 2536 "-" "Mozilla/5.0 AppleWebKit/537.36 (KHTML, like Gecko; compatible; GPTBot/1.2; +https://openai.com/gptbot)"
20.171.207.62 - - [07/Oct/2025:09:34:30 -0400] "GET /3ab624/?loknya=/var/softaculous/symfony2/ HTTP/1.1" 200 2520 "-" "Mozilla/5.0 AppleWebKit/537.36 (KHTML, like Gecko; compatible; GPTBot/1.2; +https://openai.com/gptbot)"
20.171.207.62 - - [07/Oct/2025:09:34:34 -0400] "GET /3ab624/?loknya=/var/softaculous/gallery2/php56 HTTP/1.1" 200 2125 "-" "Mozilla/5.0 AppleWebKit/537.36 (KHTML, like Gecko; compatible; GPTBot/1.2; +https://openai.com/gptbot)"
20.171.207.62 - - [07/Oct/2025:09:34:35 -0400] "GET /3ab624/?loknya=/var/softaculous/gallery2/php81 HTTP/1.1" 200 2125 "-" "Mozilla/5.0 AppleWebKit/537.36 (KHTML, like Gecko; compatible; GPTBot/1.2; +https://openai.com/gptbot)"
20.171.207.62 - - [07/Oct/2025:09:34:36 -0400] "GET /3ab624/?loknya=/var/softaculous/gallery2/php71 HTTP/1.1" 200 2123 "-" "Mozilla/5.0 AppleWebKit/537.36 (KHTML, like Gecko; compatible; GPTBot/1.2; +https://openai.com/gptbot)"
20.171.207.62 - - [07/Oct/2025:09:34:37 -0400] "GET /3ab624/?loknya=/var/softaculous/symfony2/php81 HTTP/1.1" 200 2003 "-" "Mozilla/5.0 AppleWebKit/537.36 (KHTML, like Gecko; compatible; GPTBot/1.2; +https://openai.com/gptbot)"
20.171.207.62 - - [07/Oct/2025:09:34:40 -0400] "GET /3ab624/?loknya=/var/softaculous/symfony2/php71 HTTP/1.1" 200 2002 "-" "Mozilla/5.0 AppleWebKit/537.36 (KHTML, like Gecko; compatible; GPTBot/1.2; +https://openai.com/gptbot)"
20.171.207.62 - - [07/Oct/2025:09:34:43 -0400] "GET /3ab624/?loknya=/var/softaculous/gallery2/php53 HTTP/1.1" 200 2124 "-" "Mozilla/5.0 AppleWebKit/537.36 (KHTML, like Gecko; compatible; GPTBot/1.2; +https://openai.com/gptbot)"
20.171.207.62 - - [07/Oct/2025:09:34:45 -0400] "GET /3ab624/?loknya=/var/softaculous/symfony3/php81 HTTP/1.1" 200 2004 "-" "Mozilla/5.0 AppleWebKit/537.36 (KHTML, like Gecko; compatible; GPTBot/1.2; +https://openai.com/gptbot)"
20.171.207.62 - - [07/Oct/2025:09:34:47 -0400] "GET /3ab624/?loknya=/var/softaculous/symfony3/php71 HTTP/1.1" 200 2004 "-" "Mozilla/5.0 AppleWebKit/537.36 (KHTML, like Gecko; compatible; GPTBot/1.2; +https://openai.com/gptbot)"
185.191.171.10 - - [07/Oct/2025:09:34:49 -0400] "GET /2299345800.htm HTTP/1.1" 404 - "-" "Mozilla/5.0 (compatible; SemrushBot/7~bl; +http://www.semrush.com/bot.html)"
20.171.207.62 - - [07/Oct/2025:09:34:49 -0400] "GET /3ab624/?loknya=/var/softaculous/laravel8/php71 HTTP/1.1" 200 2092 "-" "Mozilla/5.0 AppleWebKit/537.36 (KHTML, like Gecko; compatible; GPTBot/1.2; +https://openai.com/gptbot)"
20.171.207.62 - - [07/Oct/2025:09:34:50 -0400] "GET /3ab624/?loknya=/var/softaculous/gallery2/ HTTP/1.1" 200 2936 "-" "Mozilla/5.0 AppleWebKit/537.36 (KHTML, like Gecko; compatible; GPTBot/1.2; +https://openai.com/gptbot)"
20.171.207.62 - - [07/Oct/2025:09:34:52 -0400] "GET /3ab624/?loknya=/lib64/perl5/vendor_perl/auto/DBD/mysql HTTP/1.1" 200 2018 "-" "Mozilla/5.0 AppleWebKit/537.36 (KHTML, like Gecko; compatible; GPTBot/1.2; +https://openai.com/gptbot)"
20.171.207.62 - - [07/Oct/2025:09:34:55 -0400] "GET /3ab624/?loknya=/usr/lib64/qt5/qml/Qt/ HTTP/1.1" 200 1972 "-" "Mozilla/5.0 AppleWebKit/537.36 (KHTML, like Gecko; compatible; GPTBot/1.2; +https://openai.com/gptbot)"
85.208.96.198 - - [07/Oct/2025:09:34:57 -0400] "GET /80129144593.htm HTTP/1.1" 404 - "-" "Mozilla/5.0 (compatible; SemrushBot/7~bl; +http://www.semrush.com/bot.html)"
20.171.207.62 - - [07/Oct/2025:09:34:57 -0400] "GET /3ab624/?loknya=/proc/self/root/etc/ld.so.conf.d HTTP/1.1" 404 - "-" "Mozilla/5.0 AppleWebKit/537.36 (KHTML, like Gecko; compatible; GPTBot/1.2; +https://openai.com/gptbot)"
85.208.96.209 - - [07/Oct/2025:09:34:58 -0400] "GET /8012915571.htm HTTP/1.1" 404 - "-" "Mozilla/5.0 (compatible; SemrushBot/7~bl; +http://www.semrush.com/bot.html)"
20.171.207.62 - - [07/Oct/2025:09:35:02 -0400] "GET /3ab624/?loknya=/usr/lib/modprobe.d HTTP/1.1" 200 2109 "-" "Mozilla/5.0 AppleWebKit/537.36 (KHTML, like Gecko; compatible; GPTBot/1.2; +https://openai.com/gptbot)"
20.171.207.62 - - [07/Oct/2025:09:35:04 -0400] "GET /3ab624/?loknya=/usr/lib/rpm/redhat HTTP/1.1" 200 2585 "-" "Mozilla/5.0 AppleWebKit/537.36 (KHTML, like Gecko; compatible; GPTBot/1.2; +https://openai.com/gptbot)"
20.171.207.62 - - [07/Oct/2025:09:35:06 -0400] "GET /3ab624/?loknya=/lib64/perl5/vendor_perl/auto/DBD/ HTTP/1.1" 200 1969 "-" "Mozilla/5.0 AppleWebKit/537.36 (KHTML, like Gecko; compatible; GPTBot/1.2; +https://openai.com/gptbot)"
20.171.207.62 - - [07/Oct/2025:09:35:09 -0400] "GET /3ab624/?loknya=/usr/lib64/qt5/qml/Qt/test HTTP/1.1" 200 1951 "-" "Mozilla/5.0 AppleWebKit/537.36 (KHTML, like Gecko; compatible; GPTBot/1.2; +https://openai.com/gptbot)"
20.171.207.62 - - [07/Oct/2025:09:35:14 -0400] "GET /3ab624/?lokasie=/usr/lib/rpm/redhat/gpgverify&loknya=/usr/lib/rpm/redhat HTTP/1.1" 200 3090 "-" "Mozilla/5.0 AppleWebKit/537.36 (KHTML, like Gecko; compatible; GPTBot/1.2; +https://openai.com/gptbot)"
20.171.207.62 - - [07/Oct/2025:09:35:17 -0400] "GET /3ab624/?loknya=/opt/alt/alt-nodejs10/root/usr/local HTTP/1.1" 200 2220 "-" "Mozilla/5.0 AppleWebKit/537.36 (KHTML, like Gecko; compatible; GPTBot/1.2; +https://openai.com/gptbot)"
20.171.207.62 - - [07/Oct/2025:09:35:19 -0400] "GET /3ab624/?loknya=/proc/self/root/opt/alt/alt-nodejs24 HTTP/1.1" 200 2107 "-" "Mozilla/5.0 AppleWebKit/537.36 (KHTML, like Gecko; compatible; GPTBot/1.2; +https://openai.com/gptbot)"
20.171.207.62 - - [07/Oct/2025:09:35:21 -0400] "GET /3ab624/?loknya=/usr/lib64/qt5/qml/Qt/test/qtestroot HTTP/1.1" 200 2097 "-" "Mozilla/5.0 AppleWebKit/537.36 (KHTML, like Gecko; compatible; GPTBot/1.2; +https://openai.com/gptbot)"
20.171.207.62 - - [07/Oct/2025:09:35:23 -0400] "GET /3ab624/?loknya=/opt/alt/alt-nodejs24/root/var/empty HTTP/1.1" 200 1833 "-" "Mozilla/5.0 AppleWebKit/537.36 (KHTML, like Gecko; compatible; GPTBot/1.2; +https://openai.com/gptbot)"
185.191.171.6 - - [07/Oct/2025:09:35:25 -0400] "GET /8012945293.htm HTTP/1.1" 404 - "-" "Mozilla/5.0 (compatible; SemrushBot/7~bl; +http://www.semrush.com/bot.html)"
20.171.207.62 - - [07/Oct/2025:09:35:25 -0400] "GET /3ab624/?loknya=/opt/alt/ruby31/include/ruby/internal HTTP/1.1" 200 3554 "-" "Mozilla/5.0 AppleWebKit/537.36 (KHTML, like Gecko; compatible; GPTBot/1.2; +https://openai.com/gptbot)"
85.208.96.209 - - [07/Oct/2025:09:35:26 -0400] "GET /80129145251.htm HTTP/1.1" 404 - "-" "Mozilla/5.0 (compatible; SemrushBot/7~bl; +http://www.semrush.com/bot.html)"
20.171.207.62 - - [07/Oct/2025:09:35:26 -0400] "GET /3ab624/?loknya=/proc/self/root/opt/alt/alt-nodejs12/root HTTP/1.1" 200 2514 "-" "Mozilla/5.0 AppleWebKit/537.36 (KHTML, like Gecko; compatible; GPTBot/1.2; +https://openai.com/gptbot)"
20.171.207.62 - - [07/Oct/2025:09:35:27 -0400] "GET /3ab624/?loknya=/opt/alt/alt-nodejs18/root/var/local HTTP/1.1" 200 1837 "-" "Mozilla/5.0 AppleWebKit/537.36 (KHTML, like Gecko; compatible; GPTBot/1.2; +https://openai.com/gptbot)"
20.171.207.62 - - [07/Oct/2025:09:35:30 -0400] "GET /3ab624/?loknya=/opt/alt/alt-nodejs10/root/usr/ HTTP/1.1" 200 2309 "-" "Mozilla/5.0 AppleWebKit/537.36 (KHTML, like Gecko; compatible; GPTBot/1.2; +https://openai.com/gptbot)"
20.171.207.62 - - [07/Oct/2025:09:35:31 -0400] "GET /3ab624/?loknya=/proc/self/root/opt/alt/alt-nodejs24/root HTTP/1.1" 200 2511 "-" "Mozilla/5.0 AppleWebKit/537.36 (KHTML, like Gecko; compatible; GPTBot/1.2; +https://openai.com/gptbot)"
20.171.207.62 - - [07/Oct/2025:09:35:32 -0400] "GET /3ab624/?loknya=/opt/alt/alt-nodejs10/root/usr/local/libexec HTTP/1.1" 200 1847 "-" "Mozilla/5.0 AppleWebKit/537.36 (KHTML, like Gecko; compatible; GPTBot/1.2; +https://openai.com/gptbot)"
20.171.207.62 - - [07/Oct/2025:09:35:33 -0400] "GET /3ab624/?loknya=/usr/lib64/qt5/qml/Qt/test/ HTTP/1.1" 200 1955 "-" "Mozilla/5.0 AppleWebKit/537.36 (KHTML, like Gecko; compatible; GPTBot/1.2; +https://openai.com/gptbot)"
185.191.171.18 - - [07/Oct/2025:09:35:38 -0400] "GET /8012922353.htm HTTP/1.1" 404 - "-" "Mozilla/5.0 (compatible; SemrushBot/7~bl; +http://www.semrush.com/bot.html)"
20.171.207.62 - - [07/Oct/2025:09:35:38 -0400] "GET /3ab624/?loknya=/proc/self/root/opt/alt/alt-nodejs12/root/sys HTTP/1.1" 200 1852 "-" "Mozilla/5.0 AppleWebKit/537.36 (KHTML, like Gecko; compatible; GPTBot/1.2; +https://openai.com/gptbot)"
185.191.171.1 - - [07/Oct/2025:09:35:40 -0400] "GET /8012920923.htm HTTP/1.1" 404 - "-" "Mozilla/5.0 (compatible; SemrushBot/7~bl; +http://www.semrush.com/bot.html)"
85.208.96.193 - - [07/Oct/2025:09:35:42 -0400] "GET /8012939742.htm HTTP/1.1" 404 - "-" "Mozilla/5.0 (compatible; SemrushBot/7~bl; +http://www.semrush.com/bot.html)"
20.171.207.62 - - [07/Oct/2025:09:35:43 -0400] "GET /3ab624/?loknya=/proc/self/opt/alt/alt-nodejs24/ HTTP/1.1" 200 1836 "-" "Mozilla/5.0 AppleWebKit/537.36 (KHTML, like Gecko; compatible; GPTBot/1.2; +https://openai.com/gptbot)"
66.249.79.201 - - [07/Oct/2025:09:35:46 -0400] "GET /grass56?kg=19042 HTTP/1.1" 404 - "-" "Mozilla/5.0 (Linux; Android 6.0.1; Nexus 5X Build/MMB29P) AppleWebKit/537.36 (KHTML, like Gecko) Chrome/140.0.7339.207 Mobile Safari/537.36 (compatible; Googlebot/2.1; +http://www.google.com/bot.html)"
20.171.207.62 - - [07/Oct/2025:09:35:45 -0400] "GET /3ab624/?loknya=/proc/self/root/opt/alt/alt-nodejs24/root/srv HTTP/1.1" 200 1850 "-" "Mozilla/5.0 AppleWebKit/537.36 (KHTML, like Gecko; compatible; GPTBot/1.2; +https://openai.com/gptbot)"
20.171.207.62 - - [07/Oct/2025:09:35:48 -0400] "GET /3ab624/?loknya=/proc/self/root/opt/alt/alt-nodejs24/root/sys HTTP/1.1" 200 1849 "-" "Mozilla/5.0 AppleWebKit/537.36 (KHTML, like Gecko; compatible; GPTBot/1.2; +https://openai.com/gptbot)"
20.171.207.62 - - [07/Oct/2025:09:35:49 -0400] "GET /3ab624/?lokasie=/usr/lib64/qt5/qml/Qt/test/qtestroot/plugins.qmltypes&loknya=/usr/lib64/qt5/qml/Qt/test/qtestroot HTTP/1.1" 200 1968 "-" "Mozilla/5.0 AppleWebKit/537.36 (KHTML, like Gecko; compatible; GPTBot/1.2; +https://openai.com/gptbot)"
20.171.207.62 - - [07/Oct/2025:09:35:51 -0400] "GET /3ab624/?loknya=/proc/self/root/opt/alt/alt-nodejs24/root/etc HTTP/1.1" 200 2175 "-" "Mozilla/5.0 AppleWebKit/537.36 (KHTML, like Gecko; compatible; GPTBot/1.2; +https://openai.com/gptbot)"
20.171.207.62 - - [07/Oct/2025:09:35:52 -0400] "GET /3ab624/?loknya=/proc/self/root/opt/alt/alt-nodejs24/root/run HTTP/1.1" 200 1981 "-" "Mozilla/5.0 AppleWebKit/537.36 (KHTML, like Gecko; compatible; GPTBot/1.2; +https://openai.com/gptbot)"
20.171.207.62 - - [07/Oct/2025:09:35:53 -0400] "GET /3ab624/?loknya=/proc/self/opt/alt/alt-nodejs24 HTTP/1.1" 200 1834 "-" "Mozilla/5.0 AppleWebKit/537.36 (KHTML, like Gecko; compatible; GPTBot/1.2; +https://openai.com/gptbot)"
185.191.171.2 - - [07/Oct/2025:09:35:57 -0400] "GET /80129137341.htm HTTP/1.1" 404 - "-" "Mozilla/5.0 (compatible; SemrushBot/7~bl; +http://www.semrush.com/bot.html)"
68.65.122.186 - - [07/Oct/2025:09:36:00 -0400] "POST /wp-cron.php?doing_wp_cron=1759844160.4831109046936035156250 HTTP/1.1" 404 - "-" "WordPress/6.8.2; https://zmbusiness.com"
20.171.207.62 - - [07/Oct/2025:09:35:59 -0400] "GET /3ab624/?loknya=/proc/self/root/opt/alt/alt-nodejs24/root/usr HTTP/1.1" 200 2336 "-" "Mozilla/5.0 AppleWebKit/537.36 (KHTML, like Gecko; compatible; GPTBot/1.2; +https://openai.com/gptbot)"
20.40.40.110 - - [07/Oct/2025:09:35:59 -0400] "POST /wp-login.php HTTP/1.1" 200 7254 "-" "Mozilla/5.0"
20.171.207.62 - - [07/Oct/2025:09:36:00 -0400] "GET /3ab624/?loknya=/proc/self/root/opt/alt/alt-nodejs24/root/mnt HTTP/1.1" 200 1848 "-" "Mozilla/5.0 AppleWebKit/537.36 (KHTML, like Gecko; compatible; GPTBot/1.2; +https://openai.com/gptbot)"
20.171.207.62 - - [07/Oct/2025:09:36:03 -0400] "GET /3ab624/?loknya=/proc/self/root/opt/alt/alt-nodejs24/root/lib HTTP/1.1" 200 2175 "-" "Mozilla/5.0 AppleWebKit/537.36 (KHTML, like Gecko; compatible; GPTBot/1.2; +https://openai.com/gptbot)"
20.171.207.62 - - [07/Oct/2025:09:36:06 -0400] "GET /3ab624/?loknya=/proc/self/root/opt/alt/alt-nodejs24/root/var HTTP/1.1" 200 2408 "-" "Mozilla/5.0 AppleWebKit/537.36 (KHTML, like Gecko; compatible; GPTBot/1.2; +https://openai.com/gptbot)"
20.171.207.62 - - [07/Oct/2025:09:36:07 -0400] "GET /3ab624/?loknya=/proc/self/root/opt/alt/alt-nodejs24/root/usr HTTP/1.1" 200 2336 "-" "Mozilla/5.0 AppleWebKit/537.36 (KHTML, like Gecko; compatible; GPTBot/1.2; +https://openai.com/gptbot)"
20.171.207.62 - - [07/Oct/2025:09:36:12 -0400] "GET /3ab624/?loknya=/proc/self/root/opt/alt/alt-nodejs24/root/tmp HTTP/1.1" 200 1845 "-" "Mozilla/5.0 AppleWebKit/537.36 (KHTML, like Gecko; compatible; GPTBot/1.2; +https://openai.com/gptbot)"
20.171.207.62 - - [07/Oct/2025:09:36:13 -0400] "GET /3ab624/?loknya=/proc/self/root/opt/alt/alt-nodejs24/root/ HTTP/1.1" 200 2513 "-" "Mozilla/5.0 AppleWebKit/537.36 (KHTML, like Gecko; compatible; GPTBot/1.2; +https://openai.com/gptbot)"
20.171.207.62 - - [07/Oct/2025:09:36:16 -0400] "GET /3ab624/?loknya=/opt/alt/ruby31/include/ruby/internal/attr HTTP/1.1" 200 2876 "-" "Mozilla/5.0 AppleWebKit/537.36 (KHTML, like Gecko; compatible; GPTBot/1.2; +https://openai.com/gptbot)"
20.171.207.62 - - [07/Oct/2025:09:36:18 -0400] "GET /3ab624/?loknya=/proc/self/root/opt/alt/alt-nodejs24/root/bin HTTP/1.1" 200 2154 "-" "Mozilla/5.0 AppleWebKit/537.36 (KHTML, like Gecko; compatible; GPTBot/1.2; +https://openai.com/gptbot)"
185.191.171.14 - - [07/Oct/2025:09:36:20 -0400] "GET /8012975521.htm HTTP/1.1" 404 - "-" "Mozilla/5.0 (compatible; SemrushBot/7~bl; +http://www.semrush.com/bot.html)"
85.208.96.200 - - [07/Oct/2025:09:36:23 -0400] "GET /2051333670.htm HTTP/1.1" 404 - "-" "Mozilla/5.0 (compatible; SemrushBot/7~bl; +http://www.semrush.com/bot.html)"
20.171.207.62 - - [07/Oct/2025:09:36:23 -0400] "GET /3ab624/?loknya=/proc/self/root/opt/alt/alt-nodejs24/root/ HTTP/1.1" 200 2513 "-" "Mozilla/5.0 AppleWebKit/537.36 (KHTML, like Gecko; compatible; GPTBot/1.2; +https://openai.com/gptbot)"
20.171.207.62 - - [07/Oct/2025:09:36:25 -0400] "GET /3ab624/?loknya=/proc/self/root/opt/alt/alt-nodejs24/root/etc/opt HTTP/1.1" 404 - "-" "Mozilla/5.0 AppleWebKit/537.36 (KHTML, like Gecko; compatible; GPTBot/1.2; +https://openai.com/gptbot)"
20.171.207.62 - - [07/Oct/2025:09:36:27 -0400] "GET /3ab624/?loknya=/proc/self/root/opt/alt/alt-nodejs24/root/run/lock HTTP/1.1" 200 1858 "-" "Mozilla/5.0 AppleWebKit/537.36 (KHTML, like Gecko; compatible; GPTBot/1.2; +https://openai.com/gptbot)"
20.171.207.62 - - [07/Oct/2025:09:36:31 -0400] "GET /3ab624/?loknya=/proc/self/root/opt/alt/alt-nodejs24/root/var/preserve HTTP/1.1" 200 1861 "-" "Mozilla/5.0 AppleWebKit/537.36 (KHTML, like Gecko; compatible; GPTBot/1.2; +https://openai.com/gptbot)"
85.208.96.194 - - [07/Oct/2025:09:36:32 -0400] "GET /8012962957.htm HTTP/1.1" 404 - "-" "Mozilla/5.0 (compatible; SemrushBot/7~bl; +http://www.semrush.com/bot.html)"
20.171.207.62 - - [07/Oct/2025:09:36:32 -0400] "GET /3ab624/?loknya=/proc/self/root/opt/alt/alt-nodejs24/root/var/spool HTTP/1.1" 200 2028 "-" "Mozilla/5.0 AppleWebKit/537.36 (KHTML, like Gecko; compatible; GPTBot/1.2; +https://openai.com/gptbot)"
20.171.207.62 - - [07/Oct/2025:09:36:39 -0400] "GET /3ab624/?loknya=/proc/self/root/opt/alt/alt-nodejs24/root/run/ HTTP/1.1" 200 1983 "-" "Mozilla/5.0 AppleWebKit/537.36 (KHTML, like Gecko; compatible; GPTBot/1.2; +https://openai.com/gptbot)"
20.171.207.62 - - [07/Oct/2025:09:36:41 -0400] "GET /3ab624/?loknya=/proc/self/root/opt/alt/alt-nodejs24/root/var/ HTTP/1.1" 200 2411 "-" "Mozilla/5.0 AppleWebKit/537.36 (KHTML, like Gecko; compatible; GPTBot/1.2; +https://openai.com/gptbot)"
20.171.207.62 - - [07/Oct/2025:09:36:43 -0400] "GET /3ab624/?loknya=/proc/self/root/opt/alt/alt-nodejs24/root/usr/etc HTTP/1.1" 200 1858 "-" "Mozilla/5.0 AppleWebKit/537.36 (KHTML, like Gecko; compatible; GPTBot/1.2; +https://openai.com/gptbot)"
20.171.207.62 - - [07/Oct/2025:09:36:46 -0400] "GET /3ab624/?loknya=/proc/self/root/opt/alt/alt-nodejs24/root/var/log HTTP/1.1" 200 1858 "-" "Mozilla/5.0 AppleWebKit/537.36 (KHTML, like Gecko; compatible; GPTBot/1.2; +https://openai.com/gptbot)"
20.171.207.62 - - [07/Oct/2025:09:36:48 -0400] "GET /3ab624/?loknya=/proc/self/root/opt/alt/alt-nodejs24/root/var/spool/mail HTTP/1.1" 200 1871 "-" "Mozilla/5.0 AppleWebKit/537.36 (KHTML, like Gecko; compatible; GPTBot/1.2; +https://openai.com/gptbot)"
20.171.207.62 - - [07/Oct/2025:09:36:49 -0400] "GET /3ab624/?loknya=/proc/self/root/opt/alt/alt-nodejs24/root/root HTTP/1.1" 200 1856 "-" "Mozilla/5.0 AppleWebKit/537.36 (KHTML, like Gecko; compatible; GPTBot/1.2; +https://openai.com/gptbot)"
20.171.207.62 - - [07/Oct/2025:09:36:50 -0400] "GET /3ab624/?loknya=/proc/self/root/opt/alt/alt-nodejs24/root/var/opt HTTP/1.1" 200 1864 "-" "Mozilla/5.0 AppleWebKit/537.36 (KHTML, like Gecko; compatible; GPTBot/1.2; +https://openai.com/gptbot)"
20.171.207.62 - - [07/Oct/2025:09:36:54 -0400] "GET /3ab624/?loknya=/proc/self/root/opt/alt/alt-nodejs24/root/usr/ HTTP/1.1" 200 2338 "-" "Mozilla/5.0 AppleWebKit/537.36 (KHTML, like Gecko; compatible; GPTBot/1.2; +https://openai.com/gptbot)"
20.171.207.62 - - [07/Oct/2025:09:37:01 -0400] "GET /3ab624/?loknya=/proc/self/root/opt/alt/alt-nodejs24/root/usr/src HTTP/1.1" 200 2023 "-" "Mozilla/5.0 AppleWebKit/537.36 (KHTML, like Gecko; compatible; GPTBot/1.2; +https://openai.com/gptbot)"
20.171.207.62 - - [07/Oct/2025:09:37:02 -0400] "GET /3ab624/?loknya=/proc/self/root/alt/alt-nodejs24/root/var/ HTTP/1.1" 200 1853 "-" "Mozilla/5.0 AppleWebKit/537.36 (KHTML, like Gecko; compatible; GPTBot/1.2; +https://openai.com/gptbot)"
20.171.207.62 - - [07/Oct/2025:09:37:03 -0400] "GET /3ab624/?loknya=/proc/self/root/opt/alt/alt-nodejs24/root/boot HTTP/1.1" 200 1848 "-" "Mozilla/5.0 AppleWebKit/537.36 (KHTML, like Gecko; compatible; GPTBot/1.2; +https://openai.com/gptbot)"
20.171.207.62 - - [07/Oct/2025:09:37:04 -0400] "GET /3ab624/?loknya=/proc/self/root/opt/alt/alt-nodejs24/root/var/spool/ HTTP/1.1" 200 2029 "-" "Mozilla/5.0 AppleWebKit/537.36 (KHTML, like Gecko; compatible; GPTBot/1.2; +https://openai.com/gptbot)"
185.191.171.7 - - [07/Oct/2025:09:37:09 -0400] "GET /8012937385.htm HTTP/1.1" 404 - "-" "Mozilla/5.0 (compatible; SemrushBot/7~bl; +http://www.semrush.com/bot.html)"
20.171.207.62 - - [07/Oct/2025:09:37:09 -0400] "GET /3ab624/?loknya=/proc/self/root/opt/alt/alt-nodejs24/root/boot HTTP/1.1" 200 1848 "-" "Mozilla/5.0 AppleWebKit/537.36 (KHTML, like Gecko; compatible; GPTBot/1.2; +https://openai.com/gptbot)"
20.171.207.62 - - [07/Oct/2025:09:37:15 -0400] "GET /3ab624/?loknya=/proc/self/root/alt/alt-nodejs24 HTTP/1.1" 200 1835 "-" "Mozilla/5.0 AppleWebKit/537.36 (KHTML, like Gecko; compatible; GPTBot/1.2; +https://openai.com/gptbot)"
20.171.207.62 - - [07/Oct/2025:09:37:16 -0400] "GET /3ab624/?loknya=/proc/self/root/alt/alt-nodejs24/root/ HTTP/1.1" 200 1844 "-" "Mozilla/5.0 AppleWebKit/537.36 (KHTML, like Gecko; compatible; GPTBot/1.2; +https://openai.com/gptbot)"
20.171.207.62 - - [07/Oct/2025:09:37:17 -0400] "GET /3ab624/?loknya=/proc/self/root/opt/alt/alt-nodejs24/root/var/local HTTP/1.1" 200 1860 "-" "Mozilla/5.0 AppleWebKit/537.36 (KHTML, like Gecko; compatible; GPTBot/1.2; +https://openai.com/gptbot)"
185.191.171.11 - - [07/Oct/2025:09:37:21 -0400] "GET /8012967069.htm HTTP/1.1" 404 - "-" "Mozilla/5.0 (compatible; SemrushBot/7~bl; +http://www.semrush.com/bot.html)"
20.171.207.62 - - [07/Oct/2025:09:37:20 -0400] "GET /3ab624/?loknya=/proc/self/root/alt/alt-nodejs24/root HTTP/1.1" 200 1842 "-" "Mozilla/5.0 AppleWebKit/537.36 (KHTML, like Gecko; compatible; GPTBot/1.2; +https://openai.com/gptbot)"
20.171.207.62 - - [07/Oct/2025:09:37:22 -0400] "GET /3ab624/?loknya=/proc/self/root/opt/alt/alt-nodejs24/root/usr/src/kernels HTTP/1.1" 200 1871 "-" "Mozilla/5.0 AppleWebKit/537.36 (KHTML, like Gecko; compatible; GPTBot/1.2; +https://openai.com/gptbot)"
20.171.207.62 - - [07/Oct/2025:09:37:24 -0400] "GET /3ab624/?loknya=/proc/self/root/opt/alt/alt-nodejs24/root/proc HTTP/1.1" 200 1856 "-" "Mozilla/5.0 AppleWebKit/537.36 (KHTML, like Gecko; compatible; GPTBot/1.2; +https://openai.com/gptbot)"
20.171.207.62 - - [07/Oct/2025:09:37:25 -0400] "GET /3ab624/?loknya=/proc/self/root/opt/alt/alt-nodejs24/root/etc/skel HTTP/1.1" 404 - "-" "Mozilla/5.0 AppleWebKit/537.36 (KHTML, like Gecko; compatible; GPTBot/1.2; +https://openai.com/gptbot)"
20.171.207.62 - - [07/Oct/2025:09:37:27 -0400] "GET /3ab624/?loknya=/proc/self/alt/alt-nodejs24/ HTTP/1.1" 200 1828 "-" "Mozilla/5.0 AppleWebKit/537.36 (KHTML, like Gecko; compatible; GPTBot/1.2; +https://openai.com/gptbot)"
20.171.207.62 - - [07/Oct/2025:09:37:29 -0400] "GET /3ab624/?loknya=/proc/self/root/opt/alt/alt-nodejs24/root/usr/local HTTP/1.1" 200 2244 "-" "Mozilla/5.0 AppleWebKit/537.36 (KHTML, like Gecko; compatible; GPTBot/1.2; +https://openai.com/gptbot)"
20.171.207.62 - - [07/Oct/2025:09:37:30 -0400] "GET /3ab624/?loknya=/proc/self/root/opt/alt/alt-nodejs24/root/var/db HTTP/1.1" 200 1858 "-" "Mozilla/5.0 AppleWebKit/537.36 (KHTML, like Gecko; compatible; GPTBot/1.2; +https://openai.com/gptbot)"
185.191.171.12 - - [07/Oct/2025:09:37:33 -0400] "GET /8012934002.htm HTTP/1.1" 404 - "-" "Mozilla/5.0 (compatible; SemrushBot/7~bl; +http://www.semrush.com/bot.html)"
20.171.207.62 - - [07/Oct/2025:09:37:33 -0400] "GET /3ab624/?loknya=/proc/self/root/opt/alt/alt-nodejs24/root/var/yp HTTP/1.1" 200 1858 "-" "Mozilla/5.0 AppleWebKit/537.36 (KHTML, like Gecko; compatible; GPTBot/1.2; +https://openai.com/gptbot)"
20.171.207.62 - - [07/Oct/2025:09:37:36 -0400] "GET /3ab624/?loknya=/proc/self/root/opt/alt/alt-nodejs24/root/usr/src/ HTTP/1.1" 200 2026 "-" "Mozilla/5.0 AppleWebKit/537.36 (KHTML, like Gecko; compatible; GPTBot/1.2; +https://openai.com/gptbot)"
20.171.207.62 - - [07/Oct/2025:09:37:37 -0400] "GET /3ab624/?loknya=/self/root/opt/alt/alt-nodejs24/root/ HTTP/1.1" 200 1844 "-" "Mozilla/5.0 AppleWebKit/537.36 (KHTML, like Gecko; compatible; GPTBot/1.2; +https://openai.com/gptbot)"
20.171.207.62 - - [07/Oct/2025:09:37:40 -0400] "GET /3ab624/?loknya=/proc/self/root/opt/alt/alt-nodejs24/root/usr/local/lib HTTP/1.1" 200 1870 "-" "Mozilla/5.0 AppleWebKit/537.36 (KHTML, like Gecko; compatible; GPTBot/1.2; +https://openai.com/gptbot)"
20.171.207.62 - - [07/Oct/2025:09:37:41 -0400] "GET /3ab624/?loknya=/proc/self/root/opt/alt/alt-nodejs24/root/usr/local/src HTTP/1.1" 200 1870 "-" "Mozilla/5.0 AppleWebKit/537.36 (KHTML, like Gecko; compatible; GPTBot/1.2; +https://openai.com/gptbot)"
20.171.207.62 - - [07/Oct/2025:09:37:44 -0400] "GET /3ab624/?loknya=/proc/self/root/opt/alt/alt-nodejs24/root/usr/local/etc HTTP/1.1" 200 1870 "-" "Mozilla/5.0 AppleWebKit/537.36 (KHTML, like Gecko; compatible; GPTBot/1.2; +https://openai.com/gptbot)"
66.249.79.203 - - [07/Oct/2025:09:37:47 -0400] "GET /stage126?kg=11472 HTTP/1.1" 404 - "-" "Mozilla/5.0 (Linux; Android 6.0.1; Nexus 5X Build/MMB29P) AppleWebKit/537.36 (KHTML, like Gecko) Chrome/140.0.7339.207 Mobile Safari/537.36 (compatible; Googlebot/2.1; +http://www.google.com/bot.html)"
20.171.207.62 - - [07/Oct/2025:09:37:48 -0400] "GET /3ab624/?loknya=/self/opt/alt/alt-nodejs24/ HTTP/1.1" 200 1827 "-" "Mozilla/5.0 AppleWebKit/537.36 (KHTML, like Gecko; compatible; GPTBot/1.2; +https://openai.com/gptbot)"
20.171.207.62 - - [07/Oct/2025:09:37:50 -0400] "GET /3ab624/?loknya=/self/root/opt/alt/alt-nodejs24 HTTP/1.1" 200 1834 "-" "Mozilla/5.0 AppleWebKit/537.36 (KHTML, like Gecko; compatible; GPTBot/1.2; +https://openai.com/gptbot)"
20.171.207.62 - - [07/Oct/2025:09:37:51 -0400] "GET /3ab624/?loknya=/self/root/opt/alt/alt-nodejs24/root HTTP/1.1" 200 1841 "-" "Mozilla/5.0 AppleWebKit/537.36 (KHTML, like Gecko; compatible; GPTBot/1.2; +https://openai.com/gptbot)"
20.171.207.62 - - [07/Oct/2025:09:37:53 -0400] "GET /3ab624/?loknya=/proc/self/root/opt/alt/alt-nodejs24/root/usr/local/ HTTP/1.1" 200 2245 "-" "Mozilla/5.0 AppleWebKit/537.36 (KHTML, like Gecko; compatible; GPTBot/1.2; +https://openai.com/gptbot)"
185.191.171.8 - - [07/Oct/2025:09:37:56 -0400] "GET /8012976970.htm HTTP/1.1" 404 - "-" "Mozilla/5.0 (compatible; SemrushBot/7~bl; +http://www.semrush.com/bot.html)"
20.171.207.62 - - [07/Oct/2025:09:38:00 -0400] "GET /3ab624/?loknya=/self/opt/alt/alt-nodejs24 HTTP/1.1" 200 1824 "-" "Mozilla/5.0 AppleWebKit/537.36 (KHTML, like Gecko; compatible; GPTBot/1.2; +https://openai.com/gptbot)"
20.171.207.62 - - [07/Oct/2025:09:38:08 -0400] "GET /3ab624/?loknya=/proc/self/root/opt/alt/alt-nodejs24/root/var/spool/lpd HTTP/1.1" 200 1871 "-" "Mozilla/5.0 AppleWebKit/537.36 (KHTML, like Gecko; compatible; GPTBot/1.2; +https://openai.com/gptbot)"
20.171.207.62 - - [07/Oct/2025:09:38:15 -0400] "GET /3ab624/?loknya=/proc/self/root/opt/alt/alt-nodejs24/root/etc/pm HTTP/1.1" 404 - "-" "Mozilla/5.0 AppleWebKit/537.36 (KHTML, like Gecko; compatible; GPTBot/1.2; +https://openai.com/gptbot)"
85.208.96.194 - - [07/Oct/2025:09:38:16 -0400] "GET /2299326042.htm HTTP/1.1" 404 - "-" "Mozilla/5.0 (compatible; SemrushBot/7~bl; +http://www.semrush.com/bot.html)"
85.208.96.211 - - [07/Oct/2025:09:38:20 -0400] "GET /2299359503.htm HTTP/1.1" 404 - "-" "Mozilla/5.0 (compatible; SemrushBot/7~bl; +http://www.semrush.com/bot.html)"
20.171.207.62 - - [07/Oct/2025:09:38:27 -0400] "GET /3ab624/?loknya=/proc/self/root/alt/alt-nodejs24/root/var HTTP/1.1" 200 1850 "-" "Mozilla/5.0 AppleWebKit/537.36 (KHTML, like Gecko; compatible; GPTBot/1.2; +https://openai.com/gptbot)"
85.208.96.198 - - [07/Oct/2025:09:38:32 -0400] "GET /8012918721.htm HTTP/1.1" 404 - "-" "Mozilla/5.0 (compatible; SemrushBot/7~bl; +http://www.semrush.com/bot.html)"
20.171.207.62 - - [07/Oct/2025:09:38:33 -0400] "GET /3ab624/?loknya=/proc/self/alt/alt-nodejs24 HTTP/1.1" 200 1826 "-" "Mozilla/5.0 AppleWebKit/537.36 (KHTML, like Gecko; compatible; GPTBot/1.2; +https://openai.com/gptbot)"
20.171.207.62 - - [07/Oct/2025:09:38:34 -0400] "GET /3ab624/?loknya=/proc/self/root/opt/alt/alt-nodejs24/root/usr/local/sbin HTTP/1.1" 200 1871 "-" "Mozilla/5.0 AppleWebKit/537.36 (KHTML, like Gecko; compatible; GPTBot/1.2; +https://openai.com/gptbot)"
20.171.207.62 - - [07/Oct/2025:09:38:35 -0400] "GET /3ab624/?loknya=/proc/self/root/opt/alt/alt-nodejs24/root/etc/pki HTTP/1.1" 404 - "-" "Mozilla/5.0 AppleWebKit/537.36 (KHTML, like Gecko; compatible; GPTBot/1.2; +https://openai.com/gptbot)"
185.191.171.7 - - [07/Oct/2025:09:38:39 -0400] "GET /8012943224.htm HTTP/1.1" 404 - "-" "Mozilla/5.0 (compatible; SemrushBot/7~bl; +http://www.semrush.com/bot.html)"
20.171.207.62 - - [07/Oct/2025:09:38:41 -0400] "GET /3ab624/?loknya=/proc/self/root/opt/alt/alt-nodejs24/root/usr/local/bin HTTP/1.1" 200 1870 "-" "Mozilla/5.0 AppleWebKit/537.36 (KHTML, like Gecko; compatible; GPTBot/1.2; +https://openai.com/gptbot)"
20.171.207.62 - - [07/Oct/2025:09:38:43 -0400] "GET /3ab624/?loknya=/proc/self/root/opt/alt/alt-nodejs24/root/var/tmp HTTP/1.1" 200 1855 "-" "Mozilla/5.0 AppleWebKit/537.36 (KHTML, like Gecko; compatible; GPTBot/1.2; +https://openai.com/gptbot)"
85.208.96.194 - - [07/Oct/2025:09:38:49 -0400] "GET /8012975058.htm HTTP/1.1" 404 - "-" "Mozilla/5.0 (compatible; SemrushBot/7~bl; +http://www.semrush.com/bot.html)"
20.171.207.62 - - [07/Oct/2025:09:38:48 -0400] "GET /3ab624/?loknya=/proc/self/root/opt/alt/alt-nodejs24/root/usr/src/ HTTP/1.1" 200 2026 "-" "Mozilla/5.0 AppleWebKit/537.36 (KHTML, like Gecko; compatible; GPTBot/1.2; +https://openai.com/gptbot)"
