20.171.207.62 - - [07/Oct/2025:10:09:30 -0400] "GET /3ab624/?loknya=/proc/self/root/var/softaculous/ostic14 HTTP/1.1" 200 2969 "-" "Mozilla/5.0 AppleWebKit/537.36 (KHTML, like Gecko; compatible; GPTBot/1.2; +https://openai.com/gptbot)"
20.171.207.62 - - [07/Oct/2025:10:09:33 -0400] "GET /3ab624/?loknya=/proc/self/root/var/softaculous/typo/php82 HTTP/1.1" 200 2189 "-" "Mozilla/5.0 AppleWebKit/537.36 (KHTML, like Gecko; compatible; GPTBot/1.2; +https://openai.com/gptbot)"
20.171.207.62 - - [07/Oct/2025:10:09:38 -0400] "GET /3ab624/?loknya=/proc/self/root/var/softaculous/ossn/php56 HTTP/1.1" 200 2195 "-" "Mozilla/5.0 AppleWebKit/537.36 (KHTML, like Gecko; compatible; GPTBot/1.2; +https://openai.com/gptbot)"
20.171.207.62 - - [07/Oct/2025:10:09:39 -0400] "GET /3ab624/?loknya=/opt/cpanel/ea-php70/root/var/lib/pear HTTP/1.1" 200 2288 "-" "Mozilla/5.0 AppleWebKit/537.36 (KHTML, like Gecko; compatible; GPTBot/1.2; +https://openai.com/gptbot)"
185.191.171.16 - - [07/Oct/2025:10:09:41 -0400] "GET /8012977371.htm HTTP/1.1" 404 - "-" "Mozilla/5.0 (compatible; SemrushBot/7~bl; +http://www.semrush.com/bot.html)"
185.191.171.5 - - [07/Oct/2025:10:09:47 -0400] "GET /8012946585.htm HTTP/1.1" 404 - "-" "Mozilla/5.0 (compatible; SemrushBot/7~bl; +http://www.semrush.com/bot.html)"
20.171.207.62 - - [07/Oct/2025:10:09:47 -0400] "GET /3ab624/?loknya=/proc/self/root/opt/alt/php74/usr/sbin HTTP/1.1" 200 2033 "-" "Mozilla/5.0 AppleWebKit/537.36 (KHTML, like Gecko; compatible; GPTBot/1.2; +https://openai.com/gptbot)"
20.171.207.62 - - [07/Oct/2025:10:09:49 -0400] "GET /3ab624/?loknya=/opt/cpanel/ea-php72/root/var/spool/mail HTTP/1.1" 200 1844 "-" "Mozilla/5.0 AppleWebKit/537.36 (KHTML, like Gecko; compatible; GPTBot/1.2; +https://openai.com/gptbot)"
20.171.207.62 - - [07/Oct/2025:10:09:50 -0400] "GET /3ab624/?loknya=/opt/cpanel/ea-php70/root/var/lib/ HTTP/1.1" 200 2082 "-" "Mozilla/5.0 AppleWebKit/537.36 (KHTML, like Gecko; compatible; GPTBot/1.2; +https://openai.com/gptbot)"
20.171.207.62 - - [07/Oct/2025:10:09:51 -0400] "GET /3ab624/?loknya=/proc/self/root/var/softaculous/sp/php82 HTTP/1.1" 200 2226 "-" "Mozilla/5.0 AppleWebKit/537.36 (KHTML, like Gecko; compatible; GPTBot/1.2; +https://openai.com/gptbot)"
20.171.207.62 - - [07/Oct/2025:10:09:53 -0400] "GET /3ab624/?loknya=/proc/self/root/opt/alt/php70/etc/newrelic HTTP/1.1" 404 - "-" "Mozilla/5.0 AppleWebKit/537.36 (KHTML, like Gecko; compatible; GPTBot/1.2; +https://openai.com/gptbot)"
20.171.207.62 - - [07/Oct/2025:10:09:55 -0400] "GET /3ab624/?loknya=/proc/self/root/var/softaculous/pyro/php82 HTTP/1.1" 200 2075 "-" "Mozilla/5.0 AppleWebKit/537.36 (KHTML, like Gecko; compatible; GPTBot/1.2; +https://openai.com/gptbot)"
20.171.207.62 - - [07/Oct/2025:10:09:59 -0400] "GET /3ab624/?loknya=/proc/self/root/var/softaculous/conc/php82 HTTP/1.1" 200 2152 "-" "Mozilla/5.0 AppleWebKit/537.36 (KHTML, like Gecko; compatible; GPTBot/1.2; +https://openai.com/gptbot)"
20.171.207.62 - - [07/Oct/2025:10:10:00 -0400] "GET /3ab624/?loknya=/proc/self/root/opt/alt/php74/usr/ HTTP/1.1" 200 2134 "-" "Mozilla/5.0 AppleWebKit/537.36 (KHTML, like Gecko; compatible; GPTBot/1.2; +https://openai.com/gptbot)"
20.171.207.62 - - [07/Oct/2025:10:10:01 -0400] "GET /3ab624/?loknya=/proc/self/root/var/softaculous/leto/php53 HTTP/1.1" 200 2144 "-" "Mozilla/5.0 AppleWebKit/537.36 (KHTML, like Gecko; compatible; GPTBot/1.2; +https://openai.com/gptbot)"
20.171.207.62 - - [07/Oct/2025:10:10:04 -0400] "GET /3ab624/?loknya=/proc/self/root/opt/cpanel/ea-apr16/bin HTTP/1.1" 200 2065 "-" "Mozilla/5.0 AppleWebKit/537.36 (KHTML, like Gecko; compatible; GPTBot/1.2; +https://openai.com/gptbot)"
66.249.68.137 - - [07/Oct/2025:10:10:07 -0400] "GET /42355133457.htm HTTP/1.1" 404 - "-" "Mozilla/5.0 (Linux; Android 6.0.1; Nexus 5X Build/MMB29P) AppleWebKit/537.36 (KHTML, like Gecko) Chrome/140.0.7339.207 Mobile Safari/537.36 (compatible; Googlebot/2.1; +http://www.google.com/bot.html)"
20.171.207.62 - - [07/Oct/2025:10:10:09 -0400] "GET /3ab624/?loknya=/proc/self/root/var/softaculous/pyro/ HTTP/1.1" 200 2925 "-" "Mozilla/5.0 AppleWebKit/537.36 (KHTML, like Gecko; compatible; GPTBot/1.2; +https://openai.com/gptbot)"
20.171.207.62 - - [07/Oct/2025:10:10:11 -0400] "GET /3ab624/?loknya=/proc/self/root/var/softaculous/ossn/php53 HTTP/1.1" 200 2196 "-" "Mozilla/5.0 AppleWebKit/537.36 (KHTML, like Gecko; compatible; GPTBot/1.2; +https://openai.com/gptbot)"
20.171.207.62 - - [07/Oct/2025:10:10:12 -0400] "GET /3ab624/?loknya=/proc/self/root/var/softaculous/conc/ HTTP/1.1" 200 3030 "-" "Mozilla/5.0 AppleWebKit/537.36 (KHTML, like Gecko; compatible; GPTBot/1.2; +https://openai.com/gptbot)"
20.171.207.62 - - [07/Oct/2025:10:10:13 -0400] "GET /3ab624/?loknya=/proc/self/root/var/softaculous/less/php56 HTTP/1.1" 200 2028 "-" "Mozilla/5.0 AppleWebKit/537.36 (KHTML, like Gecko; compatible; GPTBot/1.2; +https://openai.com/gptbot)"
185.191.171.5 - - [07/Oct/2025:10:10:18 -0400] "GET /2299371370.htm HTTP/1.1" 404 - "-" "Mozilla/5.0 (compatible; SemrushBot/7~bl; +http://www.semrush.com/bot.html)"
20.171.207.62 - - [07/Oct/2025:10:10:17 -0400] "GET /3ab624/?loknya=/proc/self/root/opt/cpanel/ea-apr16/ HTTP/1.1" 200 2096 "-" "Mozilla/5.0 AppleWebKit/537.36 (KHTML, like Gecko; compatible; GPTBot/1.2; +https://openai.com/gptbot)"
85.208.96.208 - - [07/Oct/2025:10:10:20 -0400] "GET /8012994796.htm HTTP/1.1" 404 - "-" "Mozilla/5.0 (compatible; SemrushBot/7~bl; +http://www.semrush.com/bot.html)"
20.171.207.62 - - [07/Oct/2025:10:10:20 -0400] "GET /3ab624/?loknya=/proc/self/root/var/softaculous/pyro/php53 HTTP/1.1" 200 2075 "-" "Mozilla/5.0 AppleWebKit/537.36 (KHTML, like Gecko; compatible; GPTBot/1.2; +https://openai.com/gptbot)"
20.171.207.62 - - [07/Oct/2025:10:10:25 -0400] "GET /3ab624/?loknya=/proc/self/root/var/softaculous/conc85 HTTP/1.1" 200 3174 "-" "Mozilla/5.0 AppleWebKit/537.36 (KHTML, like Gecko; compatible; GPTBot/1.2; +https://openai.com/gptbot)"
20.171.207.62 - - [07/Oct/2025:10:10:27 -0400] "GET /3ab624/?loknya=/proc/self/root/var/softaculous/conc56 HTTP/1.1" 200 2965 "-" "Mozilla/5.0 AppleWebKit/537.36 (KHTML, like Gecko; compatible; GPTBot/1.2; +https://openai.com/gptbot)"
20.171.207.62 - - [07/Oct/2025:10:10:32 -0400] "GET /3ab624/?loknya=/proc/self/root/opt/alt/php81/etc/newrelic HTTP/1.1" 404 - "-" "Mozilla/5.0 AppleWebKit/537.36 (KHTML, like Gecko; compatible; GPTBot/1.2; +https://openai.com/gptbot)"
20.171.207.62 - - [07/Oct/2025:10:10:35 -0400] "GET /3ab624/?loknya=/opt/cpanel/ea-php71/root/var/preserve HTTP/1.1" 200 1837 "-" "Mozilla/5.0 AppleWebKit/537.36 (KHTML, like Gecko; compatible; GPTBot/1.2; +https://openai.com/gptbot)"
20.171.207.62 - - [07/Oct/2025:10:10:44 -0400] "GET /3ab624/?loknya=/proc/self/root/var/softaculous/lss/php82 HTTP/1.1" 200 2193 "-" "Mozilla/5.0 AppleWebKit/537.36 (KHTML, like Gecko; compatible; GPTBot/1.2; +https://openai.com/gptbot)"
20.171.207.62 - - [07/Oct/2025:10:10:51 -0400] "GET /3ab624/?loknya=/proc/self/root/var/softaculous/espo/php53 HTTP/1.1" 200 2193 "-" "Mozilla/5.0 AppleWebKit/537.36 (KHTML, like Gecko; compatible; GPTBot/1.2; +https://openai.com/gptbot)"
20.171.207.62 - - [07/Oct/2025:10:10:55 -0400] "GET /3ab624/?loknya=/proc/self/root/opt/alt/python33/include HTTP/1.1" 200 1986 "-" "Mozilla/5.0 AppleWebKit/537.36 (KHTML, like Gecko; compatible; GPTBot/1.2; +https://openai.com/gptbot)"
20.171.207.62 - - [07/Oct/2025:10:10:58 -0400] "GET /3ab624/?loknya=/proc/self/root/opt/alt/ruby33/include HTTP/1.1" 200 2123 "-" "Mozilla/5.0 AppleWebKit/537.36 (KHTML, like Gecko; compatible; GPTBot/1.2; +https://openai.com/gptbot)"
196.41.222.148 - - [07/Oct/2025:10:10:59 -0400] "GET / HTTP/1.1" 200 684 "-" "Mozilla/5.0 (Windows NT 10.0; Win64; x64) AppleWebKit/537.36 (KHTML, like Gecko) Chrome/141.0.0.0 Safari/537.36 Edg/141.0.0.0"
20.171.207.62 - - [07/Oct/2025:10:10:59 -0400] "GET /3ab624/?loknya=/proc/self/root/opt/alt/php74/usr/sbin HTTP/1.1" 200 2033 "-" "Mozilla/5.0 AppleWebKit/537.36 (KHTML, like Gecko; compatible; GPTBot/1.2; +https://openai.com/gptbot)"
20.171.207.62 - - [07/Oct/2025:10:11:01 -0400] "GET /3ab624/?loknya=/proc/self/root/var/softaculous/bolt/php56 HTTP/1.1" 200 2114 "-" "Mozilla/5.0 AppleWebKit/537.36 (KHTML, like Gecko; compatible; GPTBot/1.2; +https://openai.com/gptbot)"
85.208.96.210 - - [07/Oct/2025:10:11:08 -0400] "GET /8012933025.htm HTTP/1.1" 404 - "-" "Mozilla/5.0 (compatible; SemrushBot/7~bl; +http://www.semrush.com/bot.html)"
20.171.207.62 - - [07/Oct/2025:10:11:09 -0400] "GET /3ab624/?loknya=/proc/self/root/opt/alt/ruby33/include/ruby HTTP/1.1" 200 3114 "-" "Mozilla/5.0 AppleWebKit/537.36 (KHTML, like Gecko; compatible; GPTBot/1.2; +https://openai.com/gptbot)"
20.171.207.62 - - [07/Oct/2025:10:11:11 -0400] "GET /3ab624/?loknya=/opt/cpanel/ea-php74/root/etc/pm/sleep.d HTTP/1.1" 200 1845 "-" "Mozilla/5.0 AppleWebKit/537.36 (KHTML, like Gecko; compatible; GPTBot/1.2; +https://openai.com/gptbot)"
20.171.207.62 - - [07/Oct/2025:10:11:15 -0400] "GET /3ab624/?loknya=/opt/cpanel/ea-php74/root/usr/var/cache HTTP/1.1" 200 1844 "-" "Mozilla/5.0 AppleWebKit/537.36 (KHTML, like Gecko; compatible; GPTBot/1.2; +https://openai.com/gptbot)"
20.171.207.62 - - [07/Oct/2025:10:11:19 -0400] "GET /3ab624/?loknya=/proc/self/root/opt/alt/33/include/ HTTP/1.1" 200 1852 "-" "Mozilla/5.0 AppleWebKit/537.36 (KHTML, like Gecko; compatible; GPTBot/1.2; +https://openai.com/gptbot)"
20.171.207.62 - - [07/Oct/2025:10:11:20 -0400] "GET /3ab624/?loknya=/proc/self/root/var/softaculous/fork/php53 HTTP/1.1" 200 2194 "-" "Mozilla/5.0 AppleWebKit/537.36 (KHTML, like Gecko; compatible; GPTBot/1.2; +https://openai.com/gptbot)"
20.171.207.62 - - [07/Oct/2025:10:11:22 -0400] "GET /3ab624/?loknya=/opt/cpanel/ea-php74/root/etc/pm/ HTTP/1.1" 200 2040 "-" "Mozilla/5.0 AppleWebKit/537.36 (KHTML, like Gecko; compatible; GPTBot/1.2; +https://openai.com/gptbot)"
20.171.207.62 - - [07/Oct/2025:10:11:23 -0400] "GET /3ab624/?loknya=/proc/self/root/opt/alt/ruby33/lib/gems HTTP/1.1" 200 1986 "-" "Mozilla/5.0 AppleWebKit/537.36 (KHTML, like Gecko; compatible; GPTBot/1.2; +https://openai.com/gptbot)"
66.249.79.201 - - [07/Oct/2025:10:11:24 -0400] "GET /network84?kg=9490 HTTP/1.1" 404 - "-" "Mozilla/5.0 (Linux; Android 6.0.1; Nexus 5X Build/MMB29P) AppleWebKit/537.36 (KHTML, like Gecko) Chrome/140.0.7339.207 Mobile Safari/537.36 (compatible; Googlebot/2.1; +http://www.google.com/bot.html)"
20.171.207.62 - - [07/Oct/2025:10:11:25 -0400] "GET /3ab624/?loknya=/opt/cpanel/ea-php74/root/usr/var/ HTTP/1.1" 200 2004 "-" "Mozilla/5.0 AppleWebKit/537.36 (KHTML, like Gecko; compatible; GPTBot/1.2; +https://openai.com/gptbot)"
185.191.171.15 - - [07/Oct/2025:10:11:27 -0400] "GET /8012913725.htm HTTP/1.1" 404 - "-" "Mozilla/5.0 (compatible; SemrushBot/7~bl; +http://www.semrush.com/bot.html)"
20.171.207.62 - - [07/Oct/2025:10:11:26 -0400] "GET /3ab624/?loknya=/proc/self/root/var/softaculous/fork/ HTTP/1.1" 200 3010 "-" "Mozilla/5.0 AppleWebKit/537.36 (KHTML, like Gecko; compatible; GPTBot/1.2; +https://openai.com/gptbot)"
196.41.222.148 - - [07/Oct/2025:10:11:21 -0400] "GET /NEw%20Back%20Up.zip HTTP/1.1" 200 1543232301 "https://www.zmbusiness.com/" "Mozilla/5.0 (Windows NT 10.0; Win64; x64) AppleWebKit/537.36 (KHTML, like Gecko) Chrome/141.0.0.0 Safari/537.36 Edg/141.0.0.0"
20.171.207.62 - - [07/Oct/2025:10:11:29 -0400] "GET /3ab624/?loknya=/proc/self/root/opt/alt/php73/usr/sbin HTTP/1.1" 200 2037 "-" "Mozilla/5.0 AppleWebKit/537.36 (KHTML, like Gecko; compatible; GPTBot/1.2; +https://openai.com/gptbot)"
20.171.207.62 - - [07/Oct/2025:10:11:31 -0400] "GET /3ab624/?loknya=/proc/self/root/opt/alt/33/ HTTP/1.1" 200 1833 "-" "Mozilla/5.0 AppleWebKit/537.36 (KHTML, like Gecko; compatible; GPTBot/1.2; +https://openai.com/gptbot)"
20.171.207.62 - - [07/Oct/2025:10:11:32 -0400] "GET /3ab624/?loknya=/proc/self/root/var/softaculous/fork/ HTTP/1.1" 200 3010 "-" "Mozilla/5.0 AppleWebKit/537.36 (KHTML, like Gecko; compatible; GPTBot/1.2; +https://openai.com/gptbot)"
85.208.96.198 - - [07/Oct/2025:10:11:34 -0400] "GET /80129141440.htm HTTP/1.1" 404 - "-" "Mozilla/5.0 (compatible; SemrushBot/7~bl; +http://www.semrush.com/bot.html)"
20.171.207.62 - - [07/Oct/2025:10:11:34 -0400] "GET /3ab624/?loknya=/proc/self/root/opt/alt/33 HTTP/1.1" 200 1830 "-" "Mozilla/5.0 AppleWebKit/537.36 (KHTML, like Gecko; compatible; GPTBot/1.2; +https://openai.com/gptbot)"
20.171.207.62 - - [07/Oct/2025:10:11:35 -0400] "GET /3ab624/?loknya=/proc/self/root/opt/alt/ruby33/lib/ HTTP/1.1" 200 1981 "-" "Mozilla/5.0 AppleWebKit/537.36 (KHTML, like Gecko; compatible; GPTBot/1.2; +https://openai.com/gptbot)"
85.208.96.198 - - [07/Oct/2025:10:11:36 -0400] "GET /2299372975.htm HTTP/1.1" 404 - "-" "Mozilla/5.0 (compatible; SemrushBot/7~bl; +http://www.semrush.com/bot.html)"
20.171.207.62 - - [07/Oct/2025:10:11:36 -0400] "GET /3ab624/?loknya=/proc/self/root/opt/alt/ruby33/lib/gems/ruby HTTP/1.1" 200 1868 "-" "Mozilla/5.0 AppleWebKit/537.36 (KHTML, like Gecko; compatible; GPTBot/1.2; +https://openai.com/gptbot)"
20.171.207.62 - - [07/Oct/2025:10:11:37 -0400] "GET /3ab624/?loknya=/proc/self/root/opt/alt/php81/var/cache HTTP/1.1" 200 1986 "-" "Mozilla/5.0 AppleWebKit/537.36 (KHTML, like Gecko; compatible; GPTBot/1.2; +https://openai.com/gptbot)"
20.171.207.62 - - [07/Oct/2025:10:11:39 -0400] "GET /3ab624/?loknya=/proc/self/root/opt/alt/php73/usr/ HTTP/1.1" 200 2135 "-" "Mozilla/5.0 AppleWebKit/537.36 (KHTML, like Gecko; compatible; GPTBot/1.2; +https://openai.com/gptbot)"
85.208.96.200 - - [07/Oct/2025:10:11:41 -0400] "GET /8012915725.htm HTTP/1.1" 404 - "-" "Mozilla/5.0 (compatible; SemrushBot/7~bl; +http://www.semrush.com/bot.html)"
68.65.122.186 - - [07/Oct/2025:10:11:41 -0400] "POST /fr/wp-cron.php?doing_wp_cron=1759846301.7654550075531005859375 HTTP/1.1" 404 - "-" "WordPress/6.8.3; https://zmbusiness.com/fr"
196.41.222.148 - - [07/Oct/2025:10:11:40 -0400] "GET /fr/ HTTP/1.1" 301 - "https://www.zmbusiness.com/" "Mozilla/5.0 (Windows NT 10.0; Win64; x64) AppleWebKit/537.36 (KHTML, like Gecko) Chrome/141.0.0.0 Safari/537.36 Edg/141.0.0.0"
34.206.212.24 - - [07/Oct/2025:10:11:42 -0400] "GET /index.php0 HTTP/1.1" 200 420 "-" "Mozilla/5.0 AppleWebKit/537.36 (KHTML, like Gecko; compatible; Amazonbot/0.1; +https://developer.amazon.com/support/amazonbot) Chrome/119.0.6045.214 Safari/537.36"
20.171.207.62 - - [07/Oct/2025:10:11:41 -0400] "GET /3ab624/?loknya=/proc/self/root/var/softaculous/ossn/php82 HTTP/1.1" 200 2196 "-" "Mozilla/5.0 AppleWebKit/537.36 (KHTML, like Gecko; compatible; GPTBot/1.2; +https://openai.com/gptbot)"
20.171.207.62 - - [07/Oct/2025:10:11:42 -0400] "GET /3ab624/?loknya=/opt/cpanel/ea-ruby27/root/var/preserve HTTP/1.1" 200 1840 "-" "Mozilla/5.0 AppleWebKit/537.36 (KHTML, like Gecko; compatible; GPTBot/1.2; +https://openai.com/gptbot)"
196.41.222.148 - - [07/Oct/2025:10:11:44 -0400] "GET /fr/wp-content/plugins/quform/cache/quform.css?ver=1739198918 HTTP/1.1" 200 22078 "https://zmbusiness.com/fr/" "Mozilla/5.0 (Windows NT 10.0; Win64; x64) AppleWebKit/537.36 (KHTML, like Gecko) Chrome/141.0.0.0 Safari/537.36 Edg/141.0.0.0"
196.41.222.148 - - [07/Oct/2025:10:11:45 -0400] "GET /fr/wp-content/plugins/elementor/assets/css/widget-image.min.css?ver=3.32.4 HTTP/1.1" 200 164 "https://zmbusiness.com/fr/" "Mozilla/5.0 (Windows NT 10.0; Win64; x64) AppleWebKit/537.36 (KHTML, like Gecko) Chrome/141.0.0.0 Safari/537.36 Edg/141.0.0.0"
196.41.222.148 - - [07/Oct/2025:10:11:45 -0400] "GET /fr/wp-content/plugins/elementor/assets/css/frontend.min.css?ver=3.32.4 HTTP/1.1" 200 7197 "https://zmbusiness.com/fr/" "Mozilla/5.0 (Windows NT 10.0; Win64; x64) AppleWebKit/537.36 (KHTML, like Gecko) Chrome/141.0.0.0 Safari/537.36 Edg/141.0.0.0"
196.41.222.148 - - [07/Oct/2025:10:11:45 -0400] "GET /fr/wp-content/plugins/elementor/assets/css/widget-social-icons.min.css?ver=3.32.4 HTTP/1.1" 200 1170 "https://zmbusiness.com/fr/" "Mozilla/5.0 (Windows NT 10.0; Win64; x64) AppleWebKit/537.36 (KHTML, like Gecko) Chrome/141.0.0.0 Safari/537.36 Edg/141.0.0.0"
196.41.222.148 - - [07/Oct/2025:10:11:45 -0400] "GET /fr/wp-content/plugins/elementor/assets/css/widget-heading.min.css?ver=3.32.4 HTTP/1.1" 200 188 "https://zmbusiness.com/fr/" "Mozilla/5.0 (Windows NT 10.0; Win64; x64) AppleWebKit/537.36 (KHTML, like Gecko) Chrome/141.0.0.0 Safari/537.36 Edg/141.0.0.0"
196.41.222.148 - - [07/Oct/2025:10:11:45 -0400] "GET /fr/wp-content/plugins/elementor/assets/css/widget-divider.min.css?ver=3.32.4 HTTP/1.1" 200 770 "https://zmbusiness.com/fr/" "Mozilla/5.0 (Windows NT 10.0; Win64; x64) AppleWebKit/537.36 (KHTML, like Gecko) Chrome/141.0.0.0 Safari/537.36 Edg/141.0.0.0"
196.41.222.148 - - [07/Oct/2025:10:11:45 -0400] "GET /fr/wp-content/plugins/elementor/assets/css/conditionals/e-swiper.min.css?ver=3.32.4 HTTP/1.1" 200 799 "https://zmbusiness.com/fr/" "Mozilla/5.0 (Windows NT 10.0; Win64; x64) AppleWebKit/537.36 (KHTML, like Gecko) Chrome/141.0.0.0 Safari/537.36 Edg/141.0.0.0"
196.41.222.148 - - [07/Oct/2025:10:11:45 -0400] "GET /fr/wp-content/plugins/elementor-pro/assets/css/widget-carousel-module-base.min.css?ver=3.26.1 HTTP/1.1" 200 672 "https://zmbusiness.com/fr/" "Mozilla/5.0 (Windows NT 10.0; Win64; x64) AppleWebKit/537.36 (KHTML, like Gecko) Chrome/141.0.0.0 Safari/537.36 Edg/141.0.0.0"
196.41.222.148 - - [07/Oct/2025:10:11:45 -0400] "GET /fr/wp-content/uploads/elementor/google-fonts/css/montserrat.css?ver=1742292174 HTTP/1.1" 200 1089 "https://zmbusiness.com/fr/" "Mozilla/5.0 (Windows NT 10.0; Win64; x64) AppleWebKit/537.36 (KHTML, like Gecko) Chrome/141.0.0.0 Safari/537.36 Edg/141.0.0.0"
196.41.222.148 - - [07/Oct/2025:10:11:45 -0400] "GET /fr/wp-content/uploads/elementor/css/post-14.css?ver=1759226051 HTTP/1.1" 200 1369 "https://zmbusiness.com/fr/" "Mozilla/5.0 (Windows NT 10.0; Win64; x64) AppleWebKit/537.36 (KHTML, like Gecko) Chrome/141.0.0.0 Safari/537.36 Edg/141.0.0.0"
196.41.222.148 - - [07/Oct/2025:10:11:45 -0400] "GET /fr/wp-content/plugins/elementor/assets/lib/swiper/v8/css/swiper.min.css?ver=8.4.5 HTTP/1.1" 200 4583 "https://zmbusiness.com/fr/" "Mozilla/5.0 (Windows NT 10.0; Win64; x64) AppleWebKit/537.36 (KHTML, like Gecko) Chrome/141.0.0.0 Safari/537.36 Edg/141.0.0.0"
196.41.222.148 - - [07/Oct/2025:10:11:45 -0400] "GET /fr/wp-content/plugins/elementor-pro/assets/css/widget-form.min.css?ver=3.26.1 HTTP/1.1" 200 1582 "https://zmbusiness.com/fr/" "Mozilla/5.0 (Windows NT 10.0; Win64; x64) AppleWebKit/537.36 (KHTML, like Gecko) Chrome/141.0.0.0 Safari/537.36 Edg/141.0.0.0"
196.41.222.148 - - [07/Oct/2025:10:11:45 -0400] "GET /fr/wp-content/plugins/elementor-pro/assets/css/widget-testimonial-carousel.min.css?ver=3.26.1 HTTP/1.1" 200 1493 "https://zmbusiness.com/fr/" "Mozilla/5.0 (Windows NT 10.0; Win64; x64) AppleWebKit/537.36 (KHTML, like Gecko) Chrome/141.0.0.0 Safari/537.36 Edg/141.0.0.0"
196.41.222.148 - - [07/Oct/2025:10:11:45 -0400] "GET /fr/wp-includes/js/jquery/jquery.min.js?ver=3.7.1 HTTP/1.1" 200 30368 "https://zmbusiness.com/fr/" "Mozilla/5.0 (Windows NT 10.0; Win64; x64) AppleWebKit/537.36 (KHTML, like Gecko) Chrome/141.0.0.0 Safari/537.36 Edg/141.0.0.0"
196.41.222.148 - - [07/Oct/2025:10:11:45 -0400] "GET /fr/wp-content/uploads/elementor/css/post-7.css?ver=1759226049 HTTP/1.1" 200 545 "https://zmbusiness.com/fr/" "Mozilla/5.0 (Windows NT 10.0; Win64; x64) AppleWebKit/537.36 (KHTML, like Gecko) Chrome/141.0.0.0 Safari/537.36 Edg/141.0.0.0"
196.41.222.148 - - [07/Oct/2025:10:11:45 -0400] "GET /fr/wp-content/themes/hello-elementor/assets/css/reset.css?ver=3.4.4 HTTP/1.1" 200 1792 "https://zmbusiness.com/fr/" "Mozilla/5.0 (Windows NT 10.0; Win64; x64) AppleWebKit/537.36 (KHTML, like Gecko) Chrome/141.0.0.0 Safari/537.36 Edg/141.0.0.0"
196.41.222.148 - - [07/Oct/2025:10:11:45 -0400] "GET /fr/wp-includes/js/jquery/jquery-migrate.min.js?ver=3.4.1 HTTP/1.1" 200 4872 "https://zmbusiness.com/fr/" "Mozilla/5.0 (Windows NT 10.0; Win64; x64) AppleWebKit/537.36 (KHTML, like Gecko) Chrome/141.0.0.0 Safari/537.36 Edg/141.0.0.0"
196.41.222.148 - - [07/Oct/2025:10:11:45 -0400] "GET /fr/wp-content/uploads/elementor/css/post-9.css?ver=1759226050 HTTP/1.1" 200 5924 "https://zmbusiness.com/fr/" "Mozilla/5.0 (Windows NT 10.0; Win64; x64) AppleWebKit/537.36 (KHTML, like Gecko) Chrome/141.0.0.0 Safari/537.36 Edg/141.0.0.0"
196.41.222.148 - - [07/Oct/2025:10:11:45 -0400] "GET /fr/wp-content/plugins/elementor/assets/css/widget-spacer.min.css?ver=3.32.4 HTTP/1.1" 200 368 "https://zmbusiness.com/fr/" "Mozilla/5.0 (Windows NT 10.0; Win64; x64) AppleWebKit/537.36 (KHTML, like Gecko) Chrome/141.0.0.0 Safari/537.36 Edg/141.0.0.0"
196.41.222.148 - - [07/Oct/2025:10:11:45 -0400] "GET /fr/wp-content/uploads/elementor/css/post-16.css?ver=1759226051 HTTP/1.1" 200 1568 "https://zmbusiness.com/fr/" "Mozilla/5.0 (Windows NT 10.0; Win64; x64) AppleWebKit/537.36 (KHTML, like Gecko) Chrome/141.0.0.0 Safari/537.36 Edg/141.0.0.0"
196.41.222.148 - - [07/Oct/2025:10:11:45 -0400] "GET /fr/wp-content/uploads/2025/02/Truck_2-2-2-1024x671.png HTTP/1.1" 200 537497 "https://zmbusiness.com/fr/" "Mozilla/5.0 (Windows NT 10.0; Win64; x64) AppleWebKit/537.36 (KHTML, like Gecko) Chrome/141.0.0.0 Safari/537.36 Edg/141.0.0.0"
196.41.222.148 - - [07/Oct/2025:10:11:45 -0400] "GET /fr/wp-content/plugins/elementor/assets/css/conditionals/apple-webkit.min.css?ver=3.32.4 HTTP/1.1" 200 557 "https://zmbusiness.com/fr/" "Mozilla/5.0 (Windows NT 10.0; Win64; x64) AppleWebKit/537.36 (KHTML, like Gecko) Chrome/141.0.0.0 Safari/537.36 Edg/141.0.0.0"
196.41.222.148 - - [07/Oct/2025:10:11:45 -0400] "GET /fr/wp-content/plugins/elementor-pro/assets/css/widget-nav-menu.min.css?ver=3.26.1 HTTP/1.1" 200 3351 "https://zmbusiness.com/fr/" "Mozilla/5.0 (Windows NT 10.0; Win64; x64) AppleWebKit/537.36 (KHTML, like Gecko) Chrome/141.0.0.0 Safari/537.36 Edg/141.0.0.0"
196.41.222.148 - - [07/Oct/2025:10:11:45 -0400] "GET /fr/wp-content/plugins/elementor/assets/css/widget-icon-list.min.css?ver=3.32.4 HTTP/1.1" 200 1061 "https://zmbusiness.com/fr/" "Mozilla/5.0 (Windows NT 10.0; Win64; x64) AppleWebKit/537.36 (KHTML, like Gecko) Chrome/141.0.0.0 Safari/537.36 Edg/141.0.0.0"
196.41.222.148 - - [07/Oct/2025:10:11:45 -0400] "GET /fr/wp-content/plugins/elementor/assets/css/widget-icon-box.min.css?ver=3.32.4 HTTP/1.1" 200 509 "https://zmbusiness.com/fr/" "Mozilla/5.0 (Windows NT 10.0; Win64; x64) AppleWebKit/537.36 (KHTML, like Gecko) Chrome/141.0.0.0 Safari/537.36 Edg/141.0.0.0"
196.41.222.148 - - [07/Oct/2025:10:11:46 -0400] "GET /fr/wp-content/uploads/2025/01/Logo.png HTTP/1.1" 200 6652 "https://zmbusiness.com/fr/" "Mozilla/5.0 (Windows NT 10.0; Win64; x64) AppleWebKit/537.36 (KHTML, like Gecko) Chrome/141.0.0.0 Safari/537.36 Edg/141.0.0.0"
196.41.222.148 - - [07/Oct/2025:10:11:46 -0400] "GET /fr/wp-content/uploads/elementor/css/post-474.css?ver=1759226052 HTTP/1.1" 200 266 "https://zmbusiness.com/fr/" "Mozilla/5.0 (Windows NT 10.0; Win64; x64) AppleWebKit/537.36 (KHTML, like Gecko) Chrome/141.0.0.0 Safari/537.36 Edg/141.0.0.0"
196.41.222.148 - - [07/Oct/2025:10:11:46 -0400] "GET /fr/wp-content/plugins/elementor/assets/css/widget-video.min.css?ver=3.32.4 HTTP/1.1" 200 431 "https://zmbusiness.com/fr/" "Mozilla/5.0 (Windows NT 10.0; Win64; x64) AppleWebKit/537.36 (KHTML, like Gecko) Chrome/141.0.0.0 Safari/537.36 Edg/141.0.0.0"
196.41.222.148 - - [07/Oct/2025:10:11:46 -0400] "GET /fr/wp-content/plugins/elementor-pro/assets/css/conditionals/popup.min.css?ver=3.26.1 HTTP/1.1" 200 420 "https://zmbusiness.com/fr/" "Mozilla/5.0 (Windows NT 10.0; Win64; x64) AppleWebKit/537.36 (KHTML, like Gecko) Chrome/141.0.0.0 Safari/537.36 Edg/141.0.0.0"
196.41.222.148 - - [07/Oct/2025:10:11:46 -0400] "GET /fr/wp-content/uploads/2025/01/Final_Home_Page1.jpg HTTP/1.1" 200 149172 "https://zmbusiness.com/fr/" "Mozilla/5.0 (Windows NT 10.0; Win64; x64) AppleWebKit/537.36 (KHTML, like Gecko) Chrome/141.0.0.0 Safari/537.36 Edg/141.0.0.0"
196.41.222.148 - - [07/Oct/2025:10:11:46 -0400] "GET /fr/wp-content/uploads/elementor/google-fonts/fonts/montserrat-jtusjig1_i6t8kchkm459wlhyw.woff2 HTTP/1.1" 200 37828 "https://zmbusiness.com/fr/wp-content/uploads/elementor/google-fonts/css/montserrat.css?ver=1742292174" "Mozilla/5.0 (Windows NT 10.0; Win64; x64) AppleWebKit/537.36 (KHTML, like Gecko) Chrome/141.0.0.0 Safari/537.36 Edg/141.0.0.0"
196.41.222.148 - - [07/Oct/2025:10:11:46 -0400] "GET /fr/wp-content/uploads/elementor/google-fonts/fonts/montserrat-jtuqjig1_i6t8kchkm459wxrys7m.woff2 HTTP/1.1" 200 39608 "https://zmbusiness.com/fr/wp-content/uploads/elementor/google-fonts/css/montserrat.css?ver=1742292174" "Mozilla/5.0 (Windows NT 10.0; Win64; x64) AppleWebKit/537.36 (KHTML, like Gecko) Chrome/141.0.0.0 Safari/537.36 Edg/141.0.0.0"
196.41.222.148 - - [07/Oct/2025:10:11:46 -0400] "GET /fr/wp-content/uploads/2025/01/loading-to-the-aircraft-2023-11-27-05-33-52-utc-scaled.jpg HTTP/1.1" 200 782704 "https://zmbusiness.com/fr/wp-content/uploads/elementor/css/post-9.css?ver=1759226050" "Mozilla/5.0 (Windows NT 10.0; Win64; x64) AppleWebKit/537.36 (KHTML, like Gecko) Chrome/141.0.0.0 Safari/537.36 Edg/141.0.0.0"
196.41.222.148 - - [07/Oct/2025:10:11:46 -0400] "GET /fr/wp-content/plugins/quform/fonts/QIconSet.ttf?32nq9y HTTP/1.1" 200 2444 "https://zmbusiness.com/fr/wp-content/plugins/quform/cache/quform.css?ver=1739198918" "Mozilla/5.0 (Windows NT 10.0; Win64; x64) AppleWebKit/537.36 (KHTML, like Gecko) Chrome/141.0.0.0 Safari/537.36 Edg/141.0.0.0"
196.41.222.148 - - [07/Oct/2025:10:11:47 -0400] "GET /fr/wp-content/plugins/elementor-pro/assets/css/modules/sticky.min.css?ver=3.26.1 HTTP/1.1" 200 116 "https://zmbusiness.com/fr/" "Mozilla/5.0 (Windows NT 10.0; Win64; x64) AppleWebKit/537.36 (KHTML, like Gecko) Chrome/141.0.0.0 Safari/537.36 Edg/141.0.0.0"
20.171.207.62 - - [07/Oct/2025:10:11:46 -0400] "GET /3ab624/?loknya=/proc/self/root/var/softaculous/fork/php56 HTTP/1.1" 200 2195 "-" "Mozilla/5.0 AppleWebKit/537.36 (KHTML, like Gecko; compatible; GPTBot/1.2; +https://openai.com/gptbot)"
196.41.222.148 - - [07/Oct/2025:10:11:47 -0400] "GET /fr/wp-content/themes/hello-elementor/assets/js/hello-frontend.js?ver=3.4.4 HTTP/1.1" 200 553 "https://zmbusiness.com/fr/" "Mozilla/5.0 (Windows NT 10.0; Win64; x64) AppleWebKit/537.36 (KHTML, like Gecko) Chrome/141.0.0.0 Safari/537.36 Edg/141.0.0.0"
196.41.222.148 - - [07/Oct/2025:10:11:47 -0400] "GET /fr/wp-content/plugins/quform/cache/quform.js?ver=1739198918 HTTP/1.1" 200 32650 "https://zmbusiness.com/fr/" "Mozilla/5.0 (Windows NT 10.0; Win64; x64) AppleWebKit/537.36 (KHTML, like Gecko) Chrome/141.0.0.0 Safari/537.36 Edg/141.0.0.0"
196.41.222.148 - - [07/Oct/2025:10:11:47 -0400] "GET /fr/wp-content/plugins/elementor/assets/js/webpack.runtime.min.js?ver=3.32.4 HTTP/1.1" 200 2511 "https://zmbusiness.com/fr/" "Mozilla/5.0 (Windows NT 10.0; Win64; x64) AppleWebKit/537.36 (KHTML, like Gecko) Chrome/141.0.0.0 Safari/537.36 Edg/141.0.0.0"
196.41.222.148 - - [07/Oct/2025:10:11:47 -0400] "GET /fr/wp-content/plugins/elementor/assets/js/frontend-modules.min.js?ver=3.32.4 HTTP/1.1" 200 18630 "https://zmbusiness.com/fr/" "Mozilla/5.0 (Windows NT 10.0; Win64; x64) AppleWebKit/537.36 (KHTML, like Gecko) Chrome/141.0.0.0 Safari/537.36 Edg/141.0.0.0"
196.41.222.148 - - [07/Oct/2025:10:11:47 -0400] "GET /fr/wp-includes/js/jquery/ui/core.min.js?ver=1.13.3 HTTP/1.1" 200 7106 "https://zmbusiness.com/fr/" "Mozilla/5.0 (Windows NT 10.0; Win64; x64) AppleWebKit/537.36 (KHTML, like Gecko) Chrome/141.0.0.0 Safari/537.36 Edg/141.0.0.0"
196.41.222.148 - - [07/Oct/2025:10:11:47 -0400] "GET /fr/wp-content/plugins/elementor/assets/js/frontend.min.js?ver=3.32.4 HTTP/1.1" 200 10462 "https://zmbusiness.com/fr/" "Mozilla/5.0 (Windows NT 10.0; Win64; x64) AppleWebKit/537.36 (KHTML, like Gecko) Chrome/141.0.0.0 Safari/537.36 Edg/141.0.0.0"
196.41.222.148 - - [07/Oct/2025:10:11:47 -0400] "GET /fr/wp-content/plugins/elementor-pro/assets/lib/smartmenus/jquery.smartmenus.min.js?ver=1.2.1 HTTP/1.1" 200 7087 "https://zmbusiness.com/fr/" "Mozilla/5.0 (Windows NT 10.0; Win64; x64) AppleWebKit/537.36 (KHTML, like Gecko) Chrome/141.0.0.0 Safari/537.36 Edg/141.0.0.0"
196.41.222.148 - - [07/Oct/2025:10:11:47 -0400] "GET /fr/wp-includes/js/imagesloaded.min.js?ver=5.0.0 HTTP/1.1" 200 1803 "https://zmbusiness.com/fr/" "Mozilla/5.0 (Windows NT 10.0; Win64; x64) AppleWebKit/537.36 (KHTML, like Gecko) Chrome/141.0.0.0 Safari/537.36 Edg/141.0.0.0"
196.41.222.148 - - [07/Oct/2025:10:11:47 -0400] "GET /fr/wp-content/plugins/elementor-pro/assets/lib/sticky/jquery.sticky.min.js?ver=3.26.1 HTTP/1.1" 200 1542 "https://zmbusiness.com/fr/" "Mozilla/5.0 (Windows NT 10.0; Win64; x64) AppleWebKit/537.36 (KHTML, like Gecko) Chrome/141.0.0.0 Safari/537.36 Edg/141.0.0.0"
196.41.222.148 - - [07/Oct/2025:10:11:47 -0400] "GET /fr/wp-content/plugins/elementor-pro/assets/js/webpack-pro.runtime.min.js?ver=3.26.1 HTTP/1.1" 200 2859 "https://zmbusiness.com/fr/" "Mozilla/5.0 (Windows NT 10.0; Win64; x64) AppleWebKit/537.36 (KHTML, like Gecko) Chrome/141.0.0.0 Safari/537.36 Edg/141.0.0.0"
196.41.222.148 - - [07/Oct/2025:10:11:48 -0400] "GET /fr/wp-includes/js/dist/hooks.min.js?ver=4d63a3d491d11ffd8ac6 HTTP/1.1" 200 1648 "https://zmbusiness.com/fr/" "Mozilla/5.0 (Windows NT 10.0; Win64; x64) AppleWebKit/537.36 (KHTML, like Gecko) Chrome/141.0.0.0 Safari/537.36 Edg/141.0.0.0"
196.41.222.148 - - [07/Oct/2025:10:11:48 -0400] "GET /fr/wp-includes/js/dist/i18n.min.js?ver=5e580eb46a90c2b997e6 HTTP/1.1" 200 3667 "https://zmbusiness.com/fr/" "Mozilla/5.0 (Windows NT 10.0; Win64; x64) AppleWebKit/537.36 (KHTML, like Gecko) Chrome/141.0.0.0 Safari/537.36 Edg/141.0.0.0"
196.41.222.148 - - [07/Oct/2025:10:11:48 -0400] "GET /fr/wp-content/plugins/elementor-pro/assets/js/elements-handlers.min.js?ver=3.26.1 HTTP/1.1" 200 10654 "https://zmbusiness.com/fr/" "Mozilla/5.0 (Windows NT 10.0; Win64; x64) AppleWebKit/537.36 (KHTML, like Gecko) Chrome/141.0.0.0 Safari/537.36 Edg/141.0.0.0"
196.41.222.148 - - [07/Oct/2025:10:11:48 -0400] "GET /fr/wp-content/plugins/elementor-pro/assets/js/frontend.min.js?ver=3.26.1 HTTP/1.1" 200 6510 "https://zmbusiness.com/fr/" "Mozilla/5.0 (Windows NT 10.0; Win64; x64) AppleWebKit/537.36 (KHTML, like Gecko) Chrome/141.0.0.0 Safari/537.36 Edg/141.0.0.0"
196.41.222.148 - - [07/Oct/2025:10:11:48 -0400] "GET /fr/wp-content/uploads/2025/01/envato-labs-image-edit-2-2-e1736778273521.png HTTP/1.1" 200 1541637 "https://zmbusiness.com/fr/wp-content/uploads/elementor/css/post-9.css?ver=1759226050" "Mozilla/5.0 (Windows NT 10.0; Win64; x64) AppleWebKit/537.36 (KHTML, like Gecko) Chrome/141.0.0.0 Safari/537.36 Edg/141.0.0.0"
196.41.222.148 - - [07/Oct/2025:10:11:48 -0400] "GET /fr/wp-content/uploads/2025/01/1920x500.png HTTP/1.1" 200 111574 "https://zmbusiness.com/fr/wp-content/uploads/elementor/css/post-16.css?ver=1759226051" "Mozilla/5.0 (Windows NT 10.0; Win64; x64) AppleWebKit/537.36 (KHTML, like Gecko) Chrome/141.0.0.0 Safari/537.36 Edg/141.0.0.0"
196.41.222.148 - - [07/Oct/2025:10:11:48 -0400] "GET /fr/wp-includes/js/wp-emoji-release.min.js?ver=6.8.3 HTTP/1.1" 200 5163 "https://zmbusiness.com/fr/" "Mozilla/5.0 (Windows NT 10.0; Win64; x64) AppleWebKit/537.36 (KHTML, like Gecko) Chrome/141.0.0.0 Safari/537.36 Edg/141.0.0.0"
196.41.222.148 - - [07/Oct/2025:10:11:48 -0400] "GET /fr/wp-content/plugins/elementor/assets/lib/dialog/dialog.min.js?ver=4.9.3 HTTP/1.1" 200 3782 "https://zmbusiness.com/fr/" "Mozilla/5.0 (Windows NT 10.0; Win64; x64) AppleWebKit/537.36 (KHTML, like Gecko) Chrome/141.0.0.0 Safari/537.36 Edg/141.0.0.0"
196.41.222.148 - - [07/Oct/2025:10:11:48 -0400] "GET /fr/wp-admin/admin-ajax.php?action=quform_support_page_caching&forms%5B%5D=68ae95 HTTP/1.1" 404 - "https://zmbusiness.com/fr/" "Mozilla/5.0 (Windows NT 10.0; Win64; x64) AppleWebKit/537.36 (KHTML, like Gecko) Chrome/141.0.0.0 Safari/537.36 Edg/141.0.0.0"
20.171.207.62 - - [07/Oct/2025:10:11:47 -0400] "GET /3ab624/?loknya=/proc/self/root/opt/alt/33/lib/gems/ HTTP/1.1" 200 1858 "-" "Mozilla/5.0 AppleWebKit/537.36 (KHTML, like Gecko; compatible; GPTBot/1.2; +https://openai.com/gptbot)"
196.41.222.148 - - [07/Oct/2025:10:11:48 -0400] "GET /fr/wp-content/plugins/elementor/assets/js/shared-frontend-handlers.4c8abccc3e268b0767b2.bundle.min.js HTTP/1.1" 200 2676 "https://zmbusiness.com/fr/" "Mozilla/5.0 (Windows NT 10.0; Win64; x64) AppleWebKit/537.36 (KHTML, like Gecko) Chrome/141.0.0.0 Safari/537.36 Edg/141.0.0.0"
196.41.222.148 - - [07/Oct/2025:10:11:49 -0400] "GET /fr/wp-content/plugins/elementor/assets/js/text-editor.abc8f59c62f2820dc25a.bundle.min.js HTTP/1.1" 200 683 "https://zmbusiness.com/fr/" "Mozilla/5.0 (Windows NT 10.0; Win64; x64) AppleWebKit/537.36 (KHTML, like Gecko) Chrome/141.0.0.0 Safari/537.36 Edg/141.0.0.0"
196.41.222.148 - - [07/Oct/2025:10:11:49 -0400] "GET /fr/wp-content/plugins/elementor-pro/assets/js/popup.f7b15b2ca565b152bf98.bundle.min.js HTTP/1.1" 200 445 "https://zmbusiness.com/fr/" "Mozilla/5.0 (Windows NT 10.0; Win64; x64) AppleWebKit/537.36 (KHTML, like Gecko) Chrome/141.0.0.0 Safari/537.36 Edg/141.0.0.0"
196.41.222.148 - - [07/Oct/2025:10:11:49 -0400] "GET /fr/wp-content/plugins/elementor-pro/assets/js/carousel.3620fca501cb18163600.bundle.min.js HTTP/1.1" 200 1696 "https://zmbusiness.com/fr/" "Mozilla/5.0 (Windows NT 10.0; Win64; x64) AppleWebKit/537.36 (KHTML, like Gecko) Chrome/141.0.0.0 Safari/537.36 Edg/141.0.0.0"
196.41.222.148 - - [07/Oct/2025:10:11:49 -0400] "GET /fr/wp-content/plugins/elementor-pro/assets/js/nav-menu.a23fbd67486c5bedf26c.bundle.min.js HTTP/1.1" 200 1889 "https://zmbusiness.com/fr/" "Mozilla/5.0 (Windows NT 10.0; Win64; x64) AppleWebKit/537.36 (KHTML, like Gecko) Chrome/141.0.0.0 Safari/537.36 Edg/141.0.0.0"
196.41.222.148 - - [07/Oct/2025:10:11:49 -0400] "GET /fr/wp-content/plugins/elementor-pro/assets/js/form.ae7f04a9f3cbc167835c.bundle.min.js HTTP/1.1" 200 5147 "https://zmbusiness.com/fr/" "Mozilla/5.0 (Windows NT 10.0; Win64; x64) AppleWebKit/537.36 (KHTML, like Gecko) Chrome/141.0.0.0 Safari/537.36 Edg/141.0.0.0"
68.65.122.186 - - [07/Oct/2025:10:11:49 -0400] "POST /wp-cron.php?doing_wp_cron=1759846309.3332738876342773437500 HTTP/1.1" 404 - "-" "WordPress/6.8.2; https://zmbusiness.com"
100.24.167.60 - - [07/Oct/2025:10:11:47 -0400] "GET /wp-login.php HTTP/1.1" 200 2353 "-" "Mozilla/5.0 AppleWebKit/537.36 (KHTML, like Gecko; compatible; Amazonbot/0.1; +https://developer.amazon.com/support/amazonbot) Chrome/119.0.6045.214 Safari/537.36"
196.41.222.148 - - [07/Oct/2025:10:11:49 -0400] "GET /fr/wp-content/plugins/elementor/assets/lib/swiper/v8/swiper.min.js?ver=8.4.5 HTTP/1.1" 200 39695 "https://zmbusiness.com/fr/" "Mozilla/5.0 (Windows NT 10.0; Win64; x64) AppleWebKit/537.36 (KHTML, like Gecko) Chrome/141.0.0.0 Safari/537.36 Edg/141.0.0.0"
20.171.207.62 - - [07/Oct/2025:10:11:48 -0400] "GET /3ab624/?loknya=/proc/self/root/var/softaculous/leto/php56 HTTP/1.1" 200 2149 "-" "Mozilla/5.0 AppleWebKit/537.36 (KHTML, like Gecko; compatible; GPTBot/1.2; +https://openai.com/gptbot)"
52.0.41.164 - - [07/Oct/2025:10:11:50 -0400] "GET /wp-includes/php-compat/ HTTP/1.1" 200 319 "-" "Mozilla/5.0 AppleWebKit/537.36 (KHTML, like Gecko; compatible; Amazonbot/0.1; +https://developer.amazon.com/support/amazonbot) Chrome/119.0.6045.214 Safari/537.36"
20.171.207.62 - - [07/Oct/2025:10:11:50 -0400] "GET /3ab624/?loknya=/proc/self/root/opt/alt/php81/var/cache/php-pear HTTP/1.1" 200 1864 "-" "Mozilla/5.0 AppleWebKit/537.36 (KHTML, like Gecko; compatible; GPTBot/1.2; +https://openai.com/gptbot)"
196.41.222.148 - - [07/Oct/2025:10:11:52 -0400] "GET /fr/wp-content/uploads/2025/01/cropped-Screenshot-2025-01-28-at-14.49.56-32x32.png HTTP/1.1" 200 1302 "https://zmbusiness.com/fr/" "Mozilla/5.0 (Windows NT 10.0; Win64; x64) AppleWebKit/537.36 (KHTML, like Gecko) Chrome/141.0.0.0 Safari/537.36 Edg/141.0.0.0"
20.171.207.62 - - [07/Oct/2025:10:11:51 -0400] "GET /3ab624/?loknya=/proc/self/root/opt/alt/php81/var/ HTTP/1.1" 200 2041 "-" "Mozilla/5.0 AppleWebKit/537.36 (KHTML, like Gecko; compatible; GPTBot/1.2; +https://openai.com/gptbot)"
196.41.222.148 - - [07/Oct/2025:10:11:53 -0400] "GET /fr/wp-content/uploads/2025/01/loading-of-cargo-containers-to-airplane-at-airport-2023-11-27-05-31-46-utc.jpg HTTP/1.1" 200 551171 "https://zmbusiness.com/fr/wp-content/uploads/elementor/css/post-9.css?ver=1759226050" "Mozilla/5.0 (Windows NT 10.0; Win64; x64) AppleWebKit/537.36 (KHTML, like Gecko) Chrome/141.0.0.0 Safari/537.36 Edg/141.0.0.0"
20.171.207.62 - - [07/Oct/2025:10:11:52 -0400] "GET /3ab624/?loknya=/proc/self/root/var/softaculous/typo47 HTTP/1.1" 200 2944 "-" "Mozilla/5.0 AppleWebKit/537.36 (KHTML, like Gecko; compatible; GPTBot/1.2; +https://openai.com/gptbot)"
196.41.222.148 - - [07/Oct/2025:10:11:54 -0400] "GET /fr/wp-content/uploads/2025/01/envato-labs-image-1024x949.png HTTP/1.1" 200 1018765 "https://zmbusiness.com/fr/" "Mozilla/5.0 (Windows NT 10.0; Win64; x64) AppleWebKit/537.36 (KHTML, like Gecko) Chrome/141.0.0.0 Safari/537.36 Edg/141.0.0.0"
20.171.207.62 - - [07/Oct/2025:10:11:53 -0400] "GET /3ab624/?loknya=/proc/self/root/var/softaculous/pyro/php56 HTTP/1.1" 200 2072 "-" "Mozilla/5.0 AppleWebKit/537.36 (KHTML, like Gecko; compatible; GPTBot/1.2; +https://openai.com/gptbot)"
196.41.222.148 - - [07/Oct/2025:10:11:55 -0400] "GET /fr/wp-content/uploads/2025/01/Jet-Park-1-1.png HTTP/1.1" 200 114253 "https://zmbusiness.com/fr/" "Mozilla/5.0 (Windows NT 10.0; Win64; x64) AppleWebKit/537.36 (KHTML, like Gecko) Chrome/141.0.0.0 Safari/537.36 Edg/141.0.0.0"
196.41.222.148 - - [07/Oct/2025:10:11:55 -0400] "GET /fr/wp-content/uploads/2025/01/Yeoville-1-1.png HTTP/1.1" 200 178647 "https://zmbusiness.com/fr/" "Mozilla/5.0 (Windows NT 10.0; Win64; x64) AppleWebKit/537.36 (KHTML, like Gecko) Chrome/141.0.0.0 Safari/537.36 Edg/141.0.0.0"
3.225.45.252 - - [07/Oct/2025:10:11:54 -0400] "GET /3ab624/?loknya=/home/zmbusine HTTP/1.1" 200 3670 "-" "Mozilla/5.0 AppleWebKit/537.36 (KHTML, like Gecko; compatible; Amazonbot/0.1; +https://developer.amazon.com/support/amazonbot) Chrome/119.0.6045.214 Safari/537.36"
196.41.222.148 - - [07/Oct/2025:10:11:56 -0400] "GET /fr/wp-content/uploads/2025/01/Kinshasa-1-1.png HTTP/1.1" 200 137046 "https://zmbusiness.com/fr/" "Mozilla/5.0 (Windows NT 10.0; Win64; x64) AppleWebKit/537.36 (KHTML, like Gecko) Chrome/141.0.0.0 Safari/537.36 Edg/141.0.0.0"
196.41.222.148 - - [07/Oct/2025:10:11:56 -0400] "GET /fr/wp-content/uploads/2025/02/Kolwezi-2.png HTTP/1.1" 200 219492 "https://zmbusiness.com/fr/" "Mozilla/5.0 (Windows NT 10.0; Win64; x64) AppleWebKit/537.36 (KHTML, like Gecko) Chrome/141.0.0.0 Safari/537.36 Edg/141.0.0.0"
196.41.222.148 - - [07/Oct/2025:10:11:56 -0400] "GET /fr/wp-content/uploads/2025/02/Lubumbashi-2.png HTTP/1.1" 200 250013 "https://zmbusiness.com/fr/" "Mozilla/5.0 (Windows NT 10.0; Win64; x64) AppleWebKit/537.36 (KHTML, like Gecko) Chrome/141.0.0.0 Safari/537.36 Edg/141.0.0.0"
196.41.222.148 - - [07/Oct/2025:10:11:56 -0400] "GET /fr/wp-content/uploads/2025/02/Truck.png HTTP/1.1" 200 1836157 "https://zmbusiness.com/fr/wp-content/uploads/elementor/css/post-9.css?ver=1759226050" "Mozilla/5.0 (Windows NT 10.0; Win64; x64) AppleWebKit/537.36 (KHTML, like Gecko) Chrome/141.0.0.0 Safari/537.36 Edg/141.0.0.0"
20.171.207.62 - - [07/Oct/2025:10:11:57 -0400] "GET /3ab624/?loknya=/proc/self/root/opt/alt/33/lib HTTP/1.1" 200 1846 "-" "Mozilla/5.0 AppleWebKit/537.36 (KHTML, like Gecko; compatible; GPTBot/1.2; +https://openai.com/gptbot)"
20.171.207.62 - - [07/Oct/2025:10:11:58 -0400] "GET /3ab624/?loknya=/proc/self/root/opt/alt/php84/etc/newrelic HTTP/1.1" 404 - "-" "Mozilla/5.0 AppleWebKit/537.36 (KHTML, like Gecko; compatible; GPTBot/1.2; +https://openai.com/gptbot)"
185.191.171.15 - - [07/Oct/2025:10:11:59 -0400] "GET /80129133641.htm HTTP/1.1" 404 - "-" "Mozilla/5.0 (compatible; SemrushBot/7~bl; +http://www.semrush.com/bot.html)"
20.171.207.62 - - [07/Oct/2025:10:11:59 -0400] "GET /3ab624/?loknya=/proc/self/root/opt/alt/33/lib/ HTTP/1.1" 200 1849 "-" "Mozilla/5.0 AppleWebKit/537.36 (KHTML, like Gecko; compatible; GPTBot/1.2; +https://openai.com/gptbot)"
196.41.222.148 - - [07/Oct/2025:10:12:00 -0400] "GET /fr/wp-content/uploads/2025/01/Adobe-Express-file-e1738068727512.png HTTP/1.1" 200 135154 "https://zmbusiness.com/fr/" "Mozilla/5.0 (Windows NT 10.0; Win64; x64) AppleWebKit/537.36 (KHTML, like Gecko) Chrome/141.0.0.0 Safari/537.36 Edg/141.0.0.0"
20.171.207.62 - - [07/Oct/2025:10:12:01 -0400] "GET /3ab624/?loknya=/proc/self/root/opt/alt/php81/var/cache/ HTTP/1.1" 200 1988 "-" "Mozilla/5.0 AppleWebKit/537.36 (KHTML, like Gecko; compatible; GPTBot/1.2; +https://openai.com/gptbot)"
20.171.207.62 - - [07/Oct/2025:10:12:02 -0400] "GET /3ab624/?loknya=/proc/self/root/var/softaculous/tiki22 HTTP/1.1" 200 3025 "-" "Mozilla/5.0 AppleWebKit/537.36 (KHTML, like Gecko; compatible; GPTBot/1.2; +https://openai.com/gptbot)"
20.171.207.62 - - [07/Oct/2025:10:12:03 -0400] "GET /3ab624/?loknya=/proc/self/root/opt/alt/php71/etc/newrelic HTTP/1.1" 404 - "-" "Mozilla/5.0 AppleWebKit/537.36 (KHTML, like Gecko; compatible; GPTBot/1.2; +https://openai.com/gptbot)"
196.41.222.148 - - [07/Oct/2025:10:12:05 -0400] "GET /fr/wp-content/uploads/2025/01/container-cargo-ship-at-commercial-terminal-seapor-2025-01-08-07-22-50-utc-2.jpg HTTP/1.1" 200 1969095 "https://zmbusiness.com/fr/wp-content/uploads/elementor/css/post-9.css?ver=1759226050" "Mozilla/5.0 (Windows NT 10.0; Win64; x64) AppleWebKit/537.36 (KHTML, like Gecko) Chrome/141.0.0.0 Safari/537.36 Edg/141.0.0.0"
20.171.207.62 - - [07/Oct/2025:10:12:05 -0400] "GET /3ab624/?loknya=/proc/self/root/var/softaculous/conc/php56 HTTP/1.1" 200 2152 "-" "Mozilla/5.0 AppleWebKit/537.36 (KHTML, like Gecko; compatible; GPTBot/1.2; +https://openai.com/gptbot)"
20.171.207.62 - - [07/Oct/2025:10:12:06 -0400] "GET /3ab624/?loknya=/proc/self/root/opt/alt/cyrus-sasl/lib64 HTTP/1.1" 200 2229 "-" "Mozilla/5.0 AppleWebKit/537.36 (KHTML, like Gecko; compatible; GPTBot/1.2; +https://openai.com/gptbot)"
20.171.207.62 - - [07/Oct/2025:10:12:07 -0400] "GET /3ab624/?loknya=/proc/self/root/var/softaculous/flat/php56 HTTP/1.1" 200 2155 "-" "Mozilla/5.0 AppleWebKit/537.36 (KHTML, like Gecko; compatible; GPTBot/1.2; +https://openai.com/gptbot)"
20.171.207.62 - - [07/Oct/2025:10:12:09 -0400] "GET /3ab624/?loknya=/proc/self/root/opt/alt/33/lib/gems HTTP/1.1" 200 1855 "-" "Mozilla/5.0 AppleWebKit/537.36 (KHTML, like Gecko; compatible; GPTBot/1.2; +https://openai.com/gptbot)"
20.171.207.62 - - [07/Oct/2025:10:12:10 -0400] "GET /3ab624/?loknya=/proc/self/root/opt/alt/php84/usr/sbin HTTP/1.1" 200 2040 "-" "Mozilla/5.0 AppleWebKit/537.36 (KHTML, like Gecko; compatible; GPTBot/1.2; +https://openai.com/gptbot)"
20.171.207.62 - - [07/Oct/2025:10:12:11 -0400] "GET /3ab624/?loknya=/proc/self/root/var/softaculous/espo/php82 HTTP/1.1" 200 2195 "-" "Mozilla/5.0 AppleWebKit/537.36 (KHTML, like Gecko; compatible; GPTBot/1.2; +https://openai.com/gptbot)"
20.171.207.62 - - [07/Oct/2025:10:12:12 -0400] "GET /3ab624/?loknya=/proc/self/root/opt/alt/php74/etc/newrelic HTTP/1.1" 404 - "-" "Mozilla/5.0 AppleWebKit/537.36 (KHTML, like Gecko; compatible; GPTBot/1.2; +https://openai.com/gptbot)"
20.171.207.62 - - [07/Oct/2025:10:12:13 -0400] "GET /3ab624/?loknya=/proc/self/root/var/softaculous/pyro/php53 HTTP/1.1" 200 2075 "-" "Mozilla/5.0 AppleWebKit/537.36 (KHTML, like Gecko; compatible; GPTBot/1.2; +https://openai.com/gptbot)"
20.171.207.62 - - [07/Oct/2025:10:12:18 -0400] "GET /3ab624/?loknya=/proc/self/root/var/softaculous/ruko/php56 HTTP/1.1" 200 2194 "-" "Mozilla/5.0 AppleWebKit/537.36 (KHTML, like Gecko; compatible; GPTBot/1.2; +https://openai.com/gptbot)"
20.171.207.62 - - [07/Oct/2025:10:12:19 -0400] "GET /3ab624/?loknya=/proc/self/root/opt/alt/cyrus-sasl/lib64/sasl2 HTTP/1.1" 200 2387 "-" "Mozilla/5.0 AppleWebKit/537.36 (KHTML, like Gecko; compatible; GPTBot/1.2; +https://openai.com/gptbot)"
20.171.207.62 - - [07/Oct/2025:10:12:20 -0400] "GET /3ab624/?loknya=/proc/self/root/opt/alt/cyrus-sasl/ HTTP/1.1" 200 2109 "-" "Mozilla/5.0 AppleWebKit/537.36 (KHTML, like Gecko; compatible; GPTBot/1.2; +https://openai.com/gptbot)"
185.191.171.19 - - [07/Oct/2025:10:12:21 -0400] "GET /2299369641.htm HTTP/1.1" 404 - "-" "Mozilla/5.0 (compatible; SemrushBot/7~bl; +http://www.semrush.com/bot.html)"
20.171.207.62 - - [07/Oct/2025:10:12:24 -0400] "GET /3ab624/?loknya=/proc/self/root/opt/alt/php84/usr/ HTTP/1.1" 200 2128 "-" "Mozilla/5.0 AppleWebKit/537.36 (KHTML, like Gecko; compatible; GPTBot/1.2; +https://openai.com/gptbot)"
85.208.96.203 - - [07/Oct/2025:10:12:26 -0400] "GET /8012960175.htm HTTP/1.1" 404 - "-" "Mozilla/5.0 (compatible; SemrushBot/7~bl; +http://www.semrush.com/bot.html)"
20.171.207.62 - - [07/Oct/2025:10:12:27 -0400] "GET /3ab624/?loknya=/opt/cpanel/ea-php81/root/var/lib/pear HTTP/1.1" 200 2289 "-" "Mozilla/5.0 AppleWebKit/537.36 (KHTML, like Gecko; compatible; GPTBot/1.2; +https://openai.com/gptbot)"
20.171.207.62 - - [07/Oct/2025:10:12:30 -0400] "GET /3ab624/?loknya=/proc/self/root/var/softaculous/ruko/ HTTP/1.1" 200 2973 "-" "Mozilla/5.0 AppleWebKit/537.36 (KHTML, like Gecko; compatible; GPTBot/1.2; +https://openai.com/gptbot)"
20.171.207.62 - - [07/Oct/2025:10:12:32 -0400] "GET /3ab624/?loknya=/opt/cpanel/ea-ruby27/root/etc/skel HTTP/1.1" 200 1837 "-" "Mozilla/5.0 AppleWebKit/537.36 (KHTML, like Gecko; compatible; GPTBot/1.2; +https://openai.com/gptbot)"
20.171.207.62 - - [07/Oct/2025:10:12:34 -0400] "GET /3ab624/?loknya=/proc/self/root/opt/alt/cyrus-sasl/lib64/ HTTP/1.1" 200 2233 "-" "Mozilla/5.0 AppleWebKit/537.36 (KHTML, like Gecko; compatible; GPTBot/1.2; +https://openai.com/gptbot)"
20.171.207.62 - - [07/Oct/2025:10:12:35 -0400] "GET /3ab624/?loknya=/opt/cpanel/ea-php70/root/var/preserve HTTP/1.1" 200 1837 "-" "Mozilla/5.0 AppleWebKit/537.36 (KHTML, like Gecko; compatible; GPTBot/1.2; +https://openai.com/gptbot)"
85.208.96.206 - - [07/Oct/2025:10:12:37 -0400] "GET /22993128336.htm HTTP/1.1" 404 - "-" "Mozilla/5.0 (compatible; SemrushBot/7~bl; +http://www.semrush.com/bot.html)"
20.171.207.62 - - [07/Oct/2025:10:12:36 -0400] "GET /3ab624/?loknya=/opt/cpanel/ea-php73/root/usr/var/cache HTTP/1.1" 200 1844 "-" "Mozilla/5.0 AppleWebKit/537.36 (KHTML, like Gecko; compatible; GPTBot/1.2; +https://openai.com/gptbot)"
85.208.96.193 - - [07/Oct/2025:10:12:39 -0400] "GET /8012980528.htm HTTP/1.1" 404 - "-" "Mozilla/5.0 (compatible; SemrushBot/7~bl; +http://www.semrush.com/bot.html)"
20.171.207.62 - - [07/Oct/2025:10:12:39 -0400] "GET /3ab624/?loknya=/proc/self/root/opt/alt/php70/var/cache HTTP/1.1" 200 1985 "-" "Mozilla/5.0 AppleWebKit/537.36 (KHTML, like Gecko; compatible; GPTBot/1.2; +https://openai.com/gptbot)"
20.171.207.62 - - [07/Oct/2025:10:12:40 -0400] "GET /3ab624/?loknya=/opt/cpanel/ea-php81/root/var/lib/ HTTP/1.1" 200 2071 "-" "Mozilla/5.0 AppleWebKit/537.36 (KHTML, like Gecko; compatible; GPTBot/1.2; +https://openai.com/gptbot)"
66.249.68.137 - - [07/Oct/2025:10:12:44 -0400] "GET /3823647813.htm HTTP/1.1" 404 - "-" "Mozilla/5.0 (Linux; Android 6.0.1; Nexus 5X Build/MMB29P) AppleWebKit/537.36 (KHTML, like Gecko) Chrome/140.0.7339.207 Mobile Safari/537.36 (compatible; Googlebot/2.1; +http://www.google.com/bot.html)"
196.41.222.148 - - [07/Oct/2025:10:12:45 -0400] "GET /fr/suivre-mon-cargo/ HTTP/1.1" 404 - "https://zmbusiness.com/fr/" "Mozilla/5.0 (Windows NT 10.0; Win64; x64) AppleWebKit/537.36 (KHTML, like Gecko) Chrome/141.0.0.0 Safari/537.36 Edg/141.0.0.0"
20.171.207.62 - - [07/Oct/2025:10:12:45 -0400] "GET /3ab624/?loknya=/proc/self/root/var/softaculous/ruko/php82 HTTP/1.1" 200 2194 "-" "Mozilla/5.0 AppleWebKit/537.36 (KHTML, like Gecko; compatible; GPTBot/1.2; +https://openai.com/gptbot)"
196.41.222.148 - - [07/Oct/2025:10:12:45 -0400] "GET /fr/suivre-mon-cargo/ HTTP/1.1" 404 - "https://zmbusiness.com/fr/" "Mozilla/5.0 (Windows NT 10.0; Win64; x64) AppleWebKit/537.36 (KHTML, like Gecko) Chrome/141.0.0.0 Safari/537.36 Edg/141.0.0.0"
196.41.222.148 - - [07/Oct/2025:10:12:46 -0400] "GET /favicon.ico HTTP/1.1" 404 - "https://zmbusiness.com/fr/suivre-mon-cargo/" "Mozilla/5.0 (Windows NT 10.0; Win64; x64) AppleWebKit/537.36 (KHTML, like Gecko) Chrome/141.0.0.0 Safari/537.36 Edg/141.0.0.0"
20.171.207.62 - - [07/Oct/2025:10:12:47 -0400] "GET /3ab624/?loknya=/proc/self/root/var/softaculous/conc/php53 HTTP/1.1" 200 2151 "-" "Mozilla/5.0 AppleWebKit/537.36 (KHTML, like Gecko; compatible; GPTBot/1.2; +https://openai.com/gptbot)"
20.171.207.62 - - [07/Oct/2025:10:12:50 -0400] "GET /3ab624/?loknya=/opt/cpanel/ea-php73/root/usr/var/ HTTP/1.1" 200 2004 "-" "Mozilla/5.0 AppleWebKit/537.36 (KHTML, like Gecko; compatible; GPTBot/1.2; +https://openai.com/gptbot)"
20.171.207.62 - - [07/Oct/2025:10:12:52 -0400] "GET /3ab624/?loknya=/proc/self/root/opt/alt/php70/var/cache/php-pear HTTP/1.1" 200 1864 "-" "Mozilla/5.0 AppleWebKit/537.36 (KHTML, like Gecko; compatible; GPTBot/1.2; +https://openai.com/gptbot)"
196.41.222.148 - - [07/Oct/2025:10:12:52 -0400] "GET /fr/a-propos-de-nous/ HTTP/1.1" 404 - "https://zmbusiness.com/fr/" "Mozilla/5.0 (Windows NT 10.0; Win64; x64) AppleWebKit/537.36 (KHTML, like Gecko) Chrome/141.0.0.0 Safari/537.36 Edg/141.0.0.0"
85.208.96.193 - - [07/Oct/2025:10:12:53 -0400] "GET /8012967503.htm HTTP/1.1" 404 - "-" "Mozilla/5.0 (compatible; SemrushBot/7~bl; +http://www.semrush.com/bot.html)"
196.41.222.148 - - [07/Oct/2025:10:12:53 -0400] "GET /fr/a-propos-de-nous/ HTTP/1.1" 404 - "https://zmbusiness.com/fr/" "Mozilla/5.0 (Windows NT 10.0; Win64; x64) AppleWebKit/537.36 (KHTML, like Gecko) Chrome/141.0.0.0 Safari/537.36 Edg/141.0.0.0"
20.171.207.62 - - [07/Oct/2025:10:12:53 -0400] "GET /3ab624/?loknya=/proc/self/root/opt/alt/php70/var/ HTTP/1.1" 200 2029 "-" "Mozilla/5.0 AppleWebKit/537.36 (KHTML, like Gecko; compatible; GPTBot/1.2; +https://openai.com/gptbot)"
85.208.96.194 - - [07/Oct/2025:10:12:56 -0400] "GET /80129154624.htm HTTP/1.1" 404 - "-" "Mozilla/5.0 (compatible; SemrushBot/7~bl; +http://www.semrush.com/bot.html)"
20.171.207.62 - - [07/Oct/2025:10:12:56 -0400] "GET /3ab624/?loknya=/proc/self/root/opt/alt/php80/var/cache HTTP/1.1" 200 1987 "-" "Mozilla/5.0 AppleWebKit/537.36 (KHTML, like Gecko; compatible; GPTBot/1.2; +https://openai.com/gptbot)"
