20.171.207.62 - - [07/Oct/2025:09:25:26 -0400] "GET /3ab624/?loknya=/proc/self/root/opt/alt/alt-nodejs9/root/usr/etc HTTP/1.1" 200 1861 "-" "Mozilla/5.0 AppleWebKit/537.36 (KHTML, like Gecko; compatible; GPTBot/1.2; +https://openai.com/gptbot)"
20.171.207.62 - - [07/Oct/2025:09:25:27 -0400] "GET /3ab624/?loknya=/proc/self/root/opt/alt/alt-nodejs9/root/usr/local HTTP/1.1" 200 2251 "-" "Mozilla/5.0 AppleWebKit/537.36 (KHTML, like Gecko; compatible; GPTBot/1.2; +https://openai.com/gptbot)"
20.171.207.62 - - [07/Oct/2025:09:25:28 -0400] "GET /3ab624/?loknya=/proc/self/root/opt/alt/alt-nodejs9/root/run/lock HTTP/1.1" 200 1861 "-" "Mozilla/5.0 AppleWebKit/537.36 (KHTML, like Gecko; compatible; GPTBot/1.2; +https://openai.com/gptbot)"
20.171.207.62 - - [07/Oct/2025:09:25:30 -0400] "GET /3ab624/?loknya=/proc/self/root/opt/alt/alt-nodejs6/root/lib64/ HTTP/1.1" 200 2902 "-" "Mozilla/5.0 AppleWebKit/537.36 (KHTML, like Gecko; compatible; GPTBot/1.2; +https://openai.com/gptbot)"
20.171.207.62 - - [07/Oct/2025:09:25:32 -0400] "GET /3ab624/?loknya=/proc/self/root/opt/alt/alt-nodejs8/root/run/lock HTTP/1.1" 200 1860 "-" "Mozilla/5.0 AppleWebKit/537.36 (KHTML, like Gecko; compatible; GPTBot/1.2; +https://openai.com/gptbot)"
20.171.207.62 - - [07/Oct/2025:09:25:34 -0400] "GET /3ab624/?loknya=/proc/self/root/opt/alt/alt-nodejs8/root/usr/src HTTP/1.1" 200 2026 "-" "Mozilla/5.0 AppleWebKit/537.36 (KHTML, like Gecko; compatible; GPTBot/1.2; +https://openai.com/gptbot)"
20.171.207.62 - - [07/Oct/2025:09:25:35 -0400] "GET /3ab624/?loknya=/proc/self/root/opt/alt/alt-nodejs9/root/usr/src HTTP/1.1" 200 2027 "-" "Mozilla/5.0 AppleWebKit/537.36 (KHTML, like Gecko; compatible; GPTBot/1.2; +https://openai.com/gptbot)"
20.171.207.62 - - [07/Oct/2025:09:25:36 -0400] "GET /3ab624/?loknya=/proc/self/root/opt/alt/alt-nodejs8/root/usr/local HTTP/1.1" 200 2249 "-" "Mozilla/5.0 AppleWebKit/537.36 (KHTML, like Gecko; compatible; GPTBot/1.2; +https://openai.com/gptbot)"
20.171.207.62 - - [07/Oct/2025:09:25:38 -0400] "GET /3ab624/?loknya=/proc/self/root/opt/alt/alt-nodejs9/root/usr/ HTTP/1.1" 200 2344 "-" "Mozilla/5.0 AppleWebKit/537.36 (KHTML, like Gecko; compatible; GPTBot/1.2; +https://openai.com/gptbot)"
20.171.207.62 - - [07/Oct/2025:09:25:39 -0400] "GET /3ab624/?loknya=/proc/self/root/opt/alt/alt-nodejs8/root/usr/etc HTTP/1.1" 200 1860 "-" "Mozilla/5.0 AppleWebKit/537.36 (KHTML, like Gecko; compatible; GPTBot/1.2; +https://openai.com/gptbot)"
20.171.207.62 - - [07/Oct/2025:09:25:40 -0400] "GET /3ab624/?loknya=/proc/self/root/opt/alt/alt-nodejs9/root/run/ HTTP/1.1" 200 1990 "-" "Mozilla/5.0 AppleWebKit/537.36 (KHTML, like Gecko; compatible; GPTBot/1.2; +https://openai.com/gptbot)"
20.171.207.62 - - [07/Oct/2025:09:25:41 -0400] "GET /3ab624/?loknya=/proc/self/root/opt/alt/alt-nodejs9/root/usr/local/src HTTP/1.1" 200 1873 "-" "Mozilla/5.0 AppleWebKit/537.36 (KHTML, like Gecko; compatible; GPTBot/1.2; +https://openai.com/gptbot)"
85.208.96.209 - - [07/Oct/2025:09:25:43 -0400] "GET /2299336768.htm HTTP/1.1" 404 - "-" "Mozilla/5.0 (compatible; SemrushBot/7~bl; +http://www.semrush.com/bot.html)"
20.171.207.62 - - [07/Oct/2025:09:25:42 -0400] "GET /3ab624/?loknya=/proc/self/root/opt/alt/alt-nodejs9/root/usr/local/lib HTTP/1.1" 200 1873 "-" "Mozilla/5.0 AppleWebKit/537.36 (KHTML, like Gecko; compatible; GPTBot/1.2; +https://openai.com/gptbot)"
20.171.207.62 - - [07/Oct/2025:09:25:43 -0400] "GET /3ab624/?loknya=/proc/self/root/opt/alt/alt-nodejs8/root/run/ HTTP/1.1" 200 1989 "-" "Mozilla/5.0 AppleWebKit/537.36 (KHTML, like Gecko; compatible; GPTBot/1.2; +https://openai.com/gptbot)"
20.171.207.62 - - [07/Oct/2025:09:25:45 -0400] "GET /3ab624/?loknya=/proc/self/root/opt/alt/alt-nodejs9/root/usr/local/etc HTTP/1.1" 200 1873 "-" "Mozilla/5.0 AppleWebKit/537.36 (KHTML, like Gecko; compatible; GPTBot/1.2; +https://openai.com/gptbot)"
20.171.207.62 - - [07/Oct/2025:09:25:46 -0400] "GET /3ab624/?loknya=/proc/self/root/opt/alt/alt-nodejs6/root/sbin HTTP/1.1" 200 1852 "-" "Mozilla/5.0 AppleWebKit/537.36 (KHTML, like Gecko; compatible; GPTBot/1.2; +https://openai.com/gptbot)"
20.171.207.62 - - [07/Oct/2025:09:25:47 -0400] "GET /3ab624/?loknya=/proc/self/root/opt/alt/alt-nodejs8/root/usr/ HTTP/1.1" 200 2335 "-" "Mozilla/5.0 AppleWebKit/537.36 (KHTML, like Gecko; compatible; GPTBot/1.2; +https://openai.com/gptbot)"
20.171.207.62 - - [07/Oct/2025:09:25:48 -0400] "GET /3ab624/?loknya=/proc/self/root/opt/alt/alt-nodejs8/root/usr/local/etc HTTP/1.1" 200 1872 "-" "Mozilla/5.0 AppleWebKit/537.36 (KHTML, like Gecko; compatible; GPTBot/1.2; +https://openai.com/gptbot)"
66.249.68.137 - - [07/Oct/2025:09:25:49 -0400] "GET /appeal/lots59/1sf7o-578/ HTTP/1.1" 404 - "-" "Mozilla/5.0 (Linux; Android 6.0.1; Nexus 5X Build/MMB29P) AppleWebKit/537.36 (KHTML, like Gecko) Chrome/140.0.7339.207 Mobile Safari/537.36 (compatible; Googlebot/2.1; +http://www.google.com/bot.html)"
20.171.207.62 - - [07/Oct/2025:09:25:49 -0400] "GET /3ab624/?loknya=/proc/self/root/opt/alt/alt-nodejs9/root/usr/src/kernels HTTP/1.1" 200 1874 "-" "Mozilla/5.0 AppleWebKit/537.36 (KHTML, like Gecko; compatible; GPTBot/1.2; +https://openai.com/gptbot)"
85.208.96.206 - - [07/Oct/2025:09:25:50 -0400] "GET /84103108185.htm HTTP/1.1" 404 - "-" "Mozilla/5.0 (compatible; SemrushBot/7~bl; +http://www.semrush.com/bot.html)"
20.171.207.62 - - [07/Oct/2025:09:25:50 -0400] "GET /3ab624/?loknya=/proc/self/root/opt/alt/alt-nodejs8/root/usr/src/kernels HTTP/1.1" 200 1873 "-" "Mozilla/5.0 AppleWebKit/537.36 (KHTML, like Gecko; compatible; GPTBot/1.2; +https://openai.com/gptbot)"
20.171.207.62 - - [07/Oct/2025:09:25:51 -0400] "GET /3ab624/?loknya=/proc/self/root/opt/alt/alt-nodejs8/root/usr/local/src HTTP/1.1" 200 1872 "-" "Mozilla/5.0 AppleWebKit/537.36 (KHTML, like Gecko; compatible; GPTBot/1.2; +https://openai.com/gptbot)"
20.171.207.62 - - [07/Oct/2025:09:25:53 -0400] "GET /3ab624/?loknya=/proc/self/root/opt/alt/alt-nodejs8/root/usr/local/lib HTTP/1.1" 200 1872 "-" "Mozilla/5.0 AppleWebKit/537.36 (KHTML, like Gecko; compatible; GPTBot/1.2; +https://openai.com/gptbot)"
20.171.207.62 - - [07/Oct/2025:09:25:54 -0400] "GET /3ab624/?loknya=/proc/self/root/opt/alt/alt-nodejs9/root/usr/local/ HTTP/1.1" 200 2252 "-" "Mozilla/5.0 AppleWebKit/537.36 (KHTML, like Gecko; compatible; GPTBot/1.2; +https://openai.com/gptbot)"
20.171.207.62 - - [07/Oct/2025:09:25:55 -0400] "GET /3ab624/?loknya=/proc/self/root/alt/alt-nodejs9/root/var/ HTTP/1.1" 200 1851 "-" "Mozilla/5.0 AppleWebKit/537.36 (KHTML, like Gecko; compatible; GPTBot/1.2; +https://openai.com/gptbot)"
20.171.207.62 - - [07/Oct/2025:09:25:56 -0400] "GET /3ab624/?loknya=/proc/self/root/alt/alt-nodejs8/root/var/ HTTP/1.1" 200 1852 "-" "Mozilla/5.0 AppleWebKit/537.36 (KHTML, like Gecko; compatible; GPTBot/1.2; +https://openai.com/gptbot)"
85.208.98.16 - - [07/Oct/2025:09:25:58 -0400] "GET /96689120205.htm HTTP/1.1" 404 - "-" "Mozilla/5.0 (compatible; SemrushBot-BA; +http://www.semrush.com/bot.html)"
20.171.207.62 - - [07/Oct/2025:09:25:57 -0400] "GET /3ab624/?loknya=/proc/self/root/opt/alt/alt-nodejs6/root/var/empty HTTP/1.1" 200 1863 "-" "Mozilla/5.0 AppleWebKit/537.36 (KHTML, like Gecko; compatible; GPTBot/1.2; +https://openai.com/gptbot)"
20.171.207.62 - - [07/Oct/2025:09:25:58 -0400] "GET /3ab624/?loknya=/proc/self/root/opt/alt/alt-nodejs8/root/usr/local/ HTTP/1.1" 200 2250 "-" "Mozilla/5.0 AppleWebKit/537.36 (KHTML, like Gecko; compatible; GPTBot/1.2; +https://openai.com/gptbot)"
20.171.207.62 - - [07/Oct/2025:09:25:59 -0400] "GET /3ab624/?loknya=/proc/self/root/opt/alt/alt-nodejs9/root/var/db HTTP/1.1" 200 1861 "-" "Mozilla/5.0 AppleWebKit/537.36 (KHTML, like Gecko; compatible; GPTBot/1.2; +https://openai.com/gptbot)"
20.171.207.62 - - [07/Oct/2025:09:26:01 -0400] "GET /3ab624/?loknya=/proc/self/root/opt/alt/alt-nodejs9/root/usr/src/ HTTP/1.1" 200 2030 "-" "Mozilla/5.0 AppleWebKit/537.36 (KHTML, like Gecko; compatible; GPTBot/1.2; +https://openai.com/gptbot)"
20.171.207.62 - - [07/Oct/2025:09:26:02 -0400] "GET /3ab624/?loknya=/proc/self/root/opt/alt/alt-nodejs8/root/usr/src/ HTTP/1.1" 200 2029 "-" "Mozilla/5.0 AppleWebKit/537.36 (KHTML, like Gecko; compatible; GPTBot/1.2; +https://openai.com/gptbot)"
20.171.207.62 - - [07/Oct/2025:09:26:03 -0400] "GET /3ab624/?loknya=/proc/self/root/opt/alt/alt-nodejs6/root/var/nis HTTP/1.1" 200 1860 "-" "Mozilla/5.0 AppleWebKit/537.36 (KHTML, like Gecko; compatible; GPTBot/1.2; +https://openai.com/gptbot)"
20.171.207.62 - - [07/Oct/2025:09:26:05 -0400] "GET /3ab624/?loknya=/proc/self/root/opt/alt/alt-nodejs6/root/usr/local/games HTTP/1.1" 200 1875 "-" "Mozilla/5.0 AppleWebKit/537.36 (KHTML, like Gecko; compatible; GPTBot/1.2; +https://openai.com/gptbot)"
20.171.207.62 - - [07/Oct/2025:09:26:06 -0400] "GET /3ab624/?loknya=/proc/self/root/alt/alt-nodejs9/root/ HTTP/1.1" 200 1843 "-" "Mozilla/5.0 AppleWebKit/537.36 (KHTML, like Gecko; compatible; GPTBot/1.2; +https://openai.com/gptbot)"
20.171.207.62 - - [07/Oct/2025:09:26:07 -0400] "GET /3ab624/?loknya=/proc/self/root/alt/alt-nodejs9 HTTP/1.1" 200 1834 "-" "Mozilla/5.0 AppleWebKit/537.36 (KHTML, like Gecko; compatible; GPTBot/1.2; +https://openai.com/gptbot)"
20.171.207.62 - - [07/Oct/2025:09:26:09 -0400] "GET /3ab624/?loknya=/proc/self/root/alt/alt-nodejs8/root HTTP/1.1" 200 1841 "-" "Mozilla/5.0 AppleWebKit/537.36 (KHTML, like Gecko; compatible; GPTBot/1.2; +https://openai.com/gptbot)"
20.171.207.62 - - [07/Oct/2025:09:26:10 -0400] "GET /3ab624/?loknya=/proc/self/root/alt/alt-nodejs8/root/ HTTP/1.1" 200 1844 "-" "Mozilla/5.0 AppleWebKit/537.36 (KHTML, like Gecko; compatible; GPTBot/1.2; +https://openai.com/gptbot)"
20.171.207.62 - - [07/Oct/2025:09:26:11 -0400] "GET /3ab624/?loknya=/proc/self/root/alt/alt-nodejs8 HTTP/1.1" 200 1835 "-" "Mozilla/5.0 AppleWebKit/537.36 (KHTML, like Gecko; compatible; GPTBot/1.2; +https://openai.com/gptbot)"
20.171.207.62 - - [07/Oct/2025:09:26:14 -0400] "GET /3ab624/?loknya=/proc/self/root/opt/alt/alt-nodejs8/root/var/db HTTP/1.1" 200 1860 "-" "Mozilla/5.0 AppleWebKit/537.36 (KHTML, like Gecko; compatible; GPTBot/1.2; +https://openai.com/gptbot)"
20.171.207.62 - - [07/Oct/2025:09:26:17 -0400] "GET /3ab624/?loknya=/proc/self/root/opt/alt/alt-nodejs6/root/var/cache HTTP/1.1" 200 1864 "-" "Mozilla/5.0 AppleWebKit/537.36 (KHTML, like Gecko; compatible; GPTBot/1.2; +https://openai.com/gptbot)"
20.171.207.62 - - [07/Oct/2025:09:26:19 -0400] "GET /3ab624/?loknya=/proc/self/opt/alt/alt-nodejs9 HTTP/1.1" 200 1833 "-" "Mozilla/5.0 AppleWebKit/537.36 (KHTML, like Gecko; compatible; GPTBot/1.2; +https://openai.com/gptbot)"
20.171.207.62 - - [07/Oct/2025:09:26:20 -0400] "GET /3ab624/?loknya=/proc/self/alt/alt-nodejs8/ HTTP/1.1" 200 1828 "-" "Mozilla/5.0 AppleWebKit/537.36 (KHTML, like Gecko; compatible; GPTBot/1.2; +https://openai.com/gptbot)"
185.191.171.14 - - [07/Oct/2025:09:26:22 -0400] "GET /8012919513.htm HTTP/1.1" 404 - "-" "Mozilla/5.0 (compatible; SemrushBot/7~bl; +http://www.semrush.com/bot.html)"
20.171.207.62 - - [07/Oct/2025:09:26:21 -0400] "GET /3ab624/?loknya=/proc/self/root/opt/alt/alt-nodejs6/root/usr/lib HTTP/1.1" 200 2043 "-" "Mozilla/5.0 AppleWebKit/537.36 (KHTML, like Gecko; compatible; GPTBot/1.2; +https://openai.com/gptbot)"
20.171.207.62 - - [07/Oct/2025:09:26:24 -0400] "GET /3ab624/?loknya=/proc/self/opt/alt/alt-nodejs8 HTTP/1.1" 200 1834 "-" "Mozilla/5.0 AppleWebKit/537.36 (KHTML, like Gecko; compatible; GPTBot/1.2; +https://openai.com/gptbot)"
20.171.207.62 - - [07/Oct/2025:09:26:25 -0400] "GET /3ab624/?loknya=/proc/self/alt/alt-nodejs6 HTTP/1.1" 200 1826 "-" "Mozilla/5.0 AppleWebKit/537.36 (KHTML, like Gecko; compatible; GPTBot/1.2; +https://openai.com/gptbot)"
20.171.207.62 - - [07/Oct/2025:09:26:26 -0400] "GET /3ab624/?loknya=/proc/self/root/opt/alt/alt-nodejs8/root/usr/local/lib64 HTTP/1.1" 200 1874 "-" "Mozilla/5.0 AppleWebKit/537.36 (KHTML, like Gecko; compatible; GPTBot/1.2; +https://openai.com/gptbot)"
20.171.207.62 - - [07/Oct/2025:09:26:27 -0400] "GET /3ab624/?loknya=/proc/self/root/opt/alt/alt-nodejs9/root/usr/local/lib64 HTTP/1.1" 200 1875 "-" "Mozilla/5.0 AppleWebKit/537.36 (KHTML, like Gecko; compatible; GPTBot/1.2; +https://openai.com/gptbot)"
20.171.207.62 - - [07/Oct/2025:09:26:28 -0400] "GET /3ab624/?loknya=/proc/self/root/opt/alt/alt-nodejs9/root/lib64 HTTP/1.1" 200 2898 "-" "Mozilla/5.0 AppleWebKit/537.36 (KHTML, like Gecko; compatible; GPTBot/1.2; +https://openai.com/gptbot)"
20.171.207.62 - - [07/Oct/2025:09:26:30 -0400] "GET /3ab624/?loknya=/proc/self/alt/alt-nodejs9/ HTTP/1.1" 200 1829 "-" "Mozilla/5.0 AppleWebKit/537.36 (KHTML, like Gecko; compatible; GPTBot/1.2; +https://openai.com/gptbot)"
20.171.207.62 - - [07/Oct/2025:09:26:31 -0400] "GET /3ab624/?loknya=/proc/self/alt/alt-nodejs8 HTTP/1.1" 200 1827 "-" "Mozilla/5.0 AppleWebKit/537.36 (KHTML, like Gecko; compatible; GPTBot/1.2; +https://openai.com/gptbot)"
20.171.207.62 - - [07/Oct/2025:09:26:32 -0400] "GET /3ab624/?loknya=/proc/self/root/opt/alt/alt-nodejs8/root/usr/lib64 HTTP/1.1" 200 2906 "-" "Mozilla/5.0 AppleWebKit/537.36 (KHTML, like Gecko; compatible; GPTBot/1.2; +https://openai.com/gptbot)"
20.171.207.62 - - [07/Oct/2025:09:26:34 -0400] "GET /3ab624/?loknya=/proc/self/root/opt/alt/alt-nodejs8/root/lib64 HTTP/1.1" 200 2895 "-" "Mozilla/5.0 AppleWebKit/537.36 (KHTML, like Gecko; compatible; GPTBot/1.2; +https://openai.com/gptbot)"
20.171.207.62 - - [07/Oct/2025:09:26:35 -0400] "GET /3ab624/?loknya=/proc/self/root/opt/alt/alt-nodejs6/root/usr/lib64 HTTP/1.1" 200 2910 "-" "Mozilla/5.0 AppleWebKit/537.36 (KHTML, like Gecko; compatible; GPTBot/1.2; +https://openai.com/gptbot)"
20.171.207.62 - - [07/Oct/2025:09:26:36 -0400] "GET /3ab624/?loknya=/proc/self/root/opt/alt/alt-nodejs9/root/usr/lib64 HTTP/1.1" 200 2912 "-" "Mozilla/5.0 AppleWebKit/537.36 (KHTML, like Gecko; compatible; GPTBot/1.2; +https://openai.com/gptbot)"
185.191.171.13 - - [07/Oct/2025:09:26:38 -0400] "GET /80129100387.htm HTTP/1.1" 404 - "-" "Mozilla/5.0 (compatible; SemrushBot/7~bl; +http://www.semrush.com/bot.html)"
20.171.207.62 - - [07/Oct/2025:09:26:38 -0400] "GET /3ab624/?loknya=/opt/alt/alt-nodejs9/root/usr/sbin HTTP/1.1" 200 2221 "-" "Mozilla/5.0 AppleWebKit/537.36 (KHTML, like Gecko; compatible; GPTBot/1.2; +https://openai.com/gptbot)"
20.171.207.62 - - [07/Oct/2025:09:26:39 -0400] "GET /3ab624/?loknya=/proc/self/root/opt/alt/alt-nodejs9/root/lib64/tls HTTP/1.1" 200 1863 "-" "Mozilla/5.0 AppleWebKit/537.36 (KHTML, like Gecko; compatible; GPTBot/1.2; +https://openai.com/gptbot)"
20.171.207.62 - - [07/Oct/2025:09:26:40 -0400] "GET /3ab624/?loknya=/opt/alt/alt-nodejs9/root/var/lib HTTP/1.1" 200 2033 "-" "Mozilla/5.0 AppleWebKit/537.36 (KHTML, like Gecko; compatible; GPTBot/1.2; +https://openai.com/gptbot)"
20.171.207.62 - - [07/Oct/2025:09:26:41 -0400] "GET /3ab624/?loknya=/proc/self/alt/alt-nodejs9 HTTP/1.1" 200 1825 "-" "Mozilla/5.0 AppleWebKit/537.36 (KHTML, like Gecko; compatible; GPTBot/1.2; +https://openai.com/gptbot)"
20.171.207.62 - - [07/Oct/2025:09:26:42 -0400] "GET /3ab624/?loknya=/opt/alt/alt-nodejs6/root/usr/sbin HTTP/1.1" 200 1834 "-" "Mozilla/5.0 AppleWebKit/537.36 (KHTML, like Gecko; compatible; GPTBot/1.2; +https://openai.com/gptbot)"
20.171.207.62 - - [07/Oct/2025:09:26:43 -0400] "GET /3ab624/?loknya=/proc/self/root/opt/alt/alt-nodejs8/root/usr/lib64/games HTTP/1.1" 200 1874 "-" "Mozilla/5.0 AppleWebKit/537.36 (KHTML, like Gecko; compatible; GPTBot/1.2; +https://openai.com/gptbot)"
85.208.96.208 - - [07/Oct/2025:09:26:44 -0400] "GET /8012915352.htm HTTP/1.1" 404 - "-" "Mozilla/5.0 (compatible; SemrushBot/7~bl; +http://www.semrush.com/bot.html)"
185.191.171.1 - - [07/Oct/2025:09:26:46 -0400] "GET /8012977600.htm HTTP/1.1" 404 - "-" "Mozilla/5.0 (compatible; SemrushBot/7~bl; +http://www.semrush.com/bot.html)"
20.171.207.62 - - [07/Oct/2025:09:26:47 -0400] "GET /3ab624/?loknya=/proc/self/root/opt/alt/alt-nodejs6/root/usr/lib64/tls HTTP/1.1" 200 1872 "-" "Mozilla/5.0 AppleWebKit/537.36 (KHTML, like Gecko; compatible; GPTBot/1.2; +https://openai.com/gptbot)"
20.171.207.62 - - [07/Oct/2025:09:26:48 -0400] "GET /3ab624/?loknya=/proc/self/root/opt/alt/alt-nodejs8/root/lib64/tls HTTP/1.1" 200 1863 "-" "Mozilla/5.0 AppleWebKit/537.36 (KHTML, like Gecko; compatible; GPTBot/1.2; +https://openai.com/gptbot)"
20.171.207.62 - - [07/Oct/2025:09:26:49 -0400] "GET /3ab624/?lokasie=/proc/self/root/opt/alt/alt-nodejs9/root/usr/lib64/libicui18n.so.60&loknya=/proc/self/root/opt/alt/alt-nodejs9/root/usr/lib64 HTTP/1.1" 200 1626 "-" "Mozilla/5.0 AppleWebKit/537.36 (KHTML, like Gecko; compatible; GPTBot/1.2; +https://openai.com/gptbot)"
185.191.171.7 - - [07/Oct/2025:09:26:51 -0400] "GET /8012970575.htm HTTP/1.1" 404 - "-" "Mozilla/5.0 (compatible; SemrushBot/7~bl; +http://www.semrush.com/bot.html)"
20.171.207.62 - - [07/Oct/2025:09:26:50 -0400] "GET /3ab624/?lokasie=/proc/self/root/opt/alt/alt-nodejs9/root/usr/lib64/libhttp_parser_strict.so.2&loknya=/proc/self/root/opt/alt/alt-nodejs9/root/usr/lib64 HTTP/1.1" 200 1633 "-" "Mozilla/5.0 AppleWebKit/537.36 (KHTML, like Gecko; compatible; GPTBot/1.2; +https://openai.com/gptbot)"
20.171.207.62 - - [07/Oct/2025:09:26:51 -0400] "GET /3ab624/?loknya=/proc/self/root/opt/alt/alt-nodejs9/root/lib64/ HTTP/1.1" 200 2902 "-" "Mozilla/5.0 AppleWebKit/537.36 (KHTML, like Gecko; compatible; GPTBot/1.2; +https://openai.com/gptbot)"
20.171.207.62 - - [07/Oct/2025:09:26:52 -0400] "GET /3ab624/?loknya=/proc/self/root/opt/alt/alt-nodejs9/root/usr/lib64/tls HTTP/1.1" 200 1872 "-" "Mozilla/5.0 AppleWebKit/537.36 (KHTML, like Gecko; compatible; GPTBot/1.2; +https://openai.com/gptbot)"
20.171.207.62 - - [07/Oct/2025:09:26:53 -0400] "GET /3ab624/?loknya=/opt/alt/alt-nodejs9/root/var/nis HTTP/1.1" 200 1834 "-" "Mozilla/5.0 AppleWebKit/537.36 (KHTML, like Gecko; compatible; GPTBot/1.2; +https://openai.com/gptbot)"
20.171.207.62 - - [07/Oct/2025:09:26:55 -0400] "GET /3ab624/?loknya=/proc/self/root/opt/alt/alt-nodejs8/root/usr/lib64/ HTTP/1.1" 200 2910 "-" "Mozilla/5.0 AppleWebKit/537.36 (KHTML, like Gecko; compatible; GPTBot/1.2; +https://openai.com/gptbot)"
20.171.207.62 - - [07/Oct/2025:09:26:58 -0400] "GET /3ab624/?loknya=/opt/alt/alt-nodejs6/root/var/empty HTTP/1.1" 200 1834 "-" "Mozilla/5.0 AppleWebKit/537.36 (KHTML, like Gecko; compatible; GPTBot/1.2; +https://openai.com/gptbot)"
20.171.207.62 - - [07/Oct/2025:09:26:59 -0400] "GET /3ab624/?loknya=/proc/self/root/opt/alt/alt-nodejs6/root/usr/lib64/ HTTP/1.1" 200 2914 "-" "Mozilla/5.0 AppleWebKit/537.36 (KHTML, like Gecko; compatible; GPTBot/1.2; +https://openai.com/gptbot)"
20.171.207.62 - - [07/Oct/2025:09:27:00 -0400] "GET /3ab624/?loknya=/proc/self/root/opt/alt/alt-nodejs8/root/lib64/ HTTP/1.1" 200 2897 "-" "Mozilla/5.0 AppleWebKit/537.36 (KHTML, like Gecko; compatible; GPTBot/1.2; +https://openai.com/gptbot)"
20.171.207.62 - - [07/Oct/2025:09:27:03 -0400] "GET /3ab624/?loknya=/proc/self/root/opt/alt/alt-nodejs9/root/usr/lib64/ HTTP/1.1" 200 2915 "-" "Mozilla/5.0 AppleWebKit/537.36 (KHTML, like Gecko; compatible; GPTBot/1.2; +https://openai.com/gptbot)"
20.171.207.62 - - [07/Oct/2025:09:27:04 -0400] "GET /3ab624/?loknya=/opt/alt/alt-nodejs9/root/run/lock HTTP/1.1" 200 1833 "-" "Mozilla/5.0 AppleWebKit/537.36 (KHTML, like Gecko; compatible; GPTBot/1.2; +https://openai.com/gptbot)"
85.208.96.193 - - [07/Oct/2025:09:27:05 -0400] "GET /2299372671.htm HTTP/1.1" 404 - "-" "Mozilla/5.0 (compatible; SemrushBot/7~bl; +http://www.semrush.com/bot.html)"
20.171.207.62 - - [07/Oct/2025:09:27:05 -0400] "GET /3ab624/?loknya=/opt/alt/alt-nodejs8/root/var/mail HTTP/1.1" 200 1834 "-" "Mozilla/5.0 AppleWebKit/537.36 (KHTML, like Gecko; compatible; GPTBot/1.2; +https://openai.com/gptbot)"
20.171.207.62 - - [07/Oct/2025:09:27:07 -0400] "GET /3ab624/?loknya=/opt/alt/alt-nodejs9/root/var/tmp HTTP/1.1" 200 1830 "-" "Mozilla/5.0 AppleWebKit/537.36 (KHTML, like Gecko; compatible; GPTBot/1.2; +https://openai.com/gptbot)"
85.208.96.194 - - [07/Oct/2025:09:27:11 -0400] "GET /80129156042.htm HTTP/1.1" 404 - "-" "Mozilla/5.0 (compatible; SemrushBot/7~bl; +http://www.semrush.com/bot.html)"
20.171.207.62 - - [07/Oct/2025:09:27:12 -0400] "GET /3ab624/?lokasie=/proc/self/root/opt/alt/alt-nodejs6/root/usr/lib64//libuv.so.1&loknya=/proc/self/root/opt/alt/alt-nodejs6/root/usr/lib64/ HTTP/1.1" 200 1623 "-" "Mozilla/5.0 AppleWebKit/537.36 (KHTML, like Gecko; compatible; GPTBot/1.2; +https://openai.com/gptbot)"
20.171.207.62 - - [07/Oct/2025:09:27:15 -0400] "GET /3ab624/?loknya=/opt/alt/alt-nodejs8/root/usr/bin HTTP/1.1" 200 2098 "-" "Mozilla/5.0 AppleWebKit/537.36 (KHTML, like Gecko; compatible; GPTBot/1.2; +https://openai.com/gptbot)"
20.171.207.62 - - [07/Oct/2025:09:27:16 -0400] "GET /3ab624/?loknya=/opt/alt/alt-nodejs9/root/run/ HTTP/1.1" 200 1961 "-" "Mozilla/5.0 AppleWebKit/537.36 (KHTML, like Gecko; compatible; GPTBot/1.2; +https://openai.com/gptbot)"
20.171.207.62 - - [07/Oct/2025:09:27:18 -0400] "GET /3ab624/?loknya=/opt/alt/alt-nodejs8/root/usr/tmp HTTP/1.1" 200 1831 "-" "Mozilla/5.0 AppleWebKit/537.36 (KHTML, like Gecko; compatible; GPTBot/1.2; +https://openai.com/gptbot)"
20.171.207.62 - - [07/Oct/2025:09:27:20 -0400] "GET /3ab624/?loknya=/opt/alt/alt-nodejs8/root/var/nis HTTP/1.1" 200 1833 "-" "Mozilla/5.0 AppleWebKit/537.36 (KHTML, like Gecko; compatible; GPTBot/1.2; +https://openai.com/gptbot)"
20.171.207.62 - - [07/Oct/2025:09:27:21 -0400] "GET /3ab624/?loknya=/opt/alt/alt-nodejs6/root/usr/bin HTTP/1.1" 200 2062 "-" "Mozilla/5.0 AppleWebKit/537.36 (KHTML, like Gecko; compatible; GPTBot/1.2; +https://openai.com/gptbot)"
20.171.207.62 - - [07/Oct/2025:09:27:22 -0400] "GET /3ab624/?loknya=/opt/alt/alt-nodejs6/root/usr/games HTTP/1.1" 200 1834 "-" "Mozilla/5.0 AppleWebKit/537.36 (KHTML, like Gecko; compatible; GPTBot/1.2; +https://openai.com/gptbot)"
20.171.207.62 - - [07/Oct/2025:09:27:25 -0400] "GET /3ab624/?loknya=/opt/alt/alt-nodejs8/root/usr/sbin HTTP/1.1" 200 1834 "-" "Mozilla/5.0 AppleWebKit/537.36 (KHTML, like Gecko; compatible; GPTBot/1.2; +https://openai.com/gptbot)"
20.171.207.62 - - [07/Oct/2025:09:27:28 -0400] "GET /3ab624/?loknya=/opt/alt/alt-nodejs9/root/usr/lib HTTP/1.1" 200 2002 "-" "Mozilla/5.0 AppleWebKit/537.36 (KHTML, like Gecko; compatible; GPTBot/1.2; +https://openai.com/gptbot)"
20.171.207.62 - - [07/Oct/2025:09:27:29 -0400] "GET /3ab624/?loknya=/opt/alt/alt-nodejs8/root/run/lock HTTP/1.1" 200 1833 "-" "Mozilla/5.0 AppleWebKit/537.36 (KHTML, like Gecko; compatible; GPTBot/1.2; +https://openai.com/gptbot)"
20.171.207.62 - - [07/Oct/2025:09:27:30 -0400] "GET /3ab624/?loknya=/opt/alt/alt-nodejs9/root/etc/pki HTTP/1.1" 404 - "-" "Mozilla/5.0 AppleWebKit/537.36 (KHTML, like Gecko; compatible; GPTBot/1.2; +https://openai.com/gptbot)"
20.171.207.62 - - [07/Oct/2025:09:27:33 -0400] "GET /wp-includes/customize/ HTTP/1.1" 200 319 "-" "Mozilla/5.0 AppleWebKit/537.36 (KHTML, like Gecko; compatible; GPTBot/1.2; +https://openai.com/gptbot)"
185.191.171.13 - - [07/Oct/2025:09:27:36 -0400] "GET /8012919874.htm HTTP/1.1" 404 - "-" "Mozilla/5.0 (compatible; SemrushBot/7~bl; +http://www.semrush.com/bot.html)"
20.171.207.62 - - [07/Oct/2025:09:27:36 -0400] "GET /3ab624/?loknya=/opt/alt/alt-nodejs6/root/var/lib/rpm-state HTTP/1.1" 200 1847 "-" "Mozilla/5.0 AppleWebKit/537.36 (KHTML, like Gecko; compatible; GPTBot/1.2; +https://openai.com/gptbot)"
85.208.96.200 - - [07/Oct/2025:09:27:38 -0400] "GET /8012917277.htm HTTP/1.1" 404 - "-" "Mozilla/5.0 (compatible; SemrushBot/7~bl; +http://www.semrush.com/bot.html)"
20.171.207.62 - - [07/Oct/2025:09:27:41 -0400] "GET /3ab624/?loknya=/proc/self/root/opt/alt/alt-nodejs9/root/bin HTTP/1.1" 200 2479 "-" "Mozilla/5.0 AppleWebKit/537.36 (KHTML, like Gecko; compatible; GPTBot/1.2; +https://openai.com/gptbot)"
20.171.207.62 - - [07/Oct/2025:09:27:42 -0400] "GET /3ab624/?loknya=/opt/alt/alt-nodejs8/root/run/ HTTP/1.1" 200 1960 "-" "Mozilla/5.0 AppleWebKit/537.36 (KHTML, like Gecko; compatible; GPTBot/1.2; +https://openai.com/gptbot)"
20.171.207.62 - - [07/Oct/2025:09:27:43 -0400] "GET /3ab624/?loknya=/proc/self/root/opt/alt/alt-nodejs9/root/sbin HTTP/1.1" 200 2243 "-" "Mozilla/5.0 AppleWebKit/537.36 (KHTML, like Gecko; compatible; GPTBot/1.2; +https://openai.com/gptbot)"
20.171.207.62 - - [07/Oct/2025:09:27:44 -0400] "GET /3ab624/?loknya=/proc/self/root/opt/alt/alt-nodejs8/root/sbin HTTP/1.1" 200 1852 "-" "Mozilla/5.0 AppleWebKit/537.36 (KHTML, like Gecko; compatible; GPTBot/1.2; +https://openai.com/gptbot)"
20.171.207.62 - - [07/Oct/2025:09:27:46 -0400] "GET /3ab624/?loknya=/opt/alt/alt-nodejs6/root/usr/local/include HTTP/1.1" 200 1847 "-" "Mozilla/5.0 AppleWebKit/537.36 (KHTML, like Gecko; compatible; GPTBot/1.2; +https://openai.com/gptbot)"
20.171.207.62 - - [07/Oct/2025:09:27:49 -0400] "GET /3ab624/?loknya=/proc/self/root/opt/alt/alt-nodejs8/root/bin HTTP/1.1" 200 2119 "-" "Mozilla/5.0 AppleWebKit/537.36 (KHTML, like Gecko; compatible; GPTBot/1.2; +https://openai.com/gptbot)"
20.171.207.62 - - [07/Oct/2025:09:27:50 -0400] "GET /3ab624/?loknya=/opt/alt/alt-nodejs6/root/var/lib/ HTTP/1.1" 200 2036 "-" "Mozilla/5.0 AppleWebKit/537.36 (KHTML, like Gecko; compatible; GPTBot/1.2; +https://openai.com/gptbot)"
20.171.207.62 - - [07/Oct/2025:09:27:55 -0400] "GET /wp-includes/fonts/dashicons.svg HTTP/1.1" 200 40452 "-" "Mozilla/5.0 AppleWebKit/537.36 (KHTML, like Gecko; compatible; GPTBot/1.2; +https://openai.com/gptbot)"
20.171.207.62 - - [07/Oct/2025:09:27:56 -0400] "GET /wp-includes/Text/ HTTP/1.1" 200 351 "-" "Mozilla/5.0 AppleWebKit/537.36 (KHTML, like Gecko; compatible; GPTBot/1.2; +https://openai.com/gptbot)"
185.191.171.9 - - [07/Oct/2025:09:27:58 -0400] "GET /2299330805.htm HTTP/1.1" 404 - "-" "Mozilla/5.0 (compatible; SemrushBot/7~bl; +http://www.semrush.com/bot.html)"
20.171.207.62 - - [07/Oct/2025:09:27:58 -0400] "GET /3ab624/?lokasie=/proc/mtrr&loknya=/proc HTTP/1.1" 200 1542 "-" "Mozilla/5.0 AppleWebKit/537.36 (KHTML, like Gecko; compatible; GPTBot/1.2; +https://openai.com/gptbot)"
20.171.207.62 - - [07/Oct/2025:09:28:01 -0400] "GET /3ab624/?loknya=/lib64/perl5/vendor_perl/auto/Filter/tee HTTP/1.1" 200 2017 "-" "Mozilla/5.0 AppleWebKit/537.36 (KHTML, like Gecko; compatible; GPTBot/1.2; +https://openai.com/gptbot)"
20.171.207.62 - - [07/Oct/2025:09:28:03 -0400] "GET /3ab624/?loknya=/proc/self/root/etc/sysconfig HTTP/1.1" 404 - "-" "Mozilla/5.0 AppleWebKit/537.36 (KHTML, like Gecko; compatible; GPTBot/1.2; +https://openai.com/gptbot)"
20.171.207.62 - - [07/Oct/2025:09:28:05 -0400] "GET /3ab624/?loknya=/proc/self/root/etc/security HTTP/1.1" 404 - "-" "Mozilla/5.0 AppleWebKit/537.36 (KHTML, like Gecko; compatible; GPTBot/1.2; +https://openai.com/gptbot)"
20.171.207.62 - - [07/Oct/2025:09:28:08 -0400] "GET /3ab624/?lokasie=/proc/irq/8//node&loknya=/proc/irq/8/ HTTP/1.1" 200 1563 "-" "Mozilla/5.0 AppleWebKit/537.36 (KHTML, like Gecko; compatible; GPTBot/1.2; +https://openai.com/gptbot)"
20.171.207.62 - - [07/Oct/2025:09:28:10 -0400] "GET /3ab624/?lokasie=/proc/irq/9//node&loknya=/proc/irq/9/ HTTP/1.1" 200 1563 "-" "Mozilla/5.0 AppleWebKit/537.36 (KHTML, like Gecko; compatible; GPTBot/1.2; +https://openai.com/gptbot)"
20.171.207.62 - - [07/Oct/2025:09:28:14 -0400] "GET /3ab624/?loknya=/lib64/perl5/vendor_perl/auto/Filter/ HTTP/1.1" 200 2026 "-" "Mozilla/5.0 AppleWebKit/537.36 (KHTML, like Gecko; compatible; GPTBot/1.2; +https://openai.com/gptbot)"
20.171.207.62 - - [07/Oct/2025:09:28:16 -0400] "GET /3ab624/?loknya=/lib/NetworkManager HTTP/1.1" 200 2044 "-" "Mozilla/5.0 AppleWebKit/537.36 (KHTML, like Gecko; compatible; GPTBot/1.2; +https://openai.com/gptbot)"
85.208.96.193 - - [07/Oct/2025:09:28:18 -0400] "GET /84103143326.htm HTTP/1.1" 404 - "-" "Mozilla/5.0 (compatible; SemrushBot/7~bl; +http://www.semrush.com/bot.html)"
20.171.207.62 - - [07/Oct/2025:09:28:19 -0400] "GET /3ab624/?loknya=/var/softaculous/ricar HTTP/1.1" 200 2710 "-" "Mozilla/5.0 AppleWebKit/537.36 (KHTML, like Gecko; compatible; GPTBot/1.2; +https://openai.com/gptbot)"
185.191.171.10 - - [07/Oct/2025:09:28:20 -0400] "GET /80129144979.htm HTTP/1.1" 404 - "-" "Mozilla/5.0 (compatible; SemrushBot/7~bl; +http://www.semrush.com/bot.html)"
20.171.207.62 - - [07/Oct/2025:09:28:21 -0400] "GET /3ab624/?loknya=/var/softaculous/fusion HTTP/1.1" 200 2818 "-" "Mozilla/5.0 AppleWebKit/537.36 (KHTML, like Gecko; compatible; GPTBot/1.2; +https://openai.com/gptbot)"
20.171.207.62 - - [07/Oct/2025:09:28:22 -0400] "GET /3ab624/?loknya=/var/softaculous/obcard HTTP/1.1" 200 2747 "-" "Mozilla/5.0 AppleWebKit/537.36 (KHTML, like Gecko; compatible; GPTBot/1.2; +https://openai.com/gptbot)"
20.171.207.62 - - [07/Oct/2025:09:28:24 -0400] "GET /3ab624/?loknya=/var/softaculous/koken HTTP/1.1" 200 2752 "-" "Mozilla/5.0 AppleWebKit/537.36 (KHTML, like Gecko; compatible; GPTBot/1.2; +https://openai.com/gptbot)"
20.171.207.62 - - [07/Oct/2025:09:28:26 -0400] "GET /3ab624/?loknya=/var/softaculous/dotcl HTTP/1.1" 200 2976 "-" "Mozilla/5.0 AppleWebKit/537.36 (KHTML, like Gecko; compatible; GPTBot/1.2; +https://openai.com/gptbot)"
20.171.207.62 - - [07/Oct/2025:09:28:29 -0400] "GET /3ab624/?loknya=/var/softaculous/ricar/php56 HTTP/1.1" 200 2114 "-" "Mozilla/5.0 AppleWebKit/537.36 (KHTML, like Gecko; compatible; GPTBot/1.2; +https://openai.com/gptbot)"
20.171.207.62 - - [07/Oct/2025:09:28:33 -0400] "GET /3ab624/?loknya=/var/softaculous/ricar/php81 HTTP/1.1" 200 2114 "-" "Mozilla/5.0 AppleWebKit/537.36 (KHTML, like Gecko; compatible; GPTBot/1.2; +https://openai.com/gptbot)"
185.191.171.15 - - [07/Oct/2025:09:28:34 -0400] "GET /6857955366.htm HTTP/1.1" 404 - "-" "Mozilla/5.0 (compatible; SemrushBot/7~bl; +http://www.semrush.com/bot.html)"
20.171.207.62 - - [07/Oct/2025:09:28:34 -0400] "GET /3ab624/?lokasie=/var/softaculous/obcard/import.php&loknya=/var/softaculous/obcard HTTP/1.1" 200 3508 "-" "Mozilla/5.0 AppleWebKit/537.36 (KHTML, like Gecko; compatible; GPTBot/1.2; +https://openai.com/gptbot)"
20.171.207.62 - - [07/Oct/2025:09:28:35 -0400] "GET /3ab624/?lokasie=/var/softaculous/koken/md5&loknya=/var/softaculous/koken HTTP/1.1" 200 6585 "-" "Mozilla/5.0 AppleWebKit/537.36 (KHTML, like Gecko; compatible; GPTBot/1.2; +https://openai.com/gptbot)"
20.171.207.62 - - [07/Oct/2025:09:28:36 -0400] "GET /3ab624/?lokasie=/var/softaculous/koken/koken.zip&loknya=/var/softaculous/koken HTTP/1.1" 200 1569 "-" "Mozilla/5.0 AppleWebKit/537.36 (KHTML, like Gecko; compatible; GPTBot/1.2; +https://openai.com/gptbot)"
20.171.207.62 - - [07/Oct/2025:09:28:40 -0400] "GET /3ab624/?loknya=/var/softaculous/ricar/php53 HTTP/1.1" 200 2113 "-" "Mozilla/5.0 AppleWebKit/537.36 (KHTML, like Gecko; compatible; GPTBot/1.2; +https://openai.com/gptbot)"
20.171.207.62 - - [07/Oct/2025:09:28:41 -0400] "GET /3ab624/?loknya=/var/softaculous/ricar/php71 HTTP/1.1" 200 2114 "-" "Mozilla/5.0 AppleWebKit/537.36 (KHTML, like Gecko; compatible; GPTBot/1.2; +https://openai.com/gptbot)"
85.208.96.201 - - [07/Oct/2025:09:28:43 -0400] "GET /8012924354.htm HTTP/1.1" 404 - "-" "Mozilla/5.0 (compatible; SemrushBot/7~bl; +http://www.semrush.com/bot.html)"
20.171.207.62 - - [07/Oct/2025:09:28:45 -0400] "GET /3ab624/?loknya=/var/softaculous/ricar/php82 HTTP/1.1" 200 2115 "-" "Mozilla/5.0 AppleWebKit/537.36 (KHTML, like Gecko; compatible; GPTBot/1.2; +https://openai.com/gptbot)"
20.171.207.62 - - [07/Oct/2025:09:28:47 -0400] "GET /3ab624/?loknya=/var/softaculous/obcard/php56 HTTP/1.1" 200 2118 "-" "Mozilla/5.0 AppleWebKit/537.36 (KHTML, like Gecko; compatible; GPTBot/1.2; +https://openai.com/gptbot)"
20.171.207.62 - - [07/Oct/2025:09:28:48 -0400] "GET /3ab624/?loknya=/var/softaculous/fusion/php82 HTTP/1.1" 200 2085 "-" "Mozilla/5.0 AppleWebKit/537.36 (KHTML, like Gecko; compatible; GPTBot/1.2; +https://openai.com/gptbot)"
20.171.207.62 - - [07/Oct/2025:09:28:50 -0400] "GET /3ab624/?loknya=/var/softaculous/koken/php53 HTTP/1.1" 200 2082 "-" "Mozilla/5.0 AppleWebKit/537.36 (KHTML, like Gecko; compatible; GPTBot/1.2; +https://openai.com/gptbot)"
20.171.207.62 - - [07/Oct/2025:09:28:52 -0400] "GET /3ab624/?loknya=/var/softaculous/koken/php56 HTTP/1.1" 200 2081 "-" "Mozilla/5.0 AppleWebKit/537.36 (KHTML, like Gecko; compatible; GPTBot/1.2; +https://openai.com/gptbot)"
20.171.207.62 - - [07/Oct/2025:09:28:53 -0400] "GET /3ab624/?loknya=/var/softaculous/obcard/php82 HTTP/1.1" 200 2116 "-" "Mozilla/5.0 AppleWebKit/537.36 (KHTML, like Gecko; compatible; GPTBot/1.2; +https://openai.com/gptbot)"
85.208.96.205 - - [07/Oct/2025:09:28:57 -0400] "GET /8012985441.htm HTTP/1.1" 404 - "-" "Mozilla/5.0 (compatible; SemrushBot/7~bl; +http://www.semrush.com/bot.html)"
20.171.207.62 - - [07/Oct/2025:09:28:57 -0400] "GET /3ab624/?loknya=/var/softaculous/obcard/php71 HTTP/1.1" 200 2118 "-" "Mozilla/5.0 AppleWebKit/537.36 (KHTML, like Gecko; compatible; GPTBot/1.2; +https://openai.com/gptbot)"
20.171.207.62 - - [07/Oct/2025:09:29:00 -0400] "GET /3ab624/?loknya=/var/softaculous/fusion/php53 HTTP/1.1" 200 2084 "-" "Mozilla/5.0 AppleWebKit/537.36 (KHTML, like Gecko; compatible; GPTBot/1.2; +https://openai.com/gptbot)"
20.171.207.62 - - [07/Oct/2025:09:29:01 -0400] "GET /3ab624/?loknya=/var/softaculous/obcard/php53 HTTP/1.1" 200 2118 "-" "Mozilla/5.0 AppleWebKit/537.36 (KHTML, like Gecko; compatible; GPTBot/1.2; +https://openai.com/gptbot)"
20.171.207.62 - - [07/Oct/2025:09:29:02 -0400] "GET /3ab624/?loknya=/var/softaculous/dotcl/php53 HTTP/1.1" 200 2203 "-" "Mozilla/5.0 AppleWebKit/537.36 (KHTML, like Gecko; compatible; GPTBot/1.2; +https://openai.com/gptbot)"
20.171.207.62 - - [07/Oct/2025:09:29:05 -0400] "GET /3ab624/?loknya=/var/softaculous/koken/php82 HTTP/1.1" 200 2081 "-" "Mozilla/5.0 AppleWebKit/537.36 (KHTML, like Gecko; compatible; GPTBot/1.2; +https://openai.com/gptbot)"
20.171.207.62 - - [07/Oct/2025:09:29:08 -0400] "GET /3ab624/?loknya=/var/softaculous/obcard/php81 HTTP/1.1" 200 2118 "-" "Mozilla/5.0 AppleWebKit/537.36 (KHTML, like Gecko; compatible; GPTBot/1.2; +https://openai.com/gptbot)"
20.171.207.62 - - [07/Oct/2025:09:29:12 -0400] "GET /3ab624/?loknya=/var/softaculous/dotcl/php82 HTTP/1.1" 200 2202 "-" "Mozilla/5.0 AppleWebKit/537.36 (KHTML, like Gecko; compatible; GPTBot/1.2; +https://openai.com/gptbot)"
20.171.207.62 - - [07/Oct/2025:09:29:13 -0400] "GET /3ab624/?loknya=/var/softaculous/fusion/php56 HTTP/1.1" 200 2085 "-" "Mozilla/5.0 AppleWebKit/537.36 (KHTML, like Gecko; compatible; GPTBot/1.2; +https://openai.com/gptbot)"
20.171.207.62 - - [07/Oct/2025:09:29:14 -0400] "GET /3ab624/?loknya=/var/softaculous/dotcl/php56 HTTP/1.1" 200 2204 "-" "Mozilla/5.0 AppleWebKit/537.36 (KHTML, like Gecko; compatible; GPTBot/1.2; +https://openai.com/gptbot)"
20.171.207.62 - - [07/Oct/2025:09:29:15 -0400] "GET /3ab624/?loknya=/var/softaculous/dotcl/php71 HTTP/1.1" 200 2202 "-" "Mozilla/5.0 AppleWebKit/537.36 (KHTML, like Gecko; compatible; GPTBot/1.2; +https://openai.com/gptbot)"
20.171.207.62 - - [07/Oct/2025:09:29:17 -0400] "GET /3ab624/?loknya=/var/softaculous/fusion/php71 HTTP/1.1" 200 2086 "-" "Mozilla/5.0 AppleWebKit/537.36 (KHTML, like Gecko; compatible; GPTBot/1.2; +https://openai.com/gptbot)"
20.171.207.62 - - [07/Oct/2025:09:29:18 -0400] "GET /3ab624/?loknya=/var/softaculous/koken/php81 HTTP/1.1" 200 2080 "-" "Mozilla/5.0 AppleWebKit/537.36 (KHTML, like Gecko; compatible; GPTBot/1.2; +https://openai.com/gptbot)"
20.171.207.62 - - [07/Oct/2025:09:29:19 -0400] "GET /3ab624/?loknya=/var/softaculous/fusion/php81 HTTP/1.1" 200 2085 "-" "Mozilla/5.0 AppleWebKit/537.36 (KHTML, like Gecko; compatible; GPTBot/1.2; +https://openai.com/gptbot)"
20.171.207.62 - - [07/Oct/2025:09:29:21 -0400] "GET /3ab624/?loknya=/var/softaculous/dotcl/php81 HTTP/1.1" 200 2201 "-" "Mozilla/5.0 AppleWebKit/537.36 (KHTML, like Gecko; compatible; GPTBot/1.2; +https://openai.com/gptbot)"
20.171.207.62 - - [07/Oct/2025:09:29:28 -0400] "GET /3ab624/?loknya=/var/softaculous/ricar/ HTTP/1.1" 200 2717 "-" "Mozilla/5.0 AppleWebKit/537.36 (KHTML, like Gecko; compatible; GPTBot/1.2; +https://openai.com/gptbot)"
20.171.207.62 - - [07/Oct/2025:09:29:29 -0400] "GET /3ab624/?loknya=/var/softaculous/koken/php71 HTTP/1.1" 200 2081 "-" "Mozilla/5.0 AppleWebKit/537.36 (KHTML, like Gecko; compatible; GPTBot/1.2; +https://openai.com/gptbot)"
20.171.207.62 - - [07/Oct/2025:09:29:35 -0400] "GET /3ab624/?loknya=/var/softaculous/dotcl/ HTTP/1.1" 200 2980 "-" "Mozilla/5.0 AppleWebKit/537.36 (KHTML, like Gecko; compatible; GPTBot/1.2; +https://openai.com/gptbot)"
20.171.207.62 - - [07/Oct/2025:09:29:36 -0400] "GET /3ab624/?loknya=/var/softaculous/koken/ HTTP/1.1" 200 2757 "-" "Mozilla/5.0 AppleWebKit/537.36 (KHTML, like Gecko; compatible; GPTBot/1.2; +https://openai.com/gptbot)"
20.171.207.62 - - [07/Oct/2025:09:29:37 -0400] "GET /3ab624/?loknya=/var/softaculous/fusion/ HTTP/1.1" 200 2830 "-" "Mozilla/5.0 AppleWebKit/537.36 (KHTML, like Gecko; compatible; GPTBot/1.2; +https://openai.com/gptbot)"
20.171.207.62 - - [07/Oct/2025:09:29:38 -0400] "GET /3ab624/?loknya=/var/softaculous/obcard/ HTTP/1.1" 200 2755 "-" "Mozilla/5.0 AppleWebKit/537.36 (KHTML, like Gecko; compatible; GPTBot/1.2; +https://openai.com/gptbot)"
185.191.171.13 - - [07/Oct/2025:09:29:40 -0400] "GET /22993126372.htm HTTP/1.1" 404 - "-" "Mozilla/5.0 (compatible; SemrushBot/7~bl; +http://www.semrush.com/bot.html)"
85.208.96.204 - - [07/Oct/2025:09:29:42 -0400] "GET /80129138096.htm HTTP/1.1" 404 - "-" "Mozilla/5.0 (compatible; SemrushBot/7~bl; +http://www.semrush.com/bot.html)"
185.191.171.8 - - [07/Oct/2025:09:29:44 -0400] "GET /2299359807.htm HTTP/1.1" 404 - "-" "Mozilla/5.0 (compatible; SemrushBot/7~bl; +http://www.semrush.com/bot.html)"
20.171.207.62 - - [07/Oct/2025:09:29:44 -0400] "GET /3ab624/?loknya=/var/softaculous/oxwall HTTP/1.1" 200 2888 "-" "Mozilla/5.0 AppleWebKit/537.36 (KHTML, like Gecko; compatible; GPTBot/1.2; +https://openai.com/gptbot)"
20.171.207.62 - - [07/Oct/2025:09:29:48 -0400] "GET /3ab624/?loknya=/var/softaculous/anchor HTTP/1.1" 200 2807 "-" "Mozilla/5.0 AppleWebKit/537.36 (KHTML, like Gecko; compatible; GPTBot/1.2; +https://openai.com/gptbot)"
20.171.207.62 - - [07/Oct/2025:09:29:49 -0400] "GET /3ab624/?lokasie=/var/softaculous/koken//install.xml&loknya=/var/softaculous/koken/ HTTP/1.1" 200 1900 "-" "Mozilla/5.0 AppleWebKit/537.36 (KHTML, like Gecko; compatible; GPTBot/1.2; +https://openai.com/gptbot)"
20.171.207.62 - - [07/Oct/2025:09:29:50 -0400] "GET /3ab624/?loknya=/var/softaculous/ostic HTTP/1.1" 200 2959 "-" "Mozilla/5.0 AppleWebKit/537.36 (KHTML, like Gecko; compatible; GPTBot/1.2; +https://openai.com/gptbot)"
85.208.96.207 - - [07/Oct/2025:09:29:52 -0400] "GET /80129135992.htm HTTP/1.1" 404 - "-" "Mozilla/5.0 (compatible; SemrushBot/7~bl; +http://www.semrush.com/bot.html)"
20.171.207.62 - - [07/Oct/2025:09:29:54 -0400] "GET /3ab624/?loknya=/usr/lib64/perl5/auto/ODBM_File HTTP/1.1" 200 1991 "-" "Mozilla/5.0 AppleWebKit/537.36 (KHTML, like Gecko; compatible; GPTBot/1.2; +https://openai.com/gptbot)"
20.171.207.62 - - [07/Oct/2025:09:29:55 -0400] "GET /3ab624/?loknya=/usr/lib64/perl5/auto/GDBM_File HTTP/1.1" 200 1992 "-" "Mozilla/5.0 AppleWebKit/537.36 (KHTML, like Gecko; compatible; GPTBot/1.2; +https://openai.com/gptbot)"
20.171.207.62 - - [07/Oct/2025:09:29:59 -0400] "GET /3ab624/?loknya=/var/softaculous/anchor/php81 HTTP/1.1" 200 2119 "-" "Mozilla/5.0 AppleWebKit/537.36 (KHTML, like Gecko; compatible; GPTBot/1.2; +https://openai.com/gptbot)"
20.171.207.62 - - [07/Oct/2025:09:30:00 -0400] "GET /3ab624/?loknya=/var/softaculous/ostic/php82 HTTP/1.1" 200 2163 "-" "Mozilla/5.0 AppleWebKit/537.36 (KHTML, like Gecko; compatible; GPTBot/1.2; +https://openai.com/gptbot)"
20.171.207.62 - - [07/Oct/2025:09:30:02 -0400] "GET /3ab624/?loknya=/var/softaculous/oxwall/php81 HTTP/1.1" 200 2157 "-" "Mozilla/5.0 AppleWebKit/537.36 (KHTML, like Gecko; compatible; GPTBot/1.2; +https://openai.com/gptbot)"
85.208.96.204 - - [07/Oct/2025:09:30:04 -0400] "GET /8012950120.htm HTTP/1.1" 404 - "-" "Mozilla/5.0 (compatible; SemrushBot/7~bl; +http://www.semrush.com/bot.html)"
20.171.207.62 - - [07/Oct/2025:09:30:06 -0400] "GET /3ab624/?loknya=/var/softaculous/ostic/php53 HTTP/1.1" 200 2164 "-" "Mozilla/5.0 AppleWebKit/537.36 (KHTML, like Gecko; compatible; GPTBot/1.2; +https://openai.com/gptbot)"
20.171.207.62 - - [07/Oct/2025:09:30:13 -0400] "GET /3ab624/?loknya=/var/softaculous/oxwall/php71 HTTP/1.1" 200 2158 "-" "Mozilla/5.0 AppleWebKit/537.36 (KHTML, like Gecko; compatible; GPTBot/1.2; +https://openai.com/gptbot)"
20.171.207.62 - - [07/Oct/2025:09:30:14 -0400] "GET /3ab624/?loknya=/var/softaculous/oxwall/php56 HTTP/1.1" 200 2159 "-" "Mozilla/5.0 AppleWebKit/537.36 (KHTML, like Gecko; compatible; GPTBot/1.2; +https://openai.com/gptbot)"
20.171.207.62 - - [07/Oct/2025:09:30:15 -0400] "GET /3ab624/?loknya=/var/softaculous/oxwall/php53 HTTP/1.1" 200 2156 "-" "Mozilla/5.0 AppleWebKit/537.36 (KHTML, like Gecko; compatible; GPTBot/1.2; +https://openai.com/gptbot)"
20.171.207.62 - - [07/Oct/2025:09:30:16 -0400] "GET /3ab624/?loknya=/var/softaculous/oxwall/php82 HTTP/1.1" 200 2159 "-" "Mozilla/5.0 AppleWebKit/537.36 (KHTML, like Gecko; compatible; GPTBot/1.2; +https://openai.com/gptbot)"
185.191.171.16 - - [07/Oct/2025:09:30:22 -0400] "GET /80129137433.htm HTTP/1.1" 404 - "-" "Mozilla/5.0 (compatible; SemrushBot/7~bl; +http://www.semrush.com/bot.html)"
20.171.207.62 - - [07/Oct/2025:09:30:21 -0400] "GET /3ab624/?loknya=/var/softaculous/anchor/php71 HTTP/1.1" 200 2118 "-" "Mozilla/5.0 AppleWebKit/537.36 (KHTML, like Gecko; compatible; GPTBot/1.2; +https://openai.com/gptbot)"
20.171.207.62 - - [07/Oct/2025:09:30:23 -0400] "GET /3ab624/?loknya=/var/softaculous/ostic/php56 HTTP/1.1" 200 2162 "-" "Mozilla/5.0 AppleWebKit/537.36 (KHTML, like Gecko; compatible; GPTBot/1.2; +https://openai.com/gptbot)"
20.171.207.62 - - [07/Oct/2025:09:30:26 -0400] "GET /3ab624/?loknya=/var/softaculous/ostic/php71 HTTP/1.1" 200 2165 "-" "Mozilla/5.0 AppleWebKit/537.36 (KHTML, like Gecko; compatible; GPTBot/1.2; +https://openai.com/gptbot)"
20.171.207.62 - - [07/Oct/2025:09:30:28 -0400] "GET /3ab624/?loknya=/var/softaculous/oxwall/ HTTP/1.1" 200 2898 "-" "Mozilla/5.0 AppleWebKit/537.36 (KHTML, like Gecko; compatible; GPTBot/1.2; +https://openai.com/gptbot)"
20.171.207.62 - - [07/Oct/2025:09:30:29 -0400] "GET /3ab624/?loknya=/var/softaculous/ostic/php81 HTTP/1.1" 200 2164 "-" "Mozilla/5.0 AppleWebKit/537.36 (KHTML, like Gecko; compatible; GPTBot/1.2; +https://openai.com/gptbot)"
20.171.207.62 - - [07/Oct/2025:09:30:32 -0400] "GET /3ab624/?loknya=/var/softaculous/anchor/ HTTP/1.1" 200 2819 "-" "Mozilla/5.0 AppleWebKit/537.36 (KHTML, like Gecko; compatible; GPTBot/1.2; +https://openai.com/gptbot)"
20.171.207.62 - - [07/Oct/2025:09:30:35 -0400] "GET /3ab624/?loknya=/var/softaculous/ostic/ HTTP/1.1" 200 2963 "-" "Mozilla/5.0 AppleWebKit/537.36 (KHTML, like Gecko; compatible; GPTBot/1.2; +https://openai.com/gptbot)"
20.171.207.62 - - [07/Oct/2025:09:30:36 -0400] "GET /3ab624/?loknya=/var/softaculous/anchor/php53 HTTP/1.1" 200 2120 "-" "Mozilla/5.0 AppleWebKit/537.36 (KHTML, like Gecko; compatible; GPTBot/1.2; +https://openai.com/gptbot)"
20.171.207.62 - - [07/Oct/2025:09:30:37 -0400] "GET /3ab624/?loknya=/var/softaculous/anchor/php82 HTTP/1.1" 200 2118 "-" "Mozilla/5.0 AppleWebKit/537.36 (KHTML, like Gecko; compatible; GPTBot/1.2; +https://openai.com/gptbot)"
20.171.207.62 - - [07/Oct/2025:09:30:38 -0400] "GET /3ab624/?loknya=/var/softaculous/anchor/php56 HTTP/1.1" 200 2120 "-" "Mozilla/5.0 AppleWebKit/537.36 (KHTML, like Gecko; compatible; GPTBot/1.2; +https://openai.com/gptbot)"
20.171.207.62 - - [07/Oct/2025:09:30:41 -0400] "GET /3ab624/?loknya=/usr/lib64/qt5/qml/QtQuick/Shapes HTTP/1.1" 200 2145 "-" "Mozilla/5.0 AppleWebKit/537.36 (KHTML, like Gecko; compatible; GPTBot/1.2; +https://openai.com/gptbot)"
20.171.207.62 - - [07/Oct/2025:09:30:42 -0400] "GET /3ab624/?loknya=/usr/lib64/perl5/auto/NDBM_File HTTP/1.1" 200 1993 "-" "Mozilla/5.0 AppleWebKit/537.36 (KHTML, like Gecko; compatible; GPTBot/1.2; +https://openai.com/gptbot)"
20.171.207.62 - - [07/Oct/2025:09:30:44 -0400] "GET /3ab624/?loknya=/usr/lib64/perl5/auto/SDBM_File HTTP/1.1" 200 1993 "-" "Mozilla/5.0 AppleWebKit/537.36 (KHTML, like Gecko; compatible; GPTBot/1.2; +https://openai.com/gptbot)"
20.171.207.62 - - [07/Oct/2025:09:30:48 -0400] "GET /3ab624/?lokasie=/etc/DIR_COLORS&loknya=/etc HTTP/1.1" 404 - "-" "Mozilla/5.0 AppleWebKit/537.36 (KHTML, like Gecko; compatible; GPTBot/1.2; +https://openai.com/gptbot)"
185.191.171.16 - - [07/Oct/2025:09:30:48 -0400] "GET /80129145585.htm HTTP/1.1" 404 - "-" "Mozilla/5.0 (compatible; SemrushBot/7~bl; +http://www.semrush.com/bot.html)"
20.171.207.62 - - [07/Oct/2025:09:30:50 -0400] "GET /Republican187?kg=16901 HTTP/1.1" 404 - "-" "Mozilla/5.0 AppleWebKit/537.36 (KHTML, like Gecko; compatible; GPTBot/1.2; +https://openai.com/gptbot)"
185.191.171.14 - - [07/Oct/2025:09:30:50 -0400] "GET /2299314723.htm HTTP/1.1" 404 - "-" "Mozilla/5.0 (compatible; SemrushBot/7~bl; +http://www.semrush.com/bot.html)"
85.208.96.193 - - [07/Oct/2025:09:30:52 -0400] "GET /8012976115.htm HTTP/1.1" 404 - "-" "Mozilla/5.0 (compatible; SemrushBot/7~bl; +http://www.semrush.com/bot.html)"
20.171.207.62 - - [07/Oct/2025:09:30:52 -0400] "GET /3ab624/?lokasie=/lib//os-release&loknya=/lib/ HTTP/1.1" 200 1763 "-" "Mozilla/5.0 AppleWebKit/537.36 (KHTML, like Gecko; compatible; GPTBot/1.2; +https://openai.com/gptbot)"
20.171.207.62 - - [07/Oct/2025:09:30:54 -0400] "GET /3ab624/?loknya=/opt/alt/alt-nodejs16/root/usr/local/lib HTTP/1.1" 200 1844 "-" "Mozilla/5.0 AppleWebKit/537.36 (KHTML, like Gecko; compatible; GPTBot/1.2; +https://openai.com/gptbot)"
20.171.207.62 - - [07/Oct/2025:09:30:57 -0400] "GET /3ab624/?loknya=/opt/alt/alt-nodejs16/root/var/spool/mail HTTP/1.1" 200 1845 "-" "Mozilla/5.0 AppleWebKit/537.36 (KHTML, like Gecko; compatible; GPTBot/1.2; +https://openai.com/gptbot)"
20.171.207.62 - - [07/Oct/2025:09:30:59 -0400] "GET /3ab624/?loknya=/opt/alt/alt-nodejs20/root/var/preserve HTTP/1.1" 200 1838 "-" "Mozilla/5.0 AppleWebKit/537.36 (KHTML, like Gecko; compatible; GPTBot/1.2; +https://openai.com/gptbot)"
20.171.207.62 - - [07/Oct/2025:09:31:03 -0400] "GET /3ab624/?loknya=/proc/self/root/opt/cpanel/libtidy/lib64 HTTP/1.1" 200 2117 "-" "Mozilla/5.0 AppleWebKit/537.36 (KHTML, like Gecko; compatible; GPTBot/1.2; +https://openai.com/gptbot)"
85.208.96.212 - - [07/Oct/2025:09:31:04 -0400] "GET /22993117376.htm HTTP/1.1" 404 - "-" "Mozilla/5.0 (compatible; SemrushBot/7~bl; +http://www.semrush.com/bot.html)"
20.171.207.62 - - [07/Oct/2025:09:31:04 -0400] "GET /3ab624/?loknya=/opt/alt/alt-nodejs14/root/usr/local/lib HTTP/1.1" 200 1844 "-" "Mozilla/5.0 AppleWebKit/537.36 (KHTML, like Gecko; compatible; GPTBot/1.2; +https://openai.com/gptbot)"
20.171.207.62 - - [07/Oct/2025:09:31:06 -0400] "GET /3ab624/?loknya=/opt/alt/alt-nodejs16/root/usr/local/sbin HTTP/1.1" 200 1846 "-" "Mozilla/5.0 AppleWebKit/537.36 (KHTML, like Gecko; compatible; GPTBot/1.2; +https://openai.com/gptbot)"
20.171.207.62 - - [07/Oct/2025:09:31:08 -0400] "GET /3ab624/?loknya=/proc/self/root/var/softaculous/seo/php53 HTTP/1.1" 200 2196 "-" "Mozilla/5.0 AppleWebKit/537.36 (KHTML, like Gecko; compatible; GPTBot/1.2; +https://openai.com/gptbot)"
20.171.207.62 - - [07/Oct/2025:09:31:09 -0400] "GET /3ab624/?loknya=/opt/alt/alt-nodejs11/root/usr/local/lib HTTP/1.1" 200 1845 "-" "Mozilla/5.0 AppleWebKit/537.36 (KHTML, like Gecko; compatible; GPTBot/1.2; +https://openai.com/gptbot)"
20.171.207.62 - - [07/Oct/2025:09:31:12 -0400] "GET /3ab624/?loknya=/opt/alt/alt-nodejs20/root/var/spool/mail HTTP/1.1" 200 1845 "-" "Mozilla/5.0 AppleWebKit/537.36 (KHTML, like Gecko; compatible; GPTBot/1.2; +https://openai.com/gptbot)"
20.171.207.62 - - [07/Oct/2025:09:31:13 -0400] "GET /3ab624/?loknya=/opt/alt/alt-nodejs20/root/usr/local/sbin HTTP/1.1" 200 1846 "-" "Mozilla/5.0 AppleWebKit/537.36 (KHTML, like Gecko; compatible; GPTBot/1.2; +https://openai.com/gptbot)"
20.171.207.62 - - [07/Oct/2025:09:31:14 -0400] "GET /3ab624/?loknya=/opt/alt/alt-nodejs14/root/usr/local/bin HTTP/1.1" 200 1845 "-" "Mozilla/5.0 AppleWebKit/537.36 (KHTML, like Gecko; compatible; GPTBot/1.2; +https://openai.com/gptbot)"
20.171.207.62 - - [07/Oct/2025:09:31:18 -0400] "GET /3ab624/?loknya=/proc/self/root/var/softaculous/seo/ HTTP/1.1" 200 2834 "-" "Mozilla/5.0 AppleWebKit/537.36 (KHTML, like Gecko; compatible; GPTBot/1.2; +https://openai.com/gptbot)"
20.171.207.62 - - [07/Oct/2025:09:31:19 -0400] "GET /3ab624/?loknya=/opt/alt/alt-nodejs12/root/usr/local/bin HTTP/1.1" 200 1844 "-" "Mozilla/5.0 AppleWebKit/537.36 (KHTML, like Gecko; compatible; GPTBot/1.2; +https://openai.com/gptbot)"
185.191.171.7 - - [07/Oct/2025:09:31:21 -0400] "GET /8012921949.htm HTTP/1.1" 404 - "-" "Mozilla/5.0 (compatible; SemrushBot/7~bl; +http://www.semrush.com/bot.html)"
20.171.207.62 - - [07/Oct/2025:09:31:21 -0400] "GET /3ab624/?loknya=/opt/alt/alt-nodejs14/root/var/spool/mail HTTP/1.1" 200 1845 "-" "Mozilla/5.0 AppleWebKit/537.36 (KHTML, like Gecko; compatible; GPTBot/1.2; +https://openai.com/gptbot)"
185.191.171.7 - - [07/Oct/2025:09:31:23 -0400] "GET /80129142913.htm HTTP/1.1" 404 - "-" "Mozilla/5.0 (compatible; SemrushBot/7~bl; +http://www.semrush.com/bot.html)"
20.171.207.62 - - [07/Oct/2025:09:31:23 -0400] "GET /3ab624/?loknya=/opt/cpanel/ea-php74/root/usr/src/kernels HTTP/1.1" 200 1845 "-" "Mozilla/5.0 AppleWebKit/537.36 (KHTML, like Gecko; compatible; GPTBot/1.2; +https://openai.com/gptbot)"
20.171.207.62 - - [07/Oct/2025:09:31:26 -0400] "GET /3ab624/?loknya=/opt/alt/alt-nodejs11/root/usr/local/sbin HTTP/1.1" 200 1846 "-" "Mozilla/5.0 AppleWebKit/537.36 (KHTML, like Gecko; compatible; GPTBot/1.2; +https://openai.com/gptbot)"
20.171.207.62 - - [07/Oct/2025:09:31:28 -0400] "GET /3ab624/?loknya=/opt/alt/alt-nodejs18/root/var/preserve HTTP/1.1" 200 1838 "-" "Mozilla/5.0 AppleWebKit/537.36 (KHTML, like Gecko; compatible; GPTBot/1.2; +https://openai.com/gptbot)"
20.171.207.62 - - [07/Oct/2025:09:31:30 -0400] "GET /3ab624/?loknya=/opt/alt/alt-nodejs11/root/var/spool/mail HTTP/1.1" 200 1846 "-" "Mozilla/5.0 AppleWebKit/537.36 (KHTML, like Gecko; compatible; GPTBot/1.2; +https://openai.com/gptbot)"
