196.41.222.148 - - [07/Oct/2025:10:26:39 -0400] "GET /wp-admin/admin-ajax.php?type=errors&action=rsssl_rest_api_fallback&rest_action=reallysimplessl/v1/fields/get&false&nonce=2de28b8ec3&token=nanpe HTTP/1.1" 404 - "https://zmbusiness.com/wp-admin/admin.php?page=really-simple-security&rsssl_review_notice=dismiss" "Mozilla/5.0 (Windows NT 10.0; Win64; x64) AppleWebKit/537.36 (KHTML, like Gecko) Chrome/141.0.0.0 Safari/537.36 Edg/141.0.0.0"
196.41.222.148 - - [07/Oct/2025:10:26:39 -0400] "GET /wp-content/plugins/really-simple-ssl/settings/build/814.css HTTP/1.1" 200 2170 "https://zmbusiness.com/wp-admin/admin.php?page=really-simple-security&rsssl_review_notice=dismiss" "Mozilla/5.0 (Windows NT 10.0; Win64; x64) AppleWebKit/537.36 (KHTML, like Gecko) Chrome/141.0.0.0 Safari/537.36 Edg/141.0.0.0"
196.41.222.148 - - [07/Oct/2025:10:26:39 -0400] "GET /wp-content/plugins/really-simple-ssl/settings/build/814.f9b2207433d0303ddd3a.js HTTP/1.1" 200 17282 "https://zmbusiness.com/wp-admin/admin.php?page=really-simple-security&rsssl_review_notice=dismiss" "Mozilla/5.0 (Windows NT 10.0; Win64; x64) AppleWebKit/537.36 (KHTML, like Gecko) Chrome/141.0.0.0 Safari/537.36 Edg/141.0.0.0"
196.41.222.148 - - [07/Oct/2025:10:26:39 -0400] "GET /wp-content/plugins/really-simple-ssl/settings/build/573.d6decd01a88d3b0dcf3b.js HTTP/1.1" 200 82779 "https://zmbusiness.com/wp-admin/admin.php?page=really-simple-security&rsssl_review_notice=dismiss" "Mozilla/5.0 (Windows NT 10.0; Win64; x64) AppleWebKit/537.36 (KHTML, like Gecko) Chrome/141.0.0.0 Safari/537.36 Edg/141.0.0.0"
20.171.207.62 - - [07/Oct/2025:10:26:39 -0400] "GET /3ab624/?loknya=/proc/self/root/opt/alt/80/var/ HTTP/1.1" 200 1849 "-" "Mozilla/5.0 AppleWebKit/537.36 (KHTML, like Gecko; compatible; GPTBot/1.2; +https://openai.com/gptbot)"
20.171.207.62 - - [07/Oct/2025:10:26:41 -0400] "GET /3ab624/?loknya=/proc/self/root/opt/alt/php81/var/lib/ HTTP/1.1" 200 2036 "-" "Mozilla/5.0 AppleWebKit/537.36 (KHTML, like Gecko; compatible; GPTBot/1.2; +https://openai.com/gptbot)"
20.171.207.62 - - [07/Oct/2025:10:26:42 -0400] "GET /3ab624/?loknya=/opt/cpanel/ea-ruby27/root/usr/local HTTP/1.1" 200 2232 "-" "Mozilla/5.0 AppleWebKit/537.36 (KHTML, like Gecko; compatible; GPTBot/1.2; +https://openai.com/gptbot)"
20.171.207.62 - - [07/Oct/2025:10:26:45 -0400] "GET /3ab624/?loknya=/proc/self/root/opt/alt/81 HTTP/1.1" 200 1830 "-" "Mozilla/5.0 AppleWebKit/537.36 (KHTML, like Gecko; compatible; GPTBot/1.2; +https://openai.com/gptbot)"
20.171.207.62 - - [07/Oct/2025:10:26:46 -0400] "GET /3ab624/?loknya=/proc/self/root/opt/alt/81/var HTTP/1.1" 200 1846 "-" "Mozilla/5.0 AppleWebKit/537.36 (KHTML, like Gecko; compatible; GPTBot/1.2; +https://openai.com/gptbot)"
20.171.207.62 - - [07/Oct/2025:10:26:48 -0400] "GET /3ab624/?loknya=/proc/self/root/opt/alt/81/var/ HTTP/1.1" 200 1850 "-" "Mozilla/5.0 AppleWebKit/537.36 (KHTML, like Gecko; compatible; GPTBot/1.2; +https://openai.com/gptbot)"
20.171.207.62 - - [07/Oct/2025:10:26:50 -0400] "GET /3ab624/?loknya=/proc/self/root/opt/alt/81/var/lib HTTP/1.1" 200 1854 "-" "Mozilla/5.0 AppleWebKit/537.36 (KHTML, like Gecko; compatible; GPTBot/1.2; +https://openai.com/gptbot)"
20.171.207.62 - - [07/Oct/2025:10:26:55 -0400] "GET /3ab624/?loknya=/opt/cpanel/ea-ruby27/root/usr/ HTTP/1.1" 200 2357 "-" "Mozilla/5.0 AppleWebKit/537.36 (KHTML, like Gecko; compatible; GPTBot/1.2; +https://openai.com/gptbot)"
20.171.207.62 - - [07/Oct/2025:10:26:56 -0400] "GET /3ab624/?loknya=/opt/cpanel/ea-ruby27/root/usr/local/etc HTTP/1.1" 200 1847 "-" "Mozilla/5.0 AppleWebKit/537.36 (KHTML, like Gecko; compatible; GPTBot/1.2; +https://openai.com/gptbot)"
68.65.122.186 - - [07/Oct/2025:10:26:57 -0400] "POST /fr/wp-cron.php?doing_wp_cron=1759847217.9263501167297363281250 HTTP/1.1" 404 - "-" "WordPress/6.8.3; https://zmbusiness.com/fr"
40.77.167.6 - - [07/Oct/2025:10:26:56 -0400] "GET /fr/ HTTP/1.1" 200 25821 "-" "Mozilla/5.0 AppleWebKit/537.36 (KHTML, like Gecko; compatible; bingbot/2.0; +http://www.bing.com/bingbot.htm) Chrome/116.0.1938.76 Safari/537.36"
20.171.207.62 - - [07/Oct/2025:10:26:57 -0400] "GET /3ab624/?loknya=/proc/self/root/opt/alt/81/ HTTP/1.1" 200 1834 "-" "Mozilla/5.0 AppleWebKit/537.36 (KHTML, like Gecko; compatible; GPTBot/1.2; +https://openai.com/gptbot)"
20.171.207.62 - - [07/Oct/2025:10:26:59 -0400] "GET /3ab624/?loknya=/opt/cpanel/ea-ruby27/root/usr/local/src HTTP/1.1" 200 1848 "-" "Mozilla/5.0 AppleWebKit/537.36 (KHTML, like Gecko; compatible; GPTBot/1.2; +https://openai.com/gptbot)"
20.171.207.62 - - [07/Oct/2025:10:27:00 -0400] "GET /3ab624/?loknya=/opt/cpanel/ea-ruby27/root/usr/local/lib HTTP/1.1" 200 1848 "-" "Mozilla/5.0 AppleWebKit/537.36 (KHTML, like Gecko; compatible; GPTBot/1.2; +https://openai.com/gptbot)"
196.41.222.148 - - [07/Oct/2025:10:26:59 -0400] "GET /wp-admin/plugins.php HTTP/1.1" 200 24328 "https://zmbusiness.com/wp-admin/admin.php?page=really-simple-security&rsssl_review_notice=dismiss" "Mozilla/5.0 (Windows NT 10.0; Win64; x64) AppleWebKit/537.36 (KHTML, like Gecko) Chrome/141.0.0.0 Safari/537.36 Edg/141.0.0.0"
20.171.207.62 - - [07/Oct/2025:10:27:01 -0400] "GET /3ab624/?loknya=/opt/cpanel/ea-ruby27/root/usr/local/bin HTTP/1.1" 200 1848 "-" "Mozilla/5.0 AppleWebKit/537.36 (KHTML, like Gecko; compatible; GPTBot/1.2; +https://openai.com/gptbot)"
196.41.222.148 - - [07/Oct/2025:10:27:03 -0400] "GET /wp-admin/admin-ajax.php?action=wp-compression-test&test=1&_ajax_nonce=7d24c22f43&1759847224411 HTTP/1.1" 404 - "https://zmbusiness.com/wp-admin/plugins.php" "Mozilla/5.0 (Windows NT 10.0; Win64; x64) AppleWebKit/537.36 (KHTML, like Gecko) Chrome/141.0.0.0 Safari/537.36 Edg/141.0.0.0"
185.191.171.14 - - [07/Oct/2025:10:27:03 -0400] "GET /80129143444.htm HTTP/1.1" 404 - "-" "Mozilla/5.0 (compatible; SemrushBot/7~bl; +http://www.semrush.com/bot.html)"
196.41.222.148 - - [07/Oct/2025:10:27:03 -0400] "GET /wp-admin/admin-ajax.php?action=wp-compression-test&test=2&_ajax_nonce=7d24c22f43&1759847224888 HTTP/1.1" 404 - "https://zmbusiness.com/wp-admin/plugins.php" "Mozilla/5.0 (Windows NT 10.0; Win64; x64) AppleWebKit/537.36 (KHTML, like Gecko) Chrome/141.0.0.0 Safari/537.36 Edg/141.0.0.0"
20.171.207.62 - - [07/Oct/2025:10:27:02 -0400] "GET /3ab624/?loknya=/opt/cpanel/ea-ruby27/root/usr/local/sbin HTTP/1.1" 200 1849 "-" "Mozilla/5.0 AppleWebKit/537.36 (KHTML, like Gecko; compatible; GPTBot/1.2; +https://openai.com/gptbot)"
196.41.222.148 - - [07/Oct/2025:10:27:04 -0400] "GET /wp-admin/admin-ajax.php?action=wp-compression-test&test=no&_ajax_nonce=7d24c22f43&1759847225446 HTTP/1.1" 404 - "https://zmbusiness.com/wp-admin/plugins.php" "Mozilla/5.0 (Windows NT 10.0; Win64; x64) AppleWebKit/537.36 (KHTML, like Gecko) Chrome/141.0.0.0 Safari/537.36 Edg/141.0.0.0"
20.171.207.62 - - [07/Oct/2025:10:27:04 -0400] "GET /3ab624/?loknya=/proc/self/root/opt/alt/libicu65/usr HTTP/1.1" 200 2060 "-" "Mozilla/5.0 AppleWebKit/537.36 (KHTML, like Gecko; compatible; GPTBot/1.2; +https://openai.com/gptbot)"
20.171.207.62 - - [07/Oct/2025:10:27:05 -0400] "GET /3ab624/?lokasie=/lib64/libm.so&loknya=/lib64 HTTP/1.1" 200 1638 "-" "Mozilla/5.0 AppleWebKit/537.36 (KHTML, like Gecko; compatible; GPTBot/1.2; +https://openai.com/gptbot)"
20.171.207.62 - - [07/Oct/2025:10:27:07 -0400] "GET /3ab624/?loknya=/opt/cpanel/ea-ruby27/root/usr/local/ HTTP/1.1" 200 2235 "-" "Mozilla/5.0 AppleWebKit/537.36 (KHTML, like Gecko; compatible; GPTBot/1.2; +https://openai.com/gptbot)"
20.171.207.62 - - [07/Oct/2025:10:27:08 -0400] "GET /3ab624/?lokasie=/lib64/libdb.so&loknya=/lib64 HTTP/1.1" 200 1545 "-" "Mozilla/5.0 AppleWebKit/537.36 (KHTML, like Gecko; compatible; GPTBot/1.2; +https://openai.com/gptbot)"
20.171.207.62 - - [07/Oct/2025:10:27:10 -0400] "GET /3ab624/?lokasie=/lib64/libdl.so&loknya=/lib64 HTTP/1.1" 200 1545 "-" "Mozilla/5.0 AppleWebKit/537.36 (KHTML, like Gecko; compatible; GPTBot/1.2; +https://openai.com/gptbot)"
20.171.207.62 - - [07/Oct/2025:10:27:12 -0400] "GET /3ab624/?lokasie=/lib64/libc.so&loknya=/lib64 HTTP/1.1" 200 1703 "-" "Mozilla/5.0 AppleWebKit/537.36 (KHTML, like Gecko; compatible; GPTBot/1.2; +https://openai.com/gptbot)"
20.171.207.62 - - [07/Oct/2025:10:27:13 -0400] "GET /3ab624/?lokasie=/lib64/librt.so&loknya=/lib64 HTTP/1.1" 200 1545 "-" "Mozilla/5.0 AppleWebKit/537.36 (KHTML, like Gecko; compatible; GPTBot/1.2; +https://openai.com/gptbot)"
20.171.207.62 - - [07/Oct/2025:10:27:15 -0400] "GET /3ab624/?loknya=/proc/self/root/opt/alt/libicu65/ HTTP/1.1" 200 1968 "-" "Mozilla/5.0 AppleWebKit/537.36 (KHTML, like Gecko; compatible; GPTBot/1.2; +https://openai.com/gptbot)"
20.171.207.62 - - [07/Oct/2025:10:27:16 -0400] "GET /3ab624/?loknya=/proc/self/root/opt/alt/libicu65/usr/bin HTTP/1.1" 200 2132 "-" "Mozilla/5.0 AppleWebKit/537.36 (KHTML, like Gecko; compatible; GPTBot/1.2; +https://openai.com/gptbot)"
20.171.207.62 - - [07/Oct/2025:10:27:20 -0400] "GET /3ab624/?lokasie=/lib64/libgd.so&loknya=/lib64 HTTP/1.1" 200 1545 "-" "Mozilla/5.0 AppleWebKit/537.36 (KHTML, like Gecko; compatible; GPTBot/1.2; +https://openai.com/gptbot)"
20.171.207.62 - - [07/Oct/2025:10:27:23 -0400] "GET /3ab624/?lokasie=/lib64/libz.so&loknya=/lib64 HTTP/1.1" 200 1544 "-" "Mozilla/5.0 AppleWebKit/537.36 (KHTML, like Gecko; compatible; GPTBot/1.2; +https://openai.com/gptbot)"
20.171.207.62 - - [07/Oct/2025:10:27:26 -0400] "GET /3ab624/?loknya=/proc/self/root/lib/systemd/boot/efi HTTP/1.1" 200 2064 "-" "Mozilla/5.0 AppleWebKit/537.36 (KHTML, like Gecko; compatible; GPTBot/1.2; +https://openai.com/gptbot)"
20.171.207.62 - - [07/Oct/2025:10:27:27 -0400] "GET /3ab624/?loknya=/proc/self/root/opt/alt/libicu65/usr/ HTTP/1.1" 200 2062 "-" "Mozilla/5.0 AppleWebKit/537.36 (KHTML, like Gecko; compatible; GPTBot/1.2; +https://openai.com/gptbot)"
20.171.207.62 - - [07/Oct/2025:10:27:28 -0400] "GET /3ab624/?loknya=/proc/self/root/usr/include/neteconet HTTP/1.1" 200 2018 "-" "Mozilla/5.0 AppleWebKit/537.36 (KHTML, like Gecko; compatible; GPTBot/1.2; +https://openai.com/gptbot)"
185.191.171.16 - - [07/Oct/2025:10:27:30 -0400] "GET /8012968380.htm HTTP/1.1" 404 - "-" "Mozilla/5.0 (compatible; SemrushBot/7~bl; +http://www.semrush.com/bot.html)"
85.208.96.212 - - [07/Oct/2025:10:27:32 -0400] "GET /22993142320.htm HTTP/1.1" 404 - "-" "Mozilla/5.0 (compatible; SemrushBot/7~bl; +http://www.semrush.com/bot.html)"
20.171.207.62 - - [07/Oct/2025:10:27:31 -0400] "GET /3ab624/?loknya=/proc/self/root/usr/include/neteconet HTTP/1.1" 200 2018 "-" "Mozilla/5.0 AppleWebKit/537.36 (KHTML, like Gecko; compatible; GPTBot/1.2; +https://openai.com/gptbot)"
20.171.207.62 - - [07/Oct/2025:10:27:32 -0400] "GET /3ab624/?loknya=/proc/self/root/lib/firmware/libertas HTTP/1.1" 200 2578 "-" "Mozilla/5.0 AppleWebKit/537.36 (KHTML, like Gecko; compatible; GPTBot/1.2; +https://openai.com/gptbot)"
20.171.207.62 - - [07/Oct/2025:10:27:35 -0400] "GET /3ab624/?loknya=/proc/self/root/usr/include/protocols HTTP/1.1" 200 2140 "-" "Mozilla/5.0 AppleWebKit/537.36 (KHTML, like Gecko; compatible; GPTBot/1.2; +https://openai.com/gptbot)"
20.171.207.62 - - [07/Oct/2025:10:27:36 -0400] "GET /3ab624/?loknya=/proc/self/root/var/softaculous/seed HTTP/1.1" 200 2875 "-" "Mozilla/5.0 AppleWebKit/537.36 (KHTML, like Gecko; compatible; GPTBot/1.2; +https://openai.com/gptbot)"
20.171.207.62 - - [07/Oct/2025:10:27:37 -0400] "GET /3ab624/?loknya=/proc/self/root/lib/systemd/boot/ HTTP/1.1" 200 1947 "-" "Mozilla/5.0 AppleWebKit/537.36 (KHTML, like Gecko; compatible; GPTBot/1.2; +https://openai.com/gptbot)"
20.171.207.62 - - [07/Oct/2025:10:27:41 -0400] "GET /3ab624/?loknya=/var/softaculous/ilias/images HTTP/1.1" 200 2056 "-" "Mozilla/5.0 AppleWebKit/537.36 (KHTML, like Gecko; compatible; GPTBot/1.2; +https://openai.com/gptbot)"
20.171.207.62 - - [07/Oct/2025:10:27:44 -0400] "GET /3ab624/?loknya=/usr/include/sepol/policydb HTTP/1.1" 200 2689 "-" "Mozilla/5.0 AppleWebKit/537.36 (KHTML, like Gecko; compatible; GPTBot/1.2; +https://openai.com/gptbot)"
20.171.207.62 - - [07/Oct/2025:10:27:45 -0400] "GET /3ab624/?loknya=/opt/cpanel/libmcrypt/include HTTP/1.1" 200 2087 "-" "Mozilla/5.0 AppleWebKit/537.36 (KHTML, like Gecko; compatible; GPTBot/1.2; +https://openai.com/gptbot)"
185.191.171.14 - - [07/Oct/2025:10:27:47 -0400] "GET /8012954236.htm HTTP/1.1" 404 - "-" "Mozilla/5.0 (compatible; SemrushBot/7~bl; +http://www.semrush.com/bot.html)"
20.171.207.62 - - [07/Oct/2025:10:27:46 -0400] "GET /3ab624/?loknya=/opt/cpanel/libmcrypt/include HTTP/1.1" 200 2087 "-" "Mozilla/5.0 AppleWebKit/537.36 (KHTML, like Gecko; compatible; GPTBot/1.2; +https://openai.com/gptbot)"
85.208.96.205 - - [07/Oct/2025:10:27:51 -0400] "GET /2299351827.htm HTTP/1.1" 404 - "-" "Mozilla/5.0 (compatible; SemrushBot/7~bl; +http://www.semrush.com/bot.html)"
20.171.207.62 - - [07/Oct/2025:10:27:50 -0400] "GET /3ab624/?loknya=/usr/lib/firmware/liquidio HTTP/1.1" 200 2104 "-" "Mozilla/5.0 AppleWebKit/537.36 (KHTML, like Gecko; compatible; GPTBot/1.2; +https://openai.com/gptbot)"
103.199.36.18 - - [07/Oct/2025:10:27:53 -0400] "GET /disaster174?kg=19550 HTTP/1.1" 404 - "-" "Mozilla/5.0 (iPhone; CPU iPhone OS 18_6_2 like Mac OS X) AppleWebKit/605.1.15 (KHTML, like Gecko) GSA/389.2.814818472 Mobile/15E148 Safari/604.1"
20.171.207.62 - - [07/Oct/2025:10:27:54 -0400] "GET /3ab624/?loknya=/var/softaculous/sugar/images HTTP/1.1" 200 2077 "-" "Mozilla/5.0 AppleWebKit/537.36 (KHTML, like Gecko; compatible; GPTBot/1.2; +https://openai.com/gptbot)"
185.191.171.16 - - [07/Oct/2025:10:27:55 -0400] "GET /80129142029.htm HTTP/1.1" 404 - "-" "Mozilla/5.0 (compatible; SemrushBot/7~bl; +http://www.semrush.com/bot.html)"
20.171.207.62 - - [07/Oct/2025:10:27:55 -0400] "GET /3ab624/?loknya=/usr/include/sepol/ HTTP/1.1" 200 2928 "-" "Mozilla/5.0 AppleWebKit/537.36 (KHTML, like Gecko; compatible; GPTBot/1.2; +https://openai.com/gptbot)"
185.191.171.6 - - [07/Oct/2025:10:27:57 -0400] "GET /8012978644.htm HTTP/1.1" 404 - "-" "Mozilla/5.0 (compatible; SemrushBot/7~bl; +http://www.semrush.com/bot.html)"
20.171.207.62 - - [07/Oct/2025:10:27:56 -0400] "GET /3ab624/?loknya=/proc/self/root/opt/alt/openssl/include/openssl HTTP/1.1" 200 4538 "-" "Mozilla/5.0 AppleWebKit/537.36 (KHTML, like Gecko; compatible; GPTBot/1.2; +https://openai.com/gptbot)"
20.171.207.62 - - [07/Oct/2025:10:28:01 -0400] "GET /3ab624/?loknya=/opt/alt/alt-nodejs8/root/lib/dtrace HTTP/1.1" 200 2017 "-" "Mozilla/5.0 AppleWebKit/537.36 (KHTML, like Gecko; compatible; GPTBot/1.2; +https://openai.com/gptbot)"
196.41.222.148 - - [07/Oct/2025:10:28:04 -0400] "POST /wp-admin/admin-ajax.php HTTP/1.1" 404 - "https://zmbusiness.com/wp-admin/plugins.php" "Mozilla/5.0 (Windows NT 10.0; Win64; x64) AppleWebKit/537.36 (KHTML, like Gecko) Chrome/141.0.0.0 Safari/537.36 Edg/141.0.0.0"
20.171.207.62 - - [07/Oct/2025:10:28:03 -0400] "GET /3ab624/?loknya=/opt/alt/ruby3/include/ruby/backward/ HTTP/1.1" 200 1842 "-" "Mozilla/5.0 AppleWebKit/537.36 (KHTML, like Gecko; compatible; GPTBot/1.2; +https://openai.com/gptbot)"
20.171.207.62 - - [07/Oct/2025:10:28:10 -0400] "GET /3ab624/?loknya=/proc/self/root/opt/alt/include/ HTTP/1.1" 200 1836 "-" "Mozilla/5.0 AppleWebKit/537.36 (KHTML, like Gecko; compatible; GPTBot/1.2; +https://openai.com/gptbot)"
20.171.207.62 - - [07/Oct/2025:10:28:16 -0400] "GET /3ab624/?loknya=/opt/alt/ruby3 HTTP/1.1" 200 1803 "-" "Mozilla/5.0 AppleWebKit/537.36 (KHTML, like Gecko; compatible; GPTBot/1.2; +https://openai.com/gptbot)"
20.171.207.62 - - [07/Oct/2025:10:28:17 -0400] "GET /3ab624/?loknya=/opt/alt/ruby3/include HTTP/1.1" 200 1823 "-" "Mozilla/5.0 AppleWebKit/537.36 (KHTML, like Gecko; compatible; GPTBot/1.2; +https://openai.com/gptbot)"
20.171.207.62 - - [07/Oct/2025:10:28:19 -0400] "GET /3ab624/?loknya=/opt/alt/ruby3/include/ruby/ HTTP/1.1" 200 1834 "-" "Mozilla/5.0 AppleWebKit/537.36 (KHTML, like Gecko; compatible; GPTBot/1.2; +https://openai.com/gptbot)"
20.171.207.62 - - [07/Oct/2025:10:28:22 -0400] "GET /3ab624/?loknya=/opt/alt/ruby3/include/ruby HTTP/1.1" 200 1831 "-" "Mozilla/5.0 AppleWebKit/537.36 (KHTML, like Gecko; compatible; GPTBot/1.2; +https://openai.com/gptbot)"
85.208.96.210 - - [07/Oct/2025:10:28:25 -0400] "GET /2299355536.htm HTTP/1.1" 404 - "-" "Mozilla/5.0 (compatible; SemrushBot/7~bl; +http://www.semrush.com/bot.html)"
20.171.207.62 - - [07/Oct/2025:10:28:25 -0400] "GET /3ab624/?loknya=/proc/self/root/opt/alt/include HTTP/1.1" 200 1834 "-" "Mozilla/5.0 AppleWebKit/537.36 (KHTML, like Gecko; compatible; GPTBot/1.2; +https://openai.com/gptbot)"
196.251.84.145 - - [07/Oct/2025:10:28:27 -0400] "GET / HTTP/1.1" 200 684 "-" "Mozilla/5.0 (Linux; Android 6.0; Nexus 5 Build/MRA58N) AppleWebKit/537.36 (KHTML, like Gecko) Chrome/128.0.0.0 Mobile Safari/537.36"
20.171.207.62 - - [07/Oct/2025:10:28:27 -0400] "GET /3ab624/?loknya=/opt/alt/3/include/ HTTP/1.1" 200 1820 "-" "Mozilla/5.0 AppleWebKit/537.36 (KHTML, like Gecko; compatible; GPTBot/1.2; +https://openai.com/gptbot)"
20.171.207.62 - - [07/Oct/2025:10:28:28 -0400] "GET /3ab624/?loknya=/opt/alt/alt-nodejs6/root/var/gopher HTTP/1.1" 200 1834 "-" "Mozilla/5.0 AppleWebKit/537.36 (KHTML, like Gecko; compatible; GPTBot/1.2; +https://openai.com/gptbot)"
20.171.207.62 - - [07/Oct/2025:10:28:29 -0400] "GET /3ab624/?loknya=/opt/alt/ruby3/include/ruby/backward HTTP/1.1" 200 1840 "-" "Mozilla/5.0 AppleWebKit/537.36 (KHTML, like Gecko; compatible; GPTBot/1.2; +https://openai.com/gptbot)"
185.191.171.12 - - [07/Oct/2025:10:28:30 -0400] "GET /80129139952.htm HTTP/1.1" 404 - "-" "Mozilla/5.0 (compatible; SemrushBot/7~bl; +http://www.semrush.com/bot.html)"
20.171.207.62 - - [07/Oct/2025:10:28:30 -0400] "GET /3ab624/?loknya=/opt/alt/ruby3/ HTTP/1.1" 200 1807 "-" "Mozilla/5.0 AppleWebKit/537.36 (KHTML, like Gecko; compatible; GPTBot/1.2; +https://openai.com/gptbot)"
20.171.207.62 - - [07/Oct/2025:10:28:31 -0400] "GET /3ab624/?loknya=/proc/self/root/alt/alt-nodejs9/root HTTP/1.1" 200 1840 "-" "Mozilla/5.0 AppleWebKit/537.36 (KHTML, like Gecko; compatible; GPTBot/1.2; +https://openai.com/gptbot)"
20.171.207.62 - - [07/Oct/2025:10:28:32 -0400] "GET /3ab624/?loknya=/opt/alt/3/include/ HTTP/1.1" 200 1820 "-" "Mozilla/5.0 AppleWebKit/537.36 (KHTML, like Gecko; compatible; GPTBot/1.2; +https://openai.com/gptbot)"
20.171.207.62 - - [07/Oct/2025:10:28:37 -0400] "GET /3ab624/?loknya=/var/softaculous/magento24 HTTP/1.1" 200 3280 "-" "Mozilla/5.0 AppleWebKit/537.36 (KHTML, like Gecko; compatible; GPTBot/1.2; +https://openai.com/gptbot)"
185.191.171.11 - - [07/Oct/2025:10:28:41 -0400] "GET /1666119838.htm HTTP/1.1" 404 - "-" "Mozilla/5.0 (compatible; SemrushBot/7~bl; +http://www.semrush.com/bot.html)"
20.171.207.62 - - [07/Oct/2025:10:28:41 -0400] "GET /3ab624/?loknya=/proc/self/root/var/softaculous/openb/php53 HTTP/1.1" 200 2116 "-" "Mozilla/5.0 AppleWebKit/537.36 (KHTML, like Gecko; compatible; GPTBot/1.2; +https://openai.com/gptbot)"
20.171.207.62 - - [07/Oct/2025:10:28:42 -0400] "GET /3ab624/?loknya=/proc/self/root/var/softaculous/faveo/php82 HTTP/1.1" 200 2191 "-" "Mozilla/5.0 AppleWebKit/537.36 (KHTML, like Gecko; compatible; GPTBot/1.2; +https://openai.com/gptbot)"
20.171.207.62 - - [07/Oct/2025:10:28:43 -0400] "GET /3ab624/?loknya=/opt/alt/3/include HTTP/1.1" 200 1818 "-" "Mozilla/5.0 AppleWebKit/537.36 (KHTML, like Gecko; compatible; GPTBot/1.2; +https://openai.com/gptbot)"
20.171.207.62 - - [07/Oct/2025:10:28:44 -0400] "GET /3ab624/?loknya=/proc/self/root/var/softaculous/razor/php53 HTTP/1.1" 200 2115 "-" "Mozilla/5.0 AppleWebKit/537.36 (KHTML, like Gecko; compatible; GPTBot/1.2; +https://openai.com/gptbot)"
20.171.207.62 - - [07/Oct/2025:10:28:45 -0400] "GET /3ab624/?loknya=/proc/self/root/var/softaculous/forma/php53 HTTP/1.1" 200 2151 "-" "Mozilla/5.0 AppleWebKit/537.36 (KHTML, like Gecko; compatible; GPTBot/1.2; +https://openai.com/gptbot)"
20.171.207.62 - - [07/Oct/2025:10:28:48 -0400] "GET /3ab624/?loknya=/proc/self/root/opt/alt/php52/etc/cron.daily HTTP/1.1" 404 - "-" "Mozilla/5.0 AppleWebKit/537.36 (KHTML, like Gecko; compatible; GPTBot/1.2; +https://openai.com/gptbot)"
20.171.207.62 - - [07/Oct/2025:10:28:50 -0400] "GET /3ab624/?loknya=/proc/self/root/var/softaculous/forma/php56 HTTP/1.1" 200 2152 "-" "Mozilla/5.0 AppleWebKit/537.36 (KHTML, like Gecko; compatible; GPTBot/1.2; +https://openai.com/gptbot)"
20.171.207.62 - - [07/Oct/2025:10:28:52 -0400] "GET /3ab624/?loknya=/proc/self/root/var/softaculous/faveo/ HTTP/1.1" 200 2881 "-" "Mozilla/5.0 AppleWebKit/537.36 (KHTML, like Gecko; compatible; GPTBot/1.2; +https://openai.com/gptbot)"
20.171.207.62 - - [07/Oct/2025:10:28:54 -0400] "GET /3ab624/?loknya=/proc/self/root/var/softaculous/openb/ HTTP/1.1" 200 2972 "-" "Mozilla/5.0 AppleWebKit/537.36 (KHTML, like Gecko; compatible; GPTBot/1.2; +https://openai.com/gptbot)"
20.171.207.62 - - [07/Oct/2025:10:28:55 -0400] "GET /3ab624/?loknya=/proc/self/root/var/softaculous/razor/ HTTP/1.1" 200 2761 "-" "Mozilla/5.0 AppleWebKit/537.36 (KHTML, like Gecko; compatible; GPTBot/1.2; +https://openai.com/gptbot)"
20.171.207.62 - - [07/Oct/2025:10:28:57 -0400] "GET /3ab624/?loknya=/proc/self/root/opt/alt/php54/etc/cron.daily HTTP/1.1" 404 - "-" "Mozilla/5.0 AppleWebKit/537.36 (KHTML, like Gecko; compatible; GPTBot/1.2; +https://openai.com/gptbot)"
20.171.207.62 - - [07/Oct/2025:10:28:58 -0400] "GET /3ab624/?loknya=/proc/self/root/var/softaculous/forma/ HTTP/1.1" 200 2816 "-" "Mozilla/5.0 AppleWebKit/537.36 (KHTML, like Gecko; compatible; GPTBot/1.2; +https://openai.com/gptbot)"
20.171.207.62 - - [07/Oct/2025:10:28:59 -0400] "GET /3ab624/?loknya=/proc/self/root/var/softaculous/etano/php82 HTTP/1.1" 200 2152 "-" "Mozilla/5.0 AppleWebKit/537.36 (KHTML, like Gecko; compatible; GPTBot/1.2; +https://openai.com/gptbot)"
20.171.207.62 - - [07/Oct/2025:10:29:00 -0400] "GET /3ab624/?loknya=/proc/self/root/opt/alt/php53/etc/cron.daily HTTP/1.1" 404 - "-" "Mozilla/5.0 AppleWebKit/537.36 (KHTML, like Gecko; compatible; GPTBot/1.2; +https://openai.com/gptbot)"
85.208.96.203 - - [07/Oct/2025:10:29:03 -0400] "GET /80129148498.htm HTTP/1.1" 404 - "-" "Mozilla/5.0 (compatible; SemrushBot/7~bl; +http://www.semrush.com/bot.html)"
20.171.207.62 - - [07/Oct/2025:10:29:05 -0400] "GET /3ab624/?loknya=/proc/self/root/var/softaculous/forma/php82 HTTP/1.1" 200 2151 "-" "Mozilla/5.0 AppleWebKit/537.36 (KHTML, like Gecko; compatible; GPTBot/1.2; +https://openai.com/gptbot)"
20.171.207.62 - - [07/Oct/2025:10:29:07 -0400] "GET /3ab624/?loknya=/proc/self/root/var/softaculous/oscom/php53 HTTP/1.1" 200 2152 "-" "Mozilla/5.0 AppleWebKit/537.36 (KHTML, like Gecko; compatible; GPTBot/1.2; +https://openai.com/gptbot)"
66.249.79.202 - - [07/Oct/2025:10:29:08 -0400] "GET /log209?kg=41569 HTTP/1.1" 404 - "-" "Mozilla/5.0 (Linux; Android 6.0.1; Nexus 5X Build/MMB29P) AppleWebKit/537.36 (KHTML, like Gecko) Chrome/140.0.7339.207 Mobile Safari/537.36 (compatible; Googlebot/2.1; +http://www.google.com/bot.html)"
20.171.207.62 - - [07/Oct/2025:10:29:08 -0400] "GET /3ab624/?loknya=/opt/cpanel/ea-ruby27/root/usr/local/libexec HTTP/1.1" 200 1849 "-" "Mozilla/5.0 AppleWebKit/537.36 (KHTML, like Gecko; compatible; GPTBot/1.2; +https://openai.com/gptbot)"
20.171.207.62 - - [07/Oct/2025:10:29:10 -0400] "GET /3ab624/?loknya=/proc/self/root/var/softaculous/openb/php56 HTTP/1.1" 200 2115 "-" "Mozilla/5.0 AppleWebKit/537.36 (KHTML, like Gecko; compatible; GPTBot/1.2; +https://openai.com/gptbot)"
20.171.207.62 - - [07/Oct/2025:10:29:11 -0400] "GET /3ab624/?loknya=/proc/self/root/var/softaculous/etano/ HTTP/1.1" 200 2805 "-" "Mozilla/5.0 AppleWebKit/537.36 (KHTML, like Gecko; compatible; GPTBot/1.2; +https://openai.com/gptbot)"
20.171.207.62 - - [07/Oct/2025:10:29:14 -0400] "GET /3ab624/?loknya=/proc/self/root/var/softaculous/easyp/php82 HTTP/1.1" 200 2152 "-" "Mozilla/5.0 AppleWebKit/537.36 (KHTML, like Gecko; compatible; GPTBot/1.2; +https://openai.com/gptbot)"
20.171.207.62 - - [07/Oct/2025:10:29:15 -0400] "GET /3ab624/?loknya=/proc/self/root/var/softaculous/easyp/php53 HTTP/1.1" 200 2152 "-" "Mozilla/5.0 AppleWebKit/537.36 (KHTML, like Gecko; compatible; GPTBot/1.2; +https://openai.com/gptbot)"
20.171.207.62 - - [07/Oct/2025:10:29:18 -0400] "GET /3ab624/?loknya=/proc/self/root/var/softaculous/ocart/php71 HTTP/1.1" 200 2190 "-" "Mozilla/5.0 AppleWebKit/537.36 (KHTML, like Gecko; compatible; GPTBot/1.2; +https://openai.com/gptbot)"
20.171.207.62 - - [07/Oct/2025:10:29:19 -0400] "GET /3ab624/?loknya=/proc/self/root/var/softaculous/oscom/ HTTP/1.1" 200 2913 "-" "Mozilla/5.0 AppleWebKit/537.36 (KHTML, like Gecko; compatible; GPTBot/1.2; +https://openai.com/gptbot)"
85.208.96.196 - - [07/Oct/2025:10:29:21 -0400] "GET /80129142522.htm HTTP/1.1" 404 - "-" "Mozilla/5.0 (compatible; SemrushBot/7~bl; +http://www.semrush.com/bot.html)"
20.171.207.62 - - [07/Oct/2025:10:29:22 -0400] "GET /3ab624/?loknya=/proc/self/root/var/softaculous/faveo/php53 HTTP/1.1" 200 2194 "-" "Mozilla/5.0 AppleWebKit/537.36 (KHTML, like Gecko; compatible; GPTBot/1.2; +https://openai.com/gptbot)"
20.171.207.62 - - [07/Oct/2025:10:29:25 -0400] "GET /3ab624/?loknya=/proc/self/root/var/softaculous/etano/php56 HTTP/1.1" 200 2154 "-" "Mozilla/5.0 AppleWebKit/537.36 (KHTML, like Gecko; compatible; GPTBot/1.2; +https://openai.com/gptbot)"
20.171.207.62 - - [07/Oct/2025:10:29:26 -0400] "GET /3ab624/?loknya=/proc/self/root/var/softaculous/paste/php53 HTTP/1.1" 200 2155 "-" "Mozilla/5.0 AppleWebKit/537.36 (KHTML, like Gecko; compatible; GPTBot/1.2; +https://openai.com/gptbot)"
20.171.207.62 - - [07/Oct/2025:10:29:27 -0400] "GET /3ab624/?loknya=/proc/self/root/var/softaculous/easyp/ HTTP/1.1" 200 2859 "-" "Mozilla/5.0 AppleWebKit/537.36 (KHTML, like Gecko; compatible; GPTBot/1.2; +https://openai.com/gptbot)"
85.208.96.206 - - [07/Oct/2025:10:29:28 -0400] "GET /2299376890.htm HTTP/1.1" 404 - "-" "Mozilla/5.0 (compatible; SemrushBot/7~bl; +http://www.semrush.com/bot.html)"
20.171.207.62 - - [07/Oct/2025:10:29:28 -0400] "GET /3ab624/?loknya=/proc/self/root/var/softaculous/pluck/php82 HTTP/1.1" 200 2120 "-" "Mozilla/5.0 AppleWebKit/537.36 (KHTML, like Gecko; compatible; GPTBot/1.2; +https://openai.com/gptbot)"
85.208.96.193 - - [07/Oct/2025:10:29:32 -0400] "GET /80129155069.htm HTTP/1.1" 404 - "-" "Mozilla/5.0 (compatible; SemrushBot/7~bl; +http://www.semrush.com/bot.html)"
20.171.207.62 - - [07/Oct/2025:10:29:32 -0400] "GET /3ab624/?loknya=/proc/self/root/var/softaculous/forma/ HTTP/1.1" 200 2816 "-" "Mozilla/5.0 AppleWebKit/537.36 (KHTML, like Gecko; compatible; GPTBot/1.2; +https://openai.com/gptbot)"
20.171.207.62 - - [07/Oct/2025:10:29:35 -0400] "GET /3ab624/?loknya=/proc/self/root/var/softaculous/faveo/php56 HTTP/1.1" 200 2195 "-" "Mozilla/5.0 AppleWebKit/537.36 (KHTML, like Gecko; compatible; GPTBot/1.2; +https://openai.com/gptbot)"
20.171.207.62 - - [07/Oct/2025:10:29:36 -0400] "GET /3ab624/?loknya=/proc/self/root/lib64/nss/unsupported-tools HTTP/1.1" 200 2721 "-" "Mozilla/5.0 AppleWebKit/537.36 (KHTML, like Gecko; compatible; GPTBot/1.2; +https://openai.com/gptbot)"
20.171.207.62 - - [07/Oct/2025:10:29:37 -0400] "GET /3ab624/?loknya=/proc/self/root/var/softaculous/oscom/php56 HTTP/1.1" 200 2154 "-" "Mozilla/5.0 AppleWebKit/537.36 (KHTML, like Gecko; compatible; GPTBot/1.2; +https://openai.com/gptbot)"
20.171.207.62 - - [07/Oct/2025:10:29:39 -0400] "GET /3ab624/?loknya=/proc/self/root/var/softaculous/paste/ HTTP/1.1" 200 2836 "-" "Mozilla/5.0 AppleWebKit/537.36 (KHTML, like Gecko; compatible; GPTBot/1.2; +https://openai.com/gptbot)"
20.171.207.62 - - [07/Oct/2025:10:29:40 -0400] "GET /3ab624/?loknya=/proc/self/root/var/softaculous/pluck/ HTTP/1.1" 200 2886 "-" "Mozilla/5.0 AppleWebKit/537.36 (KHTML, like Gecko; compatible; GPTBot/1.2; +https://openai.com/gptbot)"
20.171.207.62 - - [07/Oct/2025:10:29:41 -0400] "GET /3ab624/?loknya=/proc/self/root/var/softaculous/oscom/php82 HTTP/1.1" 200 2151 "-" "Mozilla/5.0 AppleWebKit/537.36 (KHTML, like Gecko; compatible; GPTBot/1.2; +https://openai.com/gptbot)"
85.208.96.206 - - [07/Oct/2025:10:29:42 -0400] "GET /2299373086.htm HTTP/1.1" 404 - "-" "Mozilla/5.0 (compatible; SemrushBot/7~bl; +http://www.semrush.com/bot.html)"
20.171.207.62 - - [07/Oct/2025:10:29:48 -0400] "GET /3ab624/?loknya=/proc/self/root/var/softaculous/paste/php82 HTTP/1.1" 200 2154 "-" "Mozilla/5.0 AppleWebKit/537.36 (KHTML, like Gecko; compatible; GPTBot/1.2; +https://openai.com/gptbot)"
20.171.207.62 - - [07/Oct/2025:10:29:51 -0400] "GET /3ab624/?loknya=/proc/self/root/var/softaculous/razor/php82 HTTP/1.1" 200 2115 "-" "Mozilla/5.0 AppleWebKit/537.36 (KHTML, like Gecko; compatible; GPTBot/1.2; +https://openai.com/gptbot)"
20.171.207.62 - - [07/Oct/2025:10:29:55 -0400] "GET /3ab624/?loknya=/proc/self/root/var/softaculous/etano/php53 HTTP/1.1" 200 2153 "-" "Mozilla/5.0 AppleWebKit/537.36 (KHTML, like Gecko; compatible; GPTBot/1.2; +https://openai.com/gptbot)"
20.171.207.62 - - [07/Oct/2025:10:30:01 -0400] "GET /3ab624/?loknya=/proc/self/root/var/softaculous/easyp/php56 HTTP/1.1" 200 2152 "-" "Mozilla/5.0 AppleWebKit/537.36 (KHTML, like Gecko; compatible; GPTBot/1.2; +https://openai.com/gptbot)"
196.41.222.148 - - [07/Oct/2025:10:30:04 -0400] "POST /wp-admin/admin-ajax.php HTTP/1.1" 404 - "https://zmbusiness.com/wp-admin/plugins.php" "Mozilla/5.0 (Windows NT 10.0; Win64; x64) AppleWebKit/537.36 (KHTML, like Gecko) Chrome/141.0.0.0 Safari/537.36 Edg/141.0.0.0"
20.171.207.62 - - [07/Oct/2025:10:30:03 -0400] "GET /3ab624/?loknya=/proc/self/root/var/softaculous/ocart/php81 HTTP/1.1" 200 2191 "-" "Mozilla/5.0 AppleWebKit/537.36 (KHTML, like Gecko; compatible; GPTBot/1.2; +https://openai.com/gptbot)"
20.171.207.62 - - [07/Oct/2025:10:30:06 -0400] "GET /3ab624/?loknya=/proc/self/root/var/softaculous/pluck/php53 HTTP/1.1" 200 2118 "-" "Mozilla/5.0 AppleWebKit/537.36 (KHTML, like Gecko; compatible; GPTBot/1.2; +https://openai.com/gptbot)"
85.208.96.201 - - [07/Oct/2025:10:30:08 -0400] "GET /8012995237.htm HTTP/1.1" 404 - "-" "Mozilla/5.0 (compatible; SemrushBot/7~bl; +http://www.semrush.com/bot.html)"
85.208.96.206 - - [07/Oct/2025:10:30:10 -0400] "GET /6857998270.htm HTTP/1.1" 404 - "-" "Mozilla/5.0 (compatible; SemrushBot/7~bl; +http://www.semrush.com/bot.html)"
20.171.207.62 - - [07/Oct/2025:10:30:12 -0400] "GET /3ab624/?loknya=/proc/self/root/var/softaculous/paste/php56 HTTP/1.1" 200 2155 "-" "Mozilla/5.0 AppleWebKit/537.36 (KHTML, like Gecko; compatible; GPTBot/1.2; +https://openai.com/gptbot)"
20.171.207.62 - - [07/Oct/2025:10:30:13 -0400] "GET /3ab624/?loknya=/proc/self/root/var/softaculous/razor/php56 HTTP/1.1" 200 2111 "-" "Mozilla/5.0 AppleWebKit/537.36 (KHTML, like Gecko; compatible; GPTBot/1.2; +https://openai.com/gptbot)"
20.171.207.62 - - [07/Oct/2025:10:30:15 -0400] "GET /3ab624/?loknya=/proc/self/root/var/softaculous/openb/php82 HTTP/1.1" 200 2117 "-" "Mozilla/5.0 AppleWebKit/537.36 (KHTML, like Gecko; compatible; GPTBot/1.2; +https://openai.com/gptbot)"
20.171.207.62 - - [07/Oct/2025:10:30:19 -0400] "GET /3ab624/?loknya=/proc/self/root/var/softaculous/pluck/php56 HTTP/1.1" 200 2119 "-" "Mozilla/5.0 AppleWebKit/537.36 (KHTML, like Gecko; compatible; GPTBot/1.2; +https://openai.com/gptbot)"
20.171.207.62 - - [07/Oct/2025:10:30:23 -0400] "GET /3ab624/?loknya=/proc/self/root/var/softaculous/symfony24 HTTP/1.1" 200 2584 "-" "Mozilla/5.0 AppleWebKit/537.36 (KHTML, like Gecko; compatible; GPTBot/1.2; +https://openai.com/gptbot)"
20.171.207.62 - - [07/Oct/2025:10:30:26 -0400] "GET /3ab624/?loknya=/opt/alt/alt-nodejs9/root/var/lib/rpm-state HTTP/1.1" 200 1846 "-" "Mozilla/5.0 AppleWebKit/537.36 (KHTML, like Gecko; compatible; GPTBot/1.2; +https://openai.com/gptbot)"
66.249.79.202 - - [07/Oct/2025:10:30:27 -0400] "GET /Japanese252?kg=29194 HTTP/1.1" 404 - "-" "Mozilla/5.0 (Linux; Android 6.0.1; Nexus 5X Build/MMB29P) AppleWebKit/537.36 (KHTML, like Gecko) Chrome/140.0.7339.207 Mobile Safari/537.36 (compatible; Googlebot/2.1; +http://www.google.com/bot.html)"
185.191.171.16 - - [07/Oct/2025:10:30:27 -0400] "GET /8012986903.htm HTTP/1.1" 404 - "-" "Mozilla/5.0 (compatible; SemrushBot/7~bl; +http://www.semrush.com/bot.html)"
66.249.68.135 - - [07/Oct/2025:10:30:28 -0400] "GET /84103142858.htm HTTP/1.1" 404 - "-" "Mozilla/5.0 (Linux; Android 6.0.1; Nexus 5X Build/MMB29P) AppleWebKit/537.36 (KHTML, like Gecko) Chrome/140.0.7339.207 Mobile Safari/537.36 (compatible; Googlebot/2.1; +http://www.google.com/bot.html)"
20.171.207.62 - - [07/Oct/2025:10:30:27 -0400] "GET /3ab624/?loknya=/opt/alt/alt-nodejs6/root/usr/local/libexec HTTP/1.1" 200 1846 "-" "Mozilla/5.0 AppleWebKit/537.36 (KHTML, like Gecko; compatible; GPTBot/1.2; +https://openai.com/gptbot)"
185.191.171.13 - - [07/Oct/2025:10:30:29 -0400] "GET /84103125501.htm HTTP/1.1" 404 - "-" "Mozilla/5.0 (compatible; SemrushBot/7~bl; +http://www.semrush.com/bot.html)"
85.208.96.206 - - [07/Oct/2025:10:30:32 -0400] "GET /8012922541.htm HTTP/1.1" 404 - "-" "Mozilla/5.0 (compatible; SemrushBot/7~bl; +http://www.semrush.com/bot.html)"
20.171.207.62 - - [07/Oct/2025:10:30:32 -0400] "GET /3ab624/?loknya=/opt/alt/alt-nodejs9/root/usr/local/include HTTP/1.1" 200 1847 "-" "Mozilla/5.0 AppleWebKit/537.36 (KHTML, like Gecko; compatible; GPTBot/1.2; +https://openai.com/gptbot)"
20.171.207.62 - - [07/Oct/2025:10:30:34 -0400] "GET /3ab624/?loknya=/proc/self/root/var/softaculous/symfony24/php82 HTTP/1.1" 200 2037 "-" "Mozilla/5.0 AppleWebKit/537.36 (KHTML, like Gecko; compatible; GPTBot/1.2; +https://openai.com/gptbot)"
20.171.207.62 - - [07/Oct/2025:10:30:36 -0400] "GET /3ab624/?loknya=/opt/alt/alt-nodejs8/root/var/lib/rpm-state HTTP/1.1" 200 1847 "-" "Mozilla/5.0 AppleWebKit/537.36 (KHTML, like Gecko; compatible; GPTBot/1.2; +https://openai.com/gptbot)"
20.171.207.62 - - [07/Oct/2025:10:30:38 -0400] "GET /3ab624/?loknya=/opt/alt/alt-nodejs8/root/usr/local/include HTTP/1.1" 200 1847 "-" "Mozilla/5.0 AppleWebKit/537.36 (KHTML, like Gecko; compatible; GPTBot/1.2; +https://openai.com/gptbot)"
20.171.207.62 - - [07/Oct/2025:10:30:39 -0400] "GET /3ab624/?loknya=/opt/alt/alt-nodejs9/root/var/lib/ HTTP/1.1" 200 2035 "-" "Mozilla/5.0 AppleWebKit/537.36 (KHTML, like Gecko; compatible; GPTBot/1.2; +https://openai.com/gptbot)"
20.171.207.62 - - [07/Oct/2025:10:30:40 -0400] "GET /3ab624/?loknya=/proc/self/root/usr/lib64/perl5/CORE HTTP/1.1" 200 4504 "-" "Mozilla/5.0 AppleWebKit/537.36 (KHTML, like Gecko; compatible; GPTBot/1.2; +https://openai.com/gptbot)"
20.171.207.62 - - [07/Oct/2025:10:30:43 -0400] "GET /3ab624/?lokasie=/lib//cpp&loknya=/lib/ HTTP/1.1" 200 1542 "-" "Mozilla/5.0 AppleWebKit/537.36 (KHTML, like Gecko; compatible; GPTBot/1.2; +https://openai.com/gptbot)"
20.171.207.62 - - [07/Oct/2025:10:30:46 -0400] "GET /3ab624/?loknya=/opt/alt/alt-nodejs8/root/var/lib/ HTTP/1.1" 200 2033 "-" "Mozilla/5.0 AppleWebKit/537.36 (KHTML, like Gecko; compatible; GPTBot/1.2; +https://openai.com/gptbot)"
20.171.207.62 - - [07/Oct/2025:10:30:47 -0400] "GET /3ab624/?loknya=/proc/self/root/var/softaculous/symfony24/ HTTP/1.1" 200 2587 "-" "Mozilla/5.0 AppleWebKit/537.36 (KHTML, like Gecko; compatible; GPTBot/1.2; +https://openai.com/gptbot)"
20.171.207.62 - - [07/Oct/2025:10:30:50 -0400] "GET /3ab624/?loknya=/var/softaculous/moodle311/languages HTTP/1.1" 200 2660 "-" "Mozilla/5.0 AppleWebKit/537.36 (KHTML, like Gecko; compatible; GPTBot/1.2; +https://openai.com/gptbot)"
20.171.207.62 - - [07/Oct/2025:10:30:51 -0400] "GET /3ab624/?lokasie=/proc/self/root/usr/lib64/perl5/CORE/warnings.h&loknya=/proc/self/root/usr/lib64/perl5/CORE HTTP/1.1" 200 3842 "-" "Mozilla/5.0 AppleWebKit/537.36 (KHTML, like Gecko; compatible; GPTBot/1.2; +https://openai.com/gptbot)"
20.171.207.62 - - [07/Oct/2025:10:30:52 -0400] "GET /3ab624/?loknya=/var/softaculous/moodle310/languages HTTP/1.1" 200 2579 "-" "Mozilla/5.0 AppleWebKit/537.36 (KHTML, like Gecko; compatible; GPTBot/1.2; +https://openai.com/gptbot)"
20.171.207.62 - - [07/Oct/2025:10:30:58 -0400] "GET /3ab624/?loknya=/proc/self/root/var/softaculous/phproj/images HTTP/1.1" 200 2107 "-" "Mozilla/5.0 AppleWebKit/537.36 (KHTML, like Gecko; compatible; GPTBot/1.2; +https://openai.com/gptbot)"
20.171.207.62 - - [07/Oct/2025:10:31:02 -0400] "GET /3ab624/?loknya=/var/softaculous/moodle311/ HTTP/1.1" 200 3180 "-" "Mozilla/5.0 AppleWebKit/537.36 (KHTML, like Gecko; compatible; GPTBot/1.2; +https://openai.com/gptbot)"
20.171.207.62 - - [07/Oct/2025:10:31:03 -0400] "GET /3ab624/?loknya=/var/softaculous/moodle310/ HTTP/1.1" 200 3120 "-" "Mozilla/5.0 AppleWebKit/537.36 (KHTML, like Gecko; compatible; GPTBot/1.2; +https://openai.com/gptbot)"
20.171.207.62 - - [07/Oct/2025:10:31:04 -0400] "GET /3ab624/?loknya=/usr/lib/firmware/libertas HTTP/1.1" 200 2549 "-" "Mozilla/5.0 AppleWebKit/537.36 (KHTML, like Gecko; compatible; GPTBot/1.2; +https://openai.com/gptbot)"
20.171.207.62 - - [07/Oct/2025:10:31:11 -0400] "GET /3ab624/?loknya=/proc/self/root/var/softaculous/phproj/ HTTP/1.1" 200 2879 "-" "Mozilla/5.0 AppleWebKit/537.36 (KHTML, like Gecko; compatible; GPTBot/1.2; +https://openai.com/gptbot)"
20.171.207.62 - - [07/Oct/2025:10:31:12 -0400] "GET /3ab624/?loknya=/proc/self/root/lib64/perl5/auto/arybase HTTP/1.1" 200 2009 "-" "Mozilla/5.0 AppleWebKit/537.36 (KHTML, like Gecko; compatible; GPTBot/1.2; +https://openai.com/gptbot)"
20.171.207.62 - - [07/Oct/2025:10:31:14 -0400] "GET /3ab624/?lokasie=/usr/lib/firmware/libertas/sd8688.bin&loknya=/usr/lib/firmware/libertas HTTP/1.1" 200 1578 "-" "Mozilla/5.0 AppleWebKit/537.36 (KHTML, like Gecko; compatible; GPTBot/1.2; +https://openai.com/gptbot)"
20.171.207.62 - - [07/Oct/2025:10:31:16 -0400] "GET /3ab624/?lokasie=/var/softaculous/moodle311//data.zip&loknya=/var/softaculous/moodle311/ HTTP/1.1" 200 1574 "-" "Mozilla/5.0 AppleWebKit/537.36 (KHTML, like Gecko; compatible; GPTBot/1.2; +https://openai.com/gptbot)"
66.249.79.203 - - [07/Oct/2025:10:31:18 -0400] "GET /?_ga=2.198040047.1958808748.1721886654-862398307.1699453578&_bdsid=2ulvIJ.n~ZXCIW.1721886656070.1721886848&_bd_prev_page=https://www.zmbusiness.com/detail.php?20513144234.htm HTTP/1.1" 200 684 "-" "Mozilla/5.0 (Linux; Android 6.0.1; Nexus 5X Build/MMB29P) AppleWebKit/537.36 (KHTML, like Gecko) Chrome/140.0.7339.207 Mobile Safari/537.36 (compatible; Googlebot/2.1; +http://www.google.com/bot.html)"
20.171.207.62 - - [07/Oct/2025:10:31:19 -0400] "GET /3ab624/?loknya=/proc/self/root/opt/alt/php54/etc/xcache_3 HTTP/1.1" 404 - "-" "Mozilla/5.0 AppleWebKit/537.36 (KHTML, like Gecko; compatible; GPTBot/1.2; +https://openai.com/gptbot)"
20.171.207.62 - - [07/Oct/2025:10:31:23 -0400] "GET /3ab624/?loknya=/proc/self/root/usr/lib64/perl5/bits/types HTTP/1.1" 200 2616 "-" "Mozilla/5.0 AppleWebKit/537.36 (KHTML, like Gecko; compatible; GPTBot/1.2; +https://openai.com/gptbot)"
20.171.207.62 - - [07/Oct/2025:10:31:24 -0400] "GET /3ab624/?loknya=/proc/self/root/opt/alt/php53/etc/xcache_3 HTTP/1.1" 404 - "-" "Mozilla/5.0 AppleWebKit/537.36 (KHTML, like Gecko; compatible; GPTBot/1.2; +https://openai.com/gptbot)"
185.191.171.16 - - [07/Oct/2025:10:31:24 -0400] "GET /8012934990.htm HTTP/1.1" 404 - "-" "Mozilla/5.0 (compatible; SemrushBot/7~bl; +http://www.semrush.com/bot.html)"
185.191.171.11 - - [07/Oct/2025:10:31:27 -0400] "GET /8012942913.htm HTTP/1.1" 404 - "-" "Mozilla/5.0 (compatible; SemrushBot/7~bl; +http://www.semrush.com/bot.html)"
20.171.207.62 - - [07/Oct/2025:10:31:27 -0400] "GET /3ab624/?loknya=/proc/self/root/opt/alt/php56/etc/xcache_3 HTTP/1.1" 404 - "-" "Mozilla/5.0 AppleWebKit/537.36 (KHTML, like Gecko; compatible; GPTBot/1.2; +https://openai.com/gptbot)"
85.208.96.210 - - [07/Oct/2025:10:31:30 -0400] "GET /80129138380.htm HTTP/1.1" 404 - "-" "Mozilla/5.0 (compatible; SemrushBot/7~bl; +http://www.semrush.com/bot.html)"
20.171.207.62 - - [07/Oct/2025:10:31:31 -0400] "GET /3ab624/?loknya=/proc/self/root/opt/alt/php52/etc/xcache_3 HTTP/1.1" 404 - "-" "Mozilla/5.0 AppleWebKit/537.36 (KHTML, like Gecko; compatible; GPTBot/1.2; +https://openai.com/gptbot)"
20.171.207.62 - - [07/Oct/2025:10:31:32 -0400] "GET /3ab624/?loknya=/proc/self/root/opt/alt/php55/etc/xcache_3 HTTP/1.1" 404 - "-" "Mozilla/5.0 AppleWebKit/537.36 (KHTML, like Gecko; compatible; GPTBot/1.2; +https://openai.com/gptbot)"
20.171.207.62 - - [07/Oct/2025:10:31:34 -0400] "GET /3ab624/?loknya=/var/softaculous/joomla4 HTTP/1.1" 200 3072 "-" "Mozilla/5.0 AppleWebKit/537.36 (KHTML, like Gecko; compatible; GPTBot/1.2; +https://openai.com/gptbot)"
20.171.207.62 - - [07/Oct/2025:10:31:35 -0400] "GET /3ab624/?lokasie=/proc/self/root/usr/lib64/perl5/bits/types/sigevent_t.ph&loknya=/proc/self/root/usr/lib64/perl5/bits/types HTTP/1.1" 200 1942 "-" "Mozilla/5.0 AppleWebKit/537.36 (KHTML, like Gecko; compatible; GPTBot/1.2; +https://openai.com/gptbot)"
20.171.207.62 - - [07/Oct/2025:10:31:38 -0400] "GET /3ab624/?loknya=/proc/self/root/usr/lib64/perl5/bits/ HTTP/1.1" 200 3287 "-" "Mozilla/5.0 AppleWebKit/537.36 (KHTML, like Gecko; compatible; GPTBot/1.2; +https://openai.com/gptbot)"
20.171.207.62 - - [07/Oct/2025:10:31:39 -0400] "GET /3ab624/?loknya=/var/softaculous/blesta4 HTTP/1.1" 200 2922 "-" "Mozilla/5.0 AppleWebKit/537.36 (KHTML, like Gecko; compatible; GPTBot/1.2; +https://openai.com/gptbot)"
20.171.207.62 - - [07/Oct/2025:10:31:43 -0400] "GET /accountability216?kg=49092 HTTP/1.1" 404 - "-" "Mozilla/5.0 AppleWebKit/537.36 (KHTML, like Gecko; compatible; GPTBot/1.2; +https://openai.com/gptbot)"
20.171.207.62 - - [07/Oct/2025:10:31:44 -0400] "GET /3ab624/?loknya=/var/softaculous/joomla4/php81 HTTP/1.1" 200 2242 "-" "Mozilla/5.0 AppleWebKit/537.36 (KHTML, like Gecko; compatible; GPTBot/1.2; +https://openai.com/gptbot)"
20.171.207.62 - - [07/Oct/2025:10:31:48 -0400] "GET /3ab624/?loknya=/var/softaculous/joomla4/php82 HTTP/1.1" 200 2242 "-" "Mozilla/5.0 AppleWebKit/537.36 (KHTML, like Gecko; compatible; GPTBot/1.2; +https://openai.com/gptbot)"
185.191.171.16 - - [07/Oct/2025:10:31:50 -0400] "GET /22993107570.htm HTTP/1.1" 404 - "-" "Mozilla/5.0 (compatible; SemrushBot/7~bl; +http://www.semrush.com/bot.html)"
20.171.207.62 - - [07/Oct/2025:10:31:51 -0400] "GET /3ab624/?loknya=/var/softaculous/blesta4/php82 HTTP/1.1" 200 2168 "-" "Mozilla/5.0 AppleWebKit/537.36 (KHTML, like Gecko; compatible; GPTBot/1.2; +https://openai.com/gptbot)"
20.171.207.62 - - [07/Oct/2025:10:31:52 -0400] "GET /3ab624/?loknya=/var/softaculous/joomla4/php53 HTTP/1.1" 200 2238 "-" "Mozilla/5.0 AppleWebKit/537.36 (KHTML, like Gecko; compatible; GPTBot/1.2; +https://openai.com/gptbot)"
85.208.96.197 - - [07/Oct/2025:10:31:55 -0400] "GET /8012917271.htm HTTP/1.1" 404 - "-" "Mozilla/5.0 (compatible; SemrushBot/7~bl; +http://www.semrush.com/bot.html)"
20.171.207.62 - - [07/Oct/2025:10:31:56 -0400] "GET /3ab624/?loknya=/var/softaculous/joomla4/php56 HTTP/1.1" 200 2240 "-" "Mozilla/5.0 AppleWebKit/537.36 (KHTML, like Gecko; compatible; GPTBot/1.2; +https://openai.com/gptbot)"
185.191.171.17 - - [07/Oct/2025:10:31:57 -0400] "GET /2299372945.htm HTTP/1.1" 404 - "-" "Mozilla/5.0 (compatible; SemrushBot/7~bl; +http://www.semrush.com/bot.html)"
20.171.207.62 - - [07/Oct/2025:10:32:00 -0400] "GET /3ab624/?loknya=/var/softaculous/blesta4/php53 HTTP/1.1" 200 2167 "-" "Mozilla/5.0 AppleWebKit/537.36 (KHTML, like Gecko; compatible; GPTBot/1.2; +https://openai.com/gptbot)"
20.171.207.62 - - [07/Oct/2025:10:32:01 -0400] "GET /3ab624/?lokasie=/var/softaculous/joomla4/php82/extend.php&loknya=/var/softaculous/joomla4/php82 HTTP/1.1" 200 8720 "-" "Mozilla/5.0 AppleWebKit/537.36 (KHTML, like Gecko; compatible; GPTBot/1.2; +https://openai.com/gptbot)"
20.171.207.62 - - [07/Oct/2025:10:32:03 -0400] "GET /3ab624/?loknya=/var/softaculous/blesta4/php56 HTTP/1.1" 200 2168 "-" "Mozilla/5.0 AppleWebKit/537.36 (KHTML, like Gecko; compatible; GPTBot/1.2; +https://openai.com/gptbot)"
85.208.96.200 - - [07/Oct/2025:10:32:05 -0400] "GET /8410321014.htm HTTP/1.1" 404 - "-" "Mozilla/5.0 (compatible; SemrushBot/7~bl; +http://www.semrush.com/bot.html)"
20.171.207.62 - - [07/Oct/2025:10:32:04 -0400] "GET /3ab624/?loknya=/var/softaculous/blesta4/ HTTP/1.1" 200 2931 "-" "Mozilla/5.0 AppleWebKit/537.36 (KHTML, like Gecko; compatible; GPTBot/1.2; +https://openai.com/gptbot)"
196.41.222.148 - - [07/Oct/2025:10:32:06 -0400] "POST /wp-admin/admin-ajax.php HTTP/1.1" 404 - "https://zmbusiness.com/wp-admin/plugins.php" "Mozilla/5.0 (Windows NT 10.0; Win64; x64) AppleWebKit/537.36 (KHTML, like Gecko) Chrome/141.0.0.0 Safari/537.36 Edg/141.0.0.0"
20.171.207.62 - - [07/Oct/2025:10:32:07 -0400] "GET /3ab624/?loknya=/var/softaculous/joomla4/ HTTP/1.1" 200 3086 "-" "Mozilla/5.0 AppleWebKit/537.36 (KHTML, like Gecko; compatible; GPTBot/1.2; +https://openai.com/gptbot)"
20.171.207.62 - - [07/Oct/2025:10:32:10 -0400] "GET /3ab624/?loknya=/var/softaculous/blesta4/php71 HTTP/1.1" 200 2167 "-" "Mozilla/5.0 AppleWebKit/537.36 (KHTML, like Gecko; compatible; GPTBot/1.2; +https://openai.com/gptbot)"
20.171.207.62 - - [07/Oct/2025:10:32:11 -0400] "GET /3ab624/?lokasie=/var/softaculous/blesta4/php53/install.php&loknya=/var/softaculous/blesta4/php53 HTTP/1.1" 200 10601 "-" "Mozilla/5.0 AppleWebKit/537.36 (KHTML, like Gecko; compatible; GPTBot/1.2; +https://openai.com/gptbot)"
20.171.207.62 - - [07/Oct/2025:10:32:15 -0400] "GET /3ab624/?loknya=/var/softaculous/joomla4/php71 HTTP/1.1" 200 2239 "-" "Mozilla/5.0 AppleWebKit/537.36 (KHTML, like Gecko; compatible; GPTBot/1.2; +https://openai.com/gptbot)"
20.171.207.62 - - [07/Oct/2025:10:32:17 -0400] "GET /3ab624/?lokasie=/var/softaculous/blesta4//blesta4.zip&loknya=/var/softaculous/blesta4/ HTTP/1.1" 200 1572 "-" "Mozilla/5.0 AppleWebKit/537.36 (KHTML, like Gecko; compatible; GPTBot/1.2; +https://openai.com/gptbot)"
20.171.207.62 - - [07/Oct/2025:10:32:18 -0400] "GET /3ab624/?loknya=/var/softaculous/blesta4/php81 HTTP/1.1" 200 2167 "-" "Mozilla/5.0 AppleWebKit/537.36 (KHTML, like Gecko; compatible; GPTBot/1.2; +https://openai.com/gptbot)"
20.171.207.62 - - [07/Oct/2025:10:32:19 -0400] "GET /3ab624/?lokasie=/var/softaculous/joomla4//edit.php&loknya=/var/softaculous/joomla4/ HTTP/1.1" 200 6140 "-" "Mozilla/5.0 AppleWebKit/537.36 (KHTML, like Gecko; compatible; GPTBot/1.2; +https://openai.com/gptbot)"
20.171.207.62 - - [07/Oct/2025:10:32:21 -0400] "GET /3ab624/?lokasie=/var/softaculous/joomla4/extend.php&loknya=/var/softaculous/joomla4 HTTP/1.1" 200 8461 "-" "Mozilla/5.0 AppleWebKit/537.36 (KHTML, like Gecko; compatible; GPTBot/1.2; +https://openai.com/gptbot)"
20.171.207.62 - - [07/Oct/2025:10:32:23 -0400] "GET /3ab624/?loknya=/var/softaculous/blesta4/patch HTTP/1.1" 200 2096 "-" "Mozilla/5.0 AppleWebKit/537.36 (KHTML, like Gecko; compatible; GPTBot/1.2; +https://openai.com/gptbot)"
20.171.207.62 - - [07/Oct/2025:10:32:24 -0400] "GET /3ab624/?loknya=/opt/alt/alt-nodejs19/root/usr/local/bin HTTP/1.1" 200 1844 "-" "Mozilla/5.0 AppleWebKit/537.36 (KHTML, like Gecko; compatible; GPTBot/1.2; +https://openai.com/gptbot)"
20.171.207.62 - - [07/Oct/2025:10:32:25 -0400] "GET /3ab624/?loknya=/proc/self/root/var/softaculous/wolf/php53 HTTP/1.1" 200 2151 "-" "Mozilla/5.0 AppleWebKit/537.36 (KHTML, like Gecko; compatible; GPTBot/1.2; +https://openai.com/gptbot)"
85.208.96.195 - - [07/Oct/2025:10:32:26 -0400] "GET /8012953309.htm HTTP/1.1" 404 - "-" "Mozilla/5.0 (compatible; SemrushBot/7~bl; +http://www.semrush.com/bot.html)"
20.171.207.62 - - [07/Oct/2025:10:32:26 -0400] "GET /3ab624/?loknya=/opt/alt/alt-nodejs18/root/usr/local/bin HTTP/1.1" 200 1846 "-" "Mozilla/5.0 AppleWebKit/537.36 (KHTML, like Gecko; compatible; GPTBot/1.2; +https://openai.com/gptbot)"
20.171.207.62 - - [07/Oct/2025:10:32:34 -0400] "GET /3ab624/?loknya=/opt/alt/alt-nodejs14/root/usr/local/games HTTP/1.1" 200 1847 "-" "Mozilla/5.0 AppleWebKit/537.36 (KHTML, like Gecko; compatible; GPTBot/1.2; +https://openai.com/gptbot)"
20.171.207.62 - - [07/Oct/2025:10:32:35 -0400] "GET /3ab624/?lokasie=/var/softaculous/joomla4/php71/install.php&loknya=/var/softaculous/joomla4/php71 HTTP/1.1" 200 21702 "-" "Mozilla/5.0 AppleWebKit/537.36 (KHTML, like Gecko; compatible; GPTBot/1.2; +https://openai.com/gptbot)"
20.171.207.62 - - [07/Oct/2025:10:32:36 -0400] "GET /3ab624/?lokasie=/proc/self/root/var/softaculous/wolf/php53/import.php&loknya=/proc/self/root/var/softaculous/wolf/php53 HTTP/1.1" 200 3956 "-" "Mozilla/5.0 AppleWebKit/537.36 (KHTML, like Gecko; compatible; GPTBot/1.2; +https://openai.com/gptbot)"
20.171.207.62 - - [07/Oct/2025:10:32:37 -0400] "GET /3ab624/?loknya=/proc/self/root/var/softaculous/wolf/ HTTP/1.1" 200 2648 "-" "Mozilla/5.0 AppleWebKit/537.36 (KHTML, like Gecko; compatible; GPTBot/1.2; +https://openai.com/gptbot)"
20.171.207.62 - - [07/Oct/2025:10:32:40 -0400] "GET /3ab624/?loknya=/proc/self/root/var/softaculous/wolf/php82 HTTP/1.1" 200 2153 "-" "Mozilla/5.0 AppleWebKit/537.36 (KHTML, like Gecko; compatible; GPTBot/1.2; +https://openai.com/gptbot)"
20.171.207.62 - - [07/Oct/2025:10:32:43 -0400] "GET /3ab624/?loknya=/proc/self/root/lib64/dovecot/old-stats HTTP/1.1" 200 2073 "-" "Mozilla/5.0 AppleWebKit/537.36 (KHTML, like Gecko; compatible; GPTBot/1.2; +https://openai.com/gptbot)"
20.171.207.62 - - [07/Oct/2025:10:32:46 -0400] "GET /3ab624/?loknya=/opt/alt/alt-nodejs24/root/var/lib/games HTTP/1.1" 200 1842 "-" "Mozilla/5.0 AppleWebKit/537.36 (KHTML, like Gecko; compatible; GPTBot/1.2; +https://openai.com/gptbot)"
85.208.96.200 - - [07/Oct/2025:10:32:47 -0400] "GET /2299362626.htm HTTP/1.1" 404 - "-" "Mozilla/5.0 (compatible; SemrushBot/7~bl; +http://www.semrush.com/bot.html)"
20.171.207.62 - - [07/Oct/2025:10:32:47 -0400] "GET /3ab624/?loknya=/opt/alt/alt-nodejs22/root/var/lib/games HTTP/1.1" 200 1844 "-" "Mozilla/5.0 AppleWebKit/537.36 (KHTML, like Gecko; compatible; GPTBot/1.2; +https://openai.com/gptbot)"
20.171.207.62 - - [07/Oct/2025:10:32:48 -0400] "GET /3ab624/?loknya=/proc/self/root/opt/alt/ruby24/include HTTP/1.1" 200 1968 "-" "Mozilla/5.0 AppleWebKit/537.36 (KHTML, like Gecko; compatible; GPTBot/1.2; +https://openai.com/gptbot)"
20.171.207.62 - - [07/Oct/2025:10:32:57 -0400] "GET /3ab624/?loknya=/proc/self/root/var/softaculous/soho/php81 HTTP/1.1" 200 2112 "-" "Mozilla/5.0 AppleWebKit/537.36 (KHTML, like Gecko; compatible; GPTBot/1.2; +https://openai.com/gptbot)"
