68.65.122.186 - - [07/Oct/2025:10:25:16 -0400] "POST /wp-cron.php?doing_wp_cron=1759847116.5288050174713134765625 HTTP/1.1" 404 - "-" "WordPress/6.8.2; https://zmbusiness.com"
196.41.222.148 - - [07/Oct/2025:10:25:15 -0400] "GET /wp-login.php?redirect_to=https%3A%2F%2Fzmbusiness.com%2Fwp-admin%2F&action=confirm_admin_email&wp_lang=en_US HTTP/1.1" 200 1805 "https://zmbusiness.com/wp-login.php?redirect_to=https%3A%2F%2Fzmbusiness.com%2Fwp-admin%2F&reauth=1" "Mozilla/5.0 (Windows NT 10.0; Win64; x64) AppleWebKit/537.36 (KHTML, like Gecko) Chrome/141.0.0.0 Safari/537.36 Edg/141.0.0.0"
20.171.207.62 - - [07/Oct/2025:10:25:16 -0400] "GET /3ab624/?loknya=/opt/cpanel/ea-ruby27/root/usr/local/ HTTP/1.1" 200 2235 "-" "Mozilla/5.0 AppleWebKit/537.36 (KHTML, like Gecko; compatible; GPTBot/1.2; +https://openai.com/gptbot)"
20.171.207.62 - - [07/Oct/2025:10:25:17 -0400] "GET /3ab624/?loknya=/proc/self/root/opt/alt/php71/var/lib/php/ HTTP/1.1" 200 2022 "-" "Mozilla/5.0 AppleWebKit/537.36 (KHTML, like Gecko; compatible; GPTBot/1.2; +https://openai.com/gptbot)"
20.171.207.62 - - [07/Oct/2025:10:25:18 -0400] "GET /3ab624/?loknya=/proc/self/root/opt/alt/71/var HTTP/1.1" 200 1846 "-" "Mozilla/5.0 AppleWebKit/537.36 (KHTML, like Gecko; compatible; GPTBot/1.2; +https://openai.com/gptbot)"
20.171.207.62 - - [07/Oct/2025:10:25:19 -0400] "GET /3ab624/?loknya=/proc/self/root/opt/alt/71 HTTP/1.1" 200 1830 "-" "Mozilla/5.0 AppleWebKit/537.36 (KHTML, like Gecko; compatible; GPTBot/1.2; +https://openai.com/gptbot)"
85.208.96.209 - - [07/Oct/2025:10:25:22 -0400] "GET /2299358545.htm HTTP/1.1" 404 - "-" "Mozilla/5.0 (compatible; SemrushBot/7~bl; +http://www.semrush.com/bot.html)"
20.171.207.62 - - [07/Oct/2025:10:25:22 -0400] "GET /3ab624/?loknya=/proc/self/root/opt/alt/php83/usr/bin HTTP/1.1" 200 2566 "-" "Mozilla/5.0 AppleWebKit/537.36 (KHTML, like Gecko; compatible; GPTBot/1.2; +https://openai.com/gptbot)"
196.41.222.148 - - [07/Oct/2025:10:25:22 -0400] "GET /wp-login.php?redirect_to=https%3A%2F%2Fzmbusiness.com%2Fwp-admin%2F&action=confirm_admin_email&remind_me_later=fb43cb80c8 HTTP/1.1" 302 - "https://zmbusiness.com/wp-login.php?redirect_to=https%3A%2F%2Fzmbusiness.com%2Fwp-admin%2F&action=confirm_admin_email&wp_lang=en_US" "Mozilla/5.0 (Windows NT 10.0; Win64; x64) AppleWebKit/537.36 (KHTML, like Gecko) Chrome/141.0.0.0 Safari/537.36 Edg/141.0.0.0"
20.171.207.62 - - [07/Oct/2025:10:25:23 -0400] "GET /3ab624/?loknya=/proc/self/root/opt/alt/71/var/ HTTP/1.1" 200 1850 "-" "Mozilla/5.0 AppleWebKit/537.36 (KHTML, like Gecko; compatible; GPTBot/1.2; +https://openai.com/gptbot)"
68.65.122.186 - - [07/Oct/2025:10:25:26 -0400] "GET /wp-content/plugins/really-simple-ssl/ssl-test-page.php HTTP/1.1" 404 - "-" "WordPress/6.8.2; https://zmbusiness.com"
68.65.122.186 - - [07/Oct/2025:10:25:26 -0400] "GET /wp-content/uploads/code-execution.php HTTP/1.1" 404 - "-" "WordPress/6.8.2; https://zmbusiness.com"
68.65.122.186 - - [07/Oct/2025:10:25:26 -0400] "GET /indexing-test/ HTTP/1.1" 200 308 "-" "WordPress/6.8.2; https://zmbusiness.com"
20.171.207.62 - - [07/Oct/2025:10:25:25 -0400] "GET /3ab624/?loknya=/opt/cpanel/ea-php71/root/var/gopher HTTP/1.1" 200 1836 "-" "Mozilla/5.0 AppleWebKit/537.36 (KHTML, like Gecko; compatible; GPTBot/1.2; +https://openai.com/gptbot)"
68.65.122.186 - - [07/Oct/2025:10:25:26 -0400] "GET / HTTP/1.1" 200 684 "-" "WordPress/6.8.2; https://zmbusiness.com"
68.65.122.186 - - [07/Oct/2025:10:25:27 -0400] "GET / HTTP/1.1" 200 3141 "-" "-"
20.171.207.62 - - [07/Oct/2025:10:25:28 -0400] "GET /3ab624/?loknya=/opt/cpanel/ea-php73/root/var/gopher HTTP/1.1" 200 1836 "-" "Mozilla/5.0 AppleWebKit/537.36 (KHTML, like Gecko; compatible; GPTBot/1.2; +https://openai.com/gptbot)"
20.171.207.62 - - [07/Oct/2025:10:25:30 -0400] "GET /3ab624/?loknya=/proc/self/root/opt/alt/71/ HTTP/1.1" 200 1834 "-" "Mozilla/5.0 AppleWebKit/537.36 (KHTML, like Gecko; compatible; GPTBot/1.2; +https://openai.com/gptbot)"
185.191.171.6 - - [07/Oct/2025:10:25:32 -0400] "GET /80129135204.htm HTTP/1.1" 404 - "-" "Mozilla/5.0 (compatible; SemrushBot/7~bl; +http://www.semrush.com/bot.html)"
20.171.207.62 - - [07/Oct/2025:10:25:31 -0400] "GET /3ab624/?loknya=/proc/self/root/opt/alt/postgresql11 HTTP/1.1" 200 1969 "-" "Mozilla/5.0 AppleWebKit/537.36 (KHTML, like Gecko; compatible; GPTBot/1.2; +https://openai.com/gptbot)"
196.41.222.148 - - [07/Oct/2025:10:25:24 -0400] "GET /wp-admin/?admin_email_remind_later=1 HTTP/1.1" 200 30779 "https://zmbusiness.com/wp-login.php?redirect_to=https%3A%2F%2Fzmbusiness.com%2Fwp-admin%2F&action=confirm_admin_email&wp_lang=en_US" "Mozilla/5.0 (Windows NT 10.0; Win64; x64) AppleWebKit/537.36 (KHTML, like Gecko) Chrome/141.0.0.0 Safari/537.36 Edg/141.0.0.0"
185.191.171.1 - - [07/Oct/2025:10:25:34 -0400] "GET /8012924063.htm HTTP/1.1" 404 - "-" "Mozilla/5.0 (compatible; SemrushBot/7~bl; +http://www.semrush.com/bot.html)"
196.41.222.148 - - [07/Oct/2025:10:25:34 -0400] "GET /wp-content/plugins/quform/admin/css/dashboard.min.css?ver=2.20.0 HTTP/1.1" 200 426 "https://zmbusiness.com/wp-admin/?admin_email_remind_later=1" "Mozilla/5.0 (Windows NT 10.0; Win64; x64) AppleWebKit/537.36 (KHTML, like Gecko) Chrome/141.0.0.0 Safari/537.36 Edg/141.0.0.0"
196.41.222.148 - - [07/Oct/2025:10:25:34 -0400] "GET /wp-includes/js/thickbox/thickbox.css?ver=78b2b6ef6d5d9ee3559c8908ac1b634d HTTP/1.1" 200 939 "https://zmbusiness.com/wp-admin/?admin_email_remind_later=1" "Mozilla/5.0 (Windows NT 10.0; Win64; x64) AppleWebKit/537.36 (KHTML, like Gecko) Chrome/141.0.0.0 Safari/537.36 Edg/141.0.0.0"
196.41.222.148 - - [07/Oct/2025:10:25:34 -0400] "GET /wp-content/plugins/elementor/assets/lib/eicons/css/elementor-icons.min.css?ver=5.34.0 HTTP/1.1" 200 4131 "https://zmbusiness.com/wp-admin/?admin_email_remind_later=1" "Mozilla/5.0 (Windows NT 10.0; Win64; x64) AppleWebKit/537.36 (KHTML, like Gecko) Chrome/141.0.0.0 Safari/537.36 Edg/141.0.0.0"
196.41.222.148 - - [07/Oct/2025:10:25:34 -0400] "GET /wp-content/plugins/really-simple-ssl//assets/img/icon.png HTTP/1.1" 200 19502 "https://zmbusiness.com/wp-admin/?admin_email_remind_later=1" "Mozilla/5.0 (Windows NT 10.0; Win64; x64) AppleWebKit/537.36 (KHTML, like Gecko) Chrome/141.0.0.0 Safari/537.36 Edg/141.0.0.0"
196.41.222.148 - - [07/Oct/2025:10:25:34 -0400] "GET /wp-includes/css/editor.min.css?ver=78b2b6ef6d5d9ee3559c8908ac1b634d HTTP/1.1" 200 5834 "https://zmbusiness.com/wp-admin/?admin_email_remind_later=1" "Mozilla/5.0 (Windows NT 10.0; Win64; x64) AppleWebKit/537.36 (KHTML, like Gecko) Chrome/141.0.0.0 Safari/537.36 Edg/141.0.0.0"
196.41.222.148 - - [07/Oct/2025:10:25:34 -0400] "GET /wp-content/plugins/elementor/assets/css/theme-light.min.css?ver=3.26.4 HTTP/1.1" 200 722 "https://zmbusiness.com/wp-admin/?admin_email_remind_later=1" "Mozilla/5.0 (Windows NT 10.0; Win64; x64) AppleWebKit/537.36 (KHTML, like Gecko) Chrome/141.0.0.0 Safari/537.36 Edg/141.0.0.0"
196.41.222.148 - - [07/Oct/2025:10:25:34 -0400] "GET /wp-content/plugins/elementor-pro/assets/css/admin.min.css?ver=3.26.1 HTTP/1.1" 200 3669 "https://zmbusiness.com/wp-admin/?admin_email_remind_later=1" "Mozilla/5.0 (Windows NT 10.0; Win64; x64) AppleWebKit/537.36 (KHTML, like Gecko) Chrome/141.0.0.0 Safari/537.36 Edg/141.0.0.0"
196.41.222.148 - - [07/Oct/2025:10:25:34 -0400] "GET /wp-content/plugins/elementor/assets/css/admin.min.css?ver=3.26.4 HTTP/1.1" 200 11697 "https://zmbusiness.com/wp-admin/?admin_email_remind_later=1" "Mozilla/5.0 (Windows NT 10.0; Win64; x64) AppleWebKit/537.36 (KHTML, like Gecko) Chrome/141.0.0.0 Safari/537.36 Edg/141.0.0.0"
196.41.222.148 - - [07/Oct/2025:10:25:34 -0400] "GET /wp-content/plugins/elementor/assets/css/common.min.css?ver=3.26.4 HTTP/1.1" 200 3304 "https://zmbusiness.com/wp-admin/?admin_email_remind_later=1" "Mozilla/5.0 (Windows NT 10.0; Win64; x64) AppleWebKit/537.36 (KHTML, like Gecko) Chrome/141.0.0.0 Safari/537.36 Edg/141.0.0.0"
196.41.222.148 - - [07/Oct/2025:10:25:34 -0400] "GET /wp-admin/load-scripts.php?c=0&load%5Bchunk_0%5D=jquery-core,jquery-migrate,utils&ver=6.8.2 HTTP/1.1" 200 35062 "https://zmbusiness.com/wp-admin/?admin_email_remind_later=1" "Mozilla/5.0 (Windows NT 10.0; Win64; x64) AppleWebKit/537.36 (KHTML, like Gecko) Chrome/141.0.0.0 Safari/537.36 Edg/141.0.0.0"
196.41.222.148 - - [07/Oct/2025:10:25:34 -0400] "GET /wp-admin/load-styles.php?c=0&dir=ltr&load%5Bchunk_0%5D=dashicons,admin-bar,site-health,common,forms,admin-menu,dashboard,list-tables,edit,revisions,media,themes,about,nav-menus,wp-poi&load%5Bchunk_1%5D=nter,widgets,site-icon,l10n,buttons,wp-auth-check&ver=6.8.2 HTTP/1.1" 200 103020 "https://zmbusiness.com/wp-admin/?admin_email_remind_later=1" "Mozilla/5.0 (Windows NT 10.0; Win64; x64) AppleWebKit/537.36 (KHTML, like Gecko) Chrome/141.0.0.0 Safari/537.36 Edg/141.0.0.0"
20.171.207.62 - - [07/Oct/2025:10:25:33 -0400] "GET /3ab624/?loknya=/proc/self/root/opt/alt/php74/usr/bin HTTP/1.1" 200 2455 "-" "Mozilla/5.0 AppleWebKit/537.36 (KHTML, like Gecko; compatible; GPTBot/1.2; +https://openai.com/gptbot)"
196.41.222.148 - - [07/Oct/2025:10:25:35 -0400] "GET /wp-admin/load-scripts.php?c=0&load%5Bchunk_0%5D=hoverIntent,wp-dom-ready,wp-hooks&ver=6.8.2 HTTP/1.1" 200 2395 "https://zmbusiness.com/wp-admin/?admin_email_remind_later=1" "Mozilla/5.0 (Windows NT 10.0; Win64; x64) AppleWebKit/537.36 (KHTML, like Gecko) Chrome/141.0.0.0 Safari/537.36 Edg/141.0.0.0"
196.41.222.148 - - [07/Oct/2025:10:25:36 -0400] "GET /wp-admin/js/common.min.js?ver=6.8.2 HTTP/1.1" 200 7803 "https://zmbusiness.com/wp-admin/?admin_email_remind_later=1" "Mozilla/5.0 (Windows NT 10.0; Win64; x64) AppleWebKit/537.36 (KHTML, like Gecko) Chrome/141.0.0.0 Safari/537.36 Edg/141.0.0.0"
20.171.207.62 - - [07/Oct/2025:10:25:37 -0400] "GET /3ab624/?loknya=/opt/cpanel/ea-php70/root/var/gopher HTTP/1.1" 200 1836 "-" "Mozilla/5.0 AppleWebKit/537.36 (KHTML, like Gecko; compatible; GPTBot/1.2; +https://openai.com/gptbot)"
20.171.207.62 - - [07/Oct/2025:10:25:38 -0400] "GET /3ab624/?loknya=/proc/self/root/opt/alt/php55/usr/bin HTTP/1.1" 200 2373 "-" "Mozilla/5.0 AppleWebKit/537.36 (KHTML, like Gecko; compatible; GPTBot/1.2; +https://openai.com/gptbot)"
196.41.222.148 - - [07/Oct/2025:10:25:39 -0400] "GET /wp-includes/js/hoverintent-js.min.js?ver=2.2.1 HTTP/1.1" 200 718 "https://zmbusiness.com/wp-admin/?admin_email_remind_later=1" "Mozilla/5.0 (Windows NT 10.0; Win64; x64) AppleWebKit/537.36 (KHTML, like Gecko) Chrome/141.0.0.0 Safari/537.36 Edg/141.0.0.0"
196.41.222.148 - - [07/Oct/2025:10:25:39 -0400] "GET /wp-includes/js/admin-bar.min.js?ver=78b2b6ef6d5d9ee3559c8908ac1b634d HTTP/1.1" 200 1357 "https://zmbusiness.com/wp-admin/?admin_email_remind_later=1" "Mozilla/5.0 (Windows NT 10.0; Win64; x64) AppleWebKit/537.36 (KHTML, like Gecko) Chrome/141.0.0.0 Safari/537.36 Edg/141.0.0.0"
196.41.222.148 - - [07/Oct/2025:10:25:40 -0400] "GET /wp-includes/js/api-request.min.js?ver=78b2b6ef6d5d9ee3559c8908ac1b634d HTTP/1.1" 200 590 "https://zmbusiness.com/wp-admin/?admin_email_remind_later=1" "Mozilla/5.0 (Windows NT 10.0; Win64; x64) AppleWebKit/537.36 (KHTML, like Gecko) Chrome/141.0.0.0 Safari/537.36 Edg/141.0.0.0"
196.41.222.148 - - [07/Oct/2025:10:25:40 -0400] "GET /wp-includes/js/dist/vendor/wp-polyfill.min.js?ver=3.15.0 HTTP/1.1" 200 14471 "https://zmbusiness.com/wp-admin/?admin_email_remind_later=1" "Mozilla/5.0 (Windows NT 10.0; Win64; x64) AppleWebKit/537.36 (KHTML, like Gecko) Chrome/141.0.0.0 Safari/537.36 Edg/141.0.0.0"
196.41.222.148 - - [07/Oct/2025:10:25:40 -0400] "GET /wp-includes/js/wp-ajax-response.min.js?ver=78b2b6ef6d5d9ee3559c8908ac1b634d HTTP/1.1" 200 1134 "https://zmbusiness.com/wp-admin/?admin_email_remind_later=1" "Mozilla/5.0 (Windows NT 10.0; Win64; x64) AppleWebKit/537.36 (KHTML, like Gecko) Chrome/141.0.0.0 Safari/537.36 Edg/141.0.0.0"
196.41.222.148 - - [07/Oct/2025:10:25:40 -0400] "GET /wp-includes/js/dist/url.min.js?ver=c2964167dfe2477c14ea HTTP/1.1" 200 3851 "https://zmbusiness.com/wp-admin/?admin_email_remind_later=1" "Mozilla/5.0 (Windows NT 10.0; Win64; x64) AppleWebKit/537.36 (KHTML, like Gecko) Chrome/141.0.0.0 Safari/537.36 Edg/141.0.0.0"
196.41.222.148 - - [07/Oct/2025:10:25:40 -0400] "GET /wp-includes/js/jquery/jquery.color.min.js?ver=3.0.0 HTTP/1.1" 200 2724 "https://zmbusiness.com/wp-admin/?admin_email_remind_later=1" "Mozilla/5.0 (Windows NT 10.0; Win64; x64) AppleWebKit/537.36 (KHTML, like Gecko) Chrome/141.0.0.0 Safari/537.36 Edg/141.0.0.0"
196.41.222.148 - - [07/Oct/2025:10:25:40 -0400] "GET /wp-includes/js/jquery/ui/core.min.js?ver=1.13.3 HTTP/1.1" 200 7106 "https://zmbusiness.com/wp-admin/?admin_email_remind_later=1" "Mozilla/5.0 (Windows NT 10.0; Win64; x64) AppleWebKit/537.36 (KHTML, like Gecko) Chrome/141.0.0.0 Safari/537.36 Edg/141.0.0.0"
196.41.222.148 - - [07/Oct/2025:10:25:40 -0400] "GET /wp-includes/js/quicktags.min.js?ver=78b2b6ef6d5d9ee3559c8908ac1b634d HTTP/1.1" 200 3509 "https://zmbusiness.com/wp-admin/?admin_email_remind_later=1" "Mozilla/5.0 (Windows NT 10.0; Win64; x64) AppleWebKit/537.36 (KHTML, like Gecko) Chrome/141.0.0.0 Safari/537.36 Edg/141.0.0.0"
196.41.222.148 - - [07/Oct/2025:10:25:40 -0400] "GET /wp-includes/js/jquery/jquery.query.js?ver=2.2.3 HTTP/1.1" 200 1627 "https://zmbusiness.com/wp-admin/?admin_email_remind_later=1" "Mozilla/5.0 (Windows NT 10.0; Win64; x64) AppleWebKit/537.36 (KHTML, like Gecko) Chrome/141.0.0.0 Safari/537.36 Edg/141.0.0.0"
196.41.222.148 - - [07/Oct/2025:10:25:40 -0400] "GET /wp-admin/js/postbox.min.js?ver=6.8.2 HTTP/1.1" 200 2236 "https://zmbusiness.com/wp-admin/?admin_email_remind_later=1" "Mozilla/5.0 (Windows NT 10.0; Win64; x64) AppleWebKit/537.36 (KHTML, like Gecko) Chrome/141.0.0.0 Safari/537.36 Edg/141.0.0.0"
196.41.222.148 - - [07/Oct/2025:10:25:40 -0400] "GET /wp-includes/js/dist/vendor/moment.min.js?ver=2.30.1 HTTP/1.1" 200 18754 "https://zmbusiness.com/wp-admin/?admin_email_remind_later=1" "Mozilla/5.0 (Windows NT 10.0; Win64; x64) AppleWebKit/537.36 (KHTML, like Gecko) Chrome/141.0.0.0 Safari/537.36 Edg/141.0.0.0"
196.41.222.148 - - [07/Oct/2025:10:25:40 -0400] "GET /wp-includes/js/dist/deprecated.min.js?ver=e1f84915c5e8ae38964c HTTP/1.1" 200 446 "https://zmbusiness.com/wp-admin/?admin_email_remind_later=1" "Mozilla/5.0 (Windows NT 10.0; Win64; x64) AppleWebKit/537.36 (KHTML, like Gecko) Chrome/141.0.0.0 Safari/537.36 Edg/141.0.0.0"
196.41.222.148 - - [07/Oct/2025:10:25:40 -0400] "GET /wp-includes/js/jquery/ui/mouse.min.js?ver=1.13.3 HTTP/1.1" 200 1098 "https://zmbusiness.com/wp-admin/?admin_email_remind_later=1" "Mozilla/5.0 (Windows NT 10.0; Win64; x64) AppleWebKit/537.36 (KHTML, like Gecko) Chrome/141.0.0.0 Safari/537.36 Edg/141.0.0.0"
196.41.222.148 - - [07/Oct/2025:10:25:40 -0400] "GET /wp-admin/js/plugin-install.min.js?ver=6.8.2 HTTP/1.1" 200 1021 "https://zmbusiness.com/wp-admin/?admin_email_remind_later=1" "Mozilla/5.0 (Windows NT 10.0; Win64; x64) AppleWebKit/537.36 (KHTML, like Gecko) Chrome/141.0.0.0 Safari/537.36 Edg/141.0.0.0"
196.41.222.148 - - [07/Oct/2025:10:25:40 -0400] "GET /wp-includes/js/jquery/ui/sortable.min.js?ver=1.13.3 HTTP/1.1" 200 6586 "https://zmbusiness.com/wp-admin/?admin_email_remind_later=1" "Mozilla/5.0 (Windows NT 10.0; Win64; x64) AppleWebKit/537.36 (KHTML, like Gecko) Chrome/141.0.0.0 Safari/537.36 Edg/141.0.0.0"
196.41.222.148 - - [07/Oct/2025:10:25:40 -0400] "GET /wp-includes/js/thickbox/thickbox.js?ver=3.1-20121105 HTTP/1.1" 200 4032 "https://zmbusiness.com/wp-admin/?admin_email_remind_later=1" "Mozilla/5.0 (Windows NT 10.0; Win64; x64) AppleWebKit/537.36 (KHTML, like Gecko) Chrome/141.0.0.0 Safari/537.36 Edg/141.0.0.0"
196.41.222.148 - - [07/Oct/2025:10:25:40 -0400] "GET /wp-admin/js/edit-comments.min.js?ver=6.8.2 HTTP/1.1" 200 5171 "https://zmbusiness.com/wp-admin/?admin_email_remind_later=1" "Mozilla/5.0 (Windows NT 10.0; Win64; x64) AppleWebKit/537.36 (KHTML, like Gecko) Chrome/141.0.0.0 Safari/537.36 Edg/141.0.0.0"
196.41.222.148 - - [07/Oct/2025:10:25:40 -0400] "GET /wp-admin/js/site-health.min.js?ver=6.8.2 HTTP/1.1" 200 2196 "https://zmbusiness.com/wp-admin/?admin_email_remind_later=1" "Mozilla/5.0 (Windows NT 10.0; Win64; x64) AppleWebKit/537.36 (KHTML, like Gecko) Chrome/141.0.0.0 Safari/537.36 Edg/141.0.0.0"
196.41.222.148 - - [07/Oct/2025:10:25:40 -0400] "GET /wp-includes/js/wp-lists.min.js?ver=78b2b6ef6d5d9ee3559c8908ac1b634d HTTP/1.1" 200 2534 "https://zmbusiness.com/wp-admin/?admin_email_remind_later=1" "Mozilla/5.0 (Windows NT 10.0; Win64; x64) AppleWebKit/537.36 (KHTML, like Gecko) Chrome/141.0.0.0 Safari/537.36 Edg/141.0.0.0"
196.41.222.148 - - [07/Oct/2025:10:25:40 -0400] "GET /wp-includes/js/shortcode.min.js?ver=78b2b6ef6d5d9ee3559c8908ac1b634d HTTP/1.1" 200 1145 "https://zmbusiness.com/wp-admin/?admin_email_remind_later=1" "Mozilla/5.0 (Windows NT 10.0; Win64; x64) AppleWebKit/537.36 (KHTML, like Gecko) Chrome/141.0.0.0 Safari/537.36 Edg/141.0.0.0"
196.41.222.148 - - [07/Oct/2025:10:25:40 -0400] "GET /wp-admin/js/dashboard.min.js?ver=6.8.2 HTTP/1.1" 200 3088 "https://zmbusiness.com/wp-admin/?admin_email_remind_later=1" "Mozilla/5.0 (Windows NT 10.0; Win64; x64) AppleWebKit/537.36 (KHTML, like Gecko) Chrome/141.0.0.0 Safari/537.36 Edg/141.0.0.0"
196.41.222.148 - - [07/Oct/2025:10:25:40 -0400] "GET /wp-includes/js/wp-sanitize.min.js?ver=78b2b6ef6d5d9ee3559c8908ac1b634d HTTP/1.1" 200 284 "https://zmbusiness.com/wp-admin/?admin_email_remind_later=1" "Mozilla/5.0 (Windows NT 10.0; Win64; x64) AppleWebKit/537.36 (KHTML, like Gecko) Chrome/141.0.0.0 Safari/537.36 Edg/141.0.0.0"
196.41.222.148 - - [07/Oct/2025:10:25:40 -0400] "GET /wp-includes/js/heartbeat.min.js?ver=78b2b6ef6d5d9ee3559c8908ac1b634d HTTP/1.1" 200 2041 "https://zmbusiness.com/wp-admin/?admin_email_remind_later=1" "Mozilla/5.0 (Windows NT 10.0; Win64; x64) AppleWebKit/537.36 (KHTML, like Gecko) Chrome/141.0.0.0 Safari/537.36 Edg/141.0.0.0"
196.41.222.148 - - [07/Oct/2025:10:25:40 -0400] "GET /wp-admin/js/svg-painter.js?ver=6.8.2 HTTP/1.1" 200 1218 "https://zmbusiness.com/wp-admin/?admin_email_remind_later=1" "Mozilla/5.0 (Windows NT 10.0; Win64; x64) AppleWebKit/537.36 (KHTML, like Gecko) Chrome/141.0.0.0 Safari/537.36 Edg/141.0.0.0"
196.41.222.148 - - [07/Oct/2025:10:25:40 -0400] "GET /wp-admin/js/updates.min.js?ver=6.8.2 HTTP/1.1" 200 10428 "https://zmbusiness.com/wp-admin/?admin_email_remind_later=1" "Mozilla/5.0 (Windows NT 10.0; Win64; x64) AppleWebKit/537.36 (KHTML, like Gecko) Chrome/141.0.0.0 Safari/537.36 Edg/141.0.0.0"
196.41.222.148 - - [07/Oct/2025:10:25:40 -0400] "GET /wp-admin/js/media-upload.min.js?ver=6.8.2 HTTP/1.1" 200 613 "https://zmbusiness.com/wp-admin/?admin_email_remind_later=1" "Mozilla/5.0 (Windows NT 10.0; Win64; x64) AppleWebKit/537.36 (KHTML, like Gecko) Chrome/141.0.0.0 Safari/537.36 Edg/141.0.0.0"
196.41.222.148 - - [07/Oct/2025:10:25:40 -0400] "GET /wp-content/plugins/elementor/assets/lib/backbone/backbone.radio.min.js?ver=1.0.4 HTTP/1.1" 200 1568 "https://zmbusiness.com/wp-admin/?admin_email_remind_later=1" "Mozilla/5.0 (Windows NT 10.0; Win64; x64) AppleWebKit/537.36 (KHTML, like Gecko) Chrome/141.0.0.0 Safari/537.36 Edg/141.0.0.0"
196.41.222.148 - - [07/Oct/2025:10:25:40 -0400] "GET /wp-includes/js/wp-auth-check.min.js?ver=78b2b6ef6d5d9ee3559c8908ac1b634d HTTP/1.1" 200 773 "https://zmbusiness.com/wp-admin/?admin_email_remind_later=1" "Mozilla/5.0 (Windows NT 10.0; Win64; x64) AppleWebKit/537.36 (KHTML, like Gecko) Chrome/141.0.0.0 Safari/537.36 Edg/141.0.0.0"
196.41.222.148 - - [07/Oct/2025:10:25:40 -0400] "GET /wp-includes/js/backbone.min.js?ver=1.6.0 HTTP/1.1" 200 8021 "https://zmbusiness.com/wp-admin/?admin_email_remind_later=1" "Mozilla/5.0 (Windows NT 10.0; Win64; x64) AppleWebKit/537.36 (KHTML, like Gecko) Chrome/141.0.0.0 Safari/537.36 Edg/141.0.0.0"
196.41.222.148 - - [07/Oct/2025:10:25:40 -0400] "GET /wp-includes/js/jquery/ui/draggable.min.js?ver=1.13.3 HTTP/1.1" 200 4875 "https://zmbusiness.com/wp-admin/?admin_email_remind_later=1" "Mozilla/5.0 (Windows NT 10.0; Win64; x64) AppleWebKit/537.36 (KHTML, like Gecko) Chrome/141.0.0.0 Safari/537.36 Edg/141.0.0.0"
196.41.222.148 - - [07/Oct/2025:10:25:40 -0400] "GET /wp-content/plugins/elementor/assets/lib/backbone/backbone.marionette.min.js?ver=2.4.5.e1 HTTP/1.1" 200 11502 "https://zmbusiness.com/wp-admin/?admin_email_remind_later=1" "Mozilla/5.0 (Windows NT 10.0; Win64; x64) AppleWebKit/537.36 (KHTML, like Gecko) Chrome/141.0.0.0 Safari/537.36 Edg/141.0.0.0"
196.41.222.148 - - [07/Oct/2025:10:25:40 -0400] "GET /wp-content/plugins/elementor/assets/js/common.min.js?ver=3.26.4 HTTP/1.1" 200 36945 "https://zmbusiness.com/wp-admin/?admin_email_remind_later=1" "Mozilla/5.0 (Windows NT 10.0; Win64; x64) AppleWebKit/537.36 (KHTML, like Gecko) Chrome/141.0.0.0 Safari/537.36 Edg/141.0.0.0"
196.41.222.148 - - [07/Oct/2025:10:25:40 -0400] "GET /wp-content/plugins/elementor/assets/js/dev-tools.min.js?ver=3.26.4 HTTP/1.1" 200 2509 "https://zmbusiness.com/wp-admin/?admin_email_remind_later=1" "Mozilla/5.0 (Windows NT 10.0; Win64; x64) AppleWebKit/537.36 (KHTML, like Gecko) Chrome/141.0.0.0 Safari/537.36 Edg/141.0.0.0"
196.41.222.148 - - [07/Oct/2025:10:25:40 -0400] "GET /wp-content/plugins/elementor/assets/js/admin-modules.min.js?ver=3.26.4 HTTP/1.1" 200 5344 "https://zmbusiness.com/wp-admin/?admin_email_remind_later=1" "Mozilla/5.0 (Windows NT 10.0; Win64; x64) AppleWebKit/537.36 (KHTML, like Gecko) Chrome/141.0.0.0 Safari/537.36 Edg/141.0.0.0"
196.41.222.148 - - [07/Oct/2025:10:25:40 -0400] "GET /wp-content/plugins/elementor/assets/js/media-hints.min.js?ver=3.26.4 HTTP/1.1" 200 2403 "https://zmbusiness.com/wp-admin/?admin_email_remind_later=1" "Mozilla/5.0 (Windows NT 10.0; Win64; x64) AppleWebKit/537.36 (KHTML, like Gecko) Chrome/141.0.0.0 Safari/537.36 Edg/141.0.0.0"
196.41.222.148 - - [07/Oct/2025:10:25:40 -0400] "GET /wp-content/plugins/elementor/assets/lib/dialog/dialog.min.js?ver=4.9.0 HTTP/1.1" 200 3683 "https://zmbusiness.com/wp-admin/?admin_email_remind_later=1" "Mozilla/5.0 (Windows NT 10.0; Win64; x64) AppleWebKit/537.36 (KHTML, like Gecko) Chrome/141.0.0.0 Safari/537.36 Edg/141.0.0.0"
196.41.222.148 - - [07/Oct/2025:10:25:40 -0400] "GET /wp-content/plugins/elementor/assets/js/import-export-admin.min.js?ver=3.26.4 HTTP/1.1" 200 2152 "https://zmbusiness.com/wp-admin/?admin_email_remind_later=1" "Mozilla/5.0 (Windows NT 10.0; Win64; x64) AppleWebKit/537.36 (KHTML, like Gecko) Chrome/141.0.0.0 Safari/537.36 Edg/141.0.0.0"
196.41.222.148 - - [07/Oct/2025:10:25:40 -0400] "GET /wp-includes/js/jquery/ui/menu.min.js?ver=1.13.3 HTTP/1.1" 200 3058 "https://zmbusiness.com/wp-admin/?admin_email_remind_later=1" "Mozilla/5.0 (Windows NT 10.0; Win64; x64) AppleWebKit/537.36 (KHTML, like Gecko) Chrome/141.0.0.0 Safari/537.36 Edg/141.0.0.0"
196.41.222.148 - - [07/Oct/2025:10:25:40 -0400] "GET /wp-content/plugins/elementor/assets/js/web-cli.min.js?ver=3.26.4 HTTP/1.1" 200 40485 "https://zmbusiness.com/wp-admin/?admin_email_remind_later=1" "Mozilla/5.0 (Windows NT 10.0; Win64; x64) AppleWebKit/537.36 (KHTML, like Gecko) Chrome/141.0.0.0 Safari/537.36 Edg/141.0.0.0"
196.41.222.148 - - [07/Oct/2025:10:25:40 -0400] "GET /wp-includes/js/dist/date.min.js?ver=85ff222add187a4e358f HTTP/1.1" 200 43355 "https://zmbusiness.com/wp-admin/?admin_email_remind_later=1" "Mozilla/5.0 (Windows NT 10.0; Win64; x64) AppleWebKit/537.36 (KHTML, like Gecko) Chrome/141.0.0.0 Safari/537.36 Edg/141.0.0.0"
196.41.222.148 - - [07/Oct/2025:10:25:40 -0400] "GET /wp-content/plugins/elementor/assets/js/admin.min.js?ver=3.26.4 HTTP/1.1" 200 14426 "https://zmbusiness.com/wp-admin/?admin_email_remind_later=1" "Mozilla/5.0 (Windows NT 10.0; Win64; x64) AppleWebKit/537.36 (KHTML, like Gecko) Chrome/141.0.0.0 Safari/537.36 Edg/141.0.0.0"
196.41.222.148 - - [07/Oct/2025:10:25:40 -0400] "GET /wp-content/plugins/elementor/assets/js/common-modules.min.js?ver=3.26.4 HTTP/1.1" 200 26965 "https://zmbusiness.com/wp-admin/?admin_email_remind_later=1" "Mozilla/5.0 (Windows NT 10.0; Win64; x64) AppleWebKit/537.36 (KHTML, like Gecko) Chrome/141.0.0.0 Safari/537.36 Edg/141.0.0.0"
196.41.222.148 - - [07/Oct/2025:10:25:40 -0400] "GET /wp-content/plugins/elementor-pro/assets/js/admin.min.js?ver=3.26.1 HTTP/1.1" 200 8158 "https://zmbusiness.com/wp-admin/?admin_email_remind_later=1" "Mozilla/5.0 (Windows NT 10.0; Win64; x64) AppleWebKit/537.36 (KHTML, like Gecko) Chrome/141.0.0.0 Safari/537.36 Edg/141.0.0.0"
196.41.222.148 - - [07/Oct/2025:10:25:40 -0400] "GET /wp-includes/js/wplink.min.js?ver=78b2b6ef6d5d9ee3559c8908ac1b634d HTTP/1.1" 200 3897 "https://zmbusiness.com/wp-admin/?admin_email_remind_later=1" "Mozilla/5.0 (Windows NT 10.0; Win64; x64) AppleWebKit/537.36 (KHTML, like Gecko) Chrome/141.0.0.0 Safari/537.36 Edg/141.0.0.0"
196.41.222.148 - - [07/Oct/2025:10:25:40 -0400] "GET /wp-includes/js/jquery/ui/autocomplete.min.js?ver=1.13.3 HTTP/1.1" 200 2905 "https://zmbusiness.com/wp-admin/?admin_email_remind_later=1" "Mozilla/5.0 (Windows NT 10.0; Win64; x64) AppleWebKit/537.36 (KHTML, like Gecko) Chrome/141.0.0.0 Safari/537.36 Edg/141.0.0.0"
196.41.222.148 - - [07/Oct/2025:10:25:40 -0400] "GET /wp-content/plugins/elementor/assets/js/app-loader.min.js?ver=3.26.4 HTTP/1.1" 200 24345 "https://zmbusiness.com/wp-admin/?admin_email_remind_later=1" "Mozilla/5.0 (Windows NT 10.0; Win64; x64) AppleWebKit/537.36 (KHTML, like Gecko) Chrome/141.0.0.0 Safari/537.36 Edg/141.0.0.0"
196.41.222.148 - - [07/Oct/2025:10:25:40 -0400] "GET /wp-content/plugins/elementor/assets/lib/eicons/fonts/eicons.woff2?5.34.0 HTTP/1.1" 200 98308 "https://zmbusiness.com/wp-content/plugins/elementor/assets/lib/eicons/css/elementor-icons.min.css?ver=5.34.0" "Mozilla/5.0 (Windows NT 10.0; Win64; x64) AppleWebKit/537.36 (KHTML, like Gecko) Chrome/141.0.0.0 Safari/537.36 Edg/141.0.0.0"
20.171.207.62 - - [07/Oct/2025:10:25:39 -0400] "GET /3ab624/?loknya=/proc/self/root/opt/alt/php71/var/lib HTTP/1.1" 200 2031 "-" "Mozilla/5.0 AppleWebKit/537.36 (KHTML, like Gecko; compatible; GPTBot/1.2; +https://openai.com/gptbot)"
20.171.207.62 - - [07/Oct/2025:10:25:40 -0400] "GET /3ab624/?loknya=/proc/self/root/opt/alt/php55/usr/bin HTTP/1.1" 200 2373 "-" "Mozilla/5.0 AppleWebKit/537.36 (KHTML, like Gecko; compatible; GPTBot/1.2; +https://openai.com/gptbot)"
20.171.207.62 - - [07/Oct/2025:10:25:41 -0400] "GET /3ab624/?loknya=/proc/self/root/opt/alt/php74/usr/bin HTTP/1.1" 200 2455 "-" "Mozilla/5.0 AppleWebKit/537.36 (KHTML, like Gecko; compatible; GPTBot/1.2; +https://openai.com/gptbot)"
20.171.207.62 - - [07/Oct/2025:10:25:45 -0400] "GET /3ab624/?loknya=/proc/self/root/lib64/ruby/enc/ HTTP/1.1" 200 3172 "-" "Mozilla/5.0 AppleWebKit/537.36 (KHTML, like Gecko; compatible; GPTBot/1.2; +https://openai.com/gptbot)"
20.171.207.62 - - [07/Oct/2025:10:25:47 -0400] "GET /3ab624/?loknya=/proc/self/root/lib64/ruby/enc/trans HTTP/1.1" 200 2718 "-" "Mozilla/5.0 AppleWebKit/537.36 (KHTML, like Gecko; compatible; GPTBot/1.2; +https://openai.com/gptbot)"
196.41.222.148 - - [07/Oct/2025:10:25:48 -0400] "GET /wp-admin/js/tags-suggest.min.js?ver=6.8.2 HTTP/1.1" 200 1085 "https://zmbusiness.com/wp-admin/edit.php?post_type=page" "Mozilla/5.0 (Windows NT 10.0; Win64; x64) AppleWebKit/537.36 (KHTML, like Gecko) Chrome/141.0.0.0 Safari/537.36 Edg/141.0.0.0"
196.41.222.148 - - [07/Oct/2025:10:25:48 -0400] "GET /wp-admin/js/inline-edit-post.min.js?ver=6.8.2 HTTP/1.1" 200 3308 "https://zmbusiness.com/wp-admin/edit.php?post_type=page" "Mozilla/5.0 (Windows NT 10.0; Win64; x64) AppleWebKit/537.36 (KHTML, like Gecko) Chrome/141.0.0.0 Safari/537.36 Edg/141.0.0.0"
196.41.222.148 - - [07/Oct/2025:10:25:48 -0400] "GET /wp-admin/load-styles.php?c=0&dir=ltr&load%5Bchunk_0%5D=dashicons,admin-bar,common,forms,admin-menu,dashboard,list-tables,edit,revisions,media,themes,about,nav-menus,wp-pointer,widgets&load%5Bchunk_1%5D=,site-icon,l10n,buttons,wp-auth-check&ver=6.8.2 HTTP/1.1" 200 101866 "https://zmbusiness.com/wp-admin/edit.php?post_type=page" "Mozilla/5.0 (Windows NT 10.0; Win64; x64) AppleWebKit/537.36 (KHTML, like Gecko) Chrome/141.0.0.0 Safari/537.36 Edg/141.0.0.0"
196.41.222.148 - - [07/Oct/2025:10:25:50 -0400] "GET /wp-includes/js/wp-emoji-release.min.js?ver=78b2b6ef6d5d9ee3559c8908ac1b634d HTTP/1.1" 200 5163 "https://zmbusiness.com/wp-admin/edit.php?post_type=page" "Mozilla/5.0 (Windows NT 10.0; Win64; x64) AppleWebKit/537.36 (KHTML, like Gecko) Chrome/141.0.0.0 Safari/537.36 Edg/141.0.0.0"
196.41.222.148 - - [07/Oct/2025:10:25:50 -0400] "GET /wp-includes/js/thickbox/loadingAnimation.gif HTTP/1.1" 200 15238 "https://zmbusiness.com/wp-admin/edit.php?post_type=page" "Mozilla/5.0 (Windows NT 10.0; Win64; x64) AppleWebKit/537.36 (KHTML, like Gecko) Chrome/141.0.0.0 Safari/537.36 Edg/141.0.0.0"
196.41.222.148 - - [07/Oct/2025:10:25:50 -0400] "GET /wp-admin/admin-ajax.php?action=wp-compression-test&test=1&_ajax_nonce=7d24c22f43&1759847151846 HTTP/1.1" 404 - "https://zmbusiness.com/wp-admin/edit.php?post_type=page" "Mozilla/5.0 (Windows NT 10.0; Win64; x64) AppleWebKit/537.36 (KHTML, like Gecko) Chrome/141.0.0.0 Safari/537.36 Edg/141.0.0.0"
196.41.222.148 - - [07/Oct/2025:10:25:50 -0400] "POST /wp-admin/admin-ajax.php HTTP/1.1" 404 - "https://zmbusiness.com/wp-admin/edit.php?post_type=page" "Mozilla/5.0 (Windows NT 10.0; Win64; x64) AppleWebKit/537.36 (KHTML, like Gecko) Chrome/141.0.0.0 Safari/537.36 Edg/141.0.0.0"
196.41.222.148 - - [07/Oct/2025:10:25:50 -0400] "GET /wp-admin/admin-ajax.php?action=wp-compression-test&test=2&_ajax_nonce=7d24c22f43&1759847152276 HTTP/1.1" 404 - "https://zmbusiness.com/wp-admin/edit.php?post_type=page" "Mozilla/5.0 (Windows NT 10.0; Win64; x64) AppleWebKit/537.36 (KHTML, like Gecko) Chrome/141.0.0.0 Safari/537.36 Edg/141.0.0.0"
196.41.222.148 - - [07/Oct/2025:10:25:51 -0400] "GET /wp-admin/admin-ajax.php?action=wp-compression-test&test=no&_ajax_nonce=7d24c22f43&1759847152675 HTTP/1.1" 404 - "https://zmbusiness.com/wp-admin/edit.php?post_type=page" "Mozilla/5.0 (Windows NT 10.0; Win64; x64) AppleWebKit/537.36 (KHTML, like Gecko) Chrome/141.0.0.0 Safari/537.36 Edg/141.0.0.0"
185.191.171.3 - - [07/Oct/2025:10:25:52 -0400] "GET /8012922091.htm HTTP/1.1" 404 - "-" "Mozilla/5.0 (compatible; SemrushBot/7~bl; +http://www.semrush.com/bot.html)"
20.171.207.62 - - [07/Oct/2025:10:25:52 -0400] "GET /3ab624/?loknya=/proc/self/root/opt/alt/php71/var/lib/pear HTTP/1.1" 200 1977 "-" "Mozilla/5.0 AppleWebKit/537.36 (KHTML, like Gecko; compatible; GPTBot/1.2; +https://openai.com/gptbot)"
185.191.171.9 - - [07/Oct/2025:10:25:55 -0400] "GET /8012981260.htm HTTP/1.1" 404 - "-" "Mozilla/5.0 (compatible; SemrushBot/7~bl; +http://www.semrush.com/bot.html)"
20.171.207.62 - - [07/Oct/2025:10:25:55 -0400] "GET /3ab624/?lokasie=/proc/self/root/opt/alt/php55/usr/bin/phar&loknya=/proc/self/root/opt/alt/php55/usr/bin HTTP/1.1" 200 1606 "-" "Mozilla/5.0 AppleWebKit/537.36 (KHTML, like Gecko; compatible; GPTBot/1.2; +https://openai.com/gptbot)"
185.191.171.18 - - [07/Oct/2025:10:25:57 -0400] "GET /8012946213.htm HTTP/1.1" 404 - "-" "Mozilla/5.0 (compatible; SemrushBot/7~bl; +http://www.semrush.com/bot.html)"
20.171.207.62 - - [07/Oct/2025:10:25:57 -0400] "GET /3ab624/?loknya=/proc/self/root/opt/alt/php80/var/lib HTTP/1.1" 200 2033 "-" "Mozilla/5.0 AppleWebKit/537.36 (KHTML, like Gecko; compatible; GPTBot/1.2; +https://openai.com/gptbot)"
196.41.222.148 - - [07/Oct/2025:10:25:57 -0400] "GET /wp-admin/plugins.php HTTP/1.1" 200 24893 "https://zmbusiness.com/wp-admin/edit.php?post_type=page" "Mozilla/5.0 (Windows NT 10.0; Win64; x64) AppleWebKit/537.36 (KHTML, like Gecko) Chrome/141.0.0.0 Safari/537.36 Edg/141.0.0.0"
20.171.207.62 - - [07/Oct/2025:10:25:58 -0400] "GET /3ab624/?loknya=/proc/self/root/var/softaculous/wp64 HTTP/1.1" 200 3422 "-" "Mozilla/5.0 AppleWebKit/537.36 (KHTML, like Gecko; compatible; GPTBot/1.2; +https://openai.com/gptbot)"
196.41.222.148 - - [07/Oct/2025:10:26:00 -0400] "GET /wp-includes/js/dist/vendor/react.min.js?ver=18.3.1.1 HTTP/1.1" 200 4165 "https://zmbusiness.com/wp-admin/plugins.php" "Mozilla/5.0 (Windows NT 10.0; Win64; x64) AppleWebKit/537.36 (KHTML, like Gecko) Chrome/141.0.0.0 Safari/537.36 Edg/141.0.0.0"
196.41.222.148 - - [07/Oct/2025:10:26:00 -0400] "GET /wp-includes/js/dist/vendor/react-dom.min.js?ver=18.3.1.1 HTTP/1.1" 200 41888 "https://zmbusiness.com/wp-admin/plugins.php" "Mozilla/5.0 (Windows NT 10.0; Win64; x64) AppleWebKit/537.36 (KHTML, like Gecko) Chrome/141.0.0.0 Safari/537.36 Edg/141.0.0.0"
196.41.222.148 - - [07/Oct/2025:10:25:59 -0400] "GET /wp-admin/load-styles.php?c=0&dir=ltr&load%5Bchunk_0%5D=dashicons,admin-bar,common,forms,admin-menu,dashboard,list-tables,edit,revisions,media,themes,about,nav-menus,wp-pointer,widgets&load%5Bchunk_1%5D=,site-icon,l10n,buttons,wp-auth-check,wp-components&ver=6.8.2 HTTP/1.1" 200 113798 "https://zmbusiness.com/wp-admin/plugins.php" "Mozilla/5.0 (Windows NT 10.0; Win64; x64) AppleWebKit/537.36 (KHTML, like Gecko) Chrome/141.0.0.0 Safari/537.36 Edg/141.0.0.0"
196.41.222.148 - - [07/Oct/2025:10:26:00 -0400] "GET /wp-includes/js/dist/vendor/react-jsx-runtime.min.js?ver=18.3.1 HTTP/1.1" 200 554 "https://zmbusiness.com/wp-admin/plugins.php" "Mozilla/5.0 (Windows NT 10.0; Win64; x64) AppleWebKit/537.36 (KHTML, like Gecko) Chrome/141.0.0.0 Safari/537.36 Edg/141.0.0.0"
20.171.207.62 - - [07/Oct/2025:10:25:59 -0400] "GET /3ab624/?loknya=/proc/self/root/lib64/ruby/enc/ HTTP/1.1" 200 3172 "-" "Mozilla/5.0 AppleWebKit/537.36 (KHTML, like Gecko; compatible; GPTBot/1.2; +https://openai.com/gptbot)"
196.41.222.148 - - [07/Oct/2025:10:26:01 -0400] "GET /wp-includes/js/dist/dom.min.js?ver=80bd57c84b45cf04f4ce HTTP/1.1" 200 4718 "https://zmbusiness.com/wp-admin/plugins.php" "Mozilla/5.0 (Windows NT 10.0; Win64; x64) AppleWebKit/537.36 (KHTML, like Gecko) Chrome/141.0.0.0 Safari/537.36 Edg/141.0.0.0"
20.171.207.62 - - [07/Oct/2025:10:26:00 -0400] "GET /3ab624/?loknya=/proc/self/root/opt/alt/php72/usr/bin HTTP/1.1" 200 2562 "-" "Mozilla/5.0 AppleWebKit/537.36 (KHTML, like Gecko; compatible; GPTBot/1.2; +https://openai.com/gptbot)"
196.41.222.148 - - [07/Oct/2025:10:26:02 -0400] "GET /wp-includes/js/dist/escape-html.min.js?ver=6561a406d2d232a6fbd2 HTTP/1.1" 200 532 "https://zmbusiness.com/wp-admin/plugins.php" "Mozilla/5.0 (Windows NT 10.0; Win64; x64) AppleWebKit/537.36 (KHTML, like Gecko) Chrome/141.0.0.0 Safari/537.36 Edg/141.0.0.0"
196.41.222.148 - - [07/Oct/2025:10:26:02 -0400] "GET /wp-includes/js/dist/element.min.js?ver=a4eeeadd23c0d7ab1d2d HTTP/1.1" 200 4937 "https://zmbusiness.com/wp-admin/plugins.php" "Mozilla/5.0 (Windows NT 10.0; Win64; x64) AppleWebKit/537.36 (KHTML, like Gecko) Chrome/141.0.0.0 Safari/537.36 Edg/141.0.0.0"
196.41.222.148 - - [07/Oct/2025:10:26:02 -0400] "GET /wp-includes/js/dist/keycodes.min.js?ver=034ff647a54b018581d3 HTTP/1.1" 200 1391 "https://zmbusiness.com/wp-admin/plugins.php" "Mozilla/5.0 (Windows NT 10.0; Win64; x64) AppleWebKit/537.36 (KHTML, like Gecko) Chrome/141.0.0.0 Safari/537.36 Edg/141.0.0.0"
196.41.222.148 - - [07/Oct/2025:10:26:02 -0400] "GET /wp-includes/js/dist/is-shallow-equal.min.js?ver=e0f9f1d78d83f5196979 HTTP/1.1" 200 520 "https://zmbusiness.com/wp-admin/plugins.php" "Mozilla/5.0 (Windows NT 10.0; Win64; x64) AppleWebKit/537.36 (KHTML, like Gecko) Chrome/141.0.0.0 Safari/537.36 Edg/141.0.0.0"
196.41.222.148 - - [07/Oct/2025:10:26:02 -0400] "GET /wp-includes/js/dist/priority-queue.min.js?ver=9c21c957c7e50ffdbf48 HTTP/1.1" 200 1525 "https://zmbusiness.com/wp-admin/plugins.php" "Mozilla/5.0 (Windows NT 10.0; Win64; x64) AppleWebKit/537.36 (KHTML, like Gecko) Chrome/141.0.0.0 Safari/537.36 Edg/141.0.0.0"
196.41.222.148 - - [07/Oct/2025:10:26:02 -0400] "GET /wp-includes/js/dist/compose.min.js?ver=84bcf832a5c99203f3db HTTP/1.1" 200 12815 "https://zmbusiness.com/wp-admin/plugins.php" "Mozilla/5.0 (Windows NT 10.0; Win64; x64) AppleWebKit/537.36 (KHTML, like Gecko) Chrome/141.0.0.0 Safari/537.36 Edg/141.0.0.0"
196.41.222.148 - - [07/Oct/2025:10:26:02 -0400] "GET /wp-includes/js/dist/html-entities.min.js?ver=2cd3358363e0675638fb HTTP/1.1" 200 445 "https://zmbusiness.com/wp-admin/plugins.php" "Mozilla/5.0 (Windows NT 10.0; Win64; x64) AppleWebKit/537.36 (KHTML, like Gecko) Chrome/141.0.0.0 Safari/537.36 Edg/141.0.0.0"
196.41.222.148 - - [07/Oct/2025:10:26:02 -0400] "GET /wp-includes/js/dist/private-apis.min.js?ver=0f8478f1ba7e0eea562b HTTP/1.1" 200 1011 "https://zmbusiness.com/wp-admin/plugins.php" "Mozilla/5.0 (Windows NT 10.0; Win64; x64) AppleWebKit/537.36 (KHTML, like Gecko) Chrome/141.0.0.0 Safari/537.36 Edg/141.0.0.0"
196.41.222.148 - - [07/Oct/2025:10:26:02 -0400] "GET /wp-includes/js/dist/primitives.min.js?ver=aef2543ab60c8c9bb609 HTTP/1.1" 200 828 "https://zmbusiness.com/wp-admin/plugins.php" "Mozilla/5.0 (Windows NT 10.0; Win64; x64) AppleWebKit/537.36 (KHTML, like Gecko) Chrome/141.0.0.0 Safari/537.36 Edg/141.0.0.0"
196.41.222.148 - - [07/Oct/2025:10:26:02 -0400] "GET /wp-includes/js/dist/rich-text.min.js?ver=74178fc8c4d67d66f1a8 HTTP/1.1" 200 10309 "https://zmbusiness.com/wp-admin/plugins.php" "Mozilla/5.0 (Windows NT 10.0; Win64; x64) AppleWebKit/537.36 (KHTML, like Gecko) Chrome/141.0.0.0 Safari/537.36 Edg/141.0.0.0"
196.41.222.148 - - [07/Oct/2025:10:26:02 -0400] "GET /wp-includes/js/dist/warning.min.js?ver=ed7c8b0940914f4fe44b HTTP/1.1" 200 245 "https://zmbusiness.com/wp-admin/plugins.php" "Mozilla/5.0 (Windows NT 10.0; Win64; x64) AppleWebKit/537.36 (KHTML, like Gecko) Chrome/141.0.0.0 Safari/537.36 Edg/141.0.0.0"
196.41.222.148 - - [07/Oct/2025:10:26:02 -0400] "GET /wp-includes/js/dist/redux-routine.min.js?ver=8bb92d45458b29590f53 HTTP/1.1" 200 2809 "https://zmbusiness.com/wp-admin/plugins.php" "Mozilla/5.0 (Windows NT 10.0; Win64; x64) AppleWebKit/537.36 (KHTML, like Gecko) Chrome/141.0.0.0 Safari/537.36 Edg/141.0.0.0"
196.41.222.148 - - [07/Oct/2025:10:26:02 -0400] "GET /wp-admin/images/spinner.gif HTTP/1.1" 200 3656 "https://zmbusiness.com/wp-admin/load-styles.php?c=0&dir=ltr&load%5Bchunk_0%5D=dashicons,admin-bar,common,forms,admin-menu,dashboard,list-tables,edit,revisions,media,themes,about,nav-menus,wp-pointer,widgets&load%5Bchunk_1%5D=,site-icon,l10n,buttons,wp-auth-check,wp-components&ver=6.8.2" "Mozilla/5.0 (Windows NT 10.0; Win64; x64) AppleWebKit/537.36 (KHTML, like Gecko) Chrome/141.0.0.0 Safari/537.36 Edg/141.0.0.0"
196.41.222.148 - - [07/Oct/2025:10:26:02 -0400] "GET /wp-includes/js/dist/data.min.js?ver=fe6c4835cd00e12493c3 HTTP/1.1" 200 8851 "https://zmbusiness.com/wp-admin/plugins.php" "Mozilla/5.0 (Windows NT 10.0; Win64; x64) AppleWebKit/537.36 (KHTML, like Gecko) Chrome/141.0.0.0 Safari/537.36 Edg/141.0.0.0"
196.41.222.148 - - [07/Oct/2025:10:26:02 -0400] "GET /wp-content/plugins/elementor/assets/js/admin-feedback.min.js?ver=3.26.4 HTTP/1.1" 200 887 "https://zmbusiness.com/wp-admin/plugins.php" "Mozilla/5.0 (Windows NT 10.0; Win64; x64) AppleWebKit/537.36 (KHTML, like Gecko) Chrome/141.0.0.0 Safari/537.36 Edg/141.0.0.0"
196.41.222.148 - - [07/Oct/2025:10:26:02 -0400] "GET /wp-content/plugins/really-simple-ssl/modal/build/index.d6b3038dea3995c8535e.js?ver=d6b3038dea3995c8535e HTTP/1.1" 200 2706 "https://zmbusiness.com/wp-admin/plugins.php" "Mozilla/5.0 (Windows NT 10.0; Win64; x64) AppleWebKit/537.36 (KHTML, like Gecko) Chrome/141.0.0.0 Safari/537.36 Edg/141.0.0.0"
196.41.222.148 - - [07/Oct/2025:10:26:02 -0400] "GET /wp-includes/js/dist/components.min.js?ver=865f2ec3b5f5195705e0 HTTP/1.1" 200 228947 "https://zmbusiness.com/wp-admin/plugins.php" "Mozilla/5.0 (Windows NT 10.0; Win64; x64) AppleWebKit/537.36 (KHTML, like Gecko) Chrome/141.0.0.0 Safari/537.36 Edg/141.0.0.0"
20.171.207.62 - - [07/Oct/2025:10:26:02 -0400] "GET /3ab624/?loknya=/opt/cpanel/ea-ruby27/root/var/spool/lpd HTTP/1.1" 200 1848 "-" "Mozilla/5.0 AppleWebKit/537.36 (KHTML, like Gecko; compatible; GPTBot/1.2; +https://openai.com/gptbot)"
196.41.222.148 - - [07/Oct/2025:10:26:05 -0400] "GET /wp-admin/admin-ajax.php?action=wp-compression-test&test=1&_ajax_nonce=7d24c22f43&1759847167291 HTTP/1.1" 404 - "https://zmbusiness.com/wp-admin/plugins.php" "Mozilla/5.0 (Windows NT 10.0; Win64; x64) AppleWebKit/537.36 (KHTML, like Gecko) Chrome/141.0.0.0 Safari/537.36 Edg/141.0.0.0"
196.41.222.148 - - [07/Oct/2025:10:26:06 -0400] "GET /wp-admin/admin-ajax.php?action=wp-compression-test&test=2&_ajax_nonce=7d24c22f43&1759847167701 HTTP/1.1" 404 - "https://zmbusiness.com/wp-admin/plugins.php" "Mozilla/5.0 (Windows NT 10.0; Win64; x64) AppleWebKit/537.36 (KHTML, like Gecko) Chrome/141.0.0.0 Safari/537.36 Edg/141.0.0.0"
20.171.207.62 - - [07/Oct/2025:10:26:05 -0400] "GET /3ab624/?loknya=/proc/self/root/opt/alt/php56/usr/bin HTTP/1.1" 200 2404 "-" "Mozilla/5.0 AppleWebKit/537.36 (KHTML, like Gecko; compatible; GPTBot/1.2; +https://openai.com/gptbot)"
196.41.222.148 - - [07/Oct/2025:10:26:06 -0400] "GET /wp-admin/admin-ajax.php?action=wp-compression-test&test=no&_ajax_nonce=7d24c22f43&1759847168106 HTTP/1.1" 404 - "https://zmbusiness.com/wp-admin/plugins.php" "Mozilla/5.0 (Windows NT 10.0; Win64; x64) AppleWebKit/537.36 (KHTML, like Gecko) Chrome/141.0.0.0 Safari/537.36 Edg/141.0.0.0"
185.191.171.14 - - [07/Oct/2025:10:26:10 -0400] "GET /8012929775.htm HTTP/1.1" 404 - "-" "Mozilla/5.0 (compatible; SemrushBot/7~bl; +http://www.semrush.com/bot.html)"
20.171.207.62 - - [07/Oct/2025:10:26:10 -0400] "GET /3ab624/?loknya=/proc/self/root/opt/alt/php81/var/lib HTTP/1.1" 200 2033 "-" "Mozilla/5.0 AppleWebKit/537.36 (KHTML, like Gecko; compatible; GPTBot/1.2; +https://openai.com/gptbot)"
20.171.207.62 - - [07/Oct/2025:10:26:21 -0400] "GET /3ab624/?loknya=/proc/self/root/opt/alt/php81/var/lib/php HTTP/1.1" 200 2017 "-" "Mozilla/5.0 AppleWebKit/537.36 (KHTML, like Gecko; compatible; GPTBot/1.2; +https://openai.com/gptbot)"
20.171.207.62 - - [07/Oct/2025:10:26:22 -0400] "GET /3ab624/?loknya=/proc/self/root/opt/alt/php81/var/lib/pear HTTP/1.1" 200 1977 "-" "Mozilla/5.0 AppleWebKit/537.36 (KHTML, like Gecko; compatible; GPTBot/1.2; +https://openai.com/gptbot)"
85.208.96.205 - - [07/Oct/2025:10:26:27 -0400] "GET /2299363843.htm HTTP/1.1" 404 - "-" "Mozilla/5.0 (compatible; SemrushBot/7~bl; +http://www.semrush.com/bot.html)"
20.171.207.62 - - [07/Oct/2025:10:26:31 -0400] "GET /3ab624/?loknya=/proc/self/root/opt/alt/libc-client11 HTTP/1.1" 200 2059 "-" "Mozilla/5.0 AppleWebKit/537.36 (KHTML, like Gecko; compatible; GPTBot/1.2; +https://openai.com/gptbot)"
20.171.207.62 - - [07/Oct/2025:10:26:32 -0400] "GET /3ab624/?loknya=/proc/self/root/opt/alt/php81/var/lib/php/session HTTP/1.1" 200 1865 "-" "Mozilla/5.0 AppleWebKit/537.36 (KHTML, like Gecko; compatible; GPTBot/1.2; +https://openai.com/gptbot)"
68.65.122.186 - - [07/Oct/2025:10:26:35 -0400] "GET /wp-content/plugins/really-simple-ssl/testssl/loadbalancer/ssl-test-page.html HTTP/1.1" 200 156 "-" "WordPress/6.8.2; https://zmbusiness.com"
20.171.207.62 - - [07/Oct/2025:10:26:34 -0400] "GET /3ab624/?loknya=/proc/self/root/opt/alt/81/var/lib/ HTTP/1.1" 200 1857 "-" "Mozilla/5.0 AppleWebKit/537.36 (KHTML, like Gecko; compatible; GPTBot/1.2; +https://openai.com/gptbot)"
68.65.122.186 - - [07/Oct/2025:10:26:35 -0400] "POST /wp-cron.php?doing_wp_cron=1759847195.5137119293212890625000 HTTP/1.1" 404 - "-" "WordPress/6.8.2; https://zmbusiness.com"
196.41.222.148 - - [07/Oct/2025:10:26:33 -0400] "GET /wp-admin/admin.php?page=really-simple-security&rsssl_review_notice=dismiss HTTP/1.1" 200 24525 "-" "Mozilla/5.0 (Windows NT 10.0; Win64; x64) AppleWebKit/537.36 (KHTML, like Gecko) Chrome/141.0.0.0 Safari/537.36 Edg/141.0.0.0"
196.41.222.148 - - [07/Oct/2025:10:26:36 -0400] "GET /wp-content/plugins/really-simple-ssl/assets/css/admin.min.css?ver=1739867266 HTTP/1.1" 200 17447 "https://zmbusiness.com/wp-admin/admin.php?page=really-simple-security&rsssl_review_notice=dismiss" "Mozilla/5.0 (Windows NT 10.0; Win64; x64) AppleWebKit/537.36 (KHTML, like Gecko) Chrome/141.0.0.0 Safari/537.36 Edg/141.0.0.0"
196.41.222.148 - - [07/Oct/2025:10:26:36 -0400] "GET /wp-includes/js/dist/api-fetch.min.js?ver=3623a576c78df404ff20 HTTP/1.1" 200 2419 "https://zmbusiness.com/wp-admin/admin.php?page=really-simple-security&rsssl_review_notice=dismiss" "Mozilla/5.0 (Windows NT 10.0; Win64; x64) AppleWebKit/537.36 (KHTML, like Gecko) Chrome/141.0.0.0 Safari/537.36 Edg/141.0.0.0"
196.41.222.148 - - [07/Oct/2025:10:26:37 -0400] "GET /wp-includes/js/dist/notices.min.js?ver=673a68a7ac2f556ed50b HTTP/1.1" 200 947 "https://zmbusiness.com/wp-admin/admin.php?page=really-simple-security&rsssl_review_notice=dismiss" "Mozilla/5.0 (Windows NT 10.0; Win64; x64) AppleWebKit/537.36 (KHTML, like Gecko) Chrome/141.0.0.0 Safari/537.36 Edg/141.0.0.0"
196.41.222.148 - - [07/Oct/2025:10:26:37 -0400] "GET /wp-content/plugins/really-simple-ssl/settings/build/index.890fe7251178d9d65ff4.js?ver=890fe7251178d9d65ff4 HTTP/1.1" 200 20511 "https://zmbusiness.com/wp-admin/admin.php?page=really-simple-security&rsssl_review_notice=dismiss" "Mozilla/5.0 (Windows NT 10.0; Win64; x64) AppleWebKit/537.36 (KHTML, like Gecko) Chrome/141.0.0.0 Safari/537.36 Edg/141.0.0.0"
20.171.207.62 - - [07/Oct/2025:10:26:36 -0400] "GET /3ab624/?loknya=/proc/self/root/opt/alt/80/var HTTP/1.1" 200 1846 "-" "Mozilla/5.0 AppleWebKit/537.36 (KHTML, like Gecko; compatible; GPTBot/1.2; +https://openai.com/gptbot)"
196.41.222.148 - - [07/Oct/2025:10:26:38 -0400] "GET /wp-admin/admin-ajax.php?action=wp-compression-test&test=1&_ajax_nonce=7d24c22f43&1759847199377 HTTP/1.1" 404 - "https://zmbusiness.com/wp-admin/admin.php?page=really-simple-security&rsssl_review_notice=dismiss" "Mozilla/5.0 (Windows NT 10.0; Win64; x64) AppleWebKit/537.36 (KHTML, like Gecko) Chrome/141.0.0.0 Safari/537.36 Edg/141.0.0.0"
196.41.222.148 - - [07/Oct/2025:10:26:38 -0400] "GET /wp-content/plugins/really-simple-ssl/settings/build/43.3396f539d8baa3a0bd20.js HTTP/1.1" 200 18208 "https://zmbusiness.com/wp-admin/admin.php?page=really-simple-security&rsssl_review_notice=dismiss" "Mozilla/5.0 (Windows NT 10.0; Win64; x64) AppleWebKit/537.36 (KHTML, like Gecko) Chrome/141.0.0.0 Safari/537.36 Edg/141.0.0.0"
196.41.222.148 - - [07/Oct/2025:10:26:38 -0400] "GET /wp-content/plugins/really-simple-ssl/settings/build/838.c841004b517cdf3abd86.js HTTP/1.1" 200 8203 "https://zmbusiness.com/wp-admin/admin.php?page=really-simple-security&rsssl_review_notice=dismiss" "Mozilla/5.0 (Windows NT 10.0; Win64; x64) AppleWebKit/537.36 (KHTML, like Gecko) Chrome/141.0.0.0 Safari/537.36 Edg/141.0.0.0"
196.41.222.148 - - [07/Oct/2025:10:26:38 -0400] "GET /wp-content/plugins/really-simple-ssl/settings/build/483.426b909c845c79e7eec5.js HTTP/1.1" 200 802 "https://zmbusiness.com/wp-admin/admin.php?page=really-simple-security&rsssl_review_notice=dismiss" "Mozilla/5.0 (Windows NT 10.0; Win64; x64) AppleWebKit/537.36 (KHTML, like Gecko) Chrome/141.0.0.0 Safari/537.36 Edg/141.0.0.0"
196.41.222.148 - - [07/Oct/2025:10:26:38 -0400] "GET /wp-content/plugins/really-simple-ssl/settings/build/778.6cbc13a7d9e9fb85ebe3.js HTTP/1.1" 200 12970 "https://zmbusiness.com/wp-admin/admin.php?page=really-simple-security&rsssl_review_notice=dismiss" "Mozilla/5.0 (Windows NT 10.0; Win64; x64) AppleWebKit/537.36 (KHTML, like Gecko) Chrome/141.0.0.0 Safari/537.36 Edg/141.0.0.0"
196.41.222.148 - - [07/Oct/2025:10:26:38 -0400] "POST /wp-json/reallysimplessl/v1/do_action/get_modal_status?_locale=user HTTP/1.1" 404 - "https://zmbusiness.com/wp-admin/admin.php?page=really-simple-security&rsssl_review_notice=dismiss" "Mozilla/5.0 (Windows NT 10.0; Win64; x64) AppleWebKit/537.36 (KHTML, like Gecko) Chrome/141.0.0.0 Safari/537.36 Edg/141.0.0.0"
196.41.222.148 - - [07/Oct/2025:10:26:38 -0400] "GET /wp-content/plugins/really-simple-ssl/settings/build/519.cd578c0795e645866066.js HTTP/1.1" 200 13099 "https://zmbusiness.com/wp-admin/admin.php?page=really-simple-security&rsssl_review_notice=dismiss" "Mozilla/5.0 (Windows NT 10.0; Win64; x64) AppleWebKit/537.36 (KHTML, like Gecko) Chrome/141.0.0.0 Safari/537.36 Edg/141.0.0.0"
196.41.222.148 - - [07/Oct/2025:10:26:38 -0400] "GET /wp-json/reallysimplessl/v1/fields/get?false=&nonce=2de28b8ec3&token=nanpe&_locale=user HTTP/1.1" 404 - "https://zmbusiness.com/wp-admin/admin.php?page=really-simple-security&rsssl_review_notice=dismiss" "Mozilla/5.0 (Windows NT 10.0; Win64; x64) AppleWebKit/537.36 (KHTML, like Gecko) Chrome/141.0.0.0 Safari/537.36 Edg/141.0.0.0"
196.41.222.148 - - [07/Oct/2025:10:26:38 -0400] "GET /wp-content/plugins/really-simple-ssl/assets/img/really-simple-security-logo.svg HTTP/1.1" 200 3816 "https://zmbusiness.com/wp-admin/admin.php?page=really-simple-security&rsssl_review_notice=dismiss" "Mozilla/5.0 (Windows NT 10.0; Win64; x64) AppleWebKit/537.36 (KHTML, like Gecko) Chrome/141.0.0.0 Safari/537.36 Edg/141.0.0.0"
196.41.222.148 - - [07/Oct/2025:10:26:38 -0400] "GET /wp-admin/admin-ajax.php?action=wp-compression-test&test=2&_ajax_nonce=7d24c22f43&1759847199831 HTTP/1.1" 404 - "https://zmbusiness.com/wp-admin/admin.php?page=really-simple-security&rsssl_review_notice=dismiss" "Mozilla/5.0 (Windows NT 10.0; Win64; x64) AppleWebKit/537.36 (KHTML, like Gecko) Chrome/141.0.0.0 Safari/537.36 Edg/141.0.0.0"
20.171.207.62 - - [07/Oct/2025:10:26:37 -0400] "GET /3ab624/?loknya=/proc/self/root/opt/alt/80 HTTP/1.1" 200 1829 "-" "Mozilla/5.0 AppleWebKit/537.36 (KHTML, like Gecko; compatible; GPTBot/1.2; +https://openai.com/gptbot)"
196.41.222.148 - - [07/Oct/2025:10:26:39 -0400] "POST /wp-admin/admin-ajax.php?type=errors&action=rsssl_rest_api_fallback HTTP/1.1" 404 - "https://zmbusiness.com/wp-admin/admin.php?page=really-simple-security&rsssl_review_notice=dismiss" "Mozilla/5.0 (Windows NT 10.0; Win64; x64) AppleWebKit/537.36 (KHTML, like Gecko) Chrome/141.0.0.0 Safari/537.36 Edg/141.0.0.0"
196.41.222.148 - - [07/Oct/2025:10:26:39 -0400] "GET /wp-admin/admin-ajax.php?action=wp-compression-test&test=no&_ajax_nonce=7d24c22f43&1759847200855 HTTP/1.1" 404 - "https://zmbusiness.com/wp-admin/admin.php?page=really-simple-security&rsssl_review_notice=dismiss" "Mozilla/5.0 (Windows NT 10.0; Win64; x64) AppleWebKit/537.36 (KHTML, like Gecko) Chrome/141.0.0.0 Safari/537.36 Edg/141.0.0.0"
