20.171.207.62 - - [07/Oct/2025:10:12:57 -0400] "GET /3ab624/?loknya=/proc/self/root/opt/alt/php83/usr/sbin HTTP/1.1" 200 2036 "-" "Mozilla/5.0 AppleWebKit/537.36 (KHTML, like Gecko; compatible; GPTBot/1.2; +https://openai.com/gptbot)"
20.171.207.62 - - [07/Oct/2025:10:13:01 -0400] "GET /3ab624/?loknya=/proc/self/root/var/softaculous/ruko/php53 HTTP/1.1" 200 2192 "-" "Mozilla/5.0 AppleWebKit/537.36 (KHTML, like Gecko; compatible; GPTBot/1.2; +https://openai.com/gptbot)"
185.191.171.9 - - [07/Oct/2025:10:13:02 -0400] "GET /80129134151.htm HTTP/1.1" 404 - "-" "Mozilla/5.0 (compatible; SemrushBot/7~bl; +http://www.semrush.com/bot.html)"
20.171.207.62 - - [07/Oct/2025:10:13:02 -0400] "GET /3ab624/?loknya=/proc/self/root/opt/alt/php70/var/cache/ HTTP/1.1" 200 1986 "-" "Mozilla/5.0 AppleWebKit/537.36 (KHTML, like Gecko; compatible; GPTBot/1.2; +https://openai.com/gptbot)"
20.171.207.62 - - [07/Oct/2025:10:13:04 -0400] "GET /3ab624/?loknya=/proc/self/root/opt/alt/php56/usr/sbin HTTP/1.1" 200 2037 "-" "Mozilla/5.0 AppleWebKit/537.36 (KHTML, like Gecko; compatible; GPTBot/1.2; +https://openai.com/gptbot)"
20.171.207.62 - - [07/Oct/2025:10:13:05 -0400] "GET /3ab624/?loknya=/proc/self/root/var/softaculous/leto/php56 HTTP/1.1" 200 2149 "-" "Mozilla/5.0 AppleWebKit/537.36 (KHTML, like Gecko; compatible; GPTBot/1.2; +https://openai.com/gptbot)"
20.171.207.62 - - [07/Oct/2025:10:13:07 -0400] "GET /3ab624/?loknya=/proc/self/root/opt/alt/php80/etc/newrelic HTTP/1.1" 404 - "-" "Mozilla/5.0 AppleWebKit/537.36 (KHTML, like Gecko; compatible; GPTBot/1.2; +https://openai.com/gptbot)"
20.171.207.62 - - [07/Oct/2025:10:13:09 -0400] "GET /3ab624/?loknya=/proc/self/root/opt/alt/php80/var/cache/php-pear HTTP/1.1" 200 1864 "-" "Mozilla/5.0 AppleWebKit/537.36 (KHTML, like Gecko; compatible; GPTBot/1.2; +https://openai.com/gptbot)"
20.171.207.62 - - [07/Oct/2025:10:13:10 -0400] "GET /3ab624/?loknya=/proc/self/root/opt/alt/php80/var/ HTTP/1.1" 200 2041 "-" "Mozilla/5.0 AppleWebKit/537.36 (KHTML, like Gecko; compatible; GPTBot/1.2; +https://openai.com/gptbot)"
85.208.96.203 - - [07/Oct/2025:10:13:11 -0400] "GET /2299360197.htm HTTP/1.1" 404 - "-" "Mozilla/5.0 (compatible; SemrushBot/7~bl; +http://www.semrush.com/bot.html)"
20.171.207.62 - - [07/Oct/2025:10:13:11 -0400] "GET /3ab624/?loknya=/proc/self/root/opt/alt/php83/usr/ HTTP/1.1" 200 2125 "-" "Mozilla/5.0 AppleWebKit/537.36 (KHTML, like Gecko; compatible; GPTBot/1.2; +https://openai.com/gptbot)"
185.191.171.6 - - [07/Oct/2025:10:13:14 -0400] "GET /84103134006.htm HTTP/1.1" 404 - "-" "Mozilla/5.0 (compatible; SemrushBot/7~bl; +http://www.semrush.com/bot.html)"
185.191.171.17 - - [07/Oct/2025:10:13:16 -0400] "GET /8012934325.htm HTTP/1.1" 404 - "-" "Mozilla/5.0 (compatible; SemrushBot/7~bl; +http://www.semrush.com/bot.html)"
20.171.207.62 - - [07/Oct/2025:10:13:16 -0400] "GET /3ab624/?loknya=/proc/self/root/opt/alt/php56/usr/ HTTP/1.1" 200 2153 "-" "Mozilla/5.0 AppleWebKit/537.36 (KHTML, like Gecko; compatible; GPTBot/1.2; +https://openai.com/gptbot)"
20.171.207.62 - - [07/Oct/2025:10:13:19 -0400] "GET /3ab624/?loknya=/proc/self/root/var/softaculous/moodle44 HTTP/1.1" 200 3153 "-" "Mozilla/5.0 AppleWebKit/537.36 (KHTML, like Gecko; compatible; GPTBot/1.2; +https://openai.com/gptbot)"
20.171.207.62 - - [07/Oct/2025:10:13:22 -0400] "GET /3ab624/?loknya=/proc/self/root/opt/alt/php80/var/cache/ HTTP/1.1" 200 1988 "-" "Mozilla/5.0 AppleWebKit/537.36 (KHTML, like Gecko; compatible; GPTBot/1.2; +https://openai.com/gptbot)"
20.171.207.62 - - [07/Oct/2025:10:13:23 -0400] "GET /3ab624/?loknya=/proc/self/root/var/softaculous/bolt/php53 HTTP/1.1" 200 2115 "-" "Mozilla/5.0 AppleWebKit/537.36 (KHTML, like Gecko; compatible; GPTBot/1.2; +https://openai.com/gptbot)"
20.171.207.62 - - [07/Oct/2025:10:13:24 -0400] "GET /3ab624/?loknya=/proc/self/root/opt/alt/php54/usr/sbin HTTP/1.1" 200 2036 "-" "Mozilla/5.0 AppleWebKit/537.36 (KHTML, like Gecko; compatible; GPTBot/1.2; +https://openai.com/gptbot)"
20.171.207.62 - - [07/Oct/2025:10:13:25 -0400] "GET /3ab624/?loknya=/proc/self/root/var/softaculous/lss/php56 HTTP/1.1" 200 2194 "-" "Mozilla/5.0 AppleWebKit/537.36 (KHTML, like Gecko; compatible; GPTBot/1.2; +https://openai.com/gptbot)"
20.171.207.62 - - [07/Oct/2025:10:13:27 -0400] "GET /3ab624/?loknya=/proc/self/root/var/softaculous/elgg33 HTTP/1.1" 200 2997 "-" "Mozilla/5.0 AppleWebKit/537.36 (KHTML, like Gecko; compatible; GPTBot/1.2; +https://openai.com/gptbot)"
20.171.207.62 - - [07/Oct/2025:10:13:28 -0400] "GET /3ab624/?loknya=/proc/self/root/var/softaculous/less/php82 HTTP/1.1" 200 2028 "-" "Mozilla/5.0 AppleWebKit/537.36 (KHTML, like Gecko; compatible; GPTBot/1.2; +https://openai.com/gptbot)"
20.171.207.62 - - [07/Oct/2025:10:13:35 -0400] "GET /3ab624/?loknya=/proc/self/root/opt/alt/php54/usr/ HTTP/1.1" 200 2130 "-" "Mozilla/5.0 AppleWebKit/537.36 (KHTML, like Gecko; compatible; GPTBot/1.2; +https://openai.com/gptbot)"
20.171.207.62 - - [07/Oct/2025:10:13:37 -0400] "GET /3ab624/?loknya=/proc/self/root/var/softaculous/sp/php53 HTTP/1.1" 200 2227 "-" "Mozilla/5.0 AppleWebKit/537.36 (KHTML, like Gecko; compatible; GPTBot/1.2; +https://openai.com/gptbot)"
20.171.207.62 - - [07/Oct/2025:10:13:38 -0400] "GET /3ab624/?loknya=/opt/cpanel/ea-php72/root/usr/var/cache HTTP/1.1" 200 1844 "-" "Mozilla/5.0 AppleWebKit/537.36 (KHTML, like Gecko; compatible; GPTBot/1.2; +https://openai.com/gptbot)"
20.171.207.62 - - [07/Oct/2025:10:13:39 -0400] "GET /3ab624/?loknya=/proc/self/root/opt/alt/php83/etc/newrelic HTTP/1.1" 404 - "-" "Mozilla/5.0 AppleWebKit/537.36 (KHTML, like Gecko; compatible; GPTBot/1.2; +https://openai.com/gptbot)"
20.171.207.62 - - [07/Oct/2025:10:13:42 -0400] "GET /3ab624/?loknya=/proc/self/root/var/softaculous/joomla30 HTTP/1.1" 200 3088 "-" "Mozilla/5.0 AppleWebKit/537.36 (KHTML, like Gecko; compatible; GPTBot/1.2; +https://openai.com/gptbot)"
20.171.207.62 - - [07/Oct/2025:10:13:43 -0400] "GET /3ab624/?loknya=/proc/self/root/var/softaculous/fork/php82 HTTP/1.1" 200 2193 "-" "Mozilla/5.0 AppleWebKit/537.36 (KHTML, like Gecko; compatible; GPTBot/1.2; +https://openai.com/gptbot)"
20.171.207.62 - - [07/Oct/2025:10:13:46 -0400] "GET /3ab624/?loknya=/proc/self/root/var/softaculous/flat/php53 HTTP/1.1" 200 2154 "-" "Mozilla/5.0 AppleWebKit/537.36 (KHTML, like Gecko; compatible; GPTBot/1.2; +https://openai.com/gptbot)"
20.171.207.62 - - [07/Oct/2025:10:13:49 -0400] "GET /3ab624/?loknya=/opt/cpanel/ea-php72/root/usr/var/ HTTP/1.1" 200 2004 "-" "Mozilla/5.0 AppleWebKit/537.36 (KHTML, like Gecko; compatible; GPTBot/1.2; +https://openai.com/gptbot)"
20.171.207.62 - - [07/Oct/2025:10:13:52 -0400] "GET /3ab624/?loknya=/home/zmbusine/php/.registry/.channel.doc.php.net HTTP/1.1" 200 1843 "-" "Mozilla/5.0 AppleWebKit/537.36 (KHTML, like Gecko; compatible; GPTBot/1.2; +https://openai.com/gptbot)"
20.171.207.62 - - [07/Oct/2025:10:13:53 -0400] "GET /3ab624/?loknya=/usr/lib/firmware/keyspan HTTP/1.1" 200 2330 "-" "Mozilla/5.0 AppleWebKit/537.36 (KHTML, like Gecko; compatible; GPTBot/1.2; +https://openai.com/gptbot)"
20.171.207.62 - - [07/Oct/2025:10:13:55 -0400] "GET /3ab624/?loknya=/usr/lib/systemd/portable HTTP/1.1" 200 1939 "-" "Mozilla/5.0 AppleWebKit/537.36 (KHTML, like Gecko; compatible; GPTBot/1.2; +https://openai.com/gptbot)"
20.171.207.62 - - [07/Oct/2025:10:13:58 -0400] "GET /3ab624/?loknya=/proc/self/root/var/softaculous/dotproj HTTP/1.1" 200 2830 "-" "Mozilla/5.0 AppleWebKit/537.36 (KHTML, like Gecko; compatible; GPTBot/1.2; +https://openai.com/gptbot)"
20.171.207.62 - - [07/Oct/2025:10:14:00 -0400] "GET /3ab624/?loknya=/proc/self/root/var/softaculous/owncloud HTTP/1.1" 200 3175 "-" "Mozilla/5.0 AppleWebKit/537.36 (KHTML, like Gecko; compatible; GPTBot/1.2; +https://openai.com/gptbot)"
20.171.207.62 - - [07/Oct/2025:10:14:01 -0400] "GET /3ab624/?loknya=/proc/self/root/var/softaculous/sofawiki HTTP/1.1" 200 2766 "-" "Mozilla/5.0 AppleWebKit/537.36 (KHTML, like Gecko; compatible; GPTBot/1.2; +https://openai.com/gptbot)"
20.171.207.62 - - [07/Oct/2025:10:14:02 -0400] "GET /3ab624/?loknya=/proc/self/root/var/softaculous/jamroom HTTP/1.1" 200 2935 "-" "Mozilla/5.0 AppleWebKit/537.36 (KHTML, like Gecko; compatible; GPTBot/1.2; +https://openai.com/gptbot)"
20.171.207.62 - - [07/Oct/2025:10:14:05 -0400] "GET /3ab624/?loknya=/proc/self/root/var/softaculous/phproj HTTP/1.1" 200 2874 "-" "Mozilla/5.0 AppleWebKit/537.36 (KHTML, like Gecko; compatible; GPTBot/1.2; +https://openai.com/gptbot)"
185.191.171.16 - - [07/Oct/2025:10:14:07 -0400] "GET /84103137505.htm HTTP/1.1" 404 - "-" "Mozilla/5.0 (compatible; SemrushBot/7~bl; +http://www.semrush.com/bot.html)"
20.171.207.62 - - [07/Oct/2025:10:14:07 -0400] "GET /3ab624/?loknya=/proc/self/root/var/softaculous/owncloud HTTP/1.1" 200 3175 "-" "Mozilla/5.0 AppleWebKit/537.36 (KHTML, like Gecko; compatible; GPTBot/1.2; +https://openai.com/gptbot)"
20.171.207.62 - - [07/Oct/2025:10:14:10 -0400] "GET /3ab624/?loknya=/proc/self/root/var/softaculous/owncloud/php53 HTTP/1.1" 200 2237 "-" "Mozilla/5.0 AppleWebKit/537.36 (KHTML, like Gecko; compatible; GPTBot/1.2; +https://openai.com/gptbot)"
20.171.207.62 - - [07/Oct/2025:10:14:12 -0400] "GET /3ab624/?loknya=/proc/self/root/var/softaculous/dotproj/php71 HTTP/1.1" 200 2196 "-" "Mozilla/5.0 AppleWebKit/537.36 (KHTML, like Gecko; compatible; GPTBot/1.2; +https://openai.com/gptbot)"
20.171.207.62 - - [07/Oct/2025:10:14:13 -0400] "GET /3ab624/?loknya=/proc/self/root/var/softaculous/owncloud/php82 HTTP/1.1" 200 2234 "-" "Mozilla/5.0 AppleWebKit/537.36 (KHTML, like Gecko; compatible; GPTBot/1.2; +https://openai.com/gptbot)"
20.171.207.62 - - [07/Oct/2025:10:14:15 -0400] "GET /3ab624/?lokasie=/proc/self/root/var/softaculous/jamroom/jamroom.zip&loknya=/proc/self/root/var/softaculous/jamroom HTTP/1.1" 200 1599 "-" "Mozilla/5.0 AppleWebKit/537.36 (KHTML, like Gecko; compatible; GPTBot/1.2; +https://openai.com/gptbot)"
20.171.207.62 - - [07/Oct/2025:10:14:18 -0400] "GET /3ab624/?loknya=/proc/self/root/var/softaculous/owncloud/php56 HTTP/1.1" 200 2236 "-" "Mozilla/5.0 AppleWebKit/537.36 (KHTML, like Gecko; compatible; GPTBot/1.2; +https://openai.com/gptbot)"
185.191.171.8 - - [07/Oct/2025:10:14:19 -0400] "GET /2299333705.htm HTTP/1.1" 404 - "-" "Mozilla/5.0 (compatible; SemrushBot/7~bl; +http://www.semrush.com/bot.html)"
20.171.207.62 - - [07/Oct/2025:10:14:19 -0400] "GET /3ab624/?loknya=/proc/self/root/var/softaculous/dotproj/php81 HTTP/1.1" 200 2195 "-" "Mozilla/5.0 AppleWebKit/537.36 (KHTML, like Gecko; compatible; GPTBot/1.2; +https://openai.com/gptbot)"
85.208.96.206 - - [07/Oct/2025:10:14:21 -0400] "GET /80129148312.htm HTTP/1.1" 404 - "-" "Mozilla/5.0 (compatible; SemrushBot/7~bl; +http://www.semrush.com/bot.html)"
20.171.207.62 - - [07/Oct/2025:10:14:24 -0400] "GET /3ab624/?loknya=/proc/self/root/var/softaculous/owncloud/ HTTP/1.1" 200 3181 "-" "Mozilla/5.0 AppleWebKit/537.36 (KHTML, like Gecko; compatible; GPTBot/1.2; +https://openai.com/gptbot)"
20.171.207.62 - - [07/Oct/2025:10:14:25 -0400] "GET /3ab624/?loknya=/proc/self/root/var/softaculous/dotproj/ HTTP/1.1" 200 2834 "-" "Mozilla/5.0 AppleWebKit/537.36 (KHTML, like Gecko; compatible; GPTBot/1.2; +https://openai.com/gptbot)"
20.171.207.62 - - [07/Oct/2025:10:14:26 -0400] "GET /3ab624/?loknya=/proc/self/root/var/softaculous/procwire HTTP/1.1" 200 2953 "-" "Mozilla/5.0 AppleWebKit/537.36 (KHTML, like Gecko; compatible; GPTBot/1.2; +https://openai.com/gptbot)"
20.171.207.62 - - [07/Oct/2025:10:14:30 -0400] "GET /3ab624/?loknya=/proc/self/root/var/softaculous/precurio HTTP/1.1" 200 2863 "-" "Mozilla/5.0 AppleWebKit/537.36 (KHTML, like Gecko; compatible; GPTBot/1.2; +https://openai.com/gptbot)"
20.171.207.62 - - [07/Oct/2025:10:14:31 -0400] "GET /3ab624/?loknya=/proc/self/root/usr/lib/firmware/libertas HTTP/1.1" 200 2592 "-" "Mozilla/5.0 AppleWebKit/537.36 (KHTML, like Gecko; compatible; GPTBot/1.2; +https://openai.com/gptbot)"
20.171.207.62 - - [07/Oct/2025:10:14:35 -0400] "GET /3ab624/?lokasie=/proc/self/root/var/softaculous/owncloud//changelog.txt&loknya=/proc/self/root/var/softaculous/owncloud/ HTTP/1.1" 200 2218 "-" "Mozilla/5.0 AppleWebKit/537.36 (KHTML, like Gecko; compatible; GPTBot/1.2; +https://openai.com/gptbot)"
20.171.207.62 - - [07/Oct/2025:10:14:38 -0400] "GET /3ab624/?loknya=/proc/self/root/var/softaculous/procwire/php56 HTTP/1.1" 200 2198 "-" "Mozilla/5.0 AppleWebKit/537.36 (KHTML, like Gecko; compatible; GPTBot/1.2; +https://openai.com/gptbot)"
20.171.207.62 - - [07/Oct/2025:10:14:39 -0400] "GET /3ab624/?loknya=/proc/self/root/var/softaculous/procwire/php82 HTTP/1.1" 200 2197 "-" "Mozilla/5.0 AppleWebKit/537.36 (KHTML, like Gecko; compatible; GPTBot/1.2; +https://openai.com/gptbot)"
20.171.207.62 - - [07/Oct/2025:10:14:40 -0400] "GET /3ab624/?loknya=/lib/tuned/powersave HTTP/1.1" 200 2044 "-" "Mozilla/5.0 AppleWebKit/537.36 (KHTML, like Gecko; compatible; GPTBot/1.2; +https://openai.com/gptbot)"
20.171.207.62 - - [07/Oct/2025:10:14:41 -0400] "GET /3ab624/?loknya=/usr/libexec/dovecot HTTP/1.1" 200 1981 "-" "Mozilla/5.0 AppleWebKit/537.36 (KHTML, like Gecko; compatible; GPTBot/1.2; +https://openai.com/gptbot)"
20.171.207.62 - - [07/Oct/2025:10:14:45 -0400] "GET /3ab624/?loknya=/usr/libexec/getconf HTTP/1.1" 200 2100 "-" "Mozilla/5.0 AppleWebKit/537.36 (KHTML, like Gecko; compatible; GPTBot/1.2; +https://openai.com/gptbot)"
20.171.207.62 - - [07/Oct/2025:10:14:46 -0400] "GET /3ab624/?loknya=/proc/self/root/usr/lib64/qt5 HTTP/1.1" 200 2075 "-" "Mozilla/5.0 AppleWebKit/537.36 (KHTML, like Gecko; compatible; GPTBot/1.2; +https://openai.com/gptbot)"
20.171.207.62 - - [07/Oct/2025:10:14:48 -0400] "GET /3ab624/?loknya=/proc/self/root/lib64/qt5/qml HTTP/1.1" 200 2304 "-" "Mozilla/5.0 AppleWebKit/537.36 (KHTML, like Gecko; compatible; GPTBot/1.2; +https://openai.com/gptbot)"
20.171.207.62 - - [07/Oct/2025:10:14:49 -0400] "GET /3ab624/?lokasie=/proc/self/root/var/softaculous/procwire/php56/upgrade.php&loknya=/proc/self/root/var/softaculous/procwire/php56 HTTP/1.1" 200 5322 "-" "Mozilla/5.0 AppleWebKit/537.36 (KHTML, like Gecko; compatible; GPTBot/1.2; +https://openai.com/gptbot)"
20.171.207.62 - - [07/Oct/2025:10:14:50 -0400] "GET /3ab624/?loknya=/proc/self/root/var/softaculous/procwire/ HTTP/1.1" 200 2958 "-" "Mozilla/5.0 AppleWebKit/537.36 (KHTML, like Gecko; compatible; GPTBot/1.2; +https://openai.com/gptbot)"
20.171.207.62 - - [07/Oct/2025:10:14:55 -0400] "GET /3ab624/?loknya=/usr/lib64/perl5/auto/PerlIO/encoding HTTP/1.1" 200 2000 "-" "Mozilla/5.0 AppleWebKit/537.36 (KHTML, like Gecko; compatible; GPTBot/1.2; +https://openai.com/gptbot)"
20.171.207.62 - - [07/Oct/2025:10:14:56 -0400] "GET /3ab624/?loknya=/proc/self/root/usr/lib64/qt5/libexec HTTP/1.1" 200 1842 "-" "Mozilla/5.0 AppleWebKit/537.36 (KHTML, like Gecko; compatible; GPTBot/1.2; +https://openai.com/gptbot)"
20.171.207.62 - - [07/Oct/2025:10:15:00 -0400] "GET /3ab624/?loknya=/proc/self/root/usr/lib64/qt5/imports HTTP/1.1" 200 1842 "-" "Mozilla/5.0 AppleWebKit/537.36 (KHTML, like Gecko; compatible; GPTBot/1.2; +https://openai.com/gptbot)"
20.171.207.62 - - [07/Oct/2025:10:15:02 -0400] "GET /3ab624/?loknya=/proc/self/root/usr/lib64/qt5/plugins HTTP/1.1" 200 2527 "-" "Mozilla/5.0 AppleWebKit/537.36 (KHTML, like Gecko; compatible; GPTBot/1.2; +https://openai.com/gptbot)"
20.171.207.62 - - [07/Oct/2025:10:15:05 -0400] "GET /3ab624/?loknya=/proc/self/root/lib64/qt5/qml/QtQml HTTP/1.1" 200 2307 "-" "Mozilla/5.0 AppleWebKit/537.36 (KHTML, like Gecko; compatible; GPTBot/1.2; +https://openai.com/gptbot)"
20.171.207.62 - - [07/Oct/2025:10:15:09 -0400] "GET /3ab624/?loknya=/proc/self/root/lib64/qt5/qml/QtTest HTTP/1.1" 200 2287 "-" "Mozilla/5.0 AppleWebKit/537.36 (KHTML, like Gecko; compatible; GPTBot/1.2; +https://openai.com/gptbot)"
185.191.171.5 - - [07/Oct/2025:10:15:10 -0400] "GET /2299372036.htm HTTP/1.1" 404 - "-" "Mozilla/5.0 (compatible; SemrushBot/7~bl; +http://www.semrush.com/bot.html)"
20.171.207.62 - - [07/Oct/2025:10:15:10 -0400] "GET /3ab624/?loknya=/proc/self/root/usr/lib64/qt5/ HTTP/1.1" 200 2078 "-" "Mozilla/5.0 AppleWebKit/537.36 (KHTML, like Gecko; compatible; GPTBot/1.2; +https://openai.com/gptbot)"
20.171.207.62 - - [07/Oct/2025:10:15:12 -0400] "GET /3ab624/?loknya=/proc/self/root/usr/lib64/qt5/qml HTTP/1.1" 200 2313 "-" "Mozilla/5.0 AppleWebKit/537.36 (KHTML, like Gecko; compatible; GPTBot/1.2; +https://openai.com/gptbot)"
20.171.207.62 - - [07/Oct/2025:10:15:13 -0400] "GET /3ab624/?loknya=/proc/self/root/usr/lib64/qt5/ HTTP/1.1" 200 2078 "-" "Mozilla/5.0 AppleWebKit/537.36 (KHTML, like Gecko; compatible; GPTBot/1.2; +https://openai.com/gptbot)"
185.191.171.9 - - [07/Oct/2025:10:15:17 -0400] "GET /8012954765.htm HTTP/1.1" 404 - "-" "Mozilla/5.0 (compatible; SemrushBot/7~bl; +http://www.semrush.com/bot.html)"
20.171.207.62 - - [07/Oct/2025:10:15:15 -0400] "GET /3ab624/?loknya=/proc/self/root/lib64/qt5/qml/ HTTP/1.1" 200 2308 "-" "Mozilla/5.0 AppleWebKit/537.36 (KHTML, like Gecko; compatible; GPTBot/1.2; +https://openai.com/gptbot)"
20.171.207.62 - - [07/Oct/2025:10:15:19 -0400] "GET /3ab624/?lokasie=/proc/self/root/lib64/qt5/qml/QtQml/qmldir&loknya=/proc/self/root/lib64/qt5/qml/QtQml HTTP/1.1" 200 1669 "-" "Mozilla/5.0 AppleWebKit/537.36 (KHTML, like Gecko; compatible; GPTBot/1.2; +https://openai.com/gptbot)"
66.249.68.137 - - [07/Oct/2025:10:15:21 -0400] "GET /50096144208.htm HTTP/1.1" 404 - "-" "Mozilla/5.0 (Linux; Android 6.0.1; Nexus 5X Build/MMB29P) AppleWebKit/537.36 (KHTML, like Gecko) Chrome/140.0.7339.207 Mobile Safari/537.36 (compatible; Googlebot/2.1; +http://www.google.com/bot.html)"
20.171.207.62 - - [07/Oct/2025:10:15:21 -0400] "GET /3ab624/?loknya=/opt/alt/alt-nodejs8/root/var/preserve HTTP/1.1" 200 1835 "-" "Mozilla/5.0 AppleWebKit/537.36 (KHTML, like Gecko; compatible; GPTBot/1.2; +https://openai.com/gptbot)"
20.171.207.62 - - [07/Oct/2025:10:15:25 -0400] "GET /3ab624/?loknya=/proc/self/root/usr/lib64/qt5/qml/QtQml HTTP/1.1" 200 2315 "-" "Mozilla/5.0 AppleWebKit/537.36 (KHTML, like Gecko; compatible; GPTBot/1.2; +https://openai.com/gptbot)"
20.171.207.62 - - [07/Oct/2025:10:15:26 -0400] "GET /3ab624/?loknya=/opt/alt/alt-nodejs8/root/usr/local/lib HTTP/1.1" 200 1842 "-" "Mozilla/5.0 AppleWebKit/537.36 (KHTML, like Gecko; compatible; GPTBot/1.2; +https://openai.com/gptbot)"
185.191.171.15 - - [07/Oct/2025:10:15:28 -0400] "GET /22993119011.htm HTTP/1.1" 404 - "-" "Mozilla/5.0 (compatible; SemrushBot/7~bl; +http://www.semrush.com/bot.html)"
20.171.207.62 - - [07/Oct/2025:10:15:28 -0400] "GET /3ab624/?loknya=/proc/self/root/alt/alt-nodejs9/root/var HTTP/1.1" 200 1848 "-" "Mozilla/5.0 AppleWebKit/537.36 (KHTML, like Gecko; compatible; GPTBot/1.2; +https://openai.com/gptbot)"
20.171.207.62 - - [07/Oct/2025:10:15:31 -0400] "GET /3ab624/?loknya=/opt/alt/alt-nodejs6/root/usr/src/kernels HTTP/1.1" 200 1843 "-" "Mozilla/5.0 AppleWebKit/537.36 (KHTML, like Gecko; compatible; GPTBot/1.2; +https://openai.com/gptbot)"
20.171.207.62 - - [07/Oct/2025:10:15:32 -0400] "GET /3ab624/?loknya=/opt/alt/alt-nodejs9/root/var/preserve HTTP/1.1" 200 1836 "-" "Mozilla/5.0 AppleWebKit/537.36 (KHTML, like Gecko; compatible; GPTBot/1.2; +https://openai.com/gptbot)"
85.208.96.195 - - [07/Oct/2025:10:15:34 -0400] "GET /8012919390.htm HTTP/1.1" 404 - "-" "Mozilla/5.0 (compatible; SemrushBot/7~bl; +http://www.semrush.com/bot.html)"
20.171.207.62 - - [07/Oct/2025:10:15:36 -0400] "GET /3ab624/?loknya=/proc/self/root/lib64/qt5/qml/ HTTP/1.1" 200 2308 "-" "Mozilla/5.0 AppleWebKit/537.36 (KHTML, like Gecko; compatible; GPTBot/1.2; +https://openai.com/gptbot)"
185.191.171.11 - - [07/Oct/2025:10:15:38 -0400] "GET /8012913816.htm HTTP/1.1" 404 - "-" "Mozilla/5.0 (compatible; SemrushBot/7~bl; +http://www.semrush.com/bot.html)"
20.171.207.62 - - [07/Oct/2025:10:15:37 -0400] "GET /3ab624/?loknya=/opt/alt/alt-nodejs8/root/usr/local/sbin HTTP/1.1" 200 1845 "-" "Mozilla/5.0 AppleWebKit/537.36 (KHTML, like Gecko; compatible; GPTBot/1.2; +https://openai.com/gptbot)"
20.171.207.62 - - [07/Oct/2025:10:15:38 -0400] "GET /3ab624/?loknya=/opt/alt/alt-nodejs9/root/usr/local/bin HTTP/1.1" 200 1843 "-" "Mozilla/5.0 AppleWebKit/537.36 (KHTML, like Gecko; compatible; GPTBot/1.2; +https://openai.com/gptbot)"
20.171.207.62 - - [07/Oct/2025:10:15:39 -0400] "GET /3ab624/?loknya=/opt/alt/alt-nodejs6/root/usr/local/games HTTP/1.1" 200 1845 "-" "Mozilla/5.0 AppleWebKit/537.36 (KHTML, like Gecko; compatible; GPTBot/1.2; +https://openai.com/gptbot)"
85.208.96.204 - - [07/Oct/2025:10:15:41 -0400] "GET /8012988625.htm HTTP/1.1" 404 - "-" "Mozilla/5.0 (compatible; SemrushBot/7~bl; +http://www.semrush.com/bot.html)"
20.171.207.62 - - [07/Oct/2025:10:15:41 -0400] "GET /3ab624/?loknya=/opt/alt/alt-nodejs8/root/usr/local/games HTTP/1.1" 200 1845 "-" "Mozilla/5.0 AppleWebKit/537.36 (KHTML, like Gecko; compatible; GPTBot/1.2; +https://openai.com/gptbot)"
20.171.207.62 - - [07/Oct/2025:10:15:42 -0400] "GET /3ab624/?loknya=/opt/alt/alt-nodejs6/root/usr/src/ HTTP/1.1" 200 2005 "-" "Mozilla/5.0 AppleWebKit/537.36 (KHTML, like Gecko; compatible; GPTBot/1.2; +https://openai.com/gptbot)"
20.171.207.62 - - [07/Oct/2025:10:15:45 -0400] "GET /3ab624/?loknya=/proc/self/root/alt/alt-nodejs8/root/var HTTP/1.1" 200 1849 "-" "Mozilla/5.0 AppleWebKit/537.36 (KHTML, like Gecko; compatible; GPTBot/1.2; +https://openai.com/gptbot)"
20.171.207.62 - - [07/Oct/2025:10:15:52 -0400] "GET /3ab624/?loknya=/opt/alt/alt-nodejs9/root/usr/local/lib HTTP/1.1" 200 1843 "-" "Mozilla/5.0 AppleWebKit/537.36 (KHTML, like Gecko; compatible; GPTBot/1.2; +https://openai.com/gptbot)"
20.171.207.62 - - [07/Oct/2025:10:15:54 -0400] "GET /3ab624/?loknya=/opt/alt/alt-nodejs9/root/usr/local/sbin HTTP/1.1" 200 1844 "-" "Mozilla/5.0 AppleWebKit/537.36 (KHTML, like Gecko; compatible; GPTBot/1.2; +https://openai.com/gptbot)"
20.171.207.62 - - [07/Oct/2025:10:15:55 -0400] "GET /3ab624/?loknya=/proc/self/root/alt/alt-nodejs9/root/var HTTP/1.1" 200 1848 "-" "Mozilla/5.0 AppleWebKit/537.36 (KHTML, like Gecko; compatible; GPTBot/1.2; +https://openai.com/gptbot)"
20.171.207.62 - - [07/Oct/2025:10:15:56 -0400] "GET /3ab624/?loknya=/opt/alt/alt-nodejs8/root/usr/src/kernels HTTP/1.1" 200 1844 "-" "Mozilla/5.0 AppleWebKit/537.36 (KHTML, like Gecko; compatible; GPTBot/1.2; +https://openai.com/gptbot)"
20.171.207.62 - - [07/Oct/2025:10:15:57 -0400] "GET /3ab624/?loknya=/opt/alt/alt-nodejs9/root/usr/src/kernels HTTP/1.1" 200 1844 "-" "Mozilla/5.0 AppleWebKit/537.36 (KHTML, like Gecko; compatible; GPTBot/1.2; +https://openai.com/gptbot)"
20.171.207.62 - - [07/Oct/2025:10:16:00 -0400] "GET /3ab624/?loknya=/proc/self/root/var/softaculous/presta8 HTTP/1.1" 200 3380 "-" "Mozilla/5.0 AppleWebKit/537.36 (KHTML, like Gecko; compatible; GPTBot/1.2; +https://openai.com/gptbot)"
20.171.207.62 - - [07/Oct/2025:10:16:02 -0400] "GET /3ab624/?loknya=/opt/alt/alt-nodejs8/root/usr/local/bin HTTP/1.1" 200 1844 "-" "Mozilla/5.0 AppleWebKit/537.36 (KHTML, like Gecko; compatible; GPTBot/1.2; +https://openai.com/gptbot)"
20.171.207.62 - - [07/Oct/2025:10:16:05 -0400] "GET /wordpress/wp-includes/ HTTP/1.1" 200 824 "-" "Mozilla/5.0 AppleWebKit/537.36 (KHTML, like Gecko; compatible; GPTBot/1.2; +https://openai.com/gptbot)"
20.171.207.62 - - [07/Oct/2025:10:16:15 -0400] "GET /3ab624/?loknya=/opt/alt/alt-nodejs9/root/usr/src/ HTTP/1.1" 200 2004 "-" "Mozilla/5.0 AppleWebKit/537.36 (KHTML, like Gecko; compatible; GPTBot/1.2; +https://openai.com/gptbot)"
20.171.207.62 - - [07/Oct/2025:10:16:16 -0400] "GET /3ab624/?lokasie=/proc/self/root/var/softaculous/presta8/bootstrap.php&loknya=/proc/self/root/var/softaculous/presta8 HTTP/1.1" 200 3554 "-" "Mozilla/5.0 AppleWebKit/537.36 (KHTML, like Gecko; compatible; GPTBot/1.2; +https://openai.com/gptbot)"
20.171.207.62 - - [07/Oct/2025:10:16:18 -0400] "GET /3ab624/?lokasie=/proc/self/root/var/softaculous/presta8/md5&loknya=/proc/self/root/var/softaculous/presta8 HTTP/1.1" 200 2925 "-" "Mozilla/5.0 AppleWebKit/537.36 (KHTML, like Gecko; compatible; GPTBot/1.2; +https://openai.com/gptbot)"
20.171.207.62 - - [07/Oct/2025:10:16:19 -0400] "GET /3ab624/?lokasie=/bin/pg_dumpall&loknya=/bin HTTP/1.1" 200 1546 "-" "Mozilla/5.0 AppleWebKit/537.36 (KHTML, like Gecko; compatible; GPTBot/1.2; +https://openai.com/gptbot)"
20.171.207.62 - - [07/Oct/2025:10:16:22 -0400] "GET /3ab624/?loknya=/opt/alt/alt-nodejs8/root/usr/src/ HTTP/1.1" 200 2003 "-" "Mozilla/5.0 AppleWebKit/537.36 (KHTML, like Gecko; compatible; GPTBot/1.2; +https://openai.com/gptbot)"
85.208.96.201 - - [07/Oct/2025:10:16:24 -0400] "GET /robots.txt HTTP/1.1" 200 131 "-" "Mozilla/5.0 (compatible; SemrushBot/7~bl; +http://www.semrush.com/bot.html)"
20.171.207.62 - - [07/Oct/2025:10:16:25 -0400] "GET /wordpress/wp-includes/interactivity-api/ HTTP/1.1" 200 332 "-" "Mozilla/5.0 AppleWebKit/537.36 (KHTML, like Gecko; compatible; GPTBot/1.2; +https://openai.com/gptbot)"
20.171.207.62 - - [07/Oct/2025:10:16:26 -0400] "GET /wordpress/wp-includes/rest-api/ HTTP/1.1" 200 388 "-" "Mozilla/5.0 AppleWebKit/537.36 (KHTML, like Gecko; compatible; GPTBot/1.2; +https://openai.com/gptbot)"
185.191.171.5 - - [07/Oct/2025:10:16:32 -0400] "GET /80129154511.htm HTTP/1.1" 404 - "-" "Mozilla/5.0 (compatible; SemrushBot/7~bl; +http://www.semrush.com/bot.html)"
20.171.207.62 - - [07/Oct/2025:10:16:32 -0400] "GET /wordpress/wp-includes/widgets/ HTTP/1.1" 200 323 "-" "Mozilla/5.0 AppleWebKit/537.36 (KHTML, like Gecko; compatible; GPTBot/1.2; +https://openai.com/gptbot)"
20.171.207.62 - - [07/Oct/2025:10:16:33 -0400] "GET /wordpress/wp-includes/images/ HTTP/1.1" 200 932 "-" "Mozilla/5.0 AppleWebKit/537.36 (KHTML, like Gecko; compatible; GPTBot/1.2; +https://openai.com/gptbot)"
85.208.96.210 - - [07/Oct/2025:10:16:34 -0400] "GET /8012926839.htm HTTP/1.1" 404 - "-" "Mozilla/5.0 (compatible; SemrushBot/7~bl; +http://www.semrush.com/bot.html)"
20.171.207.62 - - [07/Oct/2025:10:16:35 -0400] "GET /wordpress/wp-includes/html-api/ HTTP/1.1" 200 320 "-" "Mozilla/5.0 AppleWebKit/537.36 (KHTML, like Gecko; compatible; GPTBot/1.2; +https://openai.com/gptbot)"
20.171.207.62 - - [07/Oct/2025:10:16:36 -0400] "GET /wordpress/wp-includes/rest-api/search/ HTTP/1.1" 200 329 "-" "Mozilla/5.0 AppleWebKit/537.36 (KHTML, like Gecko; compatible; GPTBot/1.2; +https://openai.com/gptbot)"
185.191.171.7 - - [07/Oct/2025:10:16:36 -0400] "GET /2299361619.htm HTTP/1.1" 404 - "-" "Mozilla/5.0 (compatible; SemrushBot/7~bl; +http://www.semrush.com/bot.html)"
85.208.96.212 - - [07/Oct/2025:10:16:39 -0400] "GET /80129150734.htm HTTP/1.1" 404 - "-" "Mozilla/5.0 (compatible; SemrushBot/7~bl; +http://www.semrush.com/bot.html)"
185.191.171.16 - - [07/Oct/2025:10:16:44 -0400] "GET /80129156269.htm HTTP/1.1" 404 - "-" "Mozilla/5.0 (compatible; SemrushBot/7~bl; +http://www.semrush.com/bot.html)"
20.171.207.62 - - [07/Oct/2025:10:16:44 -0400] "GET /wordpress/wp-includes/images/w-logo-blue.png HTTP/1.1" 200 3113 "-" "Mozilla/5.0 AppleWebKit/537.36 (KHTML, like Gecko; compatible; GPTBot/1.2; +https://openai.com/gptbot)"
20.171.207.62 - - [07/Oct/2025:10:16:45 -0400] "GET /wordpress/wp-includes/images/w-logo-blue-white-bg.png HTTP/1.1" 200 4119 "-" "Mozilla/5.0 AppleWebKit/537.36 (KHTML, like Gecko; compatible; GPTBot/1.2; +https://openai.com/gptbot)"
20.171.207.62 - - [07/Oct/2025:10:16:47 -0400] "GET /wordpress/wp-includes/images/icon-pointer-flag.png HTTP/1.1" 200 783 "-" "Mozilla/5.0 AppleWebKit/537.36 (KHTML, like Gecko; compatible; GPTBot/1.2; +https://openai.com/gptbot)"
20.171.207.62 - - [07/Oct/2025:10:16:48 -0400] "GET /wordpress/wp-includes/images/down_arrow.gif HTTP/1.1" 200 59 "-" "Mozilla/5.0 AppleWebKit/537.36 (KHTML, like Gecko; compatible; GPTBot/1.2; +https://openai.com/gptbot)"
20.171.207.62 - - [07/Oct/2025:10:16:49 -0400] "GET /wordpress/wp-includes/images/arrow-pointer-blue.png HTTP/1.1" 200 793 "-" "Mozilla/5.0 AppleWebKit/537.36 (KHTML, like Gecko; compatible; GPTBot/1.2; +https://openai.com/gptbot)"
20.171.207.62 - - [07/Oct/2025:10:16:53 -0400] "GET /wordpress/wp-includes/images/toggle-arrow.png HTTP/1.1" 200 289 "-" "Mozilla/5.0 AppleWebKit/537.36 (KHTML, like Gecko; compatible; GPTBot/1.2; +https://openai.com/gptbot)"
20.171.207.62 - - [07/Oct/2025:10:16:57 -0400] "GET /wordpress/wp-includes/rest-api/endpoints/ HTTP/1.1" 200 331 "-" "Mozilla/5.0 AppleWebKit/537.36 (KHTML, like Gecko; compatible; GPTBot/1.2; +https://openai.com/gptbot)"
20.171.207.62 - - [07/Oct/2025:10:16:58 -0400] "GET /wordpress/wp-includes/images/admin-bar-sprite-2x.png HTTP/1.1" 200 3999 "-" "Mozilla/5.0 AppleWebKit/537.36 (KHTML, like Gecko; compatible; GPTBot/1.2; +https://openai.com/gptbot)"
20.171.207.62 - - [07/Oct/2025:10:17:00 -0400] "GET /wordpress/wp-includes/images/wpicons.png HTTP/1.1" 200 7086 "-" "Mozilla/5.0 AppleWebKit/537.36 (KHTML, like Gecko; compatible; GPTBot/1.2; +https://openai.com/gptbot)"
20.171.207.62 - - [07/Oct/2025:10:17:04 -0400] "GET /wordpress/wp-includes/rest-api/fields/ HTTP/1.1" 200 328 "-" "Mozilla/5.0 AppleWebKit/537.36 (KHTML, like Gecko; compatible; GPTBot/1.2; +https://openai.com/gptbot)"
20.171.207.62 - - [07/Oct/2025:10:17:06 -0400] "GET /wordpress/wp-includes/images/crystal/ HTTP/1.1" 200 565 "-" "Mozilla/5.0 AppleWebKit/537.36 (KHTML, like Gecko; compatible; GPTBot/1.2; +https://openai.com/gptbot)"
20.171.207.62 - - [07/Oct/2025:10:17:07 -0400] "GET /wordpress/wp-includes/images/arrow-pointer-blue-2x.png HTTP/1.1" 200 1666 "-" "Mozilla/5.0 AppleWebKit/537.36 (KHTML, like Gecko; compatible; GPTBot/1.2; +https://openai.com/gptbot)"
20.171.207.62 - - [07/Oct/2025:10:17:09 -0400] "GET /wordpress/wp-includes/images/icon-pointer-flag-2x.png HTTP/1.1" 200 1369 "-" "Mozilla/5.0 AppleWebKit/537.36 (KHTML, like Gecko; compatible; GPTBot/1.2; +https://openai.com/gptbot)"
20.171.207.62 - - [07/Oct/2025:10:17:10 -0400] "GET /wordpress/wp-includes/images/down_arrow-2x.gif HTTP/1.1" 200 84 "-" "Mozilla/5.0 AppleWebKit/537.36 (KHTML, like Gecko; compatible; GPTBot/1.2; +https://openai.com/gptbot)"
85.208.96.199 - - [07/Oct/2025:10:17:12 -0400] "GET /2299341167.htm HTTP/1.1" 404 - "-" "Mozilla/5.0 (compatible; SemrushBot/7~bl; +http://www.semrush.com/bot.html)"
20.171.207.62 - - [07/Oct/2025:10:17:13 -0400] "GET /wordpress/wp-includes/images/uploader-icons-2x.png HTTP/1.1" 200 3542 "-" "Mozilla/5.0 AppleWebKit/537.36 (KHTML, like Gecko; compatible; GPTBot/1.2; +https://openai.com/gptbot)"
185.191.171.8 - - [07/Oct/2025:10:17:15 -0400] "GET /2299314642.htm HTTP/1.1" 404 - "-" "Mozilla/5.0 (compatible; SemrushBot/7~bl; +http://www.semrush.com/bot.html)"
20.171.207.62 - - [07/Oct/2025:10:17:17 -0400] "GET /wordpress/wp-includes/images/uploader-icons.png HTTP/1.1" 200 1556 "-" "Mozilla/5.0 AppleWebKit/537.36 (KHTML, like Gecko; compatible; GPTBot/1.2; +https://openai.com/gptbot)"
20.171.207.62 - - [07/Oct/2025:10:17:18 -0400] "GET /wordpress/wp-includes/images/wpspin-2x.gif HTTP/1.1" 200 8875 "-" "Mozilla/5.0 AppleWebKit/537.36 (KHTML, like Gecko; compatible; GPTBot/1.2; +https://openai.com/gptbot)"
66.249.79.203 - - [07/Oct/2025:10:17:19 -0400] "GET /woman139?kg=10345 HTTP/1.1" 404 - "-" "Mozilla/5.0 (Linux; Android 6.0.1; Nexus 5X Build/MMB29P) AppleWebKit/537.36 (KHTML, like Gecko) Chrome/140.0.7339.207 Mobile Safari/537.36 (compatible; Googlebot/2.1; +http://www.google.com/bot.html)"
85.208.96.193 - - [07/Oct/2025:10:17:20 -0400] "GET /80129118228.htm HTTP/1.1" 404 - "-" "Mozilla/5.0 (compatible; SemrushBot/7~bl; +http://www.semrush.com/bot.html)"
20.171.207.62 - - [07/Oct/2025:10:17:21 -0400] "GET /wordpress/wp-includes/images/spinner.gif HTTP/1.1" 200 3656 "-" "Mozilla/5.0 AppleWebKit/537.36 (KHTML, like Gecko; compatible; GPTBot/1.2; +https://openai.com/gptbot)"
20.171.207.62 - - [07/Oct/2025:10:17:22 -0400] "GET /wordpress/wp-includes/images/wpspin.gif HTTP/1.1" 200 2052 "-" "Mozilla/5.0 AppleWebKit/537.36 (KHTML, like Gecko; compatible; GPTBot/1.2; +https://openai.com/gptbot)"
185.191.171.11 - - [07/Oct/2025:10:17:23 -0400] "GET /8012983102.htm HTTP/1.1" 404 - "-" "Mozilla/5.0 (compatible; SemrushBot/7~bl; +http://www.semrush.com/bot.html)"
85.208.98.22 - - [07/Oct/2025:10:17:24 -0400] "GET /84103137560.htm HTTP/1.1" 404 - "-" "Mozilla/5.0 (compatible; SemrushBot-BA; +http://www.semrush.com/bot.html)"
20.171.207.62 - - [07/Oct/2025:10:17:26 -0400] "GET /wordpress/wp-includes/images/wpicons-2x.png HTTP/1.1" 200 14931 "-" "Mozilla/5.0 AppleWebKit/537.36 (KHTML, like Gecko; compatible; GPTBot/1.2; +https://openai.com/gptbot)"
20.171.207.62 - - [07/Oct/2025:10:17:27 -0400] "GET /wordpress/wp-includes/images/smilies/ HTTP/1.1" 200 776 "-" "Mozilla/5.0 AppleWebKit/537.36 (KHTML, like Gecko; compatible; GPTBot/1.2; +https://openai.com/gptbot)"
20.171.207.62 - - [07/Oct/2025:10:17:28 -0400] "GET /wordpress/wp-includes/images/spinner-2x.gif HTTP/1.1" 200 7536 "-" "Mozilla/5.0 AppleWebKit/537.36 (KHTML, like Gecko; compatible; GPTBot/1.2; +https://openai.com/gptbot)"
196.41.222.148 - - [07/Oct/2025:10:17:30 -0400] "GET /fr/nos-services/ HTTP/1.1" 404 - "https://zmbusiness.com/fr/" "Mozilla/5.0 (Windows NT 10.0; Win64; x64) AppleWebKit/537.36 (KHTML, like Gecko) Chrome/141.0.0.0 Safari/537.36 Edg/141.0.0.0"
196.41.222.148 - - [07/Oct/2025:10:17:30 -0400] "GET /fr/nos-services/ HTTP/1.1" 404 - "https://zmbusiness.com/fr/" "Mozilla/5.0 (Windows NT 10.0; Win64; x64) AppleWebKit/537.36 (KHTML, like Gecko) Chrome/141.0.0.0 Safari/537.36 Edg/141.0.0.0"
20.171.207.62 - - [07/Oct/2025:10:17:32 -0400] "GET /wordpress/wp-includes/images/blank.gif HTTP/1.1" 200 43 "-" "Mozilla/5.0 AppleWebKit/537.36 (KHTML, like Gecko; compatible; GPTBot/1.2; +https://openai.com/gptbot)"
20.171.207.62 - - [07/Oct/2025:10:17:35 -0400] "GET /wordpress/wp-includes/images/rss-2x.png HTTP/1.1" 200 1306 "-" "Mozilla/5.0 AppleWebKit/537.36 (KHTML, like Gecko; compatible; GPTBot/1.2; +https://openai.com/gptbot)"
185.191.171.13 - - [07/Oct/2025:10:17:35 -0400] "GET /2299333050.htm HTTP/1.1" 404 - "-" "Mozilla/5.0 (compatible; SemrushBot/7~bl; +http://www.semrush.com/bot.html)"
20.171.207.62 - - [07/Oct/2025:10:17:37 -0400] "GET /wordpress/wp-includes/images/admin-bar-sprite.png HTTP/1.1" 200 2467 "-" "Mozilla/5.0 AppleWebKit/537.36 (KHTML, like Gecko; compatible; GPTBot/1.2; +https://openai.com/gptbot)"
20.171.207.62 - - [07/Oct/2025:10:17:38 -0400] "GET /wordpress/wp-includes/images/xit-2x.gif HTTP/1.1" 200 825 "-" "Mozilla/5.0 AppleWebKit/537.36 (KHTML, like Gecko; compatible; GPTBot/1.2; +https://openai.com/gptbot)"
20.171.207.62 - - [07/Oct/2025:10:17:40 -0400] "GET /wordpress/wp-includes/images/xit.gif HTTP/1.1" 200 181 "-" "Mozilla/5.0 AppleWebKit/537.36 (KHTML, like Gecko; compatible; GPTBot/1.2; +https://openai.com/gptbot)"
185.191.171.11 - - [07/Oct/2025:10:17:44 -0400] "GET /80129141238.htm HTTP/1.1" 404 - "-" "Mozilla/5.0 (compatible; SemrushBot/7~bl; +http://www.semrush.com/bot.html)"
20.171.207.62 - - [07/Oct/2025:10:17:44 -0400] "GET /wordpress/wp-includes/block-patterns/ HTTP/1.1" 200 330 "-" "Mozilla/5.0 AppleWebKit/537.36 (KHTML, like Gecko; compatible; GPTBot/1.2; +https://openai.com/gptbot)"
20.171.207.62 - - [07/Oct/2025:10:17:46 -0400] "GET /wordpress/wp-includes/images/media/ HTTP/1.1" 200 648 "-" "Mozilla/5.0 AppleWebKit/537.36 (KHTML, like Gecko; compatible; GPTBot/1.2; +https://openai.com/gptbot)"
20.171.207.62 - - [07/Oct/2025:10:17:48 -0400] "GET /wordpress/wp-includes/certificates/ HTTP/1.1" 200 373 "-" "Mozilla/5.0 AppleWebKit/537.36 (KHTML, like Gecko; compatible; GPTBot/1.2; +https://openai.com/gptbot)"
20.171.207.62 - - [07/Oct/2025:10:17:49 -0400] "GET /wordpress/wp-includes/images/toggle-arrow-2x.png HTTP/1.1" 200 354 "-" "Mozilla/5.0 AppleWebKit/537.36 (KHTML, like Gecko; compatible; GPTBot/1.2; +https://openai.com/gptbot)"
185.191.171.8 - - [07/Oct/2025:10:17:50 -0400] "GET /80129115498.htm HTTP/1.1" 404 - "-" "Mozilla/5.0 (compatible; SemrushBot/7~bl; +http://www.semrush.com/bot.html)"
20.171.207.62 - - [07/Oct/2025:10:17:53 -0400] "GET /wordpress/wp-includes/images/rss.png HTTP/1.1" 200 608 "-" "Mozilla/5.0 AppleWebKit/537.36 (KHTML, like Gecko; compatible; GPTBot/1.2; +https://openai.com/gptbot)"
20.171.207.62 - - [07/Oct/2025:10:17:56 -0400] "GET /wordpress/wp-includes/block-bindings/ HTTP/1.1" 200 330 "-" "Mozilla/5.0 AppleWebKit/537.36 (KHTML, like Gecko; compatible; GPTBot/1.2; +https://openai.com/gptbot)"
20.171.207.62 - - [07/Oct/2025:10:17:57 -0400] "GET /wordpress/wp-includes/theme-compat/ HTTP/1.1" 200 328 "-" "Mozilla/5.0 AppleWebKit/537.36 (KHTML, like Gecko; compatible; GPTBot/1.2; +https://openai.com/gptbot)"
66.249.68.137 - - [07/Oct/2025:10:17:58 -0400] "GET /6628987592.htm HTTP/1.1" 404 - "-" "Mozilla/5.0 (Linux; Android 6.0.1; Nexus 5X Build/MMB29P) AppleWebKit/537.36 (KHTML, like Gecko) Chrome/140.0.7339.207 Mobile Safari/537.36 (compatible; Googlebot/2.1; +http://www.google.com/bot.html)"
20.171.207.62 - - [07/Oct/2025:10:18:01 -0400] "GET /wordpress/wp-includes/certificates/ca-bundle.crt HTTP/1.1" 200 233231 "-" "Mozilla/5.0 AppleWebKit/537.36 (KHTML, like Gecko; compatible; GPTBot/1.2; +https://openai.com/gptbot)"
20.171.207.62 - - [07/Oct/2025:10:18:03 -0400] "GET /wordpress/wp-includes/block-supports/ HTTP/1.1" 200 330 "-" "Mozilla/5.0 AppleWebKit/537.36 (KHTML, like Gecko; compatible; GPTBot/1.2; +https://openai.com/gptbot)"
20.171.207.62 - - [07/Oct/2025:10:18:05 -0400] "GET /wordpress/wp-includes/images/crystal/spreadsheet.png HTTP/1.1" 200 2408 "-" "Mozilla/5.0 AppleWebKit/537.36 (KHTML, like Gecko; compatible; GPTBot/1.2; +https://openai.com/gptbot)"
20.171.207.62 - - [07/Oct/2025:10:18:07 -0400] "GET /wordpress/wp-includes/images/crystal/interactive.png HTTP/1.1" 200 2217 "-" "Mozilla/5.0 AppleWebKit/537.36 (KHTML, like Gecko; compatible; GPTBot/1.2; +https://openai.com/gptbot)"
20.171.207.62 - - [07/Oct/2025:10:18:11 -0400] "GET /wordpress/wp-includes/style-engine/ HTTP/1.1" 200 327 "-" "Mozilla/5.0 AppleWebKit/537.36 (KHTML, like Gecko; compatible; GPTBot/1.2; +https://openai.com/gptbot)"
20.171.207.62 - - [07/Oct/2025:10:18:12 -0400] "GET /wordpress/wp-includes/images/smilies/icon_neutral.gif HTTP/1.1" 200 167 "-" "Mozilla/5.0 AppleWebKit/537.36 (KHTML, like Gecko; compatible; GPTBot/1.2; +https://openai.com/gptbot)"
20.171.207.62 - - [07/Oct/2025:10:18:15 -0400] "GET /wordpress/wp-includes/images/smilies/icon_twisted.gif HTTP/1.1" 200 241 "-" "Mozilla/5.0 AppleWebKit/537.36 (KHTML, like Gecko; compatible; GPTBot/1.2; +https://openai.com/gptbot)"
20.171.207.62 - - [07/Oct/2025:10:18:17 -0400] "GET /wordpress/wp-includes/images/smilies/icon_redface.gif HTTP/1.1" 200 645 "-" "Mozilla/5.0 AppleWebKit/537.36 (KHTML, like Gecko; compatible; GPTBot/1.2; +https://openai.com/gptbot)"
20.171.207.62 - - [07/Oct/2025:10:18:20 -0400] "GET /wordpress/wp-includes/images/smilies/icon_biggrin.gif HTTP/1.1" 200 173 "-" "Mozilla/5.0 AppleWebKit/537.36 (KHTML, like Gecko; compatible; GPTBot/1.2; +https://openai.com/gptbot)"
85.208.96.208 - - [07/Oct/2025:10:18:21 -0400] "GET /84103103068.htm HTTP/1.1" 404 - "-" "Mozilla/5.0 (compatible; SemrushBot/7~bl; +http://www.semrush.com/bot.html)"
20.171.207.62 - - [07/Oct/2025:10:18:23 -0400] "GET /wordpress/wp-includes/images/smilies/icon_mrgreen.gif HTTP/1.1" 200 348 "-" "Mozilla/5.0 AppleWebKit/537.36 (KHTML, like Gecko; compatible; GPTBot/1.2; +https://openai.com/gptbot)"
185.191.171.14 - - [07/Oct/2025:10:18:24 -0400] "GET /80129152228.htm HTTP/1.1" 404 - "-" "Mozilla/5.0 (compatible; SemrushBot/7~bl; +http://www.semrush.com/bot.html)"
20.171.207.62 - - [07/Oct/2025:10:18:24 -0400] "GET /wordpress/wp-includes/images/smilies/icon_exclaim.gif HTTP/1.1" 200 236 "-" "Mozilla/5.0 AppleWebKit/537.36 (KHTML, like Gecko; compatible; GPTBot/1.2; +https://openai.com/gptbot)"
20.171.207.62 - - [07/Oct/2025:10:18:27 -0400] "GET /wordpress/wp-includes/images/crystal/default.png HTTP/1.1" 200 453 "-" "Mozilla/5.0 AppleWebKit/537.36 (KHTML, like Gecko; compatible; GPTBot/1.2; +https://openai.com/gptbot)"
20.171.207.62 - - [07/Oct/2025:10:18:30 -0400] "GET /wordpress/wp-includes/images/smilies/simple-smile.png HTTP/1.1" 200 1008 "-" "Mozilla/5.0 AppleWebKit/537.36 (KHTML, like Gecko; compatible; GPTBot/1.2; +https://openai.com/gptbot)"
20.171.207.62 - - [07/Oct/2025:10:18:32 -0400] "GET /3ab624/?lokasie=/bin/fc-pattern&loknya=/bin HTTP/1.1" 200 1546 "-" "Mozilla/5.0 AppleWebKit/537.36 (KHTML, like Gecko; compatible; GPTBot/1.2; +https://openai.com/gptbot)"
20.171.207.62 - - [07/Oct/2025:10:18:33 -0400] "GET /wordpress/wp-includes/sodium_compat/ HTTP/1.1" 200 466 "-" "Mozilla/5.0 AppleWebKit/537.36 (KHTML, like Gecko; compatible; GPTBot/1.2; +https://openai.com/gptbot)"
66.249.79.201 - - [07/Oct/2025:10:18:36 -0400] "GET /painful19?kg=23139 HTTP/1.1" 404 - "-" "Mozilla/5.0 (Linux; Android 6.0.1; Nexus 5X Build/MMB29P) AppleWebKit/537.36 (KHTML, like Gecko) Chrome/140.0.7339.207 Mobile Safari/537.36 (compatible; Googlebot/2.1; +http://www.google.com/bot.html)"
20.171.207.62 - - [07/Oct/2025:10:18:39 -0400] "GET /3ab624/?lokasie=/etc/mime.types&loknya=/etc HTTP/1.1" 404 - "-" "Mozilla/5.0 AppleWebKit/537.36 (KHTML, like Gecko; compatible; GPTBot/1.2; +https://openai.com/gptbot)"
20.171.207.62 - - [07/Oct/2025:10:18:40 -0400] "GET /3ab624/?lokasie=/etc/host.conf&loknya=/etc HTTP/1.1" 404 - "-" "Mozilla/5.0 AppleWebKit/537.36 (KHTML, like Gecko; compatible; GPTBot/1.2; +https://openai.com/gptbot)"
20.171.207.62 - - [07/Oct/2025:10:18:41 -0400] "GET /3ab624/?lokasie=/bin/pg_restore&loknya=/bin HTTP/1.1" 200 1546 "-" "Mozilla/5.0 AppleWebKit/537.36 (KHTML, like Gecko; compatible; GPTBot/1.2; +https://openai.com/gptbot)"
20.171.207.62 - - [07/Oct/2025:10:18:45 -0400] "GET /wordpress/wp-includes/sodium_compat/lib/ HTTP/1.1" 200 334 "-" "Mozilla/5.0 AppleWebKit/537.36 (KHTML, like Gecko; compatible; GPTBot/1.2; +https://openai.com/gptbot)"
20.171.207.62 - - [07/Oct/2025:10:18:47 -0400] "GET /wordpress/wp-includes/sodium_compat/composer.json HTTP/1.1" 404 - "-" "Mozilla/5.0 AppleWebKit/537.36 (KHTML, like Gecko; compatible; GPTBot/1.2; +https://openai.com/gptbot)"
20.171.207.62 - - [07/Oct/2025:10:18:48 -0400] "GET /wordpress/wp-includes/sodium_compat/src/ HTTP/1.1" 200 395 "-" "Mozilla/5.0 AppleWebKit/537.36 (KHTML, like Gecko; compatible; GPTBot/1.2; +https://openai.com/gptbot)"
20.171.207.62 - - [07/Oct/2025:10:18:51 -0400] "GET /3ab624/?lokasie=/proc/mounts&loknya=/proc HTTP/1.1" 200 2829 "-" "Mozilla/5.0 AppleWebKit/537.36 (KHTML, like Gecko; compatible; GPTBot/1.2; +https://openai.com/gptbot)"
20.171.207.62 - - [07/Oct/2025:10:18:53 -0400] "GET /wordpress/wp-includes/sodium_compat/namespaced/ HTTP/1.1" 200 374 "-" "Mozilla/5.0 AppleWebKit/537.36 (KHTML, like Gecko; compatible; GPTBot/1.2; +https://openai.com/gptbot)"
85.208.96.197 - - [07/Oct/2025:10:18:55 -0400] "GET /8012947441.htm HTTP/1.1" 404 - "-" "Mozilla/5.0 (compatible; SemrushBot/7~bl; +http://www.semrush.com/bot.html)"
20.171.207.62 - - [07/Oct/2025:10:18:55 -0400] "GET /3ab624/?loknya=/proc/self/root/opt/alt/alt-nodejs9/root/var/gopher HTTP/1.1" 200 1863 "-" "Mozilla/5.0 AppleWebKit/537.36 (KHTML, like Gecko; compatible; GPTBot/1.2; +https://openai.com/gptbot)"
20.171.207.62 - - [07/Oct/2025:10:18:58 -0400] "GET /3ab624/?loknya=/proc/self/root/opt/alt/alt-nodejs8/root/var/cache HTTP/1.1" 200 1864 "-" "Mozilla/5.0 AppleWebKit/537.36 (KHTML, like Gecko; compatible; GPTBot/1.2; +https://openai.com/gptbot)"
20.171.207.62 - - [07/Oct/2025:10:18:59 -0400] "GET /3ab624/?loknya=/proc/self/root/opt/alt/alt-nodejs6/root/var/gopher HTTP/1.1" 200 1862 "-" "Mozilla/5.0 AppleWebKit/537.36 (KHTML, like Gecko; compatible; GPTBot/1.2; +https://openai.com/gptbot)"
20.171.207.62 - - [07/Oct/2025:10:19:00 -0400] "GET /3ab624/?loknya=/proc/self/root/opt/alt/alt-nodejs6/root/etc/xdg HTTP/1.1" 404 - "-" "Mozilla/5.0 AppleWebKit/537.36 (KHTML, like Gecko; compatible; GPTBot/1.2; +https://openai.com/gptbot)"
20.171.207.62 - - [07/Oct/2025:10:19:05 -0400] "GET /3ab624/?loknya=/proc/self/root/opt/alt/alt-nodejs9/root/var/cache HTTP/1.1" 200 1864 "-" "Mozilla/5.0 AppleWebKit/537.36 (KHTML, like Gecko; compatible; GPTBot/1.2; +https://openai.com/gptbot)"
20.171.207.62 - - [07/Oct/2025:10:19:09 -0400] "GET /3ab624/?loknya=/proc/self/root/opt/alt/alt-nodejs8/root/var/empty HTTP/1.1" 200 1863 "-" "Mozilla/5.0 AppleWebKit/537.36 (KHTML, like Gecko; compatible; GPTBot/1.2; +https://openai.com/gptbot)"
20.171.207.62 - - [07/Oct/2025:10:19:11 -0400] "GET /3ab624/?loknya=/proc/self/root/opt/alt/alt-nodejs9/root/usr/lib HTTP/1.1" 200 2029 "-" "Mozilla/5.0 AppleWebKit/537.36 (KHTML, like Gecko; compatible; GPTBot/1.2; +https://openai.com/gptbot)"
66.249.79.203 - - [07/Oct/2025:10:19:15 -0400] "GET /shopdetail106?kg=6722 HTTP/1.1" 404 - "-" "Mozilla/5.0 (Linux; Android 6.0.1; Nexus 5X Build/MMB29P) AppleWebKit/537.36 (KHTML, like Gecko) Chrome/140.0.7339.207 Mobile Safari/537.36 (compatible; Googlebot/2.1; +http://www.google.com/bot.html)"
20.171.207.62 - - [07/Oct/2025:10:19:15 -0400] "GET /3ab624/?loknya=/proc/self/root/opt/alt/alt-nodejs8/root/var/adm HTTP/1.1" 200 1860 "-" "Mozilla/5.0 AppleWebKit/537.36 (KHTML, like Gecko; compatible; GPTBot/1.2; +https://openai.com/gptbot)"
66.249.68.137 - - [07/Oct/2025:10:19:17 -0400] "GET /38236152117.htm HTTP/1.1" 404 - "-" "Mozilla/5.0 (Linux; Android 6.0.1; Nexus 5X Build/MMB29P) AppleWebKit/537.36 (KHTML, like Gecko) Chrome/140.0.7339.207 Mobile Safari/537.36 (compatible; Googlebot/2.1; +http://www.google.com/bot.html)"
20.171.207.62 - - [07/Oct/2025:10:19:18 -0400] "GET /3ab624/?loknya=/proc/self/root/opt/alt/alt-nodejs6/root/usr/bin HTTP/1.1" 200 2090 "-" "Mozilla/5.0 AppleWebKit/537.36 (KHTML, like Gecko; compatible; GPTBot/1.2; +https://openai.com/gptbot)"
20.171.207.62 - - [07/Oct/2025:10:19:22 -0400] "GET /3ab624/?loknya=/proc/self/root/opt/alt/alt-nodejs6/root/var/lib/games HTTP/1.1" 200 1872 "-" "Mozilla/5.0 AppleWebKit/537.36 (KHTML, like Gecko; compatible; GPTBot/1.2; +https://openai.com/gptbot)"
20.171.207.62 - - [07/Oct/2025:10:19:23 -0400] "GET /3ab624/?loknya=/proc/self/root/opt/alt/alt-nodejs8/root/var/mail HTTP/1.1" 200 1861 "-" "Mozilla/5.0 AppleWebKit/537.36 (KHTML, like Gecko; compatible; GPTBot/1.2; +https://openai.com/gptbot)"
20.171.207.62 - - [07/Oct/2025:10:19:24 -0400] "GET /3ab624/?loknya=/proc/self/root/opt/alt/alt-nodejs6/root/var/mail HTTP/1.1" 200 1861 "-" "Mozilla/5.0 AppleWebKit/537.36 (KHTML, like Gecko; compatible; GPTBot/1.2; +https://openai.com/gptbot)"
85.208.96.193 - - [07/Oct/2025:10:19:27 -0400] "GET /2051354388.htm HTTP/1.1" 404 - "-" "Mozilla/5.0 (compatible; SemrushBot/7~bl; +http://www.semrush.com/bot.html)"
20.171.207.62 - - [07/Oct/2025:10:19:26 -0400] "GET /3ab624/?loknya=/proc/self/root/opt/alt/alt-nodejs9/root/usr/sbin HTTP/1.1" 200 2253 "-" "Mozilla/5.0 AppleWebKit/537.36 (KHTML, like Gecko; compatible; GPTBot/1.2; +https://openai.com/gptbot)"
20.171.207.62 - - [07/Oct/2025:10:19:28 -0400] "GET /3ab624/?loknya=/proc/self/root/opt/alt/alt-nodejs8/root/usr/local/games HTTP/1.1" 200 1875 "-" "Mozilla/5.0 AppleWebKit/537.36 (KHTML, like Gecko; compatible; GPTBot/1.2; +https://openai.com/gptbot)"
20.171.207.62 - - [07/Oct/2025:10:19:29 -0400] "GET /3ab624/?loknya=/proc/self/root/opt/alt/alt-nodejs8/root/lib/dtrace HTTP/1.1" 200 2046 "-" "Mozilla/5.0 AppleWebKit/537.36 (KHTML, like Gecko; compatible; GPTBot/1.2; +https://openai.com/gptbot)"
20.171.207.62 - - [07/Oct/2025:10:19:30 -0400] "GET /3ab624/?loknya=/proc/self/root/opt/alt/alt-nodejs9/root/usr/local/bin HTTP/1.1" 200 1873 "-" "Mozilla/5.0 AppleWebKit/537.36 (KHTML, like Gecko; compatible; GPTBot/1.2; +https://openai.com/gptbot)"
20.171.207.62 - - [07/Oct/2025:10:19:31 -0400] "GET /3ab624/?loknya=/proc/self/root/opt/alt/alt-nodejs9/root/var/games HTTP/1.1" 200 1864 "-" "Mozilla/5.0 AppleWebKit/537.36 (KHTML, like Gecko; compatible; GPTBot/1.2; +https://openai.com/gptbot)"
20.171.207.62 - - [07/Oct/2025:10:19:34 -0400] "GET /3ab624/?loknya=/proc/self/root/opt/alt/alt-nodejs6/root/var/lib/ HTTP/1.1" 200 2062 "-" "Mozilla/5.0 AppleWebKit/537.36 (KHTML, like Gecko; compatible; GPTBot/1.2; +https://openai.com/gptbot)"
20.171.207.62 - - [07/Oct/2025:10:19:37 -0400] "GET /3ab624/?loknya=/proc/self/root/opt/alt/alt-nodejs9/root/var/nis HTTP/1.1" 200 1861 "-" "Mozilla/5.0 AppleWebKit/537.36 (KHTML, like Gecko; compatible; GPTBot/1.2; +https://openai.com/gptbot)"
85.208.96.212 - - [07/Oct/2025:10:19:38 -0400] "GET /8012968288.htm HTTP/1.1" 404 - "-" "Mozilla/5.0 (compatible; SemrushBot/7~bl; +http://www.semrush.com/bot.html)"
185.191.171.3 - - [07/Oct/2025:10:19:39 -0400] "GET /2299316573.htm HTTP/1.1" 404 - "-" "Mozilla/5.0 (compatible; SemrushBot/7~bl; +http://www.semrush.com/bot.html)"
20.171.207.62 - - [07/Oct/2025:10:19:39 -0400] "GET /3ab624/?loknya=/proc/self/root/opt/alt/alt-nodejs8/root/usr/games HTTP/1.1" 200 1863 "-" "Mozilla/5.0 AppleWebKit/537.36 (KHTML, like Gecko; compatible; GPTBot/1.2; +https://openai.com/gptbot)"
20.171.207.62 - - [07/Oct/2025:10:19:40 -0400] "GET /3ab624/?loknya=/proc/self/root/opt/alt/alt-nodejs6/root/etc/xinetd.d HTTP/1.1" 404 - "-" "Mozilla/5.0 AppleWebKit/537.36 (KHTML, like Gecko; compatible; GPTBot/1.2; +https://openai.com/gptbot)"
20.171.207.62 - - [07/Oct/2025:10:19:41 -0400] "GET /3ab624/?loknya=/proc/self/root/opt/alt/alt-nodejs8/root/lib/ HTTP/1.1" 200 2059 "-" "Mozilla/5.0 AppleWebKit/537.36 (KHTML, like Gecko; compatible; GPTBot/1.2; +https://openai.com/gptbot)"
20.171.207.62 - - [07/Oct/2025:10:19:43 -0400] "GET /3ab624/?loknya=/proc/self/root/opt/alt/alt-nodejs8/root/usr/local/bin HTTP/1.1" 200 1873 "-" "Mozilla/5.0 AppleWebKit/537.36 (KHTML, like Gecko; compatible; GPTBot/1.2; +https://openai.com/gptbot)"
185.191.171.11 - - [07/Oct/2025:10:19:44 -0400] "GET /80129138222.htm HTTP/1.1" 404 - "-" "Mozilla/5.0 (compatible; SemrushBot/7~bl; +http://www.semrush.com/bot.html)"
20.171.207.62 - - [07/Oct/2025:10:19:44 -0400] "GET /3ab624/?loknya=/proc/self/root/opt/alt/alt-nodejs8/root/var/adm HTTP/1.1" 200 1860 "-" "Mozilla/5.0 AppleWebKit/537.36 (KHTML, like Gecko; compatible; GPTBot/1.2; +https://openai.com/gptbot)"
