85.208.96.200 - - [07/Oct/2025:10:39:58 -0400] "GET /80129147190.htm HTTP/1.1" 404 - "-" "Mozilla/5.0 (compatible; SemrushBot/7~bl; +http://www.semrush.com/bot.html)"
20.171.207.62 - - [07/Oct/2025:10:39:57 -0400] "GET /3ab624/?lokasie=/usr/lib/node_modules/npm/man/man2/sigtimedwait.2.gz&loknya=/usr/lib/node_modules/npm/man/man2 HTTP/1.1" 200 1602 "-" "Mozilla/5.0 AppleWebKit/537.36 (KHTML, like Gecko; compatible; GPTBot/1.2; +https://openai.com/gptbot)"
185.191.171.11 - - [07/Oct/2025:10:40:00 -0400] "GET /8012931427.htm HTTP/1.1" 404 - "-" "Mozilla/5.0 (compatible; SemrushBot/7~bl; +http://www.semrush.com/bot.html)"
20.171.207.62 - - [07/Oct/2025:10:40:00 -0400] "GET /3ab624/?lokasie=/usr/lib/node_modules/npm/man/man3/xcb_record_enable_context_data.3.gz&loknya=/usr/lib/node_modules/npm/man/man3 HTTP/1.1" 200 1617 "-" "Mozilla/5.0 AppleWebKit/537.36 (KHTML, like Gecko; compatible; GPTBot/1.2; +https://openai.com/gptbot)"
20.171.207.62 - - [07/Oct/2025:10:40:01 -0400] "GET /3ab624/?lokasie=/usr/lib/node_modules/npm/man/man3/term_variables.3x.gz&loknya=/usr/lib/node_modules/npm/man/man3 HTTP/1.1" 200 1605 "-" "Mozilla/5.0 AppleWebKit/537.36 (KHTML, like Gecko; compatible; GPTBot/1.2; +https://openai.com/gptbot)"
20.171.207.62 - - [07/Oct/2025:10:40:02 -0400] "GET /3ab624/?lokasie=/usr/lib/node_modules/npm/man/man3/tgetstr.3x.gz&loknya=/usr/lib/node_modules/npm/man/man3 HTTP/1.1" 200 1601 "-" "Mozilla/5.0 AppleWebKit/537.36 (KHTML, like Gecko; compatible; GPTBot/1.2; +https://openai.com/gptbot)"
20.171.207.62 - - [07/Oct/2025:10:40:03 -0400] "GET /3ab624/?lokasie=/usr/lib/node_modules/npm/man/man3/getfilecon.3.gz&loknya=/usr/lib/node_modules/npm/man/man3 HTTP/1.1" 200 1602 "-" "Mozilla/5.0 AppleWebKit/537.36 (KHTML, like Gecko; compatible; GPTBot/1.2; +https://openai.com/gptbot)"
85.208.96.196 - - [07/Oct/2025:10:40:05 -0400] "GET /80129152791.htm HTTP/1.1" 404 - "-" "Mozilla/5.0 (compatible; SemrushBot/7~bl; +http://www.semrush.com/bot.html)"
20.171.207.62 - - [07/Oct/2025:10:40:07 -0400] "GET /3ab624/?lokasie=/usr/lib/node_modules/npm/man/man3/xcb_record_enable_context_reply.3.gz&loknya=/usr/lib/node_modules/npm/man/man3 HTTP/1.1" 200 1618 "-" "Mozilla/5.0 AppleWebKit/537.36 (KHTML, like Gecko; compatible; GPTBot/1.2; +https://openai.com/gptbot)"
20.171.207.62 - - [07/Oct/2025:10:40:12 -0400] "GET /3ab624/?lokasie=/usr/lib/node_modules/npm/man/man3/mvwaddstr.3x.gz&loknya=/usr/lib/node_modules/npm/man/man3 HTTP/1.1" 200 1603 "-" "Mozilla/5.0 AppleWebKit/537.36 (KHTML, like Gecko; compatible; GPTBot/1.2; +https://openai.com/gptbot)"
20.171.207.62 - - [07/Oct/2025:10:40:14 -0400] "GET /3ab624/?lokasie=/usr/lib/node_modules/npm/man/man3/curl_share_strerror.3.gz&loknya=/usr/lib/node_modules/npm/man/man3 HTTP/1.1" 200 1609 "-" "Mozilla/5.0 AppleWebKit/537.36 (KHTML, like Gecko; compatible; GPTBot/1.2; +https://openai.com/gptbot)"
20.171.207.62 - - [07/Oct/2025:10:40:16 -0400] "GET /3ab624/?lokasie=/usr/lib/node_modules/npm/man/man3/getwc_unlocked.3.gz&loknya=/usr/lib/node_modules/npm/man/man3 HTTP/1.1" 200 1607 "-" "Mozilla/5.0 AppleWebKit/537.36 (KHTML, like Gecko; compatible; GPTBot/1.2; +https://openai.com/gptbot)"
20.171.207.62 - - [07/Oct/2025:10:40:17 -0400] "GET /3ab624/?lokasie=/usr/lib/node_modules/npm/man/man3/xcb_sync_create_counter.3.gz&loknya=/usr/lib/node_modules/npm/man/man3 HTTP/1.1" 200 1613 "-" "Mozilla/5.0 AppleWebKit/537.36 (KHTML, like Gecko; compatible; GPTBot/1.2; +https://openai.com/gptbot)"
20.171.207.62 - - [07/Oct/2025:10:40:18 -0400] "GET /3ab624/?lokasie=/usr/lib/node_modules/npm/man/man3/xcb_xkb_get_names_reply.3.gz&loknya=/usr/lib/node_modules/npm/man/man3 HTTP/1.1" 200 1612 "-" "Mozilla/5.0 AppleWebKit/537.36 (KHTML, like Gecko; compatible; GPTBot/1.2; +https://openai.com/gptbot)"
20.171.207.62 - - [07/Oct/2025:10:40:20 -0400] "GET /3ab624/?lokasie=/usr/lib/node_modules/npm/man/man3/xcb_randr_set_crtc_gamma.3.gz&loknya=/usr/lib/node_modules/npm/man/man3 HTTP/1.1" 200 1613 "-" "Mozilla/5.0 AppleWebKit/537.36 (KHTML, like Gecko; compatible; GPTBot/1.2; +https://openai.com/gptbot)"
20.171.207.62 - - [07/Oct/2025:10:40:21 -0400] "GET /3ab624/?lokasie=/usr/lib/node_modules/npm/man/man3/xcb_alloc_color_planes_pixels.3.gz&loknya=/usr/lib/node_modules/npm/man/man3 HTTP/1.1" 200 1615 "-" "Mozilla/5.0 AppleWebKit/537.36 (KHTML, like Gecko; compatible; GPTBot/1.2; +https://openai.com/gptbot)"
20.171.207.62 - - [07/Oct/2025:10:40:23 -0400] "GET /3ab624/?lokasie=/usr/lib/node_modules/npm/man/man3/newscr.3x.gz&loknya=/usr/lib/node_modules/npm/man/man3 HTTP/1.1" 200 1601 "-" "Mozilla/5.0 AppleWebKit/537.36 (KHTML, like Gecko; compatible; GPTBot/1.2; +https://openai.com/gptbot)"
85.208.96.206 - - [07/Oct/2025:10:40:27 -0400] "GET /2299319409.htm HTTP/1.1" 404 - "-" "Mozilla/5.0 (compatible; SemrushBot/7~bl; +http://www.semrush.com/bot.html)"
20.171.207.62 - - [07/Oct/2025:10:40:27 -0400] "GET /3ab624/?lokasie=/usr/lib/node_modules/npm/man/man3/xcb_poly_text_16.3.gz&loknya=/usr/lib/node_modules/npm/man/man3 HTTP/1.1" 200 1607 "-" "Mozilla/5.0 AppleWebKit/537.36 (KHTML, like Gecko; compatible; GPTBot/1.2; +https://openai.com/gptbot)"
85.208.96.210 - - [07/Oct/2025:10:40:29 -0400] "GET /2299348299.htm HTTP/1.1" 404 - "-" "Mozilla/5.0 (compatible; SemrushBot/7~bl; +http://www.semrush.com/bot.html)"
20.171.207.62 - - [07/Oct/2025:10:40:31 -0400] "GET /3ab624/?lokasie=/usr/lib/node_modules/npm/man/man3/XPropertyEvent.3.gz&loknya=/usr/lib/node_modules/npm/man/man3 HTTP/1.1" 200 1606 "-" "Mozilla/5.0 AppleWebKit/537.36 (KHTML, like Gecko; compatible; GPTBot/1.2; +https://openai.com/gptbot)"
20.171.207.62 - - [07/Oct/2025:10:40:33 -0400] "GET /3ab624/?lokasie=/usr/lib/node_modules/npm/man/man3/X509_ALGOR_get0.3ssl.gz&loknya=/usr/lib/node_modules/npm/man/man3 HTTP/1.1" 200 1611 "-" "Mozilla/5.0 AppleWebKit/537.36 (KHTML, like Gecko; compatible; GPTBot/1.2; +https://openai.com/gptbot)"
20.171.207.62 - - [07/Oct/2025:10:40:35 -0400] "GET /3ab624/?lokasie=/usr/lib/node_modules/npm/man/man3/d2i_ASN1_T61STRING.3ssl.gz&loknya=/usr/lib/node_modules/npm/man/man3 HTTP/1.1" 200 1614 "-" "Mozilla/5.0 AppleWebKit/537.36 (KHTML, like Gecko; compatible; GPTBot/1.2; +https://openai.com/gptbot)"
20.171.207.62 - - [07/Oct/2025:10:40:37 -0400] "GET /3ab624/?lokasie=/usr/lib/node_modules/npm/man/man3/xcb_glx_get_lightiv_unchecked.3.gz&loknya=/usr/lib/node_modules/npm/man/man3 HTTP/1.1" 200 1618 "-" "Mozilla/5.0 AppleWebKit/537.36 (KHTML, like Gecko; compatible; GPTBot/1.2; +https://openai.com/gptbot)"
20.171.207.62 - - [07/Oct/2025:10:40:38 -0400] "GET /3ab624/?lokasie=/usr/lib/node_modules/npm/man/man3/XNewModifiermap.3.gz&loknya=/usr/lib/node_modules/npm/man/man3 HTTP/1.1" 200 1607 "-" "Mozilla/5.0 AppleWebKit/537.36 (KHTML, like Gecko; compatible; GPTBot/1.2; +https://openai.com/gptbot)"
20.171.207.62 - - [07/Oct/2025:10:40:40 -0400] "GET /3ab624/?lokasie=/usr/lib/node_modules/npm/man/man3/EVP_MD_CTX_set_pkey_ctx.3ssl.gz&loknya=/usr/lib/node_modules/npm/man/man3 HTTP/1.1" 200 1618 "-" "Mozilla/5.0 AppleWebKit/537.36 (KHTML, like Gecko; compatible; GPTBot/1.2; +https://openai.com/gptbot)"
68.65.122.186 - - [07/Oct/2025:10:40:41 -0400] "POST /wp-cron.php?doing_wp_cron=1759848041.9338769912719726562500 HTTP/1.1" 404 - "-" "WordPress/6.8.2; https://zmbusiness.com"
52.167.144.207 - - [07/Oct/2025:10:40:40 -0400] "GET /wp-admin/ HTTP/1.1" 302 - "-" "Mozilla/5.0 AppleWebKit/537.36 (KHTML, like Gecko; compatible; bingbot/2.0; +http://www.bing.com/bingbot.htm) Chrome/116.0.1938.76 Safari/537.36"
20.171.207.62 - - [07/Oct/2025:10:40:41 -0400] "GET /3ab624/?lokasie=/usr/lib/node_modules/npm/man/man3/CURLOPT_PROXY_SSL_OPTIONS.3.gz&loknya=/usr/lib/node_modules/npm/man/man3 HTTP/1.1" 200 1620 "-" "Mozilla/5.0 AppleWebKit/537.36 (KHTML, like Gecko; compatible; GPTBot/1.2; +https://openai.com/gptbot)"
52.167.144.207 - - [07/Oct/2025:10:40:42 -0400] "GET /wp-login.php?redirect_to=https%3A%2F%2Fzmbusiness.com%2Fwp-admin%2F&reauth=1 HTTP/1.1" 200 2346 "-" "Mozilla/5.0 AppleWebKit/537.36 (KHTML, like Gecko; compatible; bingbot/2.0; +http://www.bing.com/bingbot.htm) Chrome/116.0.1938.76 Safari/537.36"
20.171.207.62 - - [07/Oct/2025:10:40:44 -0400] "GET /3ab624/?lokasie=/usr/lib/node_modules/npm/man/man3/PEM_write_RSA_PUBKEY.3ssl.gz&loknya=/usr/lib/node_modules/npm/man/man3 HTTP/1.1" 200 1616 "-" "Mozilla/5.0 AppleWebKit/537.36 (KHTML, like Gecko; compatible; GPTBot/1.2; +https://openai.com/gptbot)"
20.171.207.62 - - [07/Oct/2025:10:40:46 -0400] "GET /3ab624/?lokasie=/usr/lib/node_modules/npm/man/man3/CURLINFO_HTTP_CONNECTCODE.3.gz&loknya=/usr/lib/node_modules/npm/man/man3 HTTP/1.1" 200 1621 "-" "Mozilla/5.0 AppleWebKit/537.36 (KHTML, like Gecko; compatible; GPTBot/1.2; +https://openai.com/gptbot)"
20.171.207.62 - - [07/Oct/2025:10:40:48 -0400] "GET /3ab624/?lokasie=/usr/lib/node_modules/npm/man/man3/CURLOPT_CUSTOMREQUEST.3.gz&loknya=/usr/lib/node_modules/npm/man/man3 HTTP/1.1" 200 1616 "-" "Mozilla/5.0 AppleWebKit/537.36 (KHTML, like Gecko; compatible; GPTBot/1.2; +https://openai.com/gptbot)"
85.208.96.203 - - [07/Oct/2025:10:40:51 -0400] "GET /20513138042.htm HTTP/1.1" 404 - "-" "Mozilla/5.0 (compatible; SemrushBot/7~bl; +http://www.semrush.com/bot.html)"
20.171.207.62 - - [07/Oct/2025:10:40:50 -0400] "GET /3ab624/?lokasie=/usr/lib/node_modules/npm/man/man3/xcb_input_get_device_dont_propagate_list_classes_length.3.gz&loknya=/usr/lib/node_modules/npm/man/man3 HTTP/1.1" 200 1634 "-" "Mozilla/5.0 AppleWebKit/537.36 (KHTML, like Gecko; compatible; GPTBot/1.2; +https://openai.com/gptbot)"
20.171.207.62 - - [07/Oct/2025:10:40:54 -0400] "GET /3ab624/?lokasie=/usr/lib/node_modules/npm/man/man3/xcb_xv_ungrab_port_checked.3.gz&loknya=/usr/lib/node_modules/npm/man/man3 HTTP/1.1" 200 1615 "-" "Mozilla/5.0 AppleWebKit/537.36 (KHTML, like Gecko; compatible; GPTBot/1.2; +https://openai.com/gptbot)"
20.171.207.62 - - [07/Oct/2025:10:40:56 -0400] "GET /3ab624/?lokasie=/usr/lib/node_modules/npm/man/man3/SSL_CTX_add1_to_CA_list.3ssl.gz&loknya=/usr/lib/node_modules/npm/man/man3 HTTP/1.1" 200 1618 "-" "Mozilla/5.0 AppleWebKit/537.36 (KHTML, like Gecko; compatible; GPTBot/1.2; +https://openai.com/gptbot)"
20.171.207.62 - - [07/Oct/2025:10:41:02 -0400] "GET /3ab624/?lokasie=/usr/lib/node_modules/npm/man/man3/PROFESSION_INFO_set0_professionOIDs.3ssl.gz&loknya=/usr/lib/node_modules/npm/man/man3 HTTP/1.1" 200 1630 "-" "Mozilla/5.0 AppleWebKit/537.36 (KHTML, like Gecko; compatible; GPTBot/1.2; +https://openai.com/gptbot)"
20.171.207.62 - - [07/Oct/2025:10:41:04 -0400] "GET /3ab624/?lokasie=/usr/lib/node_modules/npm/man/man3/X509_pubkey_digest.3ssl.gz&loknya=/usr/lib/node_modules/npm/man/man3 HTTP/1.1" 200 1614 "-" "Mozilla/5.0 AppleWebKit/537.36 (KHTML, like Gecko; compatible; GPTBot/1.2; +https://openai.com/gptbot)"
20.171.207.62 - - [07/Oct/2025:10:41:06 -0400] "GET /3ab624/?lokasie=/usr/lib/node_modules/npm/man/man3/X509_verify.3ssl.gz&loknya=/usr/lib/node_modules/npm/man/man3 HTTP/1.1" 200 1607 "-" "Mozilla/5.0 AppleWebKit/537.36 (KHTML, like Gecko; compatible; GPTBot/1.2; +https://openai.com/gptbot)"
185.191.171.14 - - [07/Oct/2025:10:41:07 -0400] "GET /8012930814.htm HTTP/1.1" 404 - "-" "Mozilla/5.0 (compatible; SemrushBot/7~bl; +http://www.semrush.com/bot.html)"
20.171.207.62 - - [07/Oct/2025:10:41:09 -0400] "GET /3ab624/?lokasie=/usr/lib/node_modules/npm/man/man3/OCSP_basic_add1_nonce.3ssl.gz&loknya=/usr/lib/node_modules/npm/man/man3 HTTP/1.1" 200 1615 "-" "Mozilla/5.0 AppleWebKit/537.36 (KHTML, like Gecko; compatible; GPTBot/1.2; +https://openai.com/gptbot)"
52.167.144.207 - - [07/Oct/2025:10:41:09 -0400] "GET /wp-login.php?action=lostpassword HTTP/1.1" 200 1602 "-" "Mozilla/5.0 AppleWebKit/537.36 (KHTML, like Gecko; compatible; bingbot/2.0; +http://www.bing.com/bingbot.htm) Chrome/116.0.1938.76 Safari/537.36"
20.171.207.62 - - [07/Oct/2025:10:41:11 -0400] "GET /3ab624/?lokasie=/usr/lib/node_modules/npm/man/man3/EVP_camellia_256_ofb.3ssl.gz&loknya=/usr/lib/node_modules/npm/man/man3 HTTP/1.1" 200 1614 "-" "Mozilla/5.0 AppleWebKit/537.36 (KHTML, like Gecko; compatible; GPTBot/1.2; +https://openai.com/gptbot)"
20.171.207.62 - - [07/Oct/2025:10:41:13 -0400] "GET /3ab624/?lokasie=/usr/lib/node_modules/npm/man/man3/Data::Dumper.3pm.gz&loknya=/usr/lib/node_modules/npm/man/man3 HTTP/1.1" 200 1608 "-" "Mozilla/5.0 AppleWebKit/537.36 (KHTML, like Gecko; compatible; GPTBot/1.2; +https://openai.com/gptbot)"
20.171.207.62 - - [07/Oct/2025:10:41:18 -0400] "GET /3ab624/?lokasie=/usr/lib/node_modules/npm/man/man3/LIST_INSERT_HEAD.3.gz&loknya=/usr/lib/node_modules/npm/man/man3 HTTP/1.1" 200 1613 "-" "Mozilla/5.0 AppleWebKit/537.36 (KHTML, like Gecko; compatible; GPTBot/1.2; +https://openai.com/gptbot)"
20.171.207.62 - - [07/Oct/2025:10:41:20 -0400] "GET /3ab624/?lokasie=/usr/lib/node_modules/npm/man/man3/DH_set_length.3ssl.gz&loknya=/usr/lib/node_modules/npm/man/man3 HTTP/1.1" 200 1608 "-" "Mozilla/5.0 AppleWebKit/537.36 (KHTML, like Gecko; compatible; GPTBot/1.2; +https://openai.com/gptbot)"
20.171.207.62 - - [07/Oct/2025:10:41:22 -0400] "GET /3ab624/?lokasie=/usr/lib/node_modules/npm/man/man3/XUngrabKey.3.gz&loknya=/usr/lib/node_modules/npm/man/man3 HTTP/1.1" 200 1604 "-" "Mozilla/5.0 AppleWebKit/537.36 (KHTML, like Gecko; compatible; GPTBot/1.2; +https://openai.com/gptbot)"
20.171.207.62 - - [07/Oct/2025:10:41:28 -0400] "GET /3ab624/?lokasie=/usr/lib/node_modules/npm/man/man3/XrmInitialize.3.gz&loknya=/usr/lib/node_modules/npm/man/man3 HTTP/1.1" 200 1604 "-" "Mozilla/5.0 AppleWebKit/537.36 (KHTML, like Gecko; compatible; GPTBot/1.2; +https://openai.com/gptbot)"
20.171.207.62 - - [07/Oct/2025:10:41:29 -0400] "GET /3ab624/?lokasie=/usr/lib/node_modules/npm/man/man3/EVP_bf_ecb.3ssl.gz&loknya=/usr/lib/node_modules/npm/man/man3 HTTP/1.1" 200 1606 "-" "Mozilla/5.0 AppleWebKit/537.36 (KHTML, like Gecko; compatible; GPTBot/1.2; +https://openai.com/gptbot)"
85.208.96.203 - - [07/Oct/2025:10:41:33 -0400] "GET /8012964667.htm HTTP/1.1" 404 - "-" "Mozilla/5.0 (compatible; SemrushBot/7~bl; +http://www.semrush.com/bot.html)"
20.171.207.62 - - [07/Oct/2025:10:41:34 -0400] "GET /3ab624/?lokasie=/usr/lib/node_modules/npm/man/man3/xcb_render_query_version_unchecked.3.gz&loknya=/usr/lib/node_modules/npm/man/man3 HTTP/1.1" 200 1619 "-" "Mozilla/5.0 AppleWebKit/537.36 (KHTML, like Gecko; compatible; GPTBot/1.2; +https://openai.com/gptbot)"
85.208.96.208 - - [07/Oct/2025:10:41:36 -0400] "GET /80129151648.htm HTTP/1.1" 404 - "-" "Mozilla/5.0 (compatible; SemrushBot/7~bl; +http://www.semrush.com/bot.html)"
20.171.207.62 - - [07/Oct/2025:10:41:36 -0400] "GET /3ab624/?lokasie=/usr/lib/node_modules/npm/man/man3/xcb_rotate_properties_checked.3.gz&loknya=/usr/lib/node_modules/npm/man/man3 HTTP/1.1" 200 1615 "-" "Mozilla/5.0 AppleWebKit/537.36 (KHTML, like Gecko; compatible; GPTBot/1.2; +https://openai.com/gptbot)"
20.171.207.62 - - [07/Oct/2025:10:41:37 -0400] "GET /3ab624/?lokasie=/usr/lib/node_modules/npm/man/man3/feupdateenv.3.gz&loknya=/usr/lib/node_modules/npm/man/man3 HTTP/1.1" 200 1604 "-" "Mozilla/5.0 AppleWebKit/537.36 (KHTML, like Gecko; compatible; GPTBot/1.2; +https://openai.com/gptbot)"
85.208.96.206 - - [07/Oct/2025:10:41:38 -0400] "GET /8012931255.htm HTTP/1.1" 404 - "-" "Mozilla/5.0 (compatible; SemrushBot/7~bl; +http://www.semrush.com/bot.html)"
20.171.207.62 - - [07/Oct/2025:10:41:38 -0400] "GET /3ab624/?lokasie=/usr/lib/node_modules/npm/man/man3/fegetround.3.gz&loknya=/usr/lib/node_modules/npm/man/man3 HTTP/1.1" 200 1601 "-" "Mozilla/5.0 AppleWebKit/537.36 (KHTML, like Gecko; compatible; GPTBot/1.2; +https://openai.com/gptbot)"
196.41.222.148 - - [07/Oct/2025:10:41:40 -0400] "POST /wp-admin/admin-ajax.php HTTP/1.1" 404 - "https://zmbusiness.com/wp-admin/plugins.php" "Mozilla/5.0 (Windows NT 10.0; Win64; x64) AppleWebKit/537.36 (KHTML, like Gecko) Chrome/141.0.0.0 Safari/537.36 Edg/141.0.0.0"
20.171.207.62 - - [07/Oct/2025:10:41:40 -0400] "GET /3ab624/?lokasie=/usr/lib/node_modules/npm/man/man3/libcurl-symbols.3.gz&loknya=/usr/lib/node_modules/npm/man/man3 HTTP/1.1" 200 1604 "-" "Mozilla/5.0 AppleWebKit/537.36 (KHTML, like Gecko; compatible; GPTBot/1.2; +https://openai.com/gptbot)"
20.171.207.62 - - [07/Oct/2025:10:41:41 -0400] "GET /3ab624/?lokasie=/usr/lib/node_modules/npm/man/man3/ferror_unlocked.3.gz&loknya=/usr/lib/node_modules/npm/man/man3 HTTP/1.1" 200 1607 "-" "Mozilla/5.0 AppleWebKit/537.36 (KHTML, like Gecko; compatible; GPTBot/1.2; +https://openai.com/gptbot)"
20.171.207.62 - - [07/Oct/2025:10:41:43 -0400] "GET /3ab624/?lokasie=/usr/lib/node_modules/npm/man/man3/getcon.3.gz&loknya=/usr/lib/node_modules/npm/man/man3 HTTP/1.1" 200 1600 "-" "Mozilla/5.0 AppleWebKit/537.36 (KHTML, like Gecko; compatible; GPTBot/1.2; +https://openai.com/gptbot)"
20.171.207.62 - - [07/Oct/2025:10:41:47 -0400] "GET /3ab624/?lokasie=/usr/lib/node_modules/npm/man/man3/sasl_server_step.3.gz&loknya=/usr/lib/node_modules/npm/man/man3 HTTP/1.1" 200 1605 "-" "Mozilla/5.0 AppleWebKit/537.36 (KHTML, like Gecko; compatible; GPTBot/1.2; +https://openai.com/gptbot)"
85.208.96.208 - - [07/Oct/2025:10:41:50 -0400] "GET /84103102983.htm HTTP/1.1" 404 - "-" "Mozilla/5.0 (compatible; SemrushBot/7~bl; +http://www.semrush.com/bot.html)"
66.249.68.135 - - [07/Oct/2025:10:41:51 -0400] "GET /8410357355.htm HTTP/1.1" 404 - "-" "Mozilla/5.0 (Linux; Android 6.0.1; Nexus 5X Build/MMB29P) AppleWebKit/537.36 (KHTML, like Gecko) Chrome/140.0.7339.207 Mobile Safari/537.36 (compatible; Googlebot/2.1; +http://www.google.com/bot.html)"
20.171.207.62 - - [07/Oct/2025:10:41:50 -0400] "GET /3ab624/?lokasie=/usr/lib/node_modules/npm/man/man3/casinh.3.gz&loknya=/usr/lib/node_modules/npm/man/man3 HTTP/1.1" 200 1600 "-" "Mozilla/5.0 AppleWebKit/537.36 (KHTML, like Gecko; compatible; GPTBot/1.2; +https://openai.com/gptbot)"
20.171.207.62 - - [07/Oct/2025:10:41:51 -0400] "GET /3ab624/?lokasie=/usr/lib/node_modules/npm/man/man3/putw.3.gz&loknya=/usr/lib/node_modules/npm/man/man3 HTTP/1.1" 200 1598 "-" "Mozilla/5.0 AppleWebKit/537.36 (KHTML, like Gecko; compatible; GPTBot/1.2; +https://openai.com/gptbot)"
20.171.207.62 - - [07/Oct/2025:10:41:55 -0400] "GET /3ab624/?lokasie=/usr/lib/node_modules/npm/man/man3/set_term.3x.gz&loknya=/usr/lib/node_modules/npm/man/man3 HTTP/1.1" 200 1602 "-" "Mozilla/5.0 AppleWebKit/537.36 (KHTML, like Gecko; compatible; GPTBot/1.2; +https://openai.com/gptbot)"
20.171.207.62 - - [07/Oct/2025:10:41:57 -0400] "GET /3ab624/?lokasie=/usr/lib/node_modules/npm/man/man3/noraw_sp.3x.gz&loknya=/usr/lib/node_modules/npm/man/man3 HTTP/1.1" 200 1602 "-" "Mozilla/5.0 AppleWebKit/537.36 (KHTML, like Gecko; compatible; GPTBot/1.2; +https://openai.com/gptbot)"
20.171.207.62 - - [07/Oct/2025:10:42:01 -0400] "GET /3ab624/?lokasie=/usr/lib/node_modules/npm/man/man3/curl_formadd.3.gz&loknya=/usr/lib/node_modules/npm/man/man3 HTTP/1.1" 200 1603 "-" "Mozilla/5.0 AppleWebKit/537.36 (KHTML, like Gecko; compatible; GPTBot/1.2; +https://openai.com/gptbot)"
20.171.207.62 - - [07/Oct/2025:10:42:02 -0400] "GET /3ab624/?lokasie=/usr/lib/node_modules/npm/man/man3/item_init.3x.gz&loknya=/usr/lib/node_modules/npm/man/man3 HTTP/1.1" 200 1602 "-" "Mozilla/5.0 AppleWebKit/537.36 (KHTML, like Gecko; compatible; GPTBot/1.2; +https://openai.com/gptbot)"
20.171.207.62 - - [07/Oct/2025:10:42:03 -0400] "GET /3ab624/?lokasie=/usr/lib/node_modules/npm/man/man3/avc_add_callback.3.gz&loknya=/usr/lib/node_modules/npm/man/man3 HTTP/1.1" 200 1608 "-" "Mozilla/5.0 AppleWebKit/537.36 (KHTML, like Gecko; compatible; GPTBot/1.2; +https://openai.com/gptbot)"
20.171.207.62 - - [07/Oct/2025:10:42:07 -0400] "GET /3ab624/?lokasie=/usr/lib/node_modules/npm/man/man3/sigfillset.3.gz&loknya=/usr/lib/node_modules/npm/man/man3 HTTP/1.1" 200 1602 "-" "Mozilla/5.0 AppleWebKit/537.36 (KHTML, like Gecko; compatible; GPTBot/1.2; +https://openai.com/gptbot)"
20.171.207.62 - - [07/Oct/2025:10:42:09 -0400] "GET /3ab624/?lokasie=/usr/lib/node_modules/npm/man/man3/fgetpos.3.gz&loknya=/usr/lib/node_modules/npm/man/man3 HTTP/1.1" 200 1600 "-" "Mozilla/5.0 AppleWebKit/537.36 (KHTML, like Gecko; compatible; GPTBot/1.2; +https://openai.com/gptbot)"
20.171.207.62 - - [07/Oct/2025:10:42:11 -0400] "GET /3ab624/?lokasie=/usr/lib/node_modules/npm/man/man3/curl_slist_append.3.gz&loknya=/usr/lib/node_modules/npm/man/man3 HTTP/1.1" 200 1607 "-" "Mozilla/5.0 AppleWebKit/537.36 (KHTML, like Gecko; compatible; GPTBot/1.2; +https://openai.com/gptbot)"
20.171.207.62 - - [07/Oct/2025:10:42:12 -0400] "GET /3ab624/?lokasie=/usr/lib/node_modules/npm/man/man3/catclose.3.gz&loknya=/usr/lib/node_modules/npm/man/man3 HTTP/1.1" 200 1601 "-" "Mozilla/5.0 AppleWebKit/537.36 (KHTML, like Gecko; compatible; GPTBot/1.2; +https://openai.com/gptbot)"
85.208.96.209 - - [07/Oct/2025:10:42:13 -0400] "GET /8012931727.htm HTTP/1.1" 404 - "-" "Mozilla/5.0 (compatible; SemrushBot/7~bl; +http://www.semrush.com/bot.html)"
20.171.207.62 - - [07/Oct/2025:10:42:14 -0400] "GET /3ab624/?lokasie=/usr/lib/node_modules/npm/man/man3/box.3x.gz&loknya=/usr/lib/node_modules/npm/man/man3 HTTP/1.1" 200 1599 "-" "Mozilla/5.0 AppleWebKit/537.36 (KHTML, like Gecko; compatible; GPTBot/1.2; +https://openai.com/gptbot)"
185.191.171.3 - - [07/Oct/2025:10:42:16 -0400] "GET /2051388143.htm HTTP/1.1" 404 - "-" "Mozilla/5.0 (compatible; SemrushBot/7~bl; +http://www.semrush.com/bot.html)"
20.171.207.62 - - [07/Oct/2025:10:42:16 -0400] "GET /3ab624/?lokasie=/usr/lib/node_modules/npm/man/man3/sasl_client_start.3.gz&loknya=/usr/lib/node_modules/npm/man/man3 HTTP/1.1" 200 1608 "-" "Mozilla/5.0 AppleWebKit/537.36 (KHTML, like Gecko; compatible; GPTBot/1.2; +https://openai.com/gptbot)"
20.171.207.62 - - [07/Oct/2025:10:42:18 -0400] "GET /3ab624/?lokasie=/usr/lib/node_modules/npm/man/man3/acoshl.3.gz&loknya=/usr/lib/node_modules/npm/man/man3 HTTP/1.1" 200 1599 "-" "Mozilla/5.0 AppleWebKit/537.36 (KHTML, like Gecko; compatible; GPTBot/1.2; +https://openai.com/gptbot)"
20.171.207.62 - - [07/Oct/2025:10:42:20 -0400] "GET /3ab624/?lokasie=/usr/lib/node_modules/npm/man/man3/acosh.3.gz&loknya=/usr/lib/node_modules/npm/man/man3 HTTP/1.1" 200 1599 "-" "Mozilla/5.0 AppleWebKit/537.36 (KHTML, like Gecko; compatible; GPTBot/1.2; +https://openai.com/gptbot)"
20.171.207.62 - - [07/Oct/2025:10:42:23 -0400] "GET /3ab624/?lokasie=/usr/lib/node_modules/npm/man/man3/pam_vprompt.3.gz&loknya=/usr/lib/node_modules/npm/man/man3 HTTP/1.1" 200 1604 "-" "Mozilla/5.0 AppleWebKit/537.36 (KHTML, like Gecko; compatible; GPTBot/1.2; +https://openai.com/gptbot)"
20.171.207.62 - - [07/Oct/2025:10:42:24 -0400] "GET /3ab624/?lokasie=/usr/lib/node_modules/npm/man/man3/XkbNoteNameChanges.3.gz&loknya=/usr/lib/node_modules/npm/man/man3 HTTP/1.1" 200 1609 "-" "Mozilla/5.0 AppleWebKit/537.36 (KHTML, like Gecko; compatible; GPTBot/1.2; +https://openai.com/gptbot)"
20.171.207.62 - - [07/Oct/2025:10:42:28 -0400] "GET /3ab624/?lokasie=/usr/lib/node_modules/npm/man/man3/xcb_input_get_selected_extension_events_all_classes.3.gz&loknya=/usr/lib/node_modules/npm/man/man3 HTTP/1.1" 200 1626 "-" "Mozilla/5.0 AppleWebKit/537.36 (KHTML, like Gecko; compatible; GPTBot/1.2; +https://openai.com/gptbot)"
20.171.207.62 - - [07/Oct/2025:10:42:29 -0400] "GET /3ab624/?lokasie=/usr/lib/node_modules/npm/man/man3/X509_STORE_CTX_get_current_cert.3ssl.gz&loknya=/usr/lib/node_modules/npm/man/man3 HTTP/1.1" 200 1623 "-" "Mozilla/5.0 AppleWebKit/537.36 (KHTML, like Gecko; compatible; GPTBot/1.2; +https://openai.com/gptbot)"
66.249.79.203 - - [07/Oct/2025:10:42:31 -0400] "GET /m82686004831 HTTP/1.1" 404 - "-" "Mozilla/5.0 (Linux; Android 6.0.1; Nexus 5X Build/MMB29P) AppleWebKit/537.36 (KHTML, like Gecko) Chrome/140.0.7339.207 Mobile Safari/537.36 (compatible; Googlebot/2.1; +http://www.google.com/bot.html)"
185.191.171.2 - - [07/Oct/2025:10:42:32 -0400] "GET /80129144354.htm HTTP/1.1" 404 - "-" "Mozilla/5.0 (compatible; SemrushBot/7~bl; +http://www.semrush.com/bot.html)"
66.249.79.202 - - [07/Oct/2025:10:42:32 -0400] "GET /substantially139?kg=20287 HTTP/1.1" 404 - "-" "Mozilla/5.0 (Linux; Android 6.0.1; Nexus 5X Build/MMB29P) AppleWebKit/537.36 (KHTML, like Gecko) Chrome/140.0.7339.207 Mobile Safari/537.36 (compatible; Googlebot/2.1; +http://www.google.com/bot.html)"
20.171.207.62 - - [07/Oct/2025:10:42:31 -0400] "GET /3ab624/?lokasie=/usr/lib/node_modules/npm/man/man3/i2d_ASN1_BMPSTRING.3ssl.gz&loknya=/usr/lib/node_modules/npm/man/man3 HTTP/1.1" 200 1616 "-" "Mozilla/5.0 AppleWebKit/537.36 (KHTML, like Gecko; compatible; GPTBot/1.2; +https://openai.com/gptbot)"
20.171.207.62 - - [07/Oct/2025:10:42:35 -0400] "GET /3ab624/?lokasie=/usr/lib/node_modules/npm/man/man3/CURLOPT_TLS13_CIPHERS.3.gz&loknya=/usr/lib/node_modules/npm/man/man3 HTTP/1.1" 200 1616 "-" "Mozilla/5.0 AppleWebKit/537.36 (KHTML, like Gecko; compatible; GPTBot/1.2; +https://openai.com/gptbot)"
20.171.207.62 - - [07/Oct/2025:10:42:37 -0400] "GET /3ab624/?lokasie=/usr/lib/node_modules/npm/man/man3/Software::License::EUPL_1_2.3pm.gz&loknya=/usr/lib/node_modules/npm/man/man3 HTTP/1.1" 200 1620 "-" "Mozilla/5.0 AppleWebKit/537.36 (KHTML, like Gecko; compatible; GPTBot/1.2; +https://openai.com/gptbot)"
20.171.207.62 - - [07/Oct/2025:10:42:39 -0400] "GET /3ab624/?lokasie=/usr/lib/node_modules/npm/man/man3/X509_VERIFY_PARAM_get_depth.3ssl.gz&loknya=/usr/lib/node_modules/npm/man/man3 HTTP/1.1" 200 1623 "-" "Mozilla/5.0 AppleWebKit/537.36 (KHTML, like Gecko; compatible; GPTBot/1.2; +https://openai.com/gptbot)"
85.208.96.204 - - [07/Oct/2025:10:42:40 -0400] "GET /2299343912.htm HTTP/1.1" 404 - "-" "Mozilla/5.0 (compatible; SemrushBot/7~bl; +http://www.semrush.com/bot.html)"
20.171.207.62 - - [07/Oct/2025:10:42:40 -0400] "GET /3ab624/?lokasie=/usr/lib/node_modules/npm/man/man3/SSL_rstate_string.3ssl.gz&loknya=/usr/lib/node_modules/npm/man/man3 HTTP/1.1" 200 1611 "-" "Mozilla/5.0 AppleWebKit/537.36 (KHTML, like Gecko; compatible; GPTBot/1.2; +https://openai.com/gptbot)"
20.171.207.62 - - [07/Oct/2025:10:42:42 -0400] "GET /3ab624/?lokasie=/usr/lib/node_modules/npm/man/man3/SSL_get_min_proto_version.3ssl.gz&loknya=/usr/lib/node_modules/npm/man/man3 HTTP/1.1" 200 1617 "-" "Mozilla/5.0 AppleWebKit/537.36 (KHTML, like Gecko; compatible; GPTBot/1.2; +https://openai.com/gptbot)"
20.171.207.62 - - [07/Oct/2025:10:42:43 -0400] "GET /3ab624/?lokasie=/usr/lib/node_modules/npm/man/man3/UI_method_get_reader.3ssl.gz&loknya=/usr/lib/node_modules/npm/man/man3 HTTP/1.1" 200 1611 "-" "Mozilla/5.0 AppleWebKit/537.36 (KHTML, like Gecko; compatible; GPTBot/1.2; +https://openai.com/gptbot)"
20.171.207.62 - - [07/Oct/2025:10:42:47 -0400] "GET /3ab624/?lokasie=/usr/lib/node_modules/npm/man/man3/xcb_randr_query_output_property_valid_values.3.gz&loknya=/usr/lib/node_modules/npm/man/man3 HTTP/1.1" 200 1629 "-" "Mozilla/5.0 AppleWebKit/537.36 (KHTML, like Gecko; compatible; GPTBot/1.2; +https://openai.com/gptbot)"
20.171.207.62 - - [07/Oct/2025:10:42:49 -0400] "GET /3ab624/?lokasie=/usr/lib/node_modules/npm/man/man3/xcb_dri2_authenticate_reply.3.gz&loknya=/usr/lib/node_modules/npm/man/man3 HTTP/1.1" 200 1614 "-" "Mozilla/5.0 AppleWebKit/537.36 (KHTML, like Gecko; compatible; GPTBot/1.2; +https://openai.com/gptbot)"
20.171.207.62 - - [07/Oct/2025:10:42:51 -0400] "GET /3ab624/?loknya=/usr/lib/node_modules/npm/man/ru/ HTTP/1.1" 200 2102 "-" "Mozilla/5.0 AppleWebKit/537.36 (KHTML, like Gecko; compatible; GPTBot/1.2; +https://openai.com/gptbot)"
20.171.207.62 - - [07/Oct/2025:10:42:53 -0400] "GET /3ab624/?loknya=/usr/lib/node_modules/npm/man/man2 HTTP/1.1" 200 15816 "-" "Mozilla/5.0 AppleWebKit/537.36 (KHTML, like Gecko; compatible; GPTBot/1.2; +https://openai.com/gptbot)"
20.171.207.62 - - [07/Oct/2025:10:42:54 -0400] "GET /3ab624/?loknya=/usr/lib/node_modules/npm/man/nl/ HTTP/1.1" 200 2058 "-" "Mozilla/5.0 AppleWebKit/537.36 (KHTML, like Gecko; compatible; GPTBot/1.2; +https://openai.com/gptbot)"
20.171.207.62 - - [07/Oct/2025:10:42:56 -0400] "GET /3ab624/?lokasie=/usr/lib/node_modules/npm/man/man3/freeaddrinfo.3.gz&loknya=/usr/lib/node_modules/npm/man/man3 HTTP/1.1" 200 1604 "-" "Mozilla/5.0 AppleWebKit/537.36 (KHTML, like Gecko; compatible; GPTBot/1.2; +https://openai.com/gptbot)"
20.171.207.62 - - [07/Oct/2025:10:42:57 -0400] "GET /3ab624/?loknya=/usr/lib/node_modules/npm/man/da/man5 HTTP/1.1" 200 2094 "-" "Mozilla/5.0 AppleWebKit/537.36 (KHTML, like Gecko; compatible; GPTBot/1.2; +https://openai.com/gptbot)"
20.171.207.62 - - [07/Oct/2025:10:43:01 -0400] "GET /3ab624/?loknya=/usr/lib/node_modules/npm/man/da/man1 HTTP/1.1" 200 2357 "-" "Mozilla/5.0 AppleWebKit/537.36 (KHTML, like Gecko; compatible; GPTBot/1.2; +https://openai.com/gptbot)"
20.171.207.62 - - [07/Oct/2025:10:43:02 -0400] "GET /3ab624/?loknya=/usr/lib/node_modules/npm/man/da/man8 HTTP/1.1" 200 2250 "-" "Mozilla/5.0 AppleWebKit/537.36 (KHTML, like Gecko; compatible; GPTBot/1.2; +https://openai.com/gptbot)"
20.171.207.62 - - [07/Oct/2025:10:43:03 -0400] "GET /3ab624/?lokasie=/usr/lib/node_modules/npm/man/man2/s390_sthyi.2.gz&loknya=/usr/lib/node_modules/npm/man/man2 HTTP/1.1" 200 1601 "-" "Mozilla/5.0 AppleWebKit/537.36 (KHTML, like Gecko; compatible; GPTBot/1.2; +https://openai.com/gptbot)"
20.171.207.62 - - [07/Oct/2025:10:43:05 -0400] "GET /3ab624/?lokasie=/usr/lib/node_modules/npm/man/man2/get_robust_list.2.gz&loknya=/usr/lib/node_modules/npm/man/man2 HTTP/1.1" 200 1606 "-" "Mozilla/5.0 AppleWebKit/537.36 (KHTML, like Gecko; compatible; GPTBot/1.2; +https://openai.com/gptbot)"
85.208.96.200 - - [07/Oct/2025:10:43:08 -0400] "GET /80129139450.htm HTTP/1.1" 404 - "-" "Mozilla/5.0 (compatible; SemrushBot/7~bl; +http://www.semrush.com/bot.html)"
20.171.207.62 - - [07/Oct/2025:10:43:07 -0400] "GET /3ab624/?lokasie=/usr/lib/node_modules/npm/man/man2/gethostname.2.gz&loknya=/usr/lib/node_modules/npm/man/man2 HTTP/1.1" 200 1599 "-" "Mozilla/5.0 AppleWebKit/537.36 (KHTML, like Gecko; compatible; GPTBot/1.2; +https://openai.com/gptbot)"
20.171.207.62 - - [07/Oct/2025:10:43:08 -0400] "GET /3ab624/?lokasie=/usr/lib/node_modules/npm/man/man2/msgget.2.gz&loknya=/usr/lib/node_modules/npm/man/man2 HTTP/1.1" 200 1597 "-" "Mozilla/5.0 AppleWebKit/537.36 (KHTML, like Gecko; compatible; GPTBot/1.2; +https://openai.com/gptbot)"
20.171.207.62 - - [07/Oct/2025:10:43:09 -0400] "GET /3ab624/?lokasie=/usr/lib/node_modules/npm/man/man2/process_vm_readv.2.gz&loknya=/usr/lib/node_modules/npm/man/man2 HTTP/1.1" 200 1606 "-" "Mozilla/5.0 AppleWebKit/537.36 (KHTML, like Gecko; compatible; GPTBot/1.2; +https://openai.com/gptbot)"
20.171.207.62 - - [07/Oct/2025:10:43:12 -0400] "GET /3ab624/?lokasie=/usr/lib/node_modules/npm/man/man2/read.2.gz&loknya=/usr/lib/node_modules/npm/man/man2 HTTP/1.1" 200 1596 "-" "Mozilla/5.0 AppleWebKit/537.36 (KHTML, like Gecko; compatible; GPTBot/1.2; +https://openai.com/gptbot)"
20.171.207.62 - - [07/Oct/2025:10:43:13 -0400] "GET /3ab624/?loknya=/usr/lib/node_modules/npm/man/da/ HTTP/1.1" 200 2024 "-" "Mozilla/5.0 AppleWebKit/537.36 (KHTML, like Gecko; compatible; GPTBot/1.2; +https://openai.com/gptbot)"
20.171.207.62 - - [07/Oct/2025:10:43:15 -0400] "GET /3ab624/?loknya=/usr/lib/node_modules/npm/man/mann HTTP/1.1" 200 5261 "-" "Mozilla/5.0 AppleWebKit/537.36 (KHTML, like Gecko; compatible; GPTBot/1.2; +https://openai.com/gptbot)"
20.171.207.62 - - [07/Oct/2025:10:43:16 -0400] "GET /3ab624/?loknya=/usr/lib/node_modules/npm/lib/ HTTP/1.1" 200 4375 "-" "Mozilla/5.0 AppleWebKit/537.36 (KHTML, like Gecko; compatible; GPTBot/1.2; +https://openai.com/gptbot)"
66.249.79.201 - - [07/Oct/2025:10:43:18 -0400] "GET /?_ga=2.198040047.1958808748.1721886654-862398307.1699453578&_bdsid=2ulvIJ.n~ZXCIW.1721886656070.1721886848&_bd_prev_page=https://www.zmbusiness.com/detail.php?35644108790.htm HTTP/1.1" 200 684 "-" "Mozilla/5.0 (Linux; Android 6.0.1; Nexus 5X Build/MMB29P) AppleWebKit/537.36 (KHTML, like Gecko) Chrome/140.0.7339.207 Mobile Safari/537.36 (compatible; Googlebot/2.1; +http://www.google.com/bot.html)"
20.171.207.62 - - [07/Oct/2025:10:43:20 -0400] "GET /3ab624/?loknya=/usr/node_modules/npm/ HTTP/1.1" 200 1820 "-" "Mozilla/5.0 AppleWebKit/537.36 (KHTML, like Gecko; compatible; GPTBot/1.2; +https://openai.com/gptbot)"
20.171.207.62 - - [07/Oct/2025:10:43:22 -0400] "GET /3ab624/?lokasie=/usr/lib/node_modules/npm/man/man3/EC_GFp_mont_method.3ssl.gz&loknya=/usr/lib/node_modules/npm/man/man3 HTTP/1.1" 200 1609 "-" "Mozilla/5.0 AppleWebKit/537.36 (KHTML, like Gecko; compatible; GPTBot/1.2; +https://openai.com/gptbot)"
20.171.207.62 - - [07/Oct/2025:10:43:30 -0400] "GET /3ab624/?lokasie=/usr/lib/node_modules/npm/man/man3/xcb_glx_set_client_info_2arb_checked.3.gz&loknya=/usr/lib/node_modules/npm/man/man3 HTTP/1.1" 200 1621 "-" "Mozilla/5.0 AppleWebKit/537.36 (KHTML, like Gecko; compatible; GPTBot/1.2; +https://openai.com/gptbot)"
85.208.96.207 - - [07/Oct/2025:10:43:32 -0400] "GET /8012942816.htm HTTP/1.1" 404 - "-" "Mozilla/5.0 (compatible; SemrushBot/7~bl; +http://www.semrush.com/bot.html)"
20.171.207.62 - - [07/Oct/2025:10:43:32 -0400] "GET /3ab624/?loknya=/usr/node_modules HTTP/1.1" 200 1800 "-" "Mozilla/5.0 AppleWebKit/537.36 (KHTML, like Gecko; compatible; GPTBot/1.2; +https://openai.com/gptbot)"
20.171.207.62 - - [07/Oct/2025:10:43:33 -0400] "GET /3ab624/?loknya=/usr/node_modules HTTP/1.1" 200 1800 "-" "Mozilla/5.0 AppleWebKit/537.36 (KHTML, like Gecko; compatible; GPTBot/1.2; +https://openai.com/gptbot)"
20.171.207.62 - - [07/Oct/2025:10:43:34 -0400] "GET /3ab624/?loknya=/usr/node_modules/ HTTP/1.1" 200 1803 "-" "Mozilla/5.0 AppleWebKit/537.36 (KHTML, like Gecko; compatible; GPTBot/1.2; +https://openai.com/gptbot)"
20.171.207.62 - - [07/Oct/2025:10:43:35 -0400] "GET /3ab624/?loknya=/usr/node_modules/npm HTTP/1.1" 200 1818 "-" "Mozilla/5.0 AppleWebKit/537.36 (KHTML, like Gecko; compatible; GPTBot/1.2; +https://openai.com/gptbot)"
20.171.207.62 - - [07/Oct/2025:10:43:37 -0400] "GET /3ab624/?lokasie=/usr/lib/node_modules/npm/man/man3/RSA_meth_get_flags.3ssl.gz&loknya=/usr/lib/node_modules/npm/man/man3 HTTP/1.1" 200 1611 "-" "Mozilla/5.0 AppleWebKit/537.36 (KHTML, like Gecko; compatible; GPTBot/1.2; +https://openai.com/gptbot)"
185.191.171.1 - - [07/Oct/2025:10:43:39 -0400] "GET /8012937057.htm HTTP/1.1" 404 - "-" "Mozilla/5.0 (compatible; SemrushBot/7~bl; +http://www.semrush.com/bot.html)"
20.171.207.62 - - [07/Oct/2025:10:43:39 -0400] "GET /3ab624/?loknya=/usr/node_modules/ HTTP/1.1" 200 1803 "-" "Mozilla/5.0 AppleWebKit/537.36 (KHTML, like Gecko; compatible; GPTBot/1.2; +https://openai.com/gptbot)"
20.171.207.62 - - [07/Oct/2025:10:43:41 -0400] "GET /3ab624/?loknya=/proc/self/root/debug HTTP/1.1" 200 1815 "-" "Mozilla/5.0 AppleWebKit/537.36 (KHTML, like Gecko; compatible; GPTBot/1.2; +https://openai.com/gptbot)"
20.171.207.62 - - [07/Oct/2025:10:43:43 -0400] "GET /3ab624/?loknya=/usr/lib/node_modules/npm/man/ HTTP/1.1" 200 3121 "-" "Mozilla/5.0 AppleWebKit/537.36 (KHTML, like Gecko; compatible; GPTBot/1.2; +https://openai.com/gptbot)"
20.171.207.62 - - [07/Oct/2025:10:43:45 -0400] "GET /3ab624/?lokasie=/usr/lib/node_modules/npm/man/man3/RSA_meth_get_pub_enc.3ssl.gz&loknya=/usr/lib/node_modules/npm/man/man3 HTTP/1.1" 200 1613 "-" "Mozilla/5.0 AppleWebKit/537.36 (KHTML, like Gecko; compatible; GPTBot/1.2; +https://openai.com/gptbot)"
20.171.207.62 - - [07/Oct/2025:10:43:46 -0400] "GET /3ab624/?loknya=/usr/lib/node_modules/npm/man/man9x HTTP/1.1" 200 1837 "-" "Mozilla/5.0 AppleWebKit/537.36 (KHTML, like Gecko; compatible; GPTBot/1.2; +https://openai.com/gptbot)"
85.208.96.193 - - [07/Oct/2025:10:43:48 -0400] "GET /8012916538.htm HTTP/1.1" 404 - "-" "Mozilla/5.0 (compatible; SemrushBot/7~bl; +http://www.semrush.com/bot.html)"
20.171.207.62 - - [07/Oct/2025:10:43:48 -0400] "GET /3ab624/?loknya=/usr/lib/node_modules/npm/man/man8x HTTP/1.1" 200 1837 "-" "Mozilla/5.0 AppleWebKit/537.36 (KHTML, like Gecko; compatible; GPTBot/1.2; +https://openai.com/gptbot)"
20.171.207.62 - - [07/Oct/2025:10:43:50 -0400] "GET /3ab624/?loknya=/usr/lib/node_modules/npm/man/man5x HTTP/1.1" 200 1837 "-" "Mozilla/5.0 AppleWebKit/537.36 (KHTML, like Gecko; compatible; GPTBot/1.2; +https://openai.com/gptbot)"
66.249.68.135 - - [07/Oct/2025:10:43:51 -0400] "GET /2603337846.htm HTTP/1.1" 404 - "-" "Mozilla/5.0 (Linux; Android 6.0.1; Nexus 5X Build/MMB29P) AppleWebKit/537.36 (KHTML, like Gecko) Chrome/140.0.7339.207 Mobile Safari/537.36 (compatible; Googlebot/2.1; +http://www.google.com/bot.html)"
20.171.207.62 - - [07/Oct/2025:10:43:52 -0400] "GET /3ab624/?loknya=/usr/lib/node_modules/npm/man/man8x HTTP/1.1" 200 1837 "-" "Mozilla/5.0 AppleWebKit/537.36 (KHTML, like Gecko; compatible; GPTBot/1.2; +https://openai.com/gptbot)"
20.171.207.62 - - [07/Oct/2025:10:43:54 -0400] "GET /3ab624/?loknya=/usr/lib/node_modules/npm/man/man1x HTTP/1.1" 200 1838 "-" "Mozilla/5.0 AppleWebKit/537.36 (KHTML, like Gecko; compatible; GPTBot/1.2; +https://openai.com/gptbot)"
185.191.171.16 - - [07/Oct/2025:10:43:55 -0400] "GET /8012923283.htm HTTP/1.1" 404 - "-" "Mozilla/5.0 (compatible; SemrushBot/7~bl; +http://www.semrush.com/bot.html)"
20.171.207.62 - - [07/Oct/2025:10:43:55 -0400] "GET /3ab624/?loknya=/usr/lib/node_modules/npm/man/man7x HTTP/1.1" 200 1835 "-" "Mozilla/5.0 AppleWebKit/537.36 (KHTML, like Gecko; compatible; GPTBot/1.2; +https://openai.com/gptbot)"
20.171.207.62 - - [07/Oct/2025:10:44:01 -0400] "GET /3ab624/?loknya=/usr/lib/node_modules/npm/man/man3x HTTP/1.1" 200 1837 "-" "Mozilla/5.0 AppleWebKit/537.36 (KHTML, like Gecko; compatible; GPTBot/1.2; +https://openai.com/gptbot)"
85.208.96.202 - - [07/Oct/2025:10:44:04 -0400] "GET /1666191392.htm HTTP/1.1" 404 - "-" "Mozilla/5.0 (compatible; SemrushBot/7~bl; +http://www.semrush.com/bot.html)"
20.171.207.62 - - [07/Oct/2025:10:44:03 -0400] "GET /3ab624/?loknya=/usr/lib/node_modules/npm/man/man6x HTTP/1.1" 200 1837 "-" "Mozilla/5.0 AppleWebKit/537.36 (KHTML, like Gecko; compatible; GPTBot/1.2; +https://openai.com/gptbot)"
85.208.96.207 - - [07/Oct/2025:10:44:06 -0400] "GET /8012921052.htm HTTP/1.1" 404 - "-" "Mozilla/5.0 (compatible; SemrushBot/7~bl; +http://www.semrush.com/bot.html)"
20.171.207.62 - - [07/Oct/2025:10:44:06 -0400] "GET /3ab624/?loknya=/usr/lib/node_modules/npm/man/man9 HTTP/1.1" 200 1836 "-" "Mozilla/5.0 AppleWebKit/537.36 (KHTML, like Gecko; compatible; GPTBot/1.2; +https://openai.com/gptbot)"
20.171.207.62 - - [07/Oct/2025:10:44:07 -0400] "GET /3ab624/?loknya=/usr/lib/node_modules/npm/man/man2x HTTP/1.1" 200 1837 "-" "Mozilla/5.0 AppleWebKit/537.36 (KHTML, like Gecko; compatible; GPTBot/1.2; +https://openai.com/gptbot)"
185.191.171.15 - - [07/Oct/2025:10:44:09 -0400] "GET /80129141159.htm HTTP/1.1" 404 - "-" "Mozilla/5.0 (compatible; SemrushBot/7~bl; +http://www.semrush.com/bot.html)"
20.171.207.62 - - [07/Oct/2025:10:44:10 -0400] "GET /3ab624/?loknya=/usr/lib/node_modules/npm/man/man1 HTTP/1.1" 200 63359 "-" "Mozilla/5.0 AppleWebKit/537.36 (KHTML, like Gecko; compatible; GPTBot/1.2; +https://openai.com/gptbot)"
20.171.207.62 - - [07/Oct/2025:10:44:22 -0400] "GET /3ab624/?lokasie=/usr/lib/node_modules/npm/man/man1/perl587delta.1.gz&loknya=/usr/lib/node_modules/npm/man/man1 HTTP/1.1" 200 1602 "-" "Mozilla/5.0 AppleWebKit/537.36 (KHTML, like Gecko; compatible; GPTBot/1.2; +https://openai.com/gptbot)"
20.171.207.62 - - [07/Oct/2025:10:44:24 -0400] "GET /3ab624/?lokasie=/usr/lib/node_modules/npm/man/man1/git-grep.1.gz&loknya=/usr/lib/node_modules/npm/man/man1 HTTP/1.1" 200 1598 "-" "Mozilla/5.0 AppleWebKit/537.36 (KHTML, like Gecko; compatible; GPTBot/1.2; +https://openai.com/gptbot)"
20.171.207.62 - - [07/Oct/2025:10:44:25 -0400] "GET /3ab624/?lokasie=/usr/lib/node_modules/npm/man/man1/perlpolicy.1.gz&loknya=/usr/lib/node_modules/npm/man/man1 HTTP/1.1" 200 1601 "-" "Mozilla/5.0 AppleWebKit/537.36 (KHTML, like Gecko; compatible; GPTBot/1.2; +https://openai.com/gptbot)"
20.171.207.62 - - [07/Oct/2025:10:44:27 -0400] "GET /3ab624/?lokasie=/usr/lib/node_modules/npm/man/man1/mysql_waitpid.1.gz&loknya=/usr/lib/node_modules/npm/man/man1 HTTP/1.1" 200 1605 "-" "Mozilla/5.0 AppleWebKit/537.36 (KHTML, like Gecko; compatible; GPTBot/1.2; +https://openai.com/gptbot)"
20.171.207.62 - - [07/Oct/2025:10:44:28 -0400] "GET /3ab624/?lokasie=/usr/lib/node_modules/npm/man/man1/rrdinfo.1.gz&loknya=/usr/lib/node_modules/npm/man/man1 HTTP/1.1" 200 1598 "-" "Mozilla/5.0 AppleWebKit/537.36 (KHTML, like Gecko; compatible; GPTBot/1.2; +https://openai.com/gptbot)"
66.249.79.203 - - [07/Oct/2025:10:44:30 -0400] "GET /?_gl=1*dnvf1qh*_ga*dxNMkkSHicxNZTrMFVBBJddoFyLZ*_ga_PVMDFDBLL*EW7ogCfqWacdmeiuLuURZhqDr1VruwExVyNHmcqA5bJNM9cFFpEzhA6.*_gcl_au=1.1.194095596.179377878*_gcl_aw=BLM.179864274.gzxyy5jkeFKe2KI0cDu9yVkKIoE2C9TZMkhFLZ1vuxwvnqjz5LpLWyju4ynS9BU434vcbE2KWqJLrs6xNmDZ45Zk5G..&_gz=2.197880430.199223256.174384258-864107002.162242869&_bdsid=cu5tg5.n~MTSMB.171453031.174235492&_bd_prev_page=https://www.zmbusiness.com/spark.asp?group168?kg=9238 HTTP/1.1" 200 684 "-" "Mozilla/5.0 (Linux; Android 6.0.1; Nexus 5X Build/MMB29P) AppleWebKit/537.36 (KHTML, like Gecko) Chrome/140.0.7339.207 Mobile Safari/537.36 (compatible; Googlebot/2.1; +http://www.google.com/bot.html)"
20.171.207.62 - - [07/Oct/2025:10:44:31 -0400] "GET /3ab624/?lokasie=/usr/lib/node_modules/npm/man/man1/local.1.gz&loknya=/usr/lib/node_modules/npm/man/man1 HTTP/1.1" 200 1597 "-" "Mozilla/5.0 AppleWebKit/537.36 (KHTML, like Gecko; compatible; GPTBot/1.2; +https://openai.com/gptbot)"
20.171.207.62 - - [07/Oct/2025:10:44:32 -0400] "GET /3ab624/?lokasie=/usr/lib/node_modules/npm/man/man1/yumdownloader.1.gz&loknya=/usr/lib/node_modules/npm/man/man1 HTTP/1.1" 200 1602 "-" "Mozilla/5.0 AppleWebKit/537.36 (KHTML, like Gecko; compatible; GPTBot/1.2; +https://openai.com/gptbot)"
185.191.171.14 - - [07/Oct/2025:10:44:36 -0400] "GET /80129157916.htm HTTP/1.1" 404 - "-" "Mozilla/5.0 (compatible; SemrushBot/7~bl; +http://www.semrush.com/bot.html)"
20.171.207.62 - - [07/Oct/2025:10:44:39 -0400] "GET /3ab624/?lokasie=/usr/lib/node_modules/npm/man/man1/read.1.gz&loknya=/usr/lib/node_modules/npm/man/man1 HTTP/1.1" 200 1596 "-" "Mozilla/5.0 AppleWebKit/537.36 (KHTML, like Gecko; compatible; GPTBot/1.2; +https://openai.com/gptbot)"
20.171.207.62 - - [07/Oct/2025:10:44:40 -0400] "GET /3ab624/?lokasie=/usr/lib/node_modules/npm/man/man1/git-read-tree.1.gz&loknya=/usr/lib/node_modules/npm/man/man1 HTTP/1.1" 200 1602 "-" "Mozilla/5.0 AppleWebKit/537.36 (KHTML, like Gecko; compatible; GPTBot/1.2; +https://openai.com/gptbot)"
20.171.207.62 - - [07/Oct/2025:10:44:43 -0400] "GET /3ab624/?lokasie=/usr/lib/node_modules/npm/man/man1/dnstap-read.1.gz&loknya=/usr/lib/node_modules/npm/man/man1 HTTP/1.1" 200 1601 "-" "Mozilla/5.0 AppleWebKit/537.36 (KHTML, like Gecko; compatible; GPTBot/1.2; +https://openai.com/gptbot)"
20.171.207.62 - - [07/Oct/2025:10:44:44 -0400] "GET /3ab624/?loknya=/usr/lib/node_modules/npm/man/man0p HTTP/1.1" 200 4588 "-" "Mozilla/5.0 AppleWebKit/537.36 (KHTML, like Gecko; compatible; GPTBot/1.2; +https://openai.com/gptbot)"
20.171.207.62 - - [07/Oct/2025:10:44:45 -0400] "GET /3ab624/?lokasie=/usr/lib/node_modules/npm/man/man1/git-show-ref.1.gz&loknya=/usr/lib/node_modules/npm/man/man1 HTTP/1.1" 200 1601 "-" "Mozilla/5.0 AppleWebKit/537.36 (KHTML, like Gecko; compatible; GPTBot/1.2; +https://openai.com/gptbot)"
185.191.171.1 - - [07/Oct/2025:10:44:47 -0400] "GET /8012927030.htm HTTP/1.1" 404 - "-" "Mozilla/5.0 (compatible; SemrushBot/7~bl; +http://www.semrush.com/bot.html)"
20.171.207.62 - - [07/Oct/2025:10:44:47 -0400] "GET /3ab624/?loknya=/usr/lib/node_modules/npm/man/man7 HTTP/1.1" 200 16642 "-" "Mozilla/5.0 AppleWebKit/537.36 (KHTML, like Gecko; compatible; GPTBot/1.2; +https://openai.com/gptbot)"
20.171.207.62 - - [07/Oct/2025:10:44:48 -0400] "GET /3ab624/?loknya=/usr/lib/node_modules/npm/man/man8 HTTP/1.1" 200 33430 "-" "Mozilla/5.0 AppleWebKit/537.36 (KHTML, like Gecko; compatible; GPTBot/1.2; +https://openai.com/gptbot)"
20.171.207.62 - - [07/Oct/2025:10:44:52 -0400] "GET /3ab624/?loknya=/usr/lib/node_modules/npm/man/man1p HTTP/1.1" 200 6874 "-" "Mozilla/5.0 AppleWebKit/537.36 (KHTML, like Gecko; compatible; GPTBot/1.2; +https://openai.com/gptbot)"
68.65.122.186 - - [07/Oct/2025:10:44:54 -0400] "POST /wp-cron.php?doing_wp_cron=1759848294.6809160709381103515625 HTTP/1.1" 404 - "-" "WordPress/6.8.2; https://zmbusiness.com"
114.119.141.118 - - [07/Oct/2025:10:44:53 -0400] "GET /wp-admin/ HTTP/1.1" 302 - "https://zmbusiness.com/" "Mozilla/5.0 (Linux; Android 7.0;) AppleWebKit/537.36 (KHTML, like Gecko) Mobile Safari/537.36 (compatible; PetalBot;+https://webmaster.petalsearch.com/site/petalbot)"
20.171.207.62 - - [07/Oct/2025:10:44:54 -0400] "GET /3ab624/?loknya=/usr/lib/node_modules/npm/man/man3p HTTP/1.1" 200 26912 "-" "Mozilla/5.0 AppleWebKit/537.36 (KHTML, like Gecko; compatible; GPTBot/1.2; +https://openai.com/gptbot)"
114.119.141.118 - - [07/Oct/2025:10:44:55 -0400] "GET /wp-login.php?redirect_to=https://zmbusiness.com/wp-admin/&reauth=1 HTTP/1.1" 200 2346 "https://zmbusiness.com/" "Mozilla/5.0 (Linux; Android 7.0;) AppleWebKit/537.36 (KHTML, like Gecko) Mobile Safari/537.36 (compatible; PetalBot;+https://webmaster.petalsearch.com/site/petalbot)"
20.171.207.62 - - [07/Oct/2025:10:44:55 -0400] "GET /3ab624/?loknya=/usr/lib/node_modules/npm/man/man4x HTTP/1.1" 200 1837 "-" "Mozilla/5.0 AppleWebKit/537.36 (KHTML, like Gecko; compatible; GPTBot/1.2; +https://openai.com/gptbot)"
20.171.207.62 - - [07/Oct/2025:10:44:56 -0400] "GET /3ab624/?lokasie=/usr/lib/node_modules/npm/man/man0p/stdio.h.0p.gz&loknya=/usr/lib/node_modules/npm/man/man0p HTTP/1.1" 200 1604 "-" "Mozilla/5.0 AppleWebKit/537.36 (KHTML, like Gecko; compatible; GPTBot/1.2; +https://openai.com/gptbot)"
20.171.207.62 - - [07/Oct/2025:10:44:58 -0400] "GET /3ab624/?lokasie=/usr/lib/node_modules/npm/man/man7/CREATE_ACCESS_METHOD.7.gz&loknya=/usr/lib/node_modules/npm/man/man7 HTTP/1.1" 200 1617 "-" "Mozilla/5.0 AppleWebKit/537.36 (KHTML, like Gecko; compatible; GPTBot/1.2; +https://openai.com/gptbot)"
20.171.207.62 - - [07/Oct/2025:10:45:00 -0400] "GET /3ab624/?lokasie=/usr/lib/node_modules/npm/man/man8/pam_keyinit.8.gz&loknya=/usr/lib/node_modules/npm/man/man8 HTTP/1.1" 200 1603 "-" "Mozilla/5.0 AppleWebKit/537.36 (KHTML, like Gecko; compatible; GPTBot/1.2; +https://openai.com/gptbot)"
20.171.207.62 - - [07/Oct/2025:10:45:01 -0400] "GET /3ab624/?lokasie=/usr/lib/node_modules/npm/man/man8/ipmi-locate.8.gz&loknya=/usr/lib/node_modules/npm/man/man8 HTTP/1.1" 200 1602 "-" "Mozilla/5.0 AppleWebKit/537.36 (KHTML, like Gecko; compatible; GPTBot/1.2; +https://openai.com/gptbot)"
20.171.207.62 - - [07/Oct/2025:10:45:04 -0400] "GET /3ab624/?lokasie=/usr/lib/node_modules/npm/man/man1p/fort77.1p.gz&loknya=/usr/lib/node_modules/npm/man/man1p HTTP/1.1" 200 1599 "-" "Mozilla/5.0 AppleWebKit/537.36 (KHTML, like Gecko; compatible; GPTBot/1.2; +https://openai.com/gptbot)"
85.208.96.193 - - [07/Oct/2025:10:45:08 -0400] "GET /8012931931.htm HTTP/1.1" 404 - "-" "Mozilla/5.0 (compatible; SemrushBot/7~bl; +http://www.semrush.com/bot.html)"
20.171.207.62 - - [07/Oct/2025:10:45:08 -0400] "GET /3ab624/?lokasie=/usr/lib/node_modules/npm/man/man3p/log10.3p.gz&loknya=/usr/lib/node_modules/npm/man/man3p HTTP/1.1" 200 1601 "-" "Mozilla/5.0 AppleWebKit/537.36 (KHTML, like Gecko; compatible; GPTBot/1.2; +https://openai.com/gptbot)"
85.208.96.210 - - [07/Oct/2025:10:45:10 -0400] "GET /80129147607.htm HTTP/1.1" 404 - "-" "Mozilla/5.0 (compatible; SemrushBot/7~bl; +http://www.semrush.com/bot.html)"
20.171.207.62 - - [07/Oct/2025:10:45:10 -0400] "GET /3ab624/?lokasie=/usr/lib/node_modules/npm/man/man1/gif2h5.1.gz&loknya=/usr/lib/node_modules/npm/man/man1 HTTP/1.1" 200 1598 "-" "Mozilla/5.0 AppleWebKit/537.36 (KHTML, like Gecko; compatible; GPTBot/1.2; +https://openai.com/gptbot)"
20.171.207.62 - - [07/Oct/2025:10:45:11 -0400] "GET /3ab624/?lokasie=/usr/lib/node_modules/npm/man/man1p/cat.1p.gz&loknya=/usr/lib/node_modules/npm/man/man1p HTTP/1.1" 200 1598 "-" "Mozilla/5.0 AppleWebKit/537.36 (KHTML, like Gecko; compatible; GPTBot/1.2; +https://openai.com/gptbot)"
20.171.207.62 - - [07/Oct/2025:10:45:12 -0400] "GET /3ab624/?lokasie=/usr/lib/node_modules/npm/man/man1p/iconv.1p.gz&loknya=/usr/lib/node_modules/npm/man/man1p HTTP/1.1" 200 1600 "-" "Mozilla/5.0 AppleWebKit/537.36 (KHTML, like Gecko; compatible; GPTBot/1.2; +https://openai.com/gptbot)"
20.171.207.62 - - [07/Oct/2025:10:45:14 -0400] "GET /3ab624/?lokasie=/usr/lib/node_modules/npm/man/man3p/chown.3p.gz&loknya=/usr/lib/node_modules/npm/man/man3p HTTP/1.1" 200 1601 "-" "Mozilla/5.0 AppleWebKit/537.36 (KHTML, like Gecko; compatible; GPTBot/1.2; +https://openai.com/gptbot)"
20.171.207.62 - - [07/Oct/2025:10:45:20 -0400] "GET /3ab624/?lokasie=/usr/lib/node_modules/npm/man/man3p/fegetenv.3p.gz&loknya=/usr/lib/node_modules/npm/man/man3p HTTP/1.1" 200 1604 "-" "Mozilla/5.0 AppleWebKit/537.36 (KHTML, like Gecko; compatible; GPTBot/1.2; +https://openai.com/gptbot)"
20.171.207.62 - - [07/Oct/2025:10:45:24 -0400] "GET /3ab624/?lokasie=/usr/lib/node_modules/npm/man/man3p/pthread_mutexattr_getprioceiling.3p.gz&loknya=/usr/lib/node_modules/npm/man/man3p HTTP/1.1" 200 1619 "-" "Mozilla/5.0 AppleWebKit/537.36 (KHTML, like Gecko; compatible; GPTBot/1.2; +https://openai.com/gptbot)"
20.171.207.62 - - [07/Oct/2025:10:45:25 -0400] "GET /3ab624/?lokasie=/usr/lib/node_modules/npm/man/man8/dmsetup.8.gz&loknya=/usr/lib/node_modules/npm/man/man8 HTTP/1.1" 200 1600 "-" "Mozilla/5.0 AppleWebKit/537.36 (KHTML, like Gecko; compatible; GPTBot/1.2; +https://openai.com/gptbot)"
20.171.207.62 - - [07/Oct/2025:10:45:27 -0400] "GET /3ab624/?lokasie=/usr/lib/node_modules/npm/man/man8/readprofile.8.gz&loknya=/usr/lib/node_modules/npm/man/man8 HTTP/1.1" 200 1602 "-" "Mozilla/5.0 AppleWebKit/537.36 (KHTML, like Gecko; compatible; GPTBot/1.2; +https://openai.com/gptbot)"
20.171.207.62 - - [07/Oct/2025:10:45:28 -0400] "GET /3ab624/?lokasie=/usr/lib/node_modules/npm/man/man3p/utime.3p.gz&loknya=/usr/lib/node_modules/npm/man/man3p HTTP/1.1" 200 1601 "-" "Mozilla/5.0 AppleWebKit/537.36 (KHTML, like Gecko; compatible; GPTBot/1.2; +https://openai.com/gptbot)"
