66.249.79.201 - - [07/Oct/2025:08:25:50 -0400] "GET /fear158?kg=35744 HTTP/1.1" 404 - "-" "Mozilla/5.0 (Linux; Android 6.0.1; Nexus 5X Build/MMB29P) AppleWebKit/537.36 (KHTML, like Gecko) Chrome/140.0.7339.207 Mobile Safari/537.36 (compatible; Googlebot/2.1; +http://www.google.com/bot.html)"
20.171.207.62 - - [07/Oct/2025:08:25:51 -0400] "GET /3ab624/?loknya=/proc/self/root/proc/irq/36/ HTTP/1.1" 200 2345 "-" "Mozilla/5.0 AppleWebKit/537.36 (KHTML, like Gecko; compatible; GPTBot/1.2; +https://openai.com/gptbot)"
185.191.171.10 - - [07/Oct/2025:08:25:55 -0400] "GET /8012963394.htm HTTP/1.1" 404 - "-" "Mozilla/5.0 (compatible; SemrushBot/7~bl; +http://www.semrush.com/bot.html)"
20.171.207.62 - - [07/Oct/2025:08:25:56 -0400] "GET /3ab624/?loknya=/proc/self/root/proc/irq/27/aerdrv HTTP/1.1" 200 1839 "-" "Mozilla/5.0 AppleWebKit/537.36 (KHTML, like Gecko; compatible; GPTBot/1.2; +https://openai.com/gptbot)"
20.171.207.62 - - [07/Oct/2025:08:25:59 -0400] "GET /3ab624/?loknya=/proc/self/root/proc/irq/29/aerdrv HTTP/1.1" 200 1839 "-" "Mozilla/5.0 AppleWebKit/537.36 (KHTML, like Gecko; compatible; GPTBot/1.2; +https://openai.com/gptbot)"
20.171.207.62 - - [07/Oct/2025:08:26:00 -0400] "GET /3ab624/?loknya=/proc/self/root/proc/irq/30/aerdrv HTTP/1.1" 200 1838 "-" "Mozilla/5.0 AppleWebKit/537.36 (KHTML, like Gecko; compatible; GPTBot/1.2; +https://openai.com/gptbot)"
20.171.207.62 - - [07/Oct/2025:08:26:05 -0400] "GET /3ab624/?loknya=/proc/self/root/proc/irq/31/ HTTP/1.1" 200 2345 "-" "Mozilla/5.0 AppleWebKit/537.36 (KHTML, like Gecko; compatible; GPTBot/1.2; +https://openai.com/gptbot)"
20.171.207.62 - - [07/Oct/2025:08:26:07 -0400] "GET /3ab624/?lokasie=/bin/ps2pdf12&loknya=/bin HTTP/1.1" 200 1684 "-" "Mozilla/5.0 AppleWebKit/537.36 (KHTML, like Gecko; compatible; GPTBot/1.2; +https://openai.com/gptbot)"
18.97.9.174 - - [07/Oct/2025:08:26:08 -0400] "GET /out14?kg=35338 HTTP/1.1" 404 - "-" "CCBot/2.0 (https://commoncrawl.org/faq/)"
20.171.207.62 - - [07/Oct/2025:08:26:09 -0400] "GET /3ab624/?loknya=/proc/self/root/proc/irq/27/ HTTP/1.1" 200 2346 "-" "Mozilla/5.0 AppleWebKit/537.36 (KHTML, like Gecko; compatible; GPTBot/1.2; +https://openai.com/gptbot)"
20.171.207.62 - - [07/Oct/2025:08:26:10 -0400] "GET /3ab624/?loknya=/proc/self/root/proc/irq/30/ HTTP/1.1" 200 2345 "-" "Mozilla/5.0 AppleWebKit/537.36 (KHTML, like Gecko; compatible; GPTBot/1.2; +https://openai.com/gptbot)"
20.171.207.62 - - [07/Oct/2025:08:26:12 -0400] "GET /3ab624/?loknya=/proc/self/root/proc/irq/29/ HTTP/1.1" 200 2346 "-" "Mozilla/5.0 AppleWebKit/537.36 (KHTML, like Gecko; compatible; GPTBot/1.2; +https://openai.com/gptbot)"
85.208.98.19 - - [07/Oct/2025:08:26:16 -0400] "GET /10172115529.htm HTTP/1.1" 404 - "-" "Mozilla/5.0 (compatible; SemrushBot-BA; +http://www.semrush.com/bot.html)"
20.171.207.62 - - [07/Oct/2025:08:26:16 -0400] "GET /3ab624/?lokasie=/bin/ps2pdf14&loknya=/bin HTTP/1.1" 200 1683 "-" "Mozilla/5.0 AppleWebKit/537.36 (KHTML, like Gecko; compatible; GPTBot/1.2; +https://openai.com/gptbot)"
185.191.171.1 - - [07/Oct/2025:08:26:18 -0400] "GET /2299326485.htm HTTP/1.1" 404 - "-" "Mozilla/5.0 (compatible; SemrushBot/7~bl; +http://www.semrush.com/bot.html)"
20.171.207.62 - - [07/Oct/2025:08:26:17 -0400] "GET /3ab624/?loknya=/proc/self/root/proc/irq/29/ HTTP/1.1" 200 2346 "-" "Mozilla/5.0 AppleWebKit/537.36 (KHTML, like Gecko; compatible; GPTBot/1.2; +https://openai.com/gptbot)"
185.191.171.5 - - [07/Oct/2025:08:26:20 -0400] "GET /8012941654.htm HTTP/1.1" 404 - "-" "Mozilla/5.0 (compatible; SemrushBot/7~bl; +http://www.semrush.com/bot.html)"
20.171.207.62 - - [07/Oct/2025:08:26:20 -0400] "GET /3ab624/?loknya=/usr/lib64/perl5/auto/Time/ HTTP/1.1" 200 1950 "-" "Mozilla/5.0 AppleWebKit/537.36 (KHTML, like Gecko; compatible; GPTBot/1.2; +https://openai.com/gptbot)"
20.171.207.62 - - [07/Oct/2025:08:26:21 -0400] "GET /3ab624/?loknya=/usr/lib/systemd/system/default.target.wants HTTP/1.1" 200 1827 "-" "Mozilla/5.0 AppleWebKit/537.36 (KHTML, like Gecko; compatible; GPTBot/1.2; +https://openai.com/gptbot)"
20.171.207.62 - - [07/Oct/2025:08:26:23 -0400] "GET /3ab624/?loknya=/usr/lib64/perl5/auto/PerlIO/scalar HTTP/1.1" 200 2000 "-" "Mozilla/5.0 AppleWebKit/537.36 (KHTML, like Gecko; compatible; GPTBot/1.2; +https://openai.com/gptbot)"
20.171.207.62 - - [07/Oct/2025:08:26:26 -0400] "GET /3ab624/?loknya=/proc/self/root/usr/lib64/perl5/B HTTP/1.1" 200 2143 "-" "Mozilla/5.0 AppleWebKit/537.36 (KHTML, like Gecko; compatible; GPTBot/1.2; +https://openai.com/gptbot)"
20.171.207.62 - - [07/Oct/2025:08:26:29 -0400] "GET /3ab624/?loknya=/proc/self/root/var/softaculous/classicpress HTTP/1.1" 200 3132 "-" "Mozilla/5.0 AppleWebKit/537.36 (KHTML, like Gecko; compatible; GPTBot/1.2; +https://openai.com/gptbot)"
85.208.96.209 - - [07/Oct/2025:08:26:32 -0400] "GET /80129131416.htm HTTP/1.1" 404 - "-" "Mozilla/5.0 (compatible; SemrushBot/7~bl; +http://www.semrush.com/bot.html)"
20.171.207.62 - - [07/Oct/2025:08:26:31 -0400] "GET /3ab624/?loknya=/usr/lib/systemd/system/ HTTP/1.1" 200 16710 "-" "Mozilla/5.0 AppleWebKit/537.36 (KHTML, like Gecko; compatible; GPTBot/1.2; +https://openai.com/gptbot)"
20.171.207.62 - - [07/Oct/2025:08:26:33 -0400] "GET /3ab624/?loknya=/lib/firmware/qcom/venus-6.0 HTTP/1.1" 200 1998 "-" "Mozilla/5.0 AppleWebKit/537.36 (KHTML, like Gecko; compatible; GPTBot/1.2; +https://openai.com/gptbot)"
20.171.207.62 - - [07/Oct/2025:08:26:34 -0400] "GET /3ab624/?loknya=/lib/firmware/qcom/venus-5.2 HTTP/1.1" 200 2039 "-" "Mozilla/5.0 AppleWebKit/537.36 (KHTML, like Gecko; compatible; GPTBot/1.2; +https://openai.com/gptbot)"
20.171.207.62 - - [07/Oct/2025:08:26:36 -0400] "GET /3ab624/?loknya=/lib/firmware/qcom/venus-5.4 HTTP/1.1" 200 2082 "-" "Mozilla/5.0 AppleWebKit/537.36 (KHTML, like Gecko; compatible; GPTBot/1.2; +https://openai.com/gptbot)"
185.191.171.19 - - [07/Oct/2025:08:26:38 -0400] "GET /8012936703.htm HTTP/1.1" 404 - "-" "Mozilla/5.0 (compatible; SemrushBot/7~bl; +http://www.semrush.com/bot.html)"
20.171.207.62 - - [07/Oct/2025:08:26:43 -0400] "GET /3ab624/?lokasie=/usr/lib/systemd/system//sockets.target&loknya=/usr/lib/systemd/system/ HTTP/1.1" 200 1810 "-" "Mozilla/5.0 AppleWebKit/537.36 (KHTML, like Gecko; compatible; GPTBot/1.2; +https://openai.com/gptbot)"
20.171.207.62 - - [07/Oct/2025:08:26:44 -0400] "GET /3ab624/?lokasie=/usr/lib/systemd/system//import-state.service&loknya=/usr/lib/systemd/system/ HTTP/1.1" 200 1815 "-" "Mozilla/5.0 AppleWebKit/537.36 (KHTML, like Gecko; compatible; GPTBot/1.2; +https://openai.com/gptbot)"
18.97.9.174 - - [07/Oct/2025:08:26:45 -0400] "GET /transit/boyfriend14/xklu5-19697/ HTTP/1.1" 404 - "-" "CCBot/2.0 (https://commoncrawl.org/faq/)"
20.171.207.62 - - [07/Oct/2025:08:26:45 -0400] "GET /3ab624/?lokasie=/usr/lib/systemd/system//systemd-ask-password-console.service&loknya=/usr/lib/systemd/system/ HTTP/1.1" 200 1981 "-" "Mozilla/5.0 AppleWebKit/537.36 (KHTML, like Gecko; compatible; GPTBot/1.2; +https://openai.com/gptbot)"
20.171.207.62 - - [07/Oct/2025:08:26:46 -0400] "GET /3ab624/?lokasie=/usr/lib/systemd/system//plymouth-read-write.service&loknya=/usr/lib/systemd/system/ HTTP/1.1" 200 1755 "-" "Mozilla/5.0 AppleWebKit/537.36 (KHTML, like Gecko; compatible; GPTBot/1.2; +https://openai.com/gptbot)"
20.171.207.62 - - [07/Oct/2025:08:26:48 -0400] "GET /3ab624/?lokasie=/usr/lib/systemd/system//imunify-antivirus-sensor.socket&loknya=/usr/lib/systemd/system/ HTTP/1.1" 200 1878 "-" "Mozilla/5.0 AppleWebKit/537.36 (KHTML, like Gecko; compatible; GPTBot/1.2; +https://openai.com/gptbot)"
185.191.171.4 - - [07/Oct/2025:08:26:49 -0400] "GET /22993116519.htm HTTP/1.1" 404 - "-" "Mozilla/5.0 (compatible; SemrushBot/7~bl; +http://www.semrush.com/bot.html)"
185.191.171.14 - - [07/Oct/2025:08:26:52 -0400] "GET /8012958739.htm HTTP/1.1" 404 - "-" "Mozilla/5.0 (compatible; SemrushBot/7~bl; +http://www.semrush.com/bot.html)"
68.65.122.186 - - [07/Oct/2025:08:26:54 -0400] "POST /wp-cron.php?doing_wp_cron=1759840014.6553881168365478515625 HTTP/1.1" 404 - "-" "WordPress/6.8.2; https://zmbusiness.com"
20.40.40.110 - - [07/Oct/2025:08:26:53 -0400] "POST /wp-login.php HTTP/1.1" 200 7254 "-" "Mozilla/5.0"
20.171.207.62 - - [07/Oct/2025:08:26:54 -0400] "GET /3ab624/?lokasie=/usr/lib/systemd/system//initrd-root-device.target&loknya=/usr/lib/systemd/system/ HTTP/1.1" 200 1913 "-" "Mozilla/5.0 AppleWebKit/537.36 (KHTML, like Gecko; compatible; GPTBot/1.2; +https://openai.com/gptbot)"
20.171.207.62 - - [07/Oct/2025:08:26:56 -0400] "GET /3ab624/?loknya=/proc/self/root/opt/alt/python35/bin HTTP/1.1" 200 2604 "-" "Mozilla/5.0 AppleWebKit/537.36 (KHTML, like Gecko; compatible; GPTBot/1.2; +https://openai.com/gptbot)"
20.171.207.62 - - [07/Oct/2025:08:26:58 -0400] "GET /3ab624/?loknya=/proc/self/root/opt/alt/python27/bin HTTP/1.1" 200 2568 "-" "Mozilla/5.0 AppleWebKit/537.36 (KHTML, like Gecko; compatible; GPTBot/1.2; +https://openai.com/gptbot)"
20.171.207.62 - - [07/Oct/2025:08:26:59 -0400] "GET /3ab624/?loknya=/proc/self/root/opt/alt/python39/bin HTTP/1.1" 200 2652 "-" "Mozilla/5.0 AppleWebKit/537.36 (KHTML, like Gecko; compatible; GPTBot/1.2; +https://openai.com/gptbot)"
20.171.207.62 - - [07/Oct/2025:08:27:00 -0400] "GET /3ab624/?loknya=/proc/self/root/opt/alt/python38/bin HTTP/1.1" 200 2654 "-" "Mozilla/5.0 AppleWebKit/537.36 (KHTML, like Gecko; compatible; GPTBot/1.2; +https://openai.com/gptbot)"
20.171.207.62 - - [07/Oct/2025:08:27:05 -0400] "GET /3ab624/?loknya=/proc/self/root/opt/alt/python37/usr HTTP/1.1" 200 2005 "-" "Mozilla/5.0 AppleWebKit/537.36 (KHTML, like Gecko; compatible; GPTBot/1.2; +https://openai.com/gptbot)"
20.171.207.62 - - [07/Oct/2025:08:27:07 -0400] "GET /3ab624/?loknya=/proc/self/root/var/softaculous/ojs33 HTTP/1.1" 200 2893 "-" "Mozilla/5.0 AppleWebKit/537.36 (KHTML, like Gecko; compatible; GPTBot/1.2; +https://openai.com/gptbot)"
20.171.207.62 - - [07/Oct/2025:08:27:09 -0400] "GET /3ab624/?loknya=/proc/self/root/opt/alt/python37/bin HTTP/1.1" 200 2875 "-" "Mozilla/5.0 AppleWebKit/537.36 (KHTML, like Gecko; compatible; GPTBot/1.2; +https://openai.com/gptbot)"
85.208.96.208 - - [07/Oct/2025:08:27:17 -0400] "GET /8012939750.htm HTTP/1.1" 404 - "-" "Mozilla/5.0 (compatible; SemrushBot/7~bl; +http://www.semrush.com/bot.html)"
20.171.207.62 - - [07/Oct/2025:08:27:21 -0400] "GET /announcement169?kg=35319 HTTP/1.1" 404 - "-" "Mozilla/5.0 AppleWebKit/537.36 (KHTML, like Gecko; compatible; GPTBot/1.2; +https://openai.com/gptbot)"
85.208.96.196 - - [07/Oct/2025:08:27:24 -0400] "GET /80129109043.htm HTTP/1.1" 404 - "-" "Mozilla/5.0 (compatible; SemrushBot/7~bl; +http://www.semrush.com/bot.html)"
18.97.9.174 - - [07/Oct/2025:08:27:24 -0400] "GET /glory/ready19/pcgc2-7510/ HTTP/1.1" 404 - "-" "CCBot/2.0 (https://commoncrawl.org/faq/)"
20.171.207.62 - - [07/Oct/2025:08:27:28 -0400] "GET /manufacturer228?kg=42426 HTTP/1.1" 404 - "-" "Mozilla/5.0 AppleWebKit/537.36 (KHTML, like Gecko; compatible; GPTBot/1.2; +https://openai.com/gptbot)"
20.171.207.62 - - [07/Oct/2025:08:27:37 -0400] "GET /organization117?kg=24113 HTTP/1.1" 404 - "-" "Mozilla/5.0 AppleWebKit/537.36 (KHTML, like Gecko; compatible; GPTBot/1.2; +https://openai.com/gptbot)"
85.208.96.208 - - [07/Oct/2025:08:27:49 -0400] "GET /8012914740.htm HTTP/1.1" 404 - "-" "Mozilla/5.0 (compatible; SemrushBot/7~bl; +http://www.semrush.com/bot.html)"
66.249.79.201 - - [07/Oct/2025:08:27:56 -0400] "GET /bureau/absolutely4/a50f8-557/ HTTP/1.1" 404 - "-" "Mozilla/5.0 (Linux; Android 6.0.1; Nexus 5X Build/MMB29P) AppleWebKit/537.36 (KHTML, like Gecko) Chrome/140.0.7339.207 Mobile Safari/537.36 (compatible; Googlebot/2.1; +http://www.google.com/bot.html)"
18.97.9.174 - - [07/Oct/2025:08:28:03 -0400] "GET /push/working11/xzr5j-6566/ HTTP/1.1" 404 - "-" "CCBot/2.0 (https://commoncrawl.org/faq/)"
20.171.207.62 - - [07/Oct/2025:08:28:14 -0400] "GET /architecture224?kg=34200 HTTP/1.1" 404 - "-" "Mozilla/5.0 AppleWebKit/537.36 (KHTML, like Gecko; compatible; GPTBot/1.2; +https://openai.com/gptbot)"
20.171.207.62 - - [07/Oct/2025:08:28:17 -0400] "GET /disappointed110?kg=18156 HTTP/1.1" 404 - "-" "Mozilla/5.0 AppleWebKit/537.36 (KHTML, like Gecko; compatible; GPTBot/1.2; +https://openai.com/gptbot)"
20.171.207.62 - - [07/Oct/2025:08:28:18 -0400] "GET /availability134?kg=37290 HTTP/1.1" 404 - "-" "Mozilla/5.0 AppleWebKit/537.36 (KHTML, like Gecko; compatible; GPTBot/1.2; +https://openai.com/gptbot)"
185.191.171.11 - - [07/Oct/2025:08:28:18 -0400] "GET /80129153631.htm HTTP/1.1" 404 - "-" "Mozilla/5.0 (compatible; SemrushBot/7~bl; +http://www.semrush.com/bot.html)"
20.171.207.62 - - [07/Oct/2025:08:28:32 -0400] "GET /transmission208?kg=23680 HTTP/1.1" 404 - "-" "Mozilla/5.0 AppleWebKit/537.36 (KHTML, like Gecko; compatible; GPTBot/1.2; +https://openai.com/gptbot)"
185.191.171.1 - - [07/Oct/2025:08:28:33 -0400] "GET /2299341061.htm HTTP/1.1" 404 - "-" "Mozilla/5.0 (compatible; SemrushBot/7~bl; +http://www.semrush.com/bot.html)"
20.171.207.62 - - [07/Oct/2025:08:28:37 -0400] "GET /occasionally296?kg=40224 HTTP/1.1" 404 - "-" "Mozilla/5.0 AppleWebKit/537.36 (KHTML, like Gecko; compatible; GPTBot/1.2; +https://openai.com/gptbot)"
18.97.9.174 - - [07/Oct/2025:08:28:41 -0400] "GET /?k=2319503413537&channel=193e69&from=https://zmbusiness.com/site.jsp?Democrat/electronics2/m2m1f-45673/ HTTP/1.1" 200 684 "-" "CCBot/2.0 (https://commoncrawl.org/faq/)"
20.171.207.62 - - [07/Oct/2025:08:28:49 -0400] "GET /characterize105?kg=32181 HTTP/1.1" 404 - "-" "Mozilla/5.0 AppleWebKit/537.36 (KHTML, like Gecko; compatible; GPTBot/1.2; +https://openai.com/gptbot)"
20.171.207.62 - - [07/Oct/2025:08:28:54 -0400] "GET /disappointed236?kg=31396 HTTP/1.1" 404 - "-" "Mozilla/5.0 AppleWebKit/537.36 (KHTML, like Gecko; compatible; GPTBot/1.2; +https://openai.com/gptbot)"
20.171.207.62 - - [07/Oct/2025:08:28:55 -0400] "GET /consistently231?kg=23265 HTTP/1.1" 404 - "-" "Mozilla/5.0 AppleWebKit/537.36 (KHTML, like Gecko; compatible; GPTBot/1.2; +https://openai.com/gptbot)"
85.208.96.202 - - [07/Oct/2025:08:28:56 -0400] "GET /80129135903.htm HTTP/1.1" 404 - "-" "Mozilla/5.0 (compatible; SemrushBot/7~bl; +http://www.semrush.com/bot.html)"
20.171.207.62 - - [07/Oct/2025:08:29:01 -0400] "GET /successfully234?kg=14436 HTTP/1.1" 404 - "-" "Mozilla/5.0 AppleWebKit/537.36 (KHTML, like Gecko; compatible; GPTBot/1.2; +https://openai.com/gptbot)"
85.208.96.209 - - [07/Oct/2025:08:29:08 -0400] "GET /8012962979.htm HTTP/1.1" 404 - "-" "Mozilla/5.0 (compatible; SemrushBot/7~bl; +http://www.semrush.com/bot.html)"
20.171.207.62 - - [07/Oct/2025:08:29:11 -0400] "GET /architecture279?kg=31597 HTTP/1.1" 404 - "-" "Mozilla/5.0 AppleWebKit/537.36 (KHTML, like Gecko; compatible; GPTBot/1.2; +https://openai.com/gptbot)"
185.191.171.10 - - [07/Oct/2025:08:29:11 -0400] "GET /20513147723.htm HTTP/1.1" 404 - "-" "Mozilla/5.0 (compatible; SemrushBot/7~bl; +http://www.semrush.com/bot.html)"
20.171.207.62 - - [07/Oct/2025:08:29:12 -0400] "GET /organization247?kg=39283 HTTP/1.1" 404 - "-" "Mozilla/5.0 AppleWebKit/537.36 (KHTML, like Gecko; compatible; GPTBot/1.2; +https://openai.com/gptbot)"
85.208.96.197 - - [07/Oct/2025:08:29:15 -0400] "GET /8012946806.htm HTTP/1.1" 404 - "-" "Mozilla/5.0 (compatible; SemrushBot/7~bl; +http://www.semrush.com/bot.html)"
18.97.9.174 - - [07/Oct/2025:08:29:19 -0400] "GET /medication/violate28/bxqwj-19185/ HTTP/1.1" 404 - "-" "CCBot/2.0 (https://commoncrawl.org/faq/)"
20.171.207.62 - - [07/Oct/2025:08:29:23 -0400] "GET /intelligence229?kg=19255 HTTP/1.1" 404 - "-" "Mozilla/5.0 AppleWebKit/537.36 (KHTML, like Gecko; compatible; GPTBot/1.2; +https://openai.com/gptbot)"
20.171.207.62 - - [07/Oct/2025:08:29:25 -0400] "GET /availability143?kg=41123 HTTP/1.1" 404 - "-" "Mozilla/5.0 AppleWebKit/537.36 (KHTML, like Gecko; compatible; GPTBot/1.2; +https://openai.com/gptbot)"
20.171.207.62 - - [07/Oct/2025:08:29:26 -0400] "GET /carbohydrate193?kg=43733 HTTP/1.1" 404 - "-" "Mozilla/5.0 AppleWebKit/537.36 (KHTML, like Gecko; compatible; GPTBot/1.2; +https://openai.com/gptbot)"
20.171.207.62 - - [07/Oct/2025:08:29:27 -0400] "GET /organization137?kg=11041 HTTP/1.1" 404 - "-" "Mozilla/5.0 AppleWebKit/537.36 (KHTML, like Gecko; compatible; GPTBot/1.2; +https://openai.com/gptbot)"
20.171.207.62 - - [07/Oct/2025:08:29:31 -0400] "GET /introduction140?kg=30430 HTTP/1.1" 404 - "-" "Mozilla/5.0 AppleWebKit/537.36 (KHTML, like Gecko; compatible; GPTBot/1.2; +https://openai.com/gptbot)"
185.191.171.11 - - [07/Oct/2025:08:29:33 -0400] "GET /8012957786.htm HTTP/1.1" 404 - "-" "Mozilla/5.0 (compatible; SemrushBot/7~bl; +http://www.semrush.com/bot.html)"
114.119.138.98 - - [07/Oct/2025:08:29:33 -0400] "GET /flood/repeat285/7uluk-40858/ HTTP/1.1" 404 - "http://zmbusiness.com/?sitemap638.xml" "Mozilla/5.0 (Linux; Android 7.0;) AppleWebKit/537.36 (KHTML, like Gecko) Mobile Safari/537.36 (compatible; PetalBot;+https://webmaster.petalsearch.com/site/petalbot)"
85.208.96.196 - - [07/Oct/2025:08:29:35 -0400] "GET /80129145385.htm HTTP/1.1" 404 - "-" "Mozilla/5.0 (compatible; SemrushBot/7~bl; +http://www.semrush.com/bot.html)"
20.171.207.62 - - [07/Oct/2025:08:29:38 -0400] "GET /prescription292?kg=29100 HTTP/1.1" 404 - "-" "Mozilla/5.0 AppleWebKit/537.36 (KHTML, like Gecko; compatible; GPTBot/1.2; +https://openai.com/gptbot)"
85.208.96.203 - - [07/Oct/2025:08:29:38 -0400] "GET /6857971963.htm HTTP/1.1" 404 - "-" "Mozilla/5.0 (compatible; SemrushBot/7~bl; +http://www.semrush.com/bot.html)"
20.171.207.62 - - [07/Oct/2025:08:29:39 -0400] "GET /satisfaction286?kg=46588 HTTP/1.1" 404 - "-" "Mozilla/5.0 AppleWebKit/537.36 (KHTML, like Gecko; compatible; GPTBot/1.2; +https://openai.com/gptbot)"
185.191.171.12 - - [07/Oct/2025:08:29:42 -0400] "GET /robots.txt HTTP/1.1" 200 131 "-" "Mozilla/5.0 (compatible; SemrushBot/7~bl; +http://www.semrush.com/bot.html)"
185.191.171.7 - - [07/Oct/2025:08:29:43 -0400] "GET /8012954240.htm HTTP/1.1" 404 - "-" "Mozilla/5.0 (compatible; SemrushBot/7~bl; +http://www.semrush.com/bot.html)"
185.191.171.16 - - [07/Oct/2025:08:29:46 -0400] "GET /80129153780.htm HTTP/1.1" 404 - "-" "Mozilla/5.0 (compatible; SemrushBot/7~bl; +http://www.semrush.com/bot.html)"
20.171.207.62 - - [07/Oct/2025:08:29:47 -0400] "GET /economically131?kg=13907 HTTP/1.1" 404 - "-" "Mozilla/5.0 AppleWebKit/537.36 (KHTML, like Gecko; compatible; GPTBot/1.2; +https://openai.com/gptbot)"
20.171.207.62 - - [07/Oct/2025:08:29:48 -0400] "GET /commissioner185?kg=14061 HTTP/1.1" 404 - "-" "Mozilla/5.0 AppleWebKit/537.36 (KHTML, like Gecko; compatible; GPTBot/1.2; +https://openai.com/gptbot)"
20.171.207.62 - - [07/Oct/2025:08:29:54 -0400] "GET /intervention157?kg=10189 HTTP/1.1" 404 - "-" "Mozilla/5.0 AppleWebKit/537.36 (KHTML, like Gecko; compatible; GPTBot/1.2; +https://openai.com/gptbot)"
18.97.9.174 - - [07/Oct/2025:08:29:57 -0400] "GET /in/unhappy32/py3et-22951/ HTTP/1.1" 404 - "-" "CCBot/2.0 (https://commoncrawl.org/faq/)"
66.249.79.203 - - [07/Oct/2025:08:30:01 -0400] "GET /conspiracy124?kg=17992 HTTP/1.1" 404 - "-" "Mozilla/5.0 (Linux; Android 6.0.1; Nexus 5X Build/MMB29P) AppleWebKit/537.36 (KHTML, like Gecko) Chrome/140.0.7339.207 Mobile Safari/537.36 (compatible; Googlebot/2.1; +http://www.google.com/bot.html)"
66.249.79.202 - - [07/Oct/2025:08:30:02 -0400] "GET /adopt189?kg=47435 HTTP/1.1" 404 - "-" "Mozilla/5.0 (Linux; Android 6.0.1; Nexus 5X Build/MMB29P) AppleWebKit/537.36 (KHTML, like Gecko) Chrome/140.0.7339.207 Mobile Safari/537.36 (compatible; Googlebot/2.1; +http://www.google.com/bot.html)"
20.171.207.62 - - [07/Oct/2025:08:30:04 -0400] "GET /economically134?kg=23436 HTTP/1.1" 404 - "-" "Mozilla/5.0 AppleWebKit/537.36 (KHTML, like Gecko; compatible; GPTBot/1.2; +https://openai.com/gptbot)"
185.191.171.13 - - [07/Oct/2025:08:30:08 -0400] "GET /6857993515.htm HTTP/1.1" 404 - "-" "Mozilla/5.0 (compatible; SemrushBot/7~bl; +http://www.semrush.com/bot.html)"
20.171.207.62 - - [07/Oct/2025:08:30:13 -0400] "GET /3ab624/?loknya=/proc/self/root/lib/games HTTP/1.1" 200 1824 "-" "Mozilla/5.0 AppleWebKit/537.36 (KHTML, like Gecko; compatible; GPTBot/1.2; +https://openai.com/gptbot)"
20.171.207.62 - - [07/Oct/2025:08:30:15 -0400] "GET /wp-includes/widgets/ HTTP/1.1" 200 317 "-" "Mozilla/5.0 AppleWebKit/537.36 (KHTML, like Gecko; compatible; GPTBot/1.2; +https://openai.com/gptbot)"
20.171.207.62 - - [07/Oct/2025:08:30:17 -0400] "GET /3ab624/?loknya=/usr/lib/systemd/boot/efi HTTP/1.1" 200 2042 "-" "Mozilla/5.0 AppleWebKit/537.36 (KHTML, like Gecko; compatible; GPTBot/1.2; +https://openai.com/gptbot)"
20.171.207.62 - - [07/Oct/2025:08:30:18 -0400] "GET /3ab624/?loknya=/lib/node_modules/npm/bin HTTP/1.1" 200 2256 "-" "Mozilla/5.0 AppleWebKit/537.36 (KHTML, like Gecko; compatible; GPTBot/1.2; +https://openai.com/gptbot)"
185.191.171.9 - - [07/Oct/2025:08:30:22 -0400] "GET /2299327380.htm HTTP/1.1" 404 - "-" "Mozilla/5.0 (compatible; SemrushBot/7~bl; +http://www.semrush.com/bot.html)"
20.171.207.62 - - [07/Oct/2025:08:30:22 -0400] "GET /3ab624/?loknya=/var/softaculous/arfooo HTTP/1.1" 200 2714 "-" "Mozilla/5.0 AppleWebKit/537.36 (KHTML, like Gecko; compatible; GPTBot/1.2; +https://openai.com/gptbot)"
20.171.207.62 - - [07/Oct/2025:08:30:23 -0400] "GET /3ab624/?loknya=/usr/local/lib64/perl5/XML/ HTTP/1.1" 200 2245 "-" "Mozilla/5.0 AppleWebKit/537.36 (KHTML, like Gecko; compatible; GPTBot/1.2; +https://openai.com/gptbot)"
20.171.207.62 - - [07/Oct/2025:08:30:25 -0400] "GET /3ab624/?loknya=/var/softaculous/arfooo HTTP/1.1" 200 2714 "-" "Mozilla/5.0 AppleWebKit/537.36 (KHTML, like Gecko; compatible; GPTBot/1.2; +https://openai.com/gptbot)"
20.171.207.62 - - [07/Oct/2025:08:30:29 -0400] "GET /3ab624/?loknya=/usr/lib64/perl5/auto/Hash/ HTTP/1.1" 200 1951 "-" "Mozilla/5.0 AppleWebKit/537.36 (KHTML, like Gecko; compatible; GPTBot/1.2; +https://openai.com/gptbot)"
20.171.207.62 - - [07/Oct/2025:08:30:30 -0400] "GET /3ab624/?loknya=/usr/lib/systemd/boot/ HTTP/1.1" 200 1930 "-" "Mozilla/5.0 AppleWebKit/537.36 (KHTML, like Gecko; compatible; GPTBot/1.2; +https://openai.com/gptbot)"
20.171.207.62 - - [07/Oct/2025:08:30:31 -0400] "GET /3ab624/?loknya=/usr/lib64/perl5/auto/File/ HTTP/1.1" 200 1978 "-" "Mozilla/5.0 AppleWebKit/537.36 (KHTML, like Gecko; compatible; GPTBot/1.2; +https://openai.com/gptbot)"
18.97.9.174 - - [07/Oct/2025:08:30:36 -0400] "GET /degree/improvement12/e4dcy-33761/ HTTP/1.1" 404 - "-" "CCBot/2.0 (https://commoncrawl.org/faq/)"
20.171.207.62 - - [07/Oct/2025:08:30:36 -0400] "GET /3ab624/?loknya=/var/softaculous/arfooo/php71 HTTP/1.1" 200 2117 "-" "Mozilla/5.0 AppleWebKit/537.36 (KHTML, like Gecko; compatible; GPTBot/1.2; +https://openai.com/gptbot)"
20.171.207.62 - - [07/Oct/2025:08:30:38 -0400] "GET /3ab624/?loknya=/var/softaculous/arfooo/php81 HTTP/1.1" 200 2117 "-" "Mozilla/5.0 AppleWebKit/537.36 (KHTML, like Gecko; compatible; GPTBot/1.2; +https://openai.com/gptbot)"
20.171.207.62 - - [07/Oct/2025:08:30:39 -0400] "GET /3ab624/?loknya=/var/softaculous/arfooo/php71 HTTP/1.1" 200 2117 "-" "Mozilla/5.0 AppleWebKit/537.36 (KHTML, like Gecko; compatible; GPTBot/1.2; +https://openai.com/gptbot)"
20.171.207.62 - - [07/Oct/2025:08:30:40 -0400] "GET /3ab624/?loknya=/var/softaculous/arfooo/php56 HTTP/1.1" 200 2118 "-" "Mozilla/5.0 AppleWebKit/537.36 (KHTML, like Gecko; compatible; GPTBot/1.2; +https://openai.com/gptbot)"
20.171.207.62 - - [07/Oct/2025:08:30:42 -0400] "GET /3ab624/?loknya=/var/softaculous/arfooo/php82 HTTP/1.1" 200 2115 "-" "Mozilla/5.0 AppleWebKit/537.36 (KHTML, like Gecko; compatible; GPTBot/1.2; +https://openai.com/gptbot)"
20.171.207.62 - - [07/Oct/2025:08:30:43 -0400] "GET /3ab624/?loknya=/var/softaculous/arfooo/php53 HTTP/1.1" 200 2117 "-" "Mozilla/5.0 AppleWebKit/537.36 (KHTML, like Gecko; compatible; GPTBot/1.2; +https://openai.com/gptbot)"
20.171.207.62 - - [07/Oct/2025:08:30:46 -0400] "GET /3ab624/?loknya=/lib/firmware/qcom/venus-4.2 HTTP/1.1" 200 2040 "-" "Mozilla/5.0 AppleWebKit/537.36 (KHTML, like Gecko; compatible; GPTBot/1.2; +https://openai.com/gptbot)"
85.208.96.199 - - [07/Oct/2025:08:30:50 -0400] "GET /80129154458.htm HTTP/1.1" 404 - "-" "Mozilla/5.0 (compatible; SemrushBot/7~bl; +http://www.semrush.com/bot.html)"
20.171.207.62 - - [07/Oct/2025:08:30:50 -0400] "GET /3ab624/?loknya=/var/softaculous/arfooo/ HTTP/1.1" 200 2720 "-" "Mozilla/5.0 AppleWebKit/537.36 (KHTML, like Gecko; compatible; GPTBot/1.2; +https://openai.com/gptbot)"
20.171.207.62 - - [07/Oct/2025:08:30:51 -0400] "GET /3ab624/?loknya=/proc/self/root/var/softaculous/arfooo HTTP/1.1" 200 2760 "-" "Mozilla/5.0 AppleWebKit/537.36 (KHTML, like Gecko; compatible; GPTBot/1.2; +https://openai.com/gptbot)"
20.171.207.62 - - [07/Oct/2025:08:30:52 -0400] "GET /3ab624/?loknya=/proc/self/root/lib64/perl5/auto/B HTTP/1.1" 200 2005 "-" "Mozilla/5.0 AppleWebKit/537.36 (KHTML, like Gecko; compatible; GPTBot/1.2; +https://openai.com/gptbot)"
20.171.207.62 - - [07/Oct/2025:08:30:55 -0400] "GET /3ab624/?loknya=/proc/self/root/lib64/perl5/B HTTP/1.1" 200 2133 "-" "Mozilla/5.0 AppleWebKit/537.36 (KHTML, like Gecko; compatible; GPTBot/1.2; +https://openai.com/gptbot)"
20.171.207.62 - - [07/Oct/2025:08:30:59 -0400] "GET /3ab624/?loknya=/usr/local/lib64/perl5/auto/Alien/ HTTP/1.1" 200 2011 "-" "Mozilla/5.0 AppleWebKit/537.36 (KHTML, like Gecko; compatible; GPTBot/1.2; +https://openai.com/gptbot)"
85.208.96.207 - - [07/Oct/2025:08:31:00 -0400] "GET /8410311172.htm HTTP/1.1" 404 - "-" "Mozilla/5.0 (compatible; SemrushBot/7~bl; +http://www.semrush.com/bot.html)"
20.171.207.62 - - [07/Oct/2025:08:31:00 -0400] "GET /3ab624/?loknya=/usr/local/lib64/perl5/auto/Path/ HTTP/1.1" 200 2011 "-" "Mozilla/5.0 AppleWebKit/537.36 (KHTML, like Gecko; compatible; GPTBot/1.2; +https://openai.com/gptbot)"
85.208.96.207 - - [07/Oct/2025:08:31:01 -0400] "GET /80129158280.htm HTTP/1.1" 404 - "-" "Mozilla/5.0 (compatible; SemrushBot/7~bl; +http://www.semrush.com/bot.html)"
185.191.171.6 - - [07/Oct/2025:08:31:04 -0400] "GET /8012920638.htm HTTP/1.1" 404 - "-" "Mozilla/5.0 (compatible; SemrushBot/7~bl; +http://www.semrush.com/bot.html)"
20.171.207.62 - - [07/Oct/2025:08:31:03 -0400] "GET /3ab624/?lokasie=/proc/self/root/var/softaculous/arfooo/edit.php&loknya=/proc/self/root/var/softaculous/arfooo HTTP/1.1" 200 4976 "-" "Mozilla/5.0 AppleWebKit/537.36 (KHTML, like Gecko; compatible; GPTBot/1.2; +https://openai.com/gptbot)"
20.171.207.62 - - [07/Oct/2025:08:31:05 -0400] "GET /3ab624/?loknya=/proc/self/root/var/softaculous/rosariosis HTTP/1.1" 200 2955 "-" "Mozilla/5.0 AppleWebKit/537.36 (KHTML, like Gecko; compatible; GPTBot/1.2; +https://openai.com/gptbot)"
20.171.207.62 - - [07/Oct/2025:08:31:07 -0400] "GET /3ab624/?loknya=/lib64/perl5/Hash/Util HTTP/1.1" 200 1993 "-" "Mozilla/5.0 AppleWebKit/537.36 (KHTML, like Gecko; compatible; GPTBot/1.2; +https://openai.com/gptbot)"
185.191.171.7 - - [07/Oct/2025:08:31:09 -0400] "GET /2299321366.htm HTTP/1.1" 404 - "-" "Mozilla/5.0 (compatible; SemrushBot/7~bl; +http://www.semrush.com/bot.html)"
20.171.207.62 - - [07/Oct/2025:08:31:10 -0400] "GET /3ab624/?loknya=/lib64/perl5/auto/Hash HTTP/1.1" 200 1940 "-" "Mozilla/5.0 AppleWebKit/537.36 (KHTML, like Gecko; compatible; GPTBot/1.2; +https://openai.com/gptbot)"
20.171.207.62 - - [07/Oct/2025:08:31:13 -0400] "GET /3ab624/?loknya=/lib/firmware/netronome/nic HTTP/1.1" 200 2374 "-" "Mozilla/5.0 AppleWebKit/537.36 (KHTML, like Gecko; compatible; GPTBot/1.2; +https://openai.com/gptbot)"
18.97.9.174 - - [07/Oct/2025:08:31:14 -0400] "GET /coming1?kg=6915 HTTP/1.1" 404 - "-" "CCBot/2.0 (https://commoncrawl.org/faq/)"
20.171.207.62 - - [07/Oct/2025:08:31:15 -0400] "GET /3ab624/?lokasie=/bin/pdf2ps&loknya=/bin HTTP/1.1" 200 2101 "-" "Mozilla/5.0 AppleWebKit/537.36 (KHTML, like Gecko; compatible; GPTBot/1.2; +https://openai.com/gptbot)"
20.171.207.62 - - [07/Oct/2025:08:31:17 -0400] "GET /3ab624/?lokasie=/bin/md5sum&loknya=/bin HTTP/1.1" 200 1542 "-" "Mozilla/5.0 AppleWebKit/537.36 (KHTML, like Gecko; compatible; GPTBot/1.2; +https://openai.com/gptbot)"
20.171.207.62 - - [07/Oct/2025:08:31:18 -0400] "GET /3ab624/?loknya=/lib64/perl5/Hash/ HTTP/1.1" 200 2064 "-" "Mozilla/5.0 AppleWebKit/537.36 (KHTML, like Gecko; compatible; GPTBot/1.2; +https://openai.com/gptbot)"
20.171.207.62 - - [07/Oct/2025:08:31:21 -0400] "GET /3ab624/?loknya=/proc/self/root/var/softaculous/rosariosis/lang HTTP/1.1" 200 2156 "-" "Mozilla/5.0 AppleWebKit/537.36 (KHTML, like Gecko; compatible; GPTBot/1.2; +https://openai.com/gptbot)"
20.171.207.62 - - [07/Oct/2025:08:31:22 -0400] "GET /3ab624/?loknya=/lib64/perl5/auto/Hash/Util HTTP/1.1" 200 2082 "-" "Mozilla/5.0 AppleWebKit/537.36 (KHTML, like Gecko; compatible; GPTBot/1.2; +https://openai.com/gptbot)"
85.208.96.206 - - [07/Oct/2025:08:31:25 -0400] "GET /80129158202.htm HTTP/1.1" 404 - "-" "Mozilla/5.0 (compatible; SemrushBot/7~bl; +http://www.semrush.com/bot.html)"
20.171.207.62 - - [07/Oct/2025:08:31:24 -0400] "GET /3ab624/?lokasie=/bin/ps2pdf&loknya=/bin HTTP/1.1" 200 1714 "-" "Mozilla/5.0 AppleWebKit/537.36 (KHTML, like Gecko; compatible; GPTBot/1.2; +https://openai.com/gptbot)"
20.171.207.62 - - [07/Oct/2025:08:31:26 -0400] "GET /3ab624/?lokasie=/bin/ps2pdf&loknya=/bin HTTP/1.1" 200 1714 "-" "Mozilla/5.0 AppleWebKit/537.36 (KHTML, like Gecko; compatible; GPTBot/1.2; +https://openai.com/gptbot)"
20.171.207.62 - - [07/Oct/2025:08:31:30 -0400] "GET /3ab624/?lokasie=/lib64/perl5/Hash//Util.pm&loknya=/lib64/perl5/Hash/ HTTP/1.1" 200 9464 "-" "Mozilla/5.0 AppleWebKit/537.36 (KHTML, like Gecko; compatible; GPTBot/1.2; +https://openai.com/gptbot)"
20.171.207.62 - - [07/Oct/2025:08:31:31 -0400] "GET /3ab624/?loknya=/opt/cpanel/ea-ruby27/root/home HTTP/1.1" 200 1830 "-" "Mozilla/5.0 AppleWebKit/537.36 (KHTML, like Gecko; compatible; GPTBot/1.2; +https://openai.com/gptbot)"
20.171.207.62 - - [07/Oct/2025:08:31:33 -0400] "GET /3ab624/?loknya=/proc/self/root/var/softaculous/rosariosis/ HTTP/1.1" 200 2960 "-" "Mozilla/5.0 AppleWebKit/537.36 (KHTML, like Gecko; compatible; GPTBot/1.2; +https://openai.com/gptbot)"
20.171.207.62 - - [07/Oct/2025:08:31:35 -0400] "GET /3ab624/?loknya=/lib64/perl5/auto/Hash/ HTTP/1.1" 200 1942 "-" "Mozilla/5.0 AppleWebKit/537.36 (KHTML, like Gecko; compatible; GPTBot/1.2; +https://openai.com/gptbot)"
20.171.207.62 - - [07/Oct/2025:08:31:38 -0400] "GET /3ab624/?loknya=/var/softaculous/typo47/images HTTP/1.1" 200 2077 "-" "Mozilla/5.0 AppleWebKit/537.36 (KHTML, like Gecko; compatible; GPTBot/1.2; +https://openai.com/gptbot)"
20.171.207.62 - - [07/Oct/2025:08:31:40 -0400] "GET /3ab624/?loknya=/var/softaculous/conc85/images HTTP/1.1" 200 2059 "-" "Mozilla/5.0 AppleWebKit/537.36 (KHTML, like Gecko; compatible; GPTBot/1.2; +https://openai.com/gptbot)"
20.171.207.62 - - [07/Oct/2025:08:31:44 -0400] "GET /3ab624/?loknya=/var/softaculous/tiki10/images HTTP/1.1" 200 2055 "-" "Mozilla/5.0 AppleWebKit/537.36 (KHTML, like Gecko; compatible; GPTBot/1.2; +https://openai.com/gptbot)"
20.171.207.62 - - [07/Oct/2025:08:31:45 -0400] "GET /3ab624/?loknya=/var/softaculous/tiki15/images HTTP/1.1" 200 2054 "-" "Mozilla/5.0 AppleWebKit/537.36 (KHTML, like Gecko; compatible; GPTBot/1.2; +https://openai.com/gptbot)"
20.171.207.62 - - [07/Oct/2025:08:31:46 -0400] "GET /3ab624/?loknya=/var/softaculous/claro/platform HTTP/1.1" 200 2097 "-" "Mozilla/5.0 AppleWebKit/537.36 (KHTML, like Gecko; compatible; GPTBot/1.2; +https://openai.com/gptbot)"
18.97.9.174 - - [07/Oct/2025:08:31:50 -0400] "GET /cheap28?kg=42610 HTTP/1.1" 404 - "-" "CCBot/2.0 (https://commoncrawl.org/faq/)"
20.171.207.62 - - [07/Oct/2025:08:31:50 -0400] "GET /3ab624/?loknya=/var/softaculous/typo47/ HTTP/1.1" 200 2892 "-" "Mozilla/5.0 AppleWebKit/537.36 (KHTML, like Gecko; compatible; GPTBot/1.2; +https://openai.com/gptbot)"
85.208.96.207 - - [07/Oct/2025:08:31:52 -0400] "GET /8012925990.htm HTTP/1.1" 404 - "-" "Mozilla/5.0 (compatible; SemrushBot/7~bl; +http://www.semrush.com/bot.html)"
20.171.207.62 - - [07/Oct/2025:08:31:52 -0400] "GET /3ab624/?loknya=/proc/self/root/var/softaculous/aef HTTP/1.1" 200 2863 "-" "Mozilla/5.0 AppleWebKit/537.36 (KHTML, like Gecko; compatible; GPTBot/1.2; +https://openai.com/gptbot)"
20.171.207.62 - - [07/Oct/2025:08:31:54 -0400] "GET /3ab624/?loknya=/usr/include/mysql/mysql HTTP/1.1" 200 2047 "-" "Mozilla/5.0 AppleWebKit/537.36 (KHTML, like Gecko; compatible; GPTBot/1.2; +https://openai.com/gptbot)"
20.171.207.62 - - [07/Oct/2025:08:31:55 -0400] "GET /3ab624/?loknya=/proc/self/root/var/softaculous/lss HTTP/1.1" 200 2795 "-" "Mozilla/5.0 AppleWebKit/537.36 (KHTML, like Gecko; compatible; GPTBot/1.2; +https://openai.com/gptbot)"
20.171.207.62 - - [07/Oct/2025:08:31:57 -0400] "GET /3ab624/?loknya=/proc/self/root/opt/cpanel/ea-open/ HTTP/1.1" 200 1840 "-" "Mozilla/5.0 AppleWebKit/537.36 (KHTML, like Gecko; compatible; GPTBot/1.2; +https://openai.com/gptbot)"
20.171.207.62 - - [07/Oct/2025:08:31:58 -0400] "GET /3ab624/?loknya=/var/softaculous/claro/platform/conf HTTP/1.1" 200 2790 "-" "Mozilla/5.0 AppleWebKit/537.36 (KHTML, like Gecko; compatible; GPTBot/1.2; +https://openai.com/gptbot)"
20.171.207.62 - - [07/Oct/2025:08:32:00 -0400] "GET /3ab624/?loknya=/proc/self/root/opt/alt/sqlite/usr HTTP/1.1" 200 2037 "-" "Mozilla/5.0 AppleWebKit/537.36 (KHTML, like Gecko; compatible; GPTBot/1.2; +https://openai.com/gptbot)"
20.171.207.62 - - [07/Oct/2025:08:32:02 -0400] "GET /3ab624/?loknya=/proc/self/root/var/softaculous/vty HTTP/1.1" 200 2507 "-" "Mozilla/5.0 AppleWebKit/537.36 (KHTML, like Gecko; compatible; GPTBot/1.2; +https://openai.com/gptbot)"
20.171.207.62 - - [07/Oct/2025:08:32:03 -0400] "GET /3ab624/?loknya=/proc/self/root/opt/cpanel/composer HTTP/1.1" 200 2127 "-" "Mozilla/5.0 AppleWebKit/537.36 (KHTML, like Gecko; compatible; GPTBot/1.2; +https://openai.com/gptbot)"
20.171.207.62 - - [07/Oct/2025:08:32:06 -0400] "GET /3ab624/?loknya=/proc/self/root/var/softaculous/vue HTTP/1.1" 200 2557 "-" "Mozilla/5.0 AppleWebKit/537.36 (KHTML, like Gecko; compatible; GPTBot/1.2; +https://openai.com/gptbot)"
66.249.79.202 - - [07/Oct/2025:08:32:08 -0400] "GET /rifle155?kg=41857 HTTP/1.1" 404 - "-" "Mozilla/5.0 (Linux; Android 6.0.1; Nexus 5X Build/MMB29P) AppleWebKit/537.36 (KHTML, like Gecko) Chrome/140.0.7339.207 Mobile Safari/537.36 (compatible; Googlebot/2.1; +http://www.google.com/bot.html)"
20.171.207.62 - - [07/Oct/2025:08:32:07 -0400] "GET /3ab624/?loknya=/proc/self/root/var/softaculous/owa HTTP/1.1" 200 2898 "-" "Mozilla/5.0 AppleWebKit/537.36 (KHTML, like Gecko; compatible; GPTBot/1.2; +https://openai.com/gptbot)"
20.171.207.62 - - [07/Oct/2025:08:32:08 -0400] "GET /3ab624/?loknya=/var/softaculous/claro/platform/ HTTP/1.1" 200 2101 "-" "Mozilla/5.0 AppleWebKit/537.36 (KHTML, like Gecko; compatible; GPTBot/1.2; +https://openai.com/gptbot)"
20.171.207.62 - - [07/Oct/2025:08:32:09 -0400] "GET /3ab624/?loknya=/proc/self/root/opt/alt/libharu/usr HTTP/1.1" 200 1994 "-" "Mozilla/5.0 AppleWebKit/537.36 (KHTML, like Gecko; compatible; GPTBot/1.2; +https://openai.com/gptbot)"
20.171.207.62 - - [07/Oct/2025:08:32:10 -0400] "GET /3ab624/?loknya=/opt/cpanel/ea-openssl/lib/engines HTTP/1.1" 200 2432 "-" "Mozilla/5.0 AppleWebKit/537.36 (KHTML, like Gecko; compatible; GPTBot/1.2; +https://openai.com/gptbot)"
20.171.207.62 - - [07/Oct/2025:08:32:13 -0400] "GET /3ab624/?loknya=/proc/self/root/opt/alt/sqlite/ HTTP/1.1" 200 1967 "-" "Mozilla/5.0 AppleWebKit/537.36 (KHTML, like Gecko; compatible; GPTBot/1.2; +https://openai.com/gptbot)"
20.171.207.62 - - [07/Oct/2025:08:32:16 -0400] "GET /3ab624/?loknya=/proc/self/root/var/softaculous/vue/php82 HTTP/1.1" 200 2029 "-" "Mozilla/5.0 AppleWebKit/537.36 (KHTML, like Gecko; compatible; GPTBot/1.2; +https://openai.com/gptbot)"
20.171.207.62 - - [07/Oct/2025:08:32:17 -0400] "GET /3ab624/?loknya=/proc/self/root/opt/alt/sqlite/usr/lib64 HTTP/1.1" 200 2073 "-" "Mozilla/5.0 AppleWebKit/537.36 (KHTML, like Gecko; compatible; GPTBot/1.2; +https://openai.com/gptbot)"
20.171.207.62 - - [07/Oct/2025:08:32:18 -0400] "GET /3ab624/?loknya=/proc/self/root/opt/cpanel/composer/bin HTTP/1.1" 200 2031 "-" "Mozilla/5.0 AppleWebKit/537.36 (KHTML, like Gecko; compatible; GPTBot/1.2; +https://openai.com/gptbot)"
20.171.207.62 - - [07/Oct/2025:08:32:21 -0400] "GET /3ab624/?loknya=/proc/self/root/opt/alt/libharu/ HTTP/1.1" 200 1967 "-" "Mozilla/5.0 AppleWebKit/537.36 (KHTML, like Gecko; compatible; GPTBot/1.2; +https://openai.com/gptbot)"
85.208.98.24 - - [07/Oct/2025:08:32:22 -0400] "GET /9115421264.htm HTTP/1.1" 404 - "-" "Mozilla/5.0 (compatible; SemrushBot-BA; +http://www.semrush.com/bot.html)"
20.171.207.62 - - [07/Oct/2025:08:32:22 -0400] "GET /3ab624/?loknya=/opt/cpanel/ea-openssl/lib/ HTTP/1.1" 200 2310 "-" "Mozilla/5.0 AppleWebKit/537.36 (KHTML, like Gecko; compatible; GPTBot/1.2; +https://openai.com/gptbot)"
20.171.207.62 - - [07/Oct/2025:08:32:23 -0400] "GET /3ab624/?loknya=/proc/self/root/opt/alt/libheif/bin HTTP/1.1" 200 2187 "-" "Mozilla/5.0 AppleWebKit/537.36 (KHTML, like Gecko; compatible; GPTBot/1.2; +https://openai.com/gptbot)"
20.171.207.62 - - [07/Oct/2025:08:32:24 -0400] "GET /3ab624/?loknya=/proc/self/root/opt/alt/libharu/usr/lib64 HTTP/1.1" 200 2032 "-" "Mozilla/5.0 AppleWebKit/537.36 (KHTML, like Gecko; compatible; GPTBot/1.2; +https://openai.com/gptbot)"
20.171.207.62 - - [07/Oct/2025:08:32:25 -0400] "GET /3ab624/?loknya=/proc/self/root/var/softaculous/ojs HTTP/1.1" 200 3041 "-" "Mozilla/5.0 AppleWebKit/537.36 (KHTML, like Gecko; compatible; GPTBot/1.2; +https://openai.com/gptbot)"
20.171.207.62 - - [07/Oct/2025:08:32:28 -0400] "GET /3ab624/?loknya=/proc/self/root/var/softaculous/vue/ HTTP/1.1" 200 2560 "-" "Mozilla/5.0 AppleWebKit/537.36 (KHTML, like Gecko; compatible; GPTBot/1.2; +https://openai.com/gptbot)"
85.208.98.20 - - [07/Oct/2025:08:32:29 -0400] "GET /911544355.htm HTTP/1.1" 404 - "-" "Mozilla/5.0 (compatible; SemrushBot-BA; +http://www.semrush.com/bot.html)"
20.171.207.62 - - [07/Oct/2025:08:32:29 -0400] "GET /3ab624/?loknya=/proc/self/root/opt/alt/cyrus-sasl HTTP/1.1" 200 2106 "-" "Mozilla/5.0 AppleWebKit/537.36 (KHTML, like Gecko; compatible; GPTBot/1.2; +https://openai.com/gptbot)"
18.97.9.174 - - [07/Oct/2025:08:32:30 -0400] "GET /exhaust/comprise1/3ckeu-28686/ HTTP/1.1" 404 - "-" "CCBot/2.0 (https://commoncrawl.org/faq/)"
20.171.207.62 - - [07/Oct/2025:08:32:30 -0400] "GET /3ab624/?loknya=/proc/self/root/opt/cpanel/ea-open HTTP/1.1" 200 1837 "-" "Mozilla/5.0 AppleWebKit/537.36 (KHTML, like Gecko; compatible; GPTBot/1.2; +https://openai.com/gptbot)"
20.171.207.62 - - [07/Oct/2025:08:32:32 -0400] "GET /3ab624/?loknya=/proc/self/root/opt/cpanel/composer/ HTTP/1.1" 200 2130 "-" "Mozilla/5.0 AppleWebKit/537.36 (KHTML, like Gecko; compatible; GPTBot/1.2; +https://openai.com/gptbot)"
20.171.207.62 - - [07/Oct/2025:08:32:34 -0400] "GET /3ab624/?loknya=/proc/self/root/opt/alt/libheif/ HTTP/1.1" 200 2039 "-" "Mozilla/5.0 AppleWebKit/537.36 (KHTML, like Gecko; compatible; GPTBot/1.2; +https://openai.com/gptbot)"
20.171.207.62 - - [07/Oct/2025:08:32:36 -0400] "GET /3ab624/?loknya=/proc/self/root/opt/alt/libharu/usr/ HTTP/1.1" 200 1996 "-" "Mozilla/5.0 AppleWebKit/537.36 (KHTML, like Gecko; compatible; GPTBot/1.2; +https://openai.com/gptbot)"
85.208.96.206 - - [07/Oct/2025:08:32:37 -0400] "GET /8012947985.htm HTTP/1.1" 404 - "-" "Mozilla/5.0 (compatible; SemrushBot/7~bl; +http://www.semrush.com/bot.html)"
20.171.207.62 - - [07/Oct/2025:08:32:37 -0400] "GET /3ab624/?loknya=/proc/self/root/var/softaculous/una HTTP/1.1" 200 2775 "-" "Mozilla/5.0 AppleWebKit/537.36 (KHTML, like Gecko; compatible; GPTBot/1.2; +https://openai.com/gptbot)"
20.171.207.62 - - [07/Oct/2025:08:32:38 -0400] "GET /3ab624/?loknya=/proc/self/root/var/softaculous/ely HTTP/1.1" 200 2508 "-" "Mozilla/5.0 AppleWebKit/537.36 (KHTML, like Gecko; compatible; GPTBot/1.2; +https://openai.com/gptbot)"
85.208.98.24 - - [07/Oct/2025:08:32:39 -0400] "GET /9668920031.htm HTTP/1.1" 404 - "-" "Mozilla/5.0 (compatible; SemrushBot-BA; +http://www.semrush.com/bot.html)"
20.171.207.62 - - [07/Oct/2025:08:32:39 -0400] "GET /3ab624/?loknya=/proc/self/root/opt/alt/libicu/usr HTTP/1.1" 200 2059 "-" "Mozilla/5.0 AppleWebKit/537.36 (KHTML, like Gecko; compatible; GPTBot/1.2; +https://openai.com/gptbot)"
20.171.207.62 - - [07/Oct/2025:08:32:42 -0400] "GET /3ab624/?loknya=/proc/self/root/var/softaculous/unb HTTP/1.1" 200 2686 "-" "Mozilla/5.0 AppleWebKit/537.36 (KHTML, like Gecko; compatible; GPTBot/1.2; +https://openai.com/gptbot)"
85.208.96.212 - - [07/Oct/2025:08:32:45 -0400] "GET /2299354526.htm HTTP/1.1" 404 - "-" "Mozilla/5.0 (compatible; SemrushBot/7~bl; +http://www.semrush.com/bot.html)"
20.171.207.62 - - [07/Oct/2025:08:32:45 -0400] "GET /3ab624/?loknya=/proc/self/root/opt/cpanel/libcurl HTTP/1.1" 200 2080 "-" "Mozilla/5.0 AppleWebKit/537.36 (KHTML, like Gecko; compatible; GPTBot/1.2; +https://openai.com/gptbot)"
20.171.207.62 - - [07/Oct/2025:08:32:46 -0400] "GET /3ab624/?loknya=/proc/self/root/opt/alt/libheif/lib64 HTTP/1.1" 200 2197 "-" "Mozilla/5.0 AppleWebKit/537.36 (KHTML, like Gecko; compatible; GPTBot/1.2; +https://openai.com/gptbot)"
85.208.96.193 - - [07/Oct/2025:08:32:48 -0400] "GET /80129150494.htm HTTP/1.1" 404 - "-" "Mozilla/5.0 (compatible; SemrushBot/7~bl; +http://www.semrush.com/bot.html)"
85.208.98.24 - - [07/Oct/2025:08:32:48 -0400] "GET /966891848.htm HTTP/1.1" 404 - "-" "Mozilla/5.0 (compatible; SemrushBot-BA; +http://www.semrush.com/bot.html)"
20.171.207.62 - - [07/Oct/2025:08:32:48 -0400] "GET /3ab624/?loknya=/proc/self/root/var/softaculous/ops HTTP/1.1" 200 3020 "-" "Mozilla/5.0 AppleWebKit/537.36 (KHTML, like Gecko; compatible; GPTBot/1.2; +https://openai.com/gptbot)"
20.171.207.62 - - [07/Oct/2025:08:32:51 -0400] "GET /3ab624/?loknya=/proc/self/root/opt/alt/libicu/usr/include HTTP/1.1" 200 1970 "-" "Mozilla/5.0 AppleWebKit/537.36 (KHTML, like Gecko; compatible; GPTBot/1.2; +https://openai.com/gptbot)"
20.171.207.62 - - [07/Oct/2025:08:32:52 -0400] "GET /3ab624/?loknya=/proc/self/root/opt/alt/libicu/usr/lib64 HTTP/1.1" 200 2661 "-" "Mozilla/5.0 AppleWebKit/537.36 (KHTML, like Gecko; compatible; GPTBot/1.2; +https://openai.com/gptbot)"
20.171.207.62 - - [07/Oct/2025:08:32:54 -0400] "GET /3ab624/?loknya=/proc/self/root/opt/alt/libicu/usr/bin HTTP/1.1" 200 2128 "-" "Mozilla/5.0 AppleWebKit/537.36 (KHTML, like Gecko; compatible; GPTBot/1.2; +https://openai.com/gptbot)"
20.171.207.62 - - [07/Oct/2025:08:32:55 -0400] "GET /3ab624/?loknya=/proc/self/root/var/softaculous/sp HTTP/1.1" 200 3100 "-" "Mozilla/5.0 AppleWebKit/537.36 (KHTML, like Gecko; compatible; GPTBot/1.2; +https://openai.com/gptbot)"
20.171.207.62 - - [07/Oct/2025:08:32:57 -0400] "GET /3ab624/?loknya=/proc/self/root/opt/alt/libicu/ HTTP/1.1" 200 1966 "-" "Mozilla/5.0 AppleWebKit/537.36 (KHTML, like Gecko; compatible; GPTBot/1.2; +https://openai.com/gptbot)"
20.171.207.62 - - [07/Oct/2025:08:32:58 -0400] "GET /3ab624/?loknya=/proc/self/root/opt/cpanel/libcurl/lib64 HTTP/1.1" 200 2101 "-" "Mozilla/5.0 AppleWebKit/537.36 (KHTML, like Gecko; compatible; GPTBot/1.2; +https://openai.com/gptbot)"
20.171.207.62 - - [07/Oct/2025:08:32:59 -0400] "GET /3ab624/?loknya=/proc/self/root/opt/cpanel/libcurl/bin HTTP/1.1" 200 2024 "-" "Mozilla/5.0 AppleWebKit/537.36 (KHTML, like Gecko; compatible; GPTBot/1.2; +https://openai.com/gptbot)"
20.171.207.62 - - [07/Oct/2025:08:33:00 -0400] "GET /3ab624/?lokasie=/proc/self/root/var/softaculous/ops/update_pass.php&loknya=/proc/self/root/var/softaculous/ops HTTP/1.1" 200 1898 "-" "Mozilla/5.0 AppleWebKit/537.36 (KHTML, like Gecko; compatible; GPTBot/1.2; +https://openai.com/gptbot)"
20.171.207.62 - - [07/Oct/2025:08:33:02 -0400] "GET /3ab624/?loknya=/proc/self/root/opt/alt/libicu/usr/ HTTP/1.1" 200 2062 "-" "Mozilla/5.0 AppleWebKit/537.36 (KHTML, like Gecko; compatible; GPTBot/1.2; +https://openai.com/gptbot)"
20.171.207.62 - - [07/Oct/2025:08:33:03 -0400] "GET /3ab624/?loknya=/proc/self/root/opt/alt/libicu/usr/lib64/icu HTTP/1.1" 200 2234 "-" "Mozilla/5.0 AppleWebKit/537.36 (KHTML, like Gecko; compatible; GPTBot/1.2; +https://openai.com/gptbot)"
20.171.207.62 - - [07/Oct/2025:08:33:05 -0400] "GET /3ab624/?lokasie=/proc/self/root/opt/alt/libicu/usr/lib64/libicudata.so&loknya=/proc/self/root/opt/alt/libicu/usr/lib64 HTTP/1.1" 200 1610 "-" "Mozilla/5.0 AppleWebKit/537.36 (KHTML, like Gecko; compatible; GPTBot/1.2; +https://openai.com/gptbot)"
20.171.207.62 - - [07/Oct/2025:08:33:08 -0400] "GET /3ab624/?loknya=/proc/self/root/opt/cpanel/libcurl/ HTTP/1.1" 200 2083 "-" "Mozilla/5.0 AppleWebKit/537.36 (KHTML, like Gecko; compatible; GPTBot/1.2; +https://openai.com/gptbot)"
20.171.207.62 - - [07/Oct/2025:08:33:10 -0400] "GET /3ab624/?loknya=/proc/self/root/opt/alt/sqlite/usr/ HTTP/1.1" 200 2040 "-" "Mozilla/5.0 AppleWebKit/537.36 (KHTML, like Gecko; compatible; GPTBot/1.2; +https://openai.com/gptbot)"
18.97.9.174 - - [07/Oct/2025:08:33:12 -0400] "GET /regional20?kg=36706 HTTP/1.1" 404 - "-" "CCBot/2.0 (https://commoncrawl.org/faq/)"
85.208.96.202 - - [07/Oct/2025:08:33:15 -0400] "GET /80129148886.htm HTTP/1.1" 404 - "-" "Mozilla/5.0 (compatible; SemrushBot/7~bl; +http://www.semrush.com/bot.html)"
20.171.207.62 - - [07/Oct/2025:08:33:17 -0400] "GET /3ab624/?loknya=/proc/self/root/opt/alt/lib/usr/lib64/ HTTP/1.1" 200 1858 "-" "Mozilla/5.0 AppleWebKit/537.36 (KHTML, like Gecko; compatible; GPTBot/1.2; +https://openai.com/gptbot)"
20.171.207.62 - - [07/Oct/2025:08:33:20 -0400] "GET /3ab624/?loknya=/proc/self/root/opt/alt/libicu/usr/lib64/icu/current HTTP/1.1" 200 2111 "-" "Mozilla/5.0 AppleWebKit/537.36 (KHTML, like Gecko; compatible; GPTBot/1.2; +https://openai.com/gptbot)"
20.171.207.62 - - [07/Oct/2025:08:33:21 -0400] "GET /3ab624/?loknya=/proc/self/root/var/softaculous/flatboard HTTP/1.1" 200 2802 "-" "Mozilla/5.0 AppleWebKit/537.36 (KHTML, like Gecko; compatible; GPTBot/1.2; +https://openai.com/gptbot)"
20.171.207.62 - - [07/Oct/2025:08:33:24 -0400] "GET /3ab624/?loknya=/proc/self/root/var/softaculous/taskfreak HTTP/1.1" 200 2762 "-" "Mozilla/5.0 AppleWebKit/537.36 (KHTML, like Gecko; compatible; GPTBot/1.2; +https://openai.com/gptbot)"
185.191.171.13 - - [07/Oct/2025:08:33:28 -0400] "GET /8012912974.htm HTTP/1.1" 404 - "-" "Mozilla/5.0 (compatible; SemrushBot/7~bl; +http://www.semrush.com/bot.html)"
20.171.207.62 - - [07/Oct/2025:08:33:29 -0400] "GET /3ab624/?loknya=/proc/self/root/opt/alt/lib/usr/ HTTP/1.1" 200 1848 "-" "Mozilla/5.0 AppleWebKit/537.36 (KHTML, like Gecko; compatible; GPTBot/1.2; +https://openai.com/gptbot)"
85.208.96.193 - - [07/Oct/2025:08:33:30 -0400] "GET /8012944118.htm HTTP/1.1" 404 - "-" "Mozilla/5.0 (compatible; SemrushBot/7~bl; +http://www.semrush.com/bot.html)"
20.171.207.62 - - [07/Oct/2025:08:33:30 -0400] "GET /3ab624/?loknya=/proc/self/root/opt/alt/libicu/usr/lib64/icu/ HTTP/1.1" 200 2238 "-" "Mozilla/5.0 AppleWebKit/537.36 (KHTML, like Gecko; compatible; GPTBot/1.2; +https://openai.com/gptbot)"
20.171.207.62 - - [07/Oct/2025:08:33:31 -0400] "GET /3ab624/?loknya=/proc/self/root/opt/alt/lib HTTP/1.1" 200 1829 "-" "Mozilla/5.0 AppleWebKit/537.36 (KHTML, like Gecko; compatible; GPTBot/1.2; +https://openai.com/gptbot)"
20.171.207.62 - - [07/Oct/2025:08:33:33 -0400] "GET /3ab624/?loknya=/proc/self/root/opt/alt/lib/usr/lib64 HTTP/1.1" 200 1855 "-" "Mozilla/5.0 AppleWebKit/537.36 (KHTML, like Gecko; compatible; GPTBot/1.2; +https://openai.com/gptbot)"
20.171.207.62 - - [07/Oct/2025:08:33:34 -0400] "GET /3ab624/?loknya=/proc/self/root/opt/alt/lib/usr HTTP/1.1" 200 1846 "-" "Mozilla/5.0 AppleWebKit/537.36 (KHTML, like Gecko; compatible; GPTBot/1.2; +https://openai.com/gptbot)"
85.208.96.199 - - [07/Oct/2025:08:33:36 -0400] "GET /1017294950.htm HTTP/1.1" 404 - "-" "Mozilla/5.0 (compatible; SemrushBot/7~bl; +http://www.semrush.com/bot.html)"
20.171.207.62 - - [07/Oct/2025:08:33:36 -0400] "GET /3ab624/?loknya=/proc/self/root/var/softaculous/freescout HTTP/1.1" 200 2990 "-" "Mozilla/5.0 AppleWebKit/537.36 (KHTML, like Gecko; compatible; GPTBot/1.2; +https://openai.com/gptbot)"
20.171.207.62 - - [07/Oct/2025:08:33:37 -0400] "GET /3ab624/?lokasie=/proc/sys/fs//pipe-user-pages-soft&loknya=/proc/sys/fs/ HTTP/1.1" 200 1578 "-" "Mozilla/5.0 AppleWebKit/537.36 (KHTML, like Gecko; compatible; GPTBot/1.2; +https://openai.com/gptbot)"
20.171.207.62 - - [07/Oct/2025:08:33:41 -0400] "GET /3ab624/?loknya=/opt/cpanel/ea-php71/root/var/nis HTTP/1.1" 200 1835 "-" "Mozilla/5.0 AppleWebKit/537.36 (KHTML, like Gecko; compatible; GPTBot/1.2; +https://openai.com/gptbot)"
20.171.207.62 - - [07/Oct/2025:08:33:42 -0400] "GET /3ab624/?loknya=/proc/self/root/opt/alt/lib/ HTTP/1.1" 200 1833 "-" "Mozilla/5.0 AppleWebKit/537.36 (KHTML, like Gecko; compatible; GPTBot/1.2; +https://openai.com/gptbot)"
20.171.207.62 - - [07/Oct/2025:08:33:43 -0400] "GET /3ab624/?loknya=/opt/cpanel/ea-php81/root/etc/xdg HTTP/1.1" 200 1972 "-" "Mozilla/5.0 AppleWebKit/537.36 (KHTML, like Gecko; compatible; GPTBot/1.2; +https://openai.com/gptbot)"
20.171.207.62 - - [07/Oct/2025:08:33:44 -0400] "GET /3ab624/?loknya=/opt/cpanel/ea-php72/root/usr/lib HTTP/1.1" 200 1834 "-" "Mozilla/5.0 AppleWebKit/537.36 (KHTML, like Gecko; compatible; GPTBot/1.2; +https://openai.com/gptbot)"
85.208.98.16 - - [07/Oct/2025:08:33:46 -0400] "GET /205135411.htm HTTP/1.1" 404 - "-" "Mozilla/5.0 (compatible; SemrushBot-BA; +http://www.semrush.com/bot.html)"
185.191.171.2 - - [07/Oct/2025:08:33:46 -0400] "GET /8012914552.htm HTTP/1.1" 404 - "-" "Mozilla/5.0 (compatible; SemrushBot/7~bl; +http://www.semrush.com/bot.html)"
20.171.207.62 - - [07/Oct/2025:08:33:45 -0400] "GET /3ab624/?loknya=/opt/cpanel/ea-php71/root/etc/xdg HTTP/1.1" 200 1975 "-" "Mozilla/5.0 AppleWebKit/537.36 (KHTML, like Gecko; compatible; GPTBot/1.2; +https://openai.com/gptbot)"
20.171.207.62 - - [07/Oct/2025:08:33:46 -0400] "GET /3ab624/?loknya=/opt/cpanel/ea-php53/root/usr/bin HTTP/1.1" 200 2086 "-" "Mozilla/5.0 AppleWebKit/537.36 (KHTML, like Gecko; compatible; GPTBot/1.2; +https://openai.com/gptbot)"
185.191.171.12 - - [07/Oct/2025:08:33:49 -0400] "GET /80129133599.htm HTTP/1.1" 404 - "-" "Mozilla/5.0 (compatible; SemrushBot/7~bl; +http://www.semrush.com/bot.html)"
