20.171.207.62 - - [07/Oct/2025:10:04:15 -0400] "GET /3ab624/?loknya=/proc/self/root/usr/include/arpa HTTP/1.1" 200 2212 "-" "Mozilla/5.0 AppleWebKit/537.36 (KHTML, like Gecko; compatible; GPTBot/1.2; +https://openai.com/gptbot)"
185.191.171.7 - - [07/Oct/2025:10:04:18 -0400] "GET /84103119042.htm HTTP/1.1" 404 - "-" "Mozilla/5.0 (compatible; SemrushBot/7~bl; +http://www.semrush.com/bot.html)"
20.171.207.62 - - [07/Oct/2025:10:04:18 -0400] "GET /3ab624/?loknya=/proc/self/root/lib/firmware HTTP/1.1" 200 15128 "-" "Mozilla/5.0 AppleWebKit/537.36 (KHTML, like Gecko; compatible; GPTBot/1.2; +https://openai.com/gptbot)"
185.191.171.9 - - [07/Oct/2025:10:04:21 -0400] "GET /8012945648.htm HTTP/1.1" 404 - "-" "Mozilla/5.0 (compatible; SemrushBot/7~bl; +http://www.semrush.com/bot.html)"
20.171.207.62 - - [07/Oct/2025:10:04:21 -0400] "GET /3ab624/?loknya=/proc/self/root/var/run/nscd HTTP/1.1" 200 2012 "-" "Mozilla/5.0 AppleWebKit/537.36 (KHTML, like Gecko; compatible; GPTBot/1.2; +https://openai.com/gptbot)"
20.171.207.62 - - [07/Oct/2025:10:04:22 -0400] "GET /3ab624/?loknya=/usr/lib/kbd/keymaps/legacy/ppc/ HTTP/1.1" 200 1987 "-" "Mozilla/5.0 AppleWebKit/537.36 (KHTML, like Gecko; compatible; GPTBot/1.2; +https://openai.com/gptbot)"
85.208.96.195 - - [07/Oct/2025:10:04:24 -0400] "GET /8012938940.htm HTTP/1.1" 404 - "-" "Mozilla/5.0 (compatible; SemrushBot/7~bl; +http://www.semrush.com/bot.html)"
20.171.207.62 - - [07/Oct/2025:10:04:24 -0400] "GET /3ab624/?loknya=/lib/node_modules/npm/man/cs HTTP/1.1" 200 2054 "-" "Mozilla/5.0 AppleWebKit/537.36 (KHTML, like Gecko; compatible; GPTBot/1.2; +https://openai.com/gptbot)"
20.171.207.62 - - [07/Oct/2025:10:04:25 -0400] "GET /3ab624/?loknya=/proc/self/root/usr/include/ HTTP/1.1" 200 11867 "-" "Mozilla/5.0 AppleWebKit/537.36 (KHTML, like Gecko; compatible; GPTBot/1.2; +https://openai.com/gptbot)"
20.171.207.62 - - [07/Oct/2025:10:04:28 -0400] "GET /3ab624/?loknya=/proc/self/root/run/postgresql HTTP/1.1" 200 2025 "-" "Mozilla/5.0 AppleWebKit/537.36 (KHTML, like Gecko; compatible; GPTBot/1.2; +https://openai.com/gptbot)"
20.171.207.62 - - [07/Oct/2025:10:04:31 -0400] "GET /3ab624/?lokasie=/proc/self/root/lib/firmware/TAS2XXX3F201.bin&loknya=/proc/self/root/lib/firmware HTTP/1.1" 200 1594 "-" "Mozilla/5.0 AppleWebKit/537.36 (KHTML, like Gecko; compatible; GPTBot/1.2; +https://openai.com/gptbot)"
85.208.96.211 - - [07/Oct/2025:10:04:33 -0400] "GET /8012928311.htm HTTP/1.1" 404 - "-" "Mozilla/5.0 (compatible; SemrushBot/7~bl; +http://www.semrush.com/bot.html)"
20.171.207.62 - - [07/Oct/2025:10:04:32 -0400] "GET /3ab624/?lokasie=/proc/self/root/lib/firmware/TAS2XXX1EB3.bin&loknya=/proc/self/root/lib/firmware HTTP/1.1" 200 1594 "-" "Mozilla/5.0 AppleWebKit/537.36 (KHTML, like Gecko; compatible; GPTBot/1.2; +https://openai.com/gptbot)"
20.171.207.62 - - [07/Oct/2025:10:04:33 -0400] "GET /3ab624/?lokasie=/proc/self/root/lib/firmware/TAS2XXX38E0.bin&loknya=/proc/self/root/lib/firmware HTTP/1.1" 200 1594 "-" "Mozilla/5.0 AppleWebKit/537.36 (KHTML, like Gecko; compatible; GPTBot/1.2; +https://openai.com/gptbot)"
185.191.171.17 - - [07/Oct/2025:10:04:34 -0400] "GET /80129141897.htm HTTP/1.1" 404 - "-" "Mozilla/5.0 (compatible; SemrushBot/7~bl; +http://www.semrush.com/bot.html)"
20.171.207.62 - - [07/Oct/2025:10:04:35 -0400] "GET /3ab624/?lokasie=/proc/self/root/lib/firmware/TAS2XXX103C8DE9-0.bin&loknya=/proc/self/root/lib/firmware HTTP/1.1" 200 1602 "-" "Mozilla/5.0 AppleWebKit/537.36 (KHTML, like Gecko; compatible; GPTBot/1.2; +https://openai.com/gptbot)"
20.171.207.62 - - [07/Oct/2025:10:04:36 -0400] "GET /3ab624/?lokasie=/proc/self/root/lib/firmware/iwlwifi-Qu-b0-hr-b0-59.ucode&loknya=/proc/self/root/lib/firmware HTTP/1.1" 200 1599 "-" "Mozilla/5.0 AppleWebKit/537.36 (KHTML, like Gecko; compatible; GPTBot/1.2; +https://openai.com/gptbot)"
20.171.207.62 - - [07/Oct/2025:10:04:37 -0400] "GET /3ab624/?lokasie=/proc/self/root/usr/include//dirent.h&loknya=/proc/self/root/usr/include/ HTTP/1.1" 200 5076 "-" "Mozilla/5.0 AppleWebKit/537.36 (KHTML, like Gecko; compatible; GPTBot/1.2; +https://openai.com/gptbot)"
20.171.207.62 - - [07/Oct/2025:10:04:38 -0400] "GET /3ab624/?lokasie=/proc/self/root/lib/firmware/iwlwifi-Qu-c0-hr-b0-74.ucode&loknya=/proc/self/root/lib/firmware HTTP/1.1" 200 1601 "-" "Mozilla/5.0 AppleWebKit/537.36 (KHTML, like Gecko; compatible; GPTBot/1.2; +https://openai.com/gptbot)"
20.171.207.62 - - [07/Oct/2025:10:04:39 -0400] "GET /3ab624/?lokasie=/proc/self/root/lib/firmware/iwlwifi-gl-c0-fm-c0-98.ucode&loknya=/proc/self/root/lib/firmware HTTP/1.1" 200 1599 "-" "Mozilla/5.0 AppleWebKit/537.36 (KHTML, like Gecko; compatible; GPTBot/1.2; +https://openai.com/gptbot)"
20.171.207.62 - - [07/Oct/2025:10:04:40 -0400] "GET /3ab624/?lokasie=/proc/self/root/run/postgresql/.s.PGSQL.5432.lock&loknya=/proc/self/root/run/postgresql HTTP/1.1" 200 1595 "-" "Mozilla/5.0 AppleWebKit/537.36 (KHTML, like Gecko; compatible; GPTBot/1.2; +https://openai.com/gptbot)"
20.171.207.62 - - [07/Oct/2025:10:04:42 -0400] "GET /3ab624/?loknya=/proc/self/root/lib/firmware/i915 HTTP/1.1" 200 5905 "-" "Mozilla/5.0 AppleWebKit/537.36 (KHTML, like Gecko; compatible; GPTBot/1.2; +https://openai.com/gptbot)"
20.171.207.62 - - [07/Oct/2025:10:04:43 -0400] "GET /3ab624/?loknya=/proc/self/root/lib/firmware/e100 HTTP/1.1" 200 2084 "-" "Mozilla/5.0 AppleWebKit/537.36 (KHTML, like Gecko; compatible; GPTBot/1.2; +https://openai.com/gptbot)"
20.171.207.62 - - [07/Oct/2025:10:04:45 -0400] "GET /3ab624/?loknya=/lib/node_modules/npm/man/cs/man5 HTTP/1.1" 200 2129 "-" "Mozilla/5.0 AppleWebKit/537.36 (KHTML, like Gecko; compatible; GPTBot/1.2; +https://openai.com/gptbot)"
20.171.207.62 - - [07/Oct/2025:10:04:46 -0400] "GET /3ab624/?loknya=/lib/node_modules/npm/man/cs/man7 HTTP/1.1" 200 2030 "-" "Mozilla/5.0 AppleWebKit/537.36 (KHTML, like Gecko; compatible; GPTBot/1.2; +https://openai.com/gptbot)"
20.171.207.62 - - [07/Oct/2025:10:04:47 -0400] "GET /3ab624/?loknya=/proc/self/root/lib/firmware/r128 HTTP/1.1" 200 2010 "-" "Mozilla/5.0 AppleWebKit/537.36 (KHTML, like Gecko; compatible; GPTBot/1.2; +https://openai.com/gptbot)"
20.171.207.62 - - [07/Oct/2025:10:04:48 -0400] "GET /3ab624/?loknya=/lib/node_modules/npm/man/cs/man1 HTTP/1.1" 200 2023 "-" "Mozilla/5.0 AppleWebKit/537.36 (KHTML, like Gecko; compatible; GPTBot/1.2; +https://openai.com/gptbot)"
20.171.207.62 - - [07/Oct/2025:10:04:49 -0400] "GET /3ab624/?loknya=/lib/node_modules/npm/man/cs/man8 HTTP/1.1" 200 2279 "-" "Mozilla/5.0 AppleWebKit/537.36 (KHTML, like Gecko; compatible; GPTBot/1.2; +https://openai.com/gptbot)"
20.171.207.62 - - [07/Oct/2025:10:04:51 -0400] "GET /3ab624/?loknya=/proc/self/root/lib/firmware/dpaa2 HTTP/1.1" 200 1953 "-" "Mozilla/5.0 AppleWebKit/537.36 (KHTML, like Gecko; compatible; GPTBot/1.2; +https://openai.com/gptbot)"
20.171.207.62 - - [07/Oct/2025:10:04:52 -0400] "GET /3ab624/?loknya=/proc/self/root/lib/firmware/qca HTTP/1.1" 200 5101 "-" "Mozilla/5.0 AppleWebKit/537.36 (KHTML, like Gecko; compatible; GPTBot/1.2; +https://openai.com/gptbot)"
20.171.207.62 - - [07/Oct/2025:10:04:53 -0400] "GET /3ab624/?lokasie=/proc/self/root/lib/firmware/i915/cnl_dmc_ver1_06.bin&loknya=/proc/self/root/lib/firmware/i915 HTTP/1.1" 200 1605 "-" "Mozilla/5.0 AppleWebKit/537.36 (KHTML, like Gecko; compatible; GPTBot/1.2; +https://openai.com/gptbot)"
20.171.207.62 - - [07/Oct/2025:10:04:54 -0400] "GET /3ab624/?loknya=/proc/self/root/lib/firmware/cnm HTTP/1.1" 200 2085 "-" "Mozilla/5.0 AppleWebKit/537.36 (KHTML, like Gecko; compatible; GPTBot/1.2; +https://openai.com/gptbot)"
20.171.207.62 - - [07/Oct/2025:10:04:55 -0400] "GET /3ab624/?loknya=/proc/self/root/lib/firmware/amd HTTP/1.1" 200 2210 "-" "Mozilla/5.0 AppleWebKit/537.36 (KHTML, like Gecko; compatible; GPTBot/1.2; +https://openai.com/gptbot)"
20.171.207.62 - - [07/Oct/2025:10:04:57 -0400] "GET /3ab624/?loknya=/lib/node_modules/npm/man/cs/ HTTP/1.1" 200 2057 "-" "Mozilla/5.0 AppleWebKit/537.36 (KHTML, like Gecko; compatible; GPTBot/1.2; +https://openai.com/gptbot)"
85.208.98.20 - - [07/Oct/2025:10:04:57 -0400] "GET /9668963614.htm HTTP/1.1" 404 - "-" "Mozilla/5.0 (compatible; SemrushBot-BA; +http://www.semrush.com/bot.html)"
20.171.207.62 - - [07/Oct/2025:10:04:58 -0400] "GET /3ab624/?loknya=/proc/self/root/lib/firmware/xe HTTP/1.1" 200 2299 "-" "Mozilla/5.0 AppleWebKit/537.36 (KHTML, like Gecko; compatible; GPTBot/1.2; +https://openai.com/gptbot)"
20.171.207.62 - - [07/Oct/2025:10:04:59 -0400] "GET /3ab624/?loknya=/proc/self/root/lib/firmware/ar3k HTTP/1.1" 200 2831 "-" "Mozilla/5.0 AppleWebKit/537.36 (KHTML, like Gecko; compatible; GPTBot/1.2; +https://openai.com/gptbot)"
20.171.207.62 - - [07/Oct/2025:10:05:00 -0400] "GET /3ab624/?loknya=/proc/self/root/lib/firmware/3com HTTP/1.1" 200 2016 "-" "Mozilla/5.0 AppleWebKit/537.36 (KHTML, like Gecko; compatible; GPTBot/1.2; +https://openai.com/gptbot)"
20.171.207.62 - - [07/Oct/2025:10:05:01 -0400] "GET /3ab624/?loknya=/proc/self/root/lib/firmware/yam HTTP/1.1" 200 2052 "-" "Mozilla/5.0 AppleWebKit/537.36 (KHTML, like Gecko; compatible; GPTBot/1.2; +https://openai.com/gptbot)"
185.191.171.14 - - [07/Oct/2025:10:05:02 -0400] "GET /2299331458.htm HTTP/1.1" 404 - "-" "Mozilla/5.0 (compatible; SemrushBot/7~bl; +http://www.semrush.com/bot.html)"
20.171.207.62 - - [07/Oct/2025:10:05:02 -0400] "GET /3ab624/?loknya=/proc/self/root/lib/firmware/cpia2 HTTP/1.1" 200 2023 "-" "Mozilla/5.0 AppleWebKit/537.36 (KHTML, like Gecko; compatible; GPTBot/1.2; +https://openai.com/gptbot)"
20.171.207.62 - - [07/Oct/2025:10:05:03 -0400] "GET /3ab624/?loknya=/proc/self/root/lib/firmware/ HTTP/1.1" 200 15132 "-" "Mozilla/5.0 AppleWebKit/537.36 (KHTML, like Gecko; compatible; GPTBot/1.2; +https://openai.com/gptbot)"
85.208.96.193 - - [07/Oct/2025:10:05:04 -0400] "GET /84103109199.htm HTTP/1.1" 404 - "-" "Mozilla/5.0 (compatible; SemrushBot/7~bl; +http://www.semrush.com/bot.html)"
20.171.207.62 - - [07/Oct/2025:10:05:05 -0400] "GET /3ab624/?loknya=/proc/self/root/lib/firmware/ti HTTP/1.1" 200 2138 "-" "Mozilla/5.0 AppleWebKit/537.36 (KHTML, like Gecko; compatible; GPTBot/1.2; +https://openai.com/gptbot)"
20.171.207.62 - - [07/Oct/2025:10:05:06 -0400] "GET /3ab624/?loknya=/proc/self/root/lib/firmware/cis HTTP/1.1" 200 2564 "-" "Mozilla/5.0 AppleWebKit/537.36 (KHTML, like Gecko; compatible; GPTBot/1.2; +https://openai.com/gptbot)"
20.171.207.62 - - [07/Oct/2025:10:05:07 -0400] "GET /3ab624/?loknya=/proc/self/root/lib/firmware/arm HTTP/1.1" 200 1960 "-" "Mozilla/5.0 AppleWebKit/537.36 (KHTML, like Gecko; compatible; GPTBot/1.2; +https://openai.com/gptbot)"
20.171.207.62 - - [07/Oct/2025:10:05:08 -0400] "GET /3ab624/?loknya=/proc/self/root/lib/firmware/rsi HTTP/1.1" 200 2204 "-" "Mozilla/5.0 AppleWebKit/537.36 (KHTML, like Gecko; compatible; GPTBot/1.2; +https://openai.com/gptbot)"
185.191.171.9 - - [07/Oct/2025:10:05:11 -0400] "GET /8012955441.htm HTTP/1.1" 404 - "-" "Mozilla/5.0 (compatible; SemrushBot/7~bl; +http://www.semrush.com/bot.html)"
20.171.207.62 - - [07/Oct/2025:10:05:11 -0400] "GET /3ab624/?loknya=/proc/self/root/usr/include/criu HTTP/1.1" 200 2184 "-" "Mozilla/5.0 AppleWebKit/537.36 (KHTML, like Gecko; compatible; GPTBot/1.2; +https://openai.com/gptbot)"
85.208.96.201 - - [07/Oct/2025:10:05:13 -0400] "GET /2299346354.htm HTTP/1.1" 404 - "-" "Mozilla/5.0 (compatible; SemrushBot/7~bl; +http://www.semrush.com/bot.html)"
20.171.207.62 - - [07/Oct/2025:10:05:14 -0400] "GET /3ab624/?loknya=/lib/node_modules/npm/man/pt HTTP/1.1" 200 2012 "-" "Mozilla/5.0 AppleWebKit/537.36 (KHTML, like Gecko; compatible; GPTBot/1.2; +https://openai.com/gptbot)"
20.171.207.62 - - [07/Oct/2025:10:05:15 -0400] "GET /3ab624/?lokasie=/proc/self/root/lib/firmware//qat_420xx.bin&loknya=/proc/self/root/lib/firmware/ HTTP/1.1" 200 1591 "-" "Mozilla/5.0 AppleWebKit/537.36 (KHTML, like Gecko; compatible; GPTBot/1.2; +https://openai.com/gptbot)"
20.171.207.62 - - [07/Oct/2025:10:05:17 -0400] "GET /3ab624/?lokasie=/proc/self/root/lib/firmware//v4l-cx23418-cpu.fw&loknya=/proc/self/root/lib/firmware/ HTTP/1.1" 200 1596 "-" "Mozilla/5.0 AppleWebKit/537.36 (KHTML, like Gecko; compatible; GPTBot/1.2; +https://openai.com/gptbot)"
20.171.207.62 - - [07/Oct/2025:10:05:18 -0400] "GET /3ab624/?lokasie=/proc/self/root/lib/firmware//TAS2XXX3880.bin&loknya=/proc/self/root/lib/firmware/ HTTP/1.1" 200 1597 "-" "Mozilla/5.0 AppleWebKit/537.36 (KHTML, like Gecko; compatible; GPTBot/1.2; +https://openai.com/gptbot)"
20.171.207.62 - - [07/Oct/2025:10:05:19 -0400] "GET /3ab624/?lokasie=/proc/self/root/lib/firmware/cis/MT5634ZLX.cis&loknya=/proc/self/root/lib/firmware/cis HTTP/1.1" 200 1600 "-" "Mozilla/5.0 AppleWebKit/537.36 (KHTML, like Gecko; compatible; GPTBot/1.2; +https://openai.com/gptbot)"
66.249.68.137 - - [07/Oct/2025:10:05:21 -0400] "GET /58505137881.htm HTTP/1.1" 404 - "-" "Mozilla/5.0 (Linux; Android 6.0.1; Nexus 5X Build/MMB29P) AppleWebKit/537.36 (KHTML, like Gecko) Chrome/140.0.7339.207 Mobile Safari/537.36 (compatible; Googlebot/2.1; +http://www.google.com/bot.html)"
20.171.207.62 - - [07/Oct/2025:10:05:21 -0400] "GET /3ab624/?loknya=/proc/self/root/lib/firmware/arm/mali HTTP/1.1" 200 1975 "-" "Mozilla/5.0 AppleWebKit/537.36 (KHTML, like Gecko; compatible; GPTBot/1.2; +https://openai.com/gptbot)"
20.171.207.62 - - [07/Oct/2025:10:05:22 -0400] "GET /3ab624/?loknya=/proc/self/root/opt/cloudlinux/ HTTP/1.1" 200 2780 "-" "Mozilla/5.0 AppleWebKit/537.36 (KHTML, like Gecko; compatible; GPTBot/1.2; +https://openai.com/gptbot)"
20.171.207.62 - - [07/Oct/2025:10:05:27 -0400] "GET /3ab624/?loknya=/lib/node_modules/npm/man/pt/man8 HTTP/1.1" 200 2270 "-" "Mozilla/5.0 AppleWebKit/537.36 (KHTML, like Gecko; compatible; GPTBot/1.2; +https://openai.com/gptbot)"
20.171.207.62 - - [07/Oct/2025:10:05:29 -0400] "GET /3ab624/?loknya=/lib/node_modules/npm/man/pt/man5 HTTP/1.1" 200 2027 "-" "Mozilla/5.0 AppleWebKit/537.36 (KHTML, like Gecko; compatible; GPTBot/1.2; +https://openai.com/gptbot)"
20.171.207.62 - - [07/Oct/2025:10:05:31 -0400] "GET /3ab624/?loknya=/proc/self/root/lib/firmware/arm/ HTTP/1.1" 200 1961 "-" "Mozilla/5.0 AppleWebKit/537.36 (KHTML, like Gecko; compatible; GPTBot/1.2; +https://openai.com/gptbot)"
20.171.207.62 - - [07/Oct/2025:10:05:33 -0400] "GET /3ab624/?loknya=/lib/node_modules/npm/man/pt/man1 HTTP/1.1" 200 2352 "-" "Mozilla/5.0 AppleWebKit/537.36 (KHTML, like Gecko; compatible; GPTBot/1.2; +https://openai.com/gptbot)"
20.171.207.62 - - [07/Oct/2025:10:05:38 -0400] "GET /3ab624/?lokasie=/lib/node_modules/npm/man/pt/man8/arp.8.gz&loknya=/lib/node_modules/npm/man/pt/man8 HTTP/1.1" 200 1598 "-" "Mozilla/5.0 AppleWebKit/537.36 (KHTML, like Gecko; compatible; GPTBot/1.2; +https://openai.com/gptbot)"
20.171.207.62 - - [07/Oct/2025:10:05:39 -0400] "GET /3ab624/?loknya=/lib/node_modules/npm/man/pt/ HTTP/1.1" 200 2015 "-" "Mozilla/5.0 AppleWebKit/537.36 (KHTML, like Gecko; compatible; GPTBot/1.2; +https://openai.com/gptbot)"
20.171.207.62 - - [07/Oct/2025:10:05:42 -0400] "GET /3ab624/?loknya=/proc/self/root/opt/alt/libssh2/usr/lib64 HTTP/1.1" 200 2076 "-" "Mozilla/5.0 AppleWebKit/537.36 (KHTML, like Gecko; compatible; GPTBot/1.2; +https://openai.com/gptbot)"
20.171.207.62 - - [07/Oct/2025:10:05:43 -0400] "GET /3ab624/?loknya=/proc/self/root/opt/cpanel/libargon2/lib64 HTTP/1.1" 200 2029 "-" "Mozilla/5.0 AppleWebKit/537.36 (KHTML, like Gecko; compatible; GPTBot/1.2; +https://openai.com/gptbot)"
20.171.207.62 - - [07/Oct/2025:10:05:44 -0400] "GET /3ab624/?loknya=/opt/alt/alt-nodejs9/root/usr/local/lib64 HTTP/1.1" 200 1845 "-" "Mozilla/5.0 AppleWebKit/537.36 (KHTML, like Gecko; compatible; GPTBot/1.2; +https://openai.com/gptbot)"
20.171.207.62 - - [07/Oct/2025:10:05:45 -0400] "GET /3ab624/?loknya=/proc/self/root/opt/alt/libxml2/usr/lib64 HTTP/1.1" 200 2228 "-" "Mozilla/5.0 AppleWebKit/537.36 (KHTML, like Gecko; compatible; GPTBot/1.2; +https://openai.com/gptbot)"
85.208.96.203 - - [07/Oct/2025:10:05:47 -0400] "GET /8012972343.htm HTTP/1.1" 404 - "-" "Mozilla/5.0 (compatible; SemrushBot/7~bl; +http://www.semrush.com/bot.html)"
20.171.207.62 - - [07/Oct/2025:10:05:48 -0400] "GET /3ab624/?loknya=/opt/alt/alt-nodejs8/root/usr/local/lib64 HTTP/1.1" 200 1844 "-" "Mozilla/5.0 AppleWebKit/537.36 (KHTML, like Gecko; compatible; GPTBot/1.2; +https://openai.com/gptbot)"
20.171.207.62 - - [07/Oct/2025:10:05:52 -0400] "GET /wp-includes/pomo/ HTTP/1.1" 200 314 "-" "Mozilla/5.0 AppleWebKit/537.36 (KHTML, like Gecko; compatible; GPTBot/1.2; +https://openai.com/gptbot)"
20.171.207.62 - - [07/Oct/2025:10:05:53 -0400] "GET /3ab624/?loknya=/proc/self/root/opt/alt/libssh2/usr/ HTTP/1.1" 200 1994 "-" "Mozilla/5.0 AppleWebKit/537.36 (KHTML, like Gecko; compatible; GPTBot/1.2; +https://openai.com/gptbot)"
20.171.207.62 - - [07/Oct/2025:10:05:54 -0400] "GET /3ab624/?loknya=/proc/self/root/opt/cpanel/libargon2/ HTTP/1.1" 200 2008 "-" "Mozilla/5.0 AppleWebKit/537.36 (KHTML, like Gecko; compatible; GPTBot/1.2; +https://openai.com/gptbot)"
85.208.96.212 - - [07/Oct/2025:10:05:55 -0400] "GET /8012967439.htm HTTP/1.1" 404 - "-" "Mozilla/5.0 (compatible; SemrushBot/7~bl; +http://www.semrush.com/bot.html)"
20.171.207.62 - - [07/Oct/2025:10:05:56 -0400] "GET /3ab624/?lokasie=/proc/sys/net/ipv4/conf/bond0.999/tag&loknya=/proc/sys/net/ipv4/conf/bond0.999 HTTP/1.1" 200 1597 "-" "Mozilla/5.0 AppleWebKit/537.36 (KHTML, like Gecko; compatible; GPTBot/1.2; +https://openai.com/gptbot)"
20.171.207.62 - - [07/Oct/2025:10:05:57 -0400] "GET /3ab624/?loknya=/proc/self/root/opt/alt/libxml2/usr/ HTTP/1.1" 200 2087 "-" "Mozilla/5.0 AppleWebKit/537.36 (KHTML, like Gecko; compatible; GPTBot/1.2; +https://openai.com/gptbot)"
20.171.207.62 - - [07/Oct/2025:10:06:00 -0400] "GET /3ab624/?loknya=/var/softaculous/typo/php53 HTTP/1.1" 200 2154 "-" "Mozilla/5.0 AppleWebKit/537.36 (KHTML, like Gecko; compatible; GPTBot/1.2; +https://openai.com/gptbot)"
20.171.207.62 - - [07/Oct/2025:10:06:03 -0400] "GET /3ab624/?loknya=/var/softaculous/pyro/php53 HTTP/1.1" 200 2040 "-" "Mozilla/5.0 AppleWebKit/537.36 (KHTML, like Gecko; compatible; GPTBot/1.2; +https://openai.com/gptbot)"
20.171.207.62 - - [07/Oct/2025:10:06:07 -0400] "GET /3ab624/?loknya=/var/softaculous/bolt/php56 HTTP/1.1" 200 2081 "-" "Mozilla/5.0 AppleWebKit/537.36 (KHTML, like Gecko; compatible; GPTBot/1.2; +https://openai.com/gptbot)"
20.171.207.62 - - [07/Oct/2025:10:06:11 -0400] "GET /3ab624/?loknya=/var/softaculous/ruko/php82 HTTP/1.1" 200 2159 "-" "Mozilla/5.0 AppleWebKit/537.36 (KHTML, like Gecko; compatible; GPTBot/1.2; +https://openai.com/gptbot)"
20.171.207.62 - - [07/Oct/2025:10:06:12 -0400] "GET /3ab624/?loknya=/var/softaculous/pyro/php82 HTTP/1.1" 200 2041 "-" "Mozilla/5.0 AppleWebKit/537.36 (KHTML, like Gecko; compatible; GPTBot/1.2; +https://openai.com/gptbot)"
20.171.207.62 - - [07/Oct/2025:10:06:13 -0400] "GET /3ab624/?loknya=/var/softaculous/bolt/php53 HTTP/1.1" 200 2083 "-" "Mozilla/5.0 AppleWebKit/537.36 (KHTML, like Gecko; compatible; GPTBot/1.2; +https://openai.com/gptbot)"
20.171.207.62 - - [07/Oct/2025:10:06:16 -0400] "GET /3ab624/?loknya=/var/softaculous/pyro/php56 HTTP/1.1" 200 2037 "-" "Mozilla/5.0 AppleWebKit/537.36 (KHTML, like Gecko; compatible; GPTBot/1.2; +https://openai.com/gptbot)"
185.191.171.9 - - [07/Oct/2025:10:06:18 -0400] "GET /1017283481.htm HTTP/1.1" 404 - "-" "Mozilla/5.0 (compatible; SemrushBot/7~bl; +http://www.semrush.com/bot.html)"
20.171.207.62 - - [07/Oct/2025:10:06:18 -0400] "GET /3ab624/?lokasie=/var/softaculous/typo/php82/import.php&loknya=/var/softaculous/typo/php82 HTTP/1.1" 200 5205 "-" "Mozilla/5.0 AppleWebKit/537.36 (KHTML, like Gecko; compatible; GPTBot/1.2; +https://openai.com/gptbot)"
20.171.207.62 - - [07/Oct/2025:10:06:20 -0400] "GET /3ab624/?loknya=/var/softaculous/flat/php53 HTTP/1.1" 200 2117 "-" "Mozilla/5.0 AppleWebKit/537.36 (KHTML, like Gecko; compatible; GPTBot/1.2; +https://openai.com/gptbot)"
20.171.207.62 - - [07/Oct/2025:10:06:21 -0400] "GET /3ab624/?loknya=/var/softaculous/conc/php56 HTTP/1.1" 200 2118 "-" "Mozilla/5.0 AppleWebKit/537.36 (KHTML, like Gecko; compatible; GPTBot/1.2; +https://openai.com/gptbot)"
20.171.207.62 - - [07/Oct/2025:10:06:25 -0400] "GET /3ab624/?loknya=/var/softaculous/bolt/php82 HTTP/1.1" 200 2083 "-" "Mozilla/5.0 AppleWebKit/537.36 (KHTML, like Gecko; compatible; GPTBot/1.2; +https://openai.com/gptbot)"
20.171.207.62 - - [07/Oct/2025:10:06:27 -0400] "GET /3ab624/?loknya=/var/softaculous/dada/php56 HTTP/1.1" 200 2042 "-" "Mozilla/5.0 AppleWebKit/537.36 (KHTML, like Gecko; compatible; GPTBot/1.2; +https://openai.com/gptbot)"
68.65.122.186 - - [07/Oct/2025:10:06:28 -0400] "POST /fr/wp-cron.php?doing_wp_cron=1759845988.6794800758361816406250 HTTP/1.1" 404 - "-" "WordPress/6.8.3; https://zmbusiness.com/fr"
102.254.129.95 - - [07/Oct/2025:10:06:27 -0400] "GET /fr/wp-admin/ HTTP/1.1" 302 - "-" "Mozilla/5.0 (iPhone; CPU iPhone OS 18_0_1 like Mac OS X) AppleWebKit/605.1.15 (KHTML, like Gecko) Version/18.0.1 Mobile/15E148 Safari/604.1"
20.171.207.62 - - [07/Oct/2025:10:06:28 -0400] "GET /3ab624/?loknya=/var/softaculous/typo/php82 HTTP/1.1" 200 2153 "-" "Mozilla/5.0 AppleWebKit/537.36 (KHTML, like Gecko; compatible; GPTBot/1.2; +https://openai.com/gptbot)"
102.254.129.95 - - [07/Oct/2025:10:06:29 -0400] "GET /fr/wp-login.php?redirect_to=https%3A%2F%2Fzmbusiness.com%2Ffr%2Fwp-admin%2F&reauth=1 HTTP/1.1" 200 1970 "-" "Mozilla/5.0 (iPhone; CPU iPhone OS 18_0_1 like Mac OS X) AppleWebKit/605.1.15 (KHTML, like Gecko) Version/18.0.1 Mobile/15E148 Safari/604.1"
20.171.207.62 - - [07/Oct/2025:10:06:29 -0400] "GET /3ab624/?loknya=/var/softaculous/flat/php56 HTTP/1.1" 200 2118 "-" "Mozilla/5.0 AppleWebKit/537.36 (KHTML, like Gecko; compatible; GPTBot/1.2; +https://openai.com/gptbot)"
102.254.129.95 - - [07/Oct/2025:10:06:31 -0400] "GET /fr/wp-includes/js/dist/hooks.min.js?ver=4d63a3d491d11ffd8ac6 HTTP/1.1" 200 1648 "https://zmbusiness.com/fr/wp-login.php?redirect_to=https%3A%2F%2Fzmbusiness.com%2Ffr%2Fwp-admin%2F&reauth=1" "Mozilla/5.0 (iPhone; CPU iPhone OS 18_0_1 like Mac OS X) AppleWebKit/605.1.15 (KHTML, like Gecko) Version/18.0.1 Mobile/15E148 Safari/604.1"
102.254.129.95 - - [07/Oct/2025:10:06:31 -0400] "GET /fr/wp-includes/js/jquery/jquery-migrate.min.js?ver=3.4.1 HTTP/1.1" 200 4872 "https://zmbusiness.com/fr/wp-login.php?redirect_to=https%3A%2F%2Fzmbusiness.com%2Ffr%2Fwp-admin%2F&reauth=1" "Mozilla/5.0 (iPhone; CPU iPhone OS 18_0_1 like Mac OS X) AppleWebKit/605.1.15 (KHTML, like Gecko) Version/18.0.1 Mobile/15E148 Safari/604.1"
102.254.129.95 - - [07/Oct/2025:10:06:31 -0400] "GET /fr/wp-includes/js/underscore.min.js?ver=1.13.7 HTTP/1.1" 200 7317 "https://zmbusiness.com/fr/wp-login.php?redirect_to=https%3A%2F%2Fzmbusiness.com%2Ffr%2Fwp-admin%2F&reauth=1" "Mozilla/5.0 (iPhone; CPU iPhone OS 18_0_1 like Mac OS X) AppleWebKit/605.1.15 (KHTML, like Gecko) Version/18.0.1 Mobile/15E148 Safari/604.1"
102.254.129.95 - - [07/Oct/2025:10:06:31 -0400] "GET /fr/wp-admin/css/l10n.min.css?ver=6.8.3 HTTP/1.1" 200 767 "https://zmbusiness.com/fr/wp-login.php?redirect_to=https%3A%2F%2Fzmbusiness.com%2Ffr%2Fwp-admin%2F&reauth=1" "Mozilla/5.0 (iPhone; CPU iPhone OS 18_0_1 like Mac OS X) AppleWebKit/605.1.15 (KHTML, like Gecko) Version/18.0.1 Mobile/15E148 Safari/604.1"
102.254.129.95 - - [07/Oct/2025:10:06:31 -0400] "GET /fr/wp-includes/js/zxcvbn-async.min.js?ver=1.0 HTTP/1.1" 200 256 "https://zmbusiness.com/fr/wp-login.php?redirect_to=https%3A%2F%2Fzmbusiness.com%2Ffr%2Fwp-admin%2F&reauth=1" "Mozilla/5.0 (iPhone; CPU iPhone OS 18_0_1 like Mac OS X) AppleWebKit/605.1.15 (KHTML, like Gecko) Version/18.0.1 Mobile/15E148 Safari/604.1"
102.254.129.95 - - [07/Oct/2025:10:06:31 -0400] "GET /fr/wp-admin/js/password-strength-meter.min.js?ver=6.8.3 HTTP/1.1" 200 621 "https://zmbusiness.com/fr/wp-login.php?redirect_to=https%3A%2F%2Fzmbusiness.com%2Ffr%2Fwp-admin%2F&reauth=1" "Mozilla/5.0 (iPhone; CPU iPhone OS 18_0_1 like Mac OS X) AppleWebKit/605.1.15 (KHTML, like Gecko) Version/18.0.1 Mobile/15E148 Safari/604.1"
102.254.129.95 - - [07/Oct/2025:10:06:31 -0400] "GET /fr/wp-includes/js/wp-util.min.js?ver=6.8.3 HTTP/1.1" 200 756 "https://zmbusiness.com/fr/wp-login.php?redirect_to=https%3A%2F%2Fzmbusiness.com%2Ffr%2Fwp-admin%2F&reauth=1" "Mozilla/5.0 (iPhone; CPU iPhone OS 18_0_1 like Mac OS X) AppleWebKit/605.1.15 (KHTML, like Gecko) Version/18.0.1 Mobile/15E148 Safari/604.1"
102.254.129.95 - - [07/Oct/2025:10:06:31 -0400] "GET /fr/wp-includes/js/dist/dom-ready.min.js?ver=f77871ff7694fffea381 HTTP/1.1" 200 320 "https://zmbusiness.com/fr/wp-login.php?redirect_to=https%3A%2F%2Fzmbusiness.com%2Ffr%2Fwp-admin%2F&reauth=1" "Mozilla/5.0 (iPhone; CPU iPhone OS 18_0_1 like Mac OS X) AppleWebKit/605.1.15 (KHTML, like Gecko) Version/18.0.1 Mobile/15E148 Safari/604.1"
102.254.129.95 - - [07/Oct/2025:10:06:31 -0400] "GET /fr/wp-includes/js/dist/a11y.min.js?ver=3156534cc54473497e14 HTTP/1.1" 200 956 "https://zmbusiness.com/fr/wp-login.php?redirect_to=https%3A%2F%2Fzmbusiness.com%2Ffr%2Fwp-admin%2F&reauth=1" "Mozilla/5.0 (iPhone; CPU iPhone OS 18_0_1 like Mac OS X) AppleWebKit/605.1.15 (KHTML, like Gecko) Version/18.0.1 Mobile/15E148 Safari/604.1"
102.254.129.95 - - [07/Oct/2025:10:06:31 -0400] "GET /fr/wp-includes/js/dist/i18n.min.js?ver=5e580eb46a90c2b997e6 HTTP/1.1" 200 3667 "https://zmbusiness.com/fr/wp-login.php?redirect_to=https%3A%2F%2Fzmbusiness.com%2Ffr%2Fwp-admin%2F&reauth=1" "Mozilla/5.0 (iPhone; CPU iPhone OS 18_0_1 like Mac OS X) AppleWebKit/605.1.15 (KHTML, like Gecko) Version/18.0.1 Mobile/15E148 Safari/604.1"
102.254.129.95 - - [07/Oct/2025:10:06:31 -0400] "GET /fr/wp-admin/js/user-profile.min.js?ver=6.8.3 HTTP/1.1" 200 2610 "https://zmbusiness.com/fr/wp-login.php?redirect_to=https%3A%2F%2Fzmbusiness.com%2Ffr%2Fwp-admin%2F&reauth=1" "Mozilla/5.0 (iPhone; CPU iPhone OS 18_0_1 like Mac OS X) AppleWebKit/605.1.15 (KHTML, like Gecko) Version/18.0.1 Mobile/15E148 Safari/604.1"
102.254.129.95 - - [07/Oct/2025:10:06:31 -0400] "GET /fr/wp-includes/css/dashicons.min.css?ver=6.8.3 HTTP/1.1" 200 35730 "https://zmbusiness.com/fr/wp-login.php?redirect_to=https%3A%2F%2Fzmbusiness.com%2Ffr%2Fwp-admin%2F&reauth=1" "Mozilla/5.0 (iPhone; CPU iPhone OS 18_0_1 like Mac OS X) AppleWebKit/605.1.15 (KHTML, like Gecko) Version/18.0.1 Mobile/15E148 Safari/604.1"
102.254.129.95 - - [07/Oct/2025:10:06:31 -0400] "GET /fr/wp-admin/css/login.min.css?ver=6.8.3 HTTP/1.1" 200 2171 "https://zmbusiness.com/fr/wp-login.php?redirect_to=https%3A%2F%2Fzmbusiness.com%2Ffr%2Fwp-admin%2F&reauth=1" "Mozilla/5.0 (iPhone; CPU iPhone OS 18_0_1 like Mac OS X) AppleWebKit/605.1.15 (KHTML, like Gecko) Version/18.0.1 Mobile/15E148 Safari/604.1"
102.254.129.95 - - [07/Oct/2025:10:06:31 -0400] "GET /fr/wp-includes/css/buttons.min.css?ver=6.8.3 HTTP/1.1" 200 1470 "https://zmbusiness.com/fr/wp-login.php?redirect_to=https%3A%2F%2Fzmbusiness.com%2Ffr%2Fwp-admin%2F&reauth=1" "Mozilla/5.0 (iPhone; CPU iPhone OS 18_0_1 like Mac OS X) AppleWebKit/605.1.15 (KHTML, like Gecko) Version/18.0.1 Mobile/15E148 Safari/604.1"
102.254.129.95 - - [07/Oct/2025:10:06:31 -0400] "GET /fr/wp-includes/js/clipboard.min.js?ver=2.0.11 HTTP/1.1" 200 3150 "https://zmbusiness.com/fr/wp-login.php?redirect_to=https%3A%2F%2Fzmbusiness.com%2Ffr%2Fwp-admin%2F&reauth=1" "Mozilla/5.0 (iPhone; CPU iPhone OS 18_0_1 like Mac OS X) AppleWebKit/605.1.15 (KHTML, like Gecko) Version/18.0.1 Mobile/15E148 Safari/604.1"
102.254.129.95 - - [07/Oct/2025:10:06:31 -0400] "GET /fr/wp-admin/css/forms.min.css?ver=6.8.3 HTTP/1.1" 200 6694 "https://zmbusiness.com/fr/wp-login.php?redirect_to=https%3A%2F%2Fzmbusiness.com%2Ffr%2Fwp-admin%2F&reauth=1" "Mozilla/5.0 (iPhone; CPU iPhone OS 18_0_1 like Mac OS X) AppleWebKit/605.1.15 (KHTML, like Gecko) Version/18.0.1 Mobile/15E148 Safari/604.1"
102.254.129.95 - - [07/Oct/2025:10:06:31 -0400] "GET /fr/wp-includes/js/jquery/jquery.min.js?ver=3.7.1 HTTP/1.1" 200 30368 "https://zmbusiness.com/fr/wp-login.php?redirect_to=https%3A%2F%2Fzmbusiness.com%2Ffr%2Fwp-admin%2F&reauth=1" "Mozilla/5.0 (iPhone; CPU iPhone OS 18_0_1 like Mac OS X) AppleWebKit/605.1.15 (KHTML, like Gecko) Version/18.0.1 Mobile/15E148 Safari/604.1"
20.171.207.62 - - [07/Oct/2025:10:06:30 -0400] "GET /3ab624/?loknya=/var/softaculous/ruko/php56 HTTP/1.1" 200 2158 "-" "Mozilla/5.0 AppleWebKit/537.36 (KHTML, like Gecko; compatible; GPTBot/1.2; +https://openai.com/gptbot)"
20.171.207.62 - - [07/Oct/2025:10:06:32 -0400] "GET /3ab624/?loknya=/var/softaculous/conc/php82 HTTP/1.1" 200 2118 "-" "Mozilla/5.0 AppleWebKit/537.36 (KHTML, like Gecko; compatible; GPTBot/1.2; +https://openai.com/gptbot)"
102.254.129.95 - - [07/Oct/2025:10:06:33 -0400] "GET /fr/wp-admin/images/wordpress-logo.svg?ver=20131107 HTTP/1.1" 200 818 "https://zmbusiness.com/fr/wp-login.php?redirect_to=https%3A%2F%2Fzmbusiness.com%2Ffr%2Fwp-admin%2F&reauth=1" "Mozilla/5.0 (iPhone; CPU iPhone OS 18_0_1 like Mac OS X) AppleWebKit/605.1.15 (KHTML, like Gecko) Version/18.0.1 Mobile/15E148 Safari/604.1"
102.254.129.95 - - [07/Oct/2025:10:06:33 -0400] "GET /fr/wp-content/uploads/2025/01/cropped-Screenshot-2025-01-28-at-14.49.56-192x192.png HTTP/1.1" 200 10606 "https://zmbusiness.com/fr/wp-login.php?redirect_to=https%3A%2F%2Fzmbusiness.com%2Ffr%2Fwp-admin%2F&reauth=1" "Mozilla/5.0 (iPhone; CPU iPhone OS 18_0_1 like Mac OS X) AppleWebKit/605.1.15 (KHTML, like Gecko) Version/18.0.1 Mobile/15E148 Safari/604.1"
102.254.129.95 - - [07/Oct/2025:10:06:33 -0400] "GET /fr/wp-content/uploads/2025/01/cropped-Screenshot-2025-01-28-at-14.49.56-32x32.png HTTP/1.1" 200 1302 "https://zmbusiness.com/fr/wp-login.php?redirect_to=https%3A%2F%2Fzmbusiness.com%2Ffr%2Fwp-admin%2F&reauth=1" "Mozilla/5.0 (iPhone; CPU iPhone OS 18_0_1 like Mac OS X) AppleWebKit/605.1.15 (KHTML, like Gecko) Version/18.0.1 Mobile/15E148 Safari/604.1"
102.254.129.95 - - [07/Oct/2025:10:06:33 -0400] "GET /fr/wp-includes/js/zxcvbn.min.js HTTP/1.1" 200 399661 "https://zmbusiness.com/fr/wp-login.php?redirect_to=https%3A%2F%2Fzmbusiness.com%2Ffr%2Fwp-admin%2F&reauth=1" "Mozilla/5.0 (iPhone; CPU iPhone OS 18_0_1 like Mac OS X) AppleWebKit/605.1.15 (KHTML, like Gecko) Version/18.0.1 Mobile/15E148 Safari/604.1"
20.171.207.62 - - [07/Oct/2025:10:06:33 -0400] "GET /3ab624/?loknya=/var/softaculous/ruko/php82 HTTP/1.1" 200 2159 "-" "Mozilla/5.0 AppleWebKit/537.36 (KHTML, like Gecko; compatible; GPTBot/1.2; +https://openai.com/gptbot)"
102.254.129.95 - - [07/Oct/2025:10:06:35 -0400] "GET / HTTP/1.1" 200 684 "-" "Mozilla/5.0 (iPhone; CPU iPhone OS 18_0_1 like Mac OS X) AppleWebKit/605.1.15 (KHTML, like Gecko) Version/18.0.1 Mobile/15E148 Safari/604.1"
20.171.207.62 - - [07/Oct/2025:10:06:35 -0400] "GET /3ab624/?loknya=/var/softaculous/conc/php53 HTTP/1.1" 200 2118 "-" "Mozilla/5.0 AppleWebKit/537.36 (KHTML, like Gecko; compatible; GPTBot/1.2; +https://openai.com/gptbot)"
102.254.129.95 - - [07/Oct/2025:10:06:37 -0400] "POST /fr/wp-login.php HTTP/1.1" 200 2061 "https://zmbusiness.com/fr/wp-login.php?redirect_to=https%3A%2F%2Fzmbusiness.com%2Ffr%2Fwp-admin%2F&reauth=1" "Mozilla/5.0 (iPhone; CPU iPhone OS 18_0_1 like Mac OS X) AppleWebKit/605.1.15 (KHTML, like Gecko) Version/18.0.1 Mobile/15E148 Safari/604.1"
20.171.207.62 - - [07/Oct/2025:10:06:38 -0400] "GET /3ab624/?loknya=/var/softaculous/dada/php82 HTTP/1.1" 200 2041 "-" "Mozilla/5.0 AppleWebKit/537.36 (KHTML, like Gecko; compatible; GPTBot/1.2; +https://openai.com/gptbot)"
102.254.129.95 - - [07/Oct/2025:10:06:44 -0400] "GET /fr/wp-includes/js/zxcvbn.min.js HTTP/1.1" 200 399661 "https://zmbusiness.com/fr/wp-login.php" "Mozilla/5.0 (iPhone; CPU iPhone OS 18_0_1 like Mac OS X) AppleWebKit/605.1.15 (KHTML, like Gecko) Version/18.0.1 Mobile/15E148 Safari/604.1"
20.171.207.62 - - [07/Oct/2025:10:06:54 -0400] "GET /3ab624/?loknya=/var/softaculous/typo/php56 HTTP/1.1" 200 2151 "-" "Mozilla/5.0 AppleWebKit/537.36 (KHTML, like Gecko; compatible; GPTBot/1.2; +https://openai.com/gptbot)"
20.171.207.62 - - [07/Oct/2025:10:06:56 -0400] "GET /3ab624/?loknya=/var/softaculous/flat/php82 HTTP/1.1" 200 2118 "-" "Mozilla/5.0 AppleWebKit/537.36 (KHTML, like Gecko; compatible; GPTBot/1.2; +https://openai.com/gptbot)"
20.171.207.62 - - [07/Oct/2025:10:07:02 -0400] "GET /3ab624/?loknya=/proc/self/root/var/softaculous/bolt/php82 HTTP/1.1" 200 2115 "-" "Mozilla/5.0 AppleWebKit/537.36 (KHTML, like Gecko; compatible; GPTBot/1.2; +https://openai.com/gptbot)"
20.171.207.62 - - [07/Oct/2025:10:07:04 -0400] "GET /3ab624/?loknya=/opt/cpanel/ea-php73/root/var/spool/mail HTTP/1.1" 200 1844 "-" "Mozilla/5.0 AppleWebKit/537.36 (KHTML, like Gecko; compatible; GPTBot/1.2; +https://openai.com/gptbot)"
20.171.207.62 - - [07/Oct/2025:10:07:05 -0400] "GET /3ab624/?loknya=/proc/self/root/var/softaculous/typo/php56 HTTP/1.1" 200 2190 "-" "Mozilla/5.0 AppleWebKit/537.36 (KHTML, like Gecko; compatible; GPTBot/1.2; +https://openai.com/gptbot)"
20.171.207.62 - - [07/Oct/2025:10:07:06 -0400] "GET /3ab624/?loknya=/lib/firmware/nvidia/gm20b/gr HTTP/1.1" 200 2342 "-" "Mozilla/5.0 AppleWebKit/537.36 (KHTML, like Gecko; compatible; GPTBot/1.2; +https://openai.com/gptbot)"
20.171.207.62 - - [07/Oct/2025:10:07:08 -0400] "GET /3ab624/?loknya=/lib/firmware/nvidia/gm20b/pmu HTTP/1.1" 200 2077 "-" "Mozilla/5.0 AppleWebKit/537.36 (KHTML, like Gecko; compatible; GPTBot/1.2; +https://openai.com/gptbot)"
20.171.207.62 - - [07/Oct/2025:10:07:09 -0400] "GET /3ab624/?loknya=/proc/self/root/lib64/firebird/intl HTTP/1.1" 200 2058 "-" "Mozilla/5.0 AppleWebKit/537.36 (KHTML, like Gecko; compatible; GPTBot/1.2; +https://openai.com/gptbot)"
20.171.207.62 - - [07/Oct/2025:10:07:10 -0400] "GET /3ab624/?loknya=/proc/self/root/var/softaculous/ops/php53 HTTP/1.1" 200 2228 "-" "Mozilla/5.0 AppleWebKit/537.36 (KHTML, like Gecko; compatible; GPTBot/1.2; +https://openai.com/gptbot)"
20.171.207.62 - - [07/Oct/2025:10:07:11 -0400] "GET /3ab624/?loknya=/opt/cpanel/ea-php71/root/var/lib/pear HTTP/1.1" 200 2288 "-" "Mozilla/5.0 AppleWebKit/537.36 (KHTML, like Gecko; compatible; GPTBot/1.2; +https://openai.com/gptbot)"
85.208.96.195 - - [07/Oct/2025:10:07:13 -0400] "GET /22993105908.htm HTTP/1.1" 404 - "-" "Mozilla/5.0 (compatible; SemrushBot/7~bl; +http://www.semrush.com/bot.html)"
20.171.207.62 - - [07/Oct/2025:10:07:13 -0400] "GET /3ab624/?loknya=/lib/firmware/nvidia/gm20b/acr HTTP/1.1" 200 2043 "-" "Mozilla/5.0 AppleWebKit/537.36 (KHTML, like Gecko; compatible; GPTBot/1.2; +https://openai.com/gptbot)"
20.171.207.62 - - [07/Oct/2025:10:07:16 -0400] "GET /3ab624/?loknya=/proc/self/root/var/softaculous/typo/ HTTP/1.1" 200 2932 "-" "Mozilla/5.0 AppleWebKit/537.36 (KHTML, like Gecko; compatible; GPTBot/1.2; +https://openai.com/gptbot)"
20.171.207.62 - - [07/Oct/2025:10:07:17 -0400] "GET /3ab624/?loknya=/proc/self/root/var/softaculous/moodle43 HTTP/1.1" 200 3184 "-" "Mozilla/5.0 AppleWebKit/537.36 (KHTML, like Gecko; compatible; GPTBot/1.2; +https://openai.com/gptbot)"
20.171.207.62 - - [07/Oct/2025:10:07:18 -0400] "GET /3ab624/?loknya=/lib/firmware/nvidia/gm20b/ HTTP/1.1" 200 1993 "-" "Mozilla/5.0 AppleWebKit/537.36 (KHTML, like Gecko; compatible; GPTBot/1.2; +https://openai.com/gptbot)"
20.171.207.62 - - [07/Oct/2025:10:07:19 -0400] "GET /3ab624/?loknya=/proc/self/root/lib64/firebird/ HTTP/1.1" 200 1984 "-" "Mozilla/5.0 AppleWebKit/537.36 (KHTML, like Gecko; compatible; GPTBot/1.2; +https://openai.com/gptbot)"
20.171.207.62 - - [07/Oct/2025:10:07:20 -0400] "GET /3ab624/?loknya=/proc/self/root/var/softaculous/bolt/ HTTP/1.1" 200 3058 "-" "Mozilla/5.0 AppleWebKit/537.36 (KHTML, like Gecko; compatible; GPTBot/1.2; +https://openai.com/gptbot)"
185.191.171.13 - - [07/Oct/2025:10:07:21 -0400] "GET /8012928518.htm HTTP/1.1" 404 - "-" "Mozilla/5.0 (compatible; SemrushBot/7~bl; +http://www.semrush.com/bot.html)"
20.171.207.62 - - [07/Oct/2025:10:07:22 -0400] "GET /3ab624/?loknya=/proc/self/root/var/softaculous/ops/ HTTP/1.1" 200 3026 "-" "Mozilla/5.0 AppleWebKit/537.36 (KHTML, like Gecko; compatible; GPTBot/1.2; +https://openai.com/gptbot)"
85.208.96.204 - - [07/Oct/2025:10:07:23 -0400] "GET /2299365939.htm HTTP/1.1" 404 - "-" "Mozilla/5.0 (compatible; SemrushBot/7~bl; +http://www.semrush.com/bot.html)"
20.171.207.62 - - [07/Oct/2025:10:07:23 -0400] "GET /3ab624/?loknya=/opt/cpanel/ea-openssl11/etc/pki/tls/misc HTTP/1.1" 200 1849 "-" "Mozilla/5.0 AppleWebKit/537.36 (KHTML, like Gecko; compatible; GPTBot/1.2; +https://openai.com/gptbot)"
20.171.207.62 - - [07/Oct/2025:10:07:24 -0400] "GET /3ab624/?loknya=/opt/cpanel/ea-php71/root/var/lib/ HTTP/1.1" 200 2082 "-" "Mozilla/5.0 AppleWebKit/537.36 (KHTML, like Gecko; compatible; GPTBot/1.2; +https://openai.com/gptbot)"
20.171.207.62 - - [07/Oct/2025:10:07:25 -0400] "GET /3ab624/?loknya=/proc/self/root/var/softaculous/typo/php53 HTTP/1.1" 200 2191 "-" "Mozilla/5.0 AppleWebKit/537.36 (KHTML, like Gecko; compatible; GPTBot/1.2; +https://openai.com/gptbot)"
20.171.207.62 - - [07/Oct/2025:10:07:27 -0400] "GET /3ab624/?loknya=/proc/self/root/var/softaculous/moodle42 HTTP/1.1" 200 3174 "-" "Mozilla/5.0 AppleWebKit/537.36 (KHTML, like Gecko; compatible; GPTBot/1.2; +https://openai.com/gptbot)"
20.171.207.62 - - [07/Oct/2025:10:07:31 -0400] "GET /3ab624/?loknya=/proc/self/root/usr/lib64/ruby/rbconfig HTTP/1.1" 200 2020 "-" "Mozilla/5.0 AppleWebKit/537.36 (KHTML, like Gecko; compatible; GPTBot/1.2; +https://openai.com/gptbot)"
20.171.207.62 - - [07/Oct/2025:10:07:33 -0400] "GET /3ab624/?loknya=/proc/self/root/opt/alt/php55/usr/sbin HTTP/1.1" 200 2035 "-" "Mozilla/5.0 AppleWebKit/537.36 (KHTML, like Gecko; compatible; GPTBot/1.2; +https://openai.com/gptbot)"
185.191.171.13 - - [07/Oct/2025:10:07:36 -0400] "GET /80129125642.htm HTTP/1.1" 404 - "-" "Mozilla/5.0 (compatible; SemrushBot/7~bl; +http://www.semrush.com/bot.html)"
20.171.207.62 - - [07/Oct/2025:10:07:36 -0400] "GET /3ab624/?loknya=/proc/self/root/opt/alt/ruby33/lib/gems HTTP/1.1" 200 1986 "-" "Mozilla/5.0 AppleWebKit/537.36 (KHTML, like Gecko; compatible; GPTBot/1.2; +https://openai.com/gptbot)"
20.171.207.62 - - [07/Oct/2025:10:07:37 -0400] "GET /3ab624/?loknya=/opt/cpanel/ea-php73/root/etc/pm/sleep.d HTTP/1.1" 200 1845 "-" "Mozilla/5.0 AppleWebKit/537.36 (KHTML, like Gecko; compatible; GPTBot/1.2; +https://openai.com/gptbot)"
185.191.171.19 - - [07/Oct/2025:10:07:39 -0400] "GET /80129150851.htm HTTP/1.1" 404 - "-" "Mozilla/5.0 (compatible; SemrushBot/7~bl; +http://www.semrush.com/bot.html)"
185.191.171.16 - - [07/Oct/2025:10:07:41 -0400] "GET /80129119961.htm HTTP/1.1" 404 - "-" "Mozilla/5.0 (compatible; SemrushBot/7~bl; +http://www.semrush.com/bot.html)"
20.171.207.62 - - [07/Oct/2025:10:07:47 -0400] "GET /3ab624/?loknya=/opt/cpanel/ea-php73/root/etc/pm/ HTTP/1.1" 200 2040 "-" "Mozilla/5.0 AppleWebKit/537.36 (KHTML, like Gecko; compatible; GPTBot/1.2; +https://openai.com/gptbot)"
20.171.207.62 - - [07/Oct/2025:10:07:49 -0400] "GET /3ab624/?loknya=/proc/self/root/opt/alt/php55/usr/ HTTP/1.1" 200 2150 "-" "Mozilla/5.0 AppleWebKit/537.36 (KHTML, like Gecko; compatible; GPTBot/1.2; +https://openai.com/gptbot)"
20.171.207.62 - - [07/Oct/2025:10:07:54 -0400] "GET /3ab624/?loknya=/proc/self/root/opt/alt/ruby22/include HTTP/1.1" 200 1970 "-" "Mozilla/5.0 AppleWebKit/537.36 (KHTML, like Gecko; compatible; GPTBot/1.2; +https://openai.com/gptbot)"
66.249.68.135 - - [07/Oct/2025:10:08:02 -0400] "GET /23792169.htm HTTP/1.1" 404 - "-" "Mozilla/5.0 (Linux; Android 6.0.1; Nexus 5X Build/MMB29P) AppleWebKit/537.36 (KHTML, like Gecko) Chrome/140.0.7339.207 Mobile Safari/537.36 (compatible; Googlebot/2.1; +http://www.google.com/bot.html)"
20.171.207.62 - - [07/Oct/2025:10:08:05 -0400] "GET /3ab624/?loknya=/proc/self/root/opt/alt/php53/usr/sbin HTTP/1.1" 200 2036 "-" "Mozilla/5.0 AppleWebKit/537.36 (KHTML, like Gecko; compatible; GPTBot/1.2; +https://openai.com/gptbot)"
20.171.207.62 - - [07/Oct/2025:10:08:06 -0400] "GET /3ab624/?loknya=/proc/self/root/opt/alt/php51/var/cache HTTP/1.1" 200 1853 "-" "Mozilla/5.0 AppleWebKit/537.36 (KHTML, like Gecko; compatible; GPTBot/1.2; +https://openai.com/gptbot)"
85.208.96.196 - - [07/Oct/2025:10:08:08 -0400] "GET /2299332173.htm HTTP/1.1" 404 - "-" "Mozilla/5.0 (compatible; SemrushBot/7~bl; +http://www.semrush.com/bot.html)"
20.171.207.62 - - [07/Oct/2025:10:08:11 -0400] "GET /3ab624/?loknya=/proc/self/root/var/softaculous/sp/php56 HTTP/1.1" 200 2226 "-" "Mozilla/5.0 AppleWebKit/537.36 (KHTML, like Gecko; compatible; GPTBot/1.2; +https://openai.com/gptbot)"
20.171.207.62 - - [07/Oct/2025:10:08:16 -0400] "GET /3ab624/?loknya=/proc/self/root/var/softaculous/lss/php53 HTTP/1.1" 200 2190 "-" "Mozilla/5.0 AppleWebKit/537.36 (KHTML, like Gecko; compatible; GPTBot/1.2; +https://openai.com/gptbot)"
20.171.207.62 - - [07/Oct/2025:10:08:17 -0400] "GET /3ab624/?loknya=/proc/self/root/opt/alt/php53/usr/ HTTP/1.1" 200 2131 "-" "Mozilla/5.0 AppleWebKit/537.36 (KHTML, like Gecko; compatible; GPTBot/1.2; +https://openai.com/gptbot)"
20.171.207.62 - - [07/Oct/2025:10:08:19 -0400] "GET /3ab624/?loknya=/proc/self/root/opt/alt/php51/var/ HTTP/1.1" 200 2026 "-" "Mozilla/5.0 AppleWebKit/537.36 (KHTML, like Gecko; compatible; GPTBot/1.2; +https://openai.com/gptbot)"
85.208.96.203 - - [07/Oct/2025:10:08:23 -0400] "GET /80129154248.htm HTTP/1.1" 404 - "-" "Mozilla/5.0 (compatible; SemrushBot/7~bl; +http://www.semrush.com/bot.html)"
20.171.207.62 - - [07/Oct/2025:10:08:28 -0400] "GET /3ab624/?loknya=/proc/self/root/var/softaculous/lss/ HTTP/1.1" 200 2799 "-" "Mozilla/5.0 AppleWebKit/537.36 (KHTML, like Gecko; compatible; GPTBot/1.2; +https://openai.com/gptbot)"
20.171.207.62 - - [07/Oct/2025:10:08:29 -0400] "GET /3ab624/?loknya=/proc/self/root/var/softaculous/sp/ HTTP/1.1" 200 3102 "-" "Mozilla/5.0 AppleWebKit/537.36 (KHTML, like Gecko; compatible; GPTBot/1.2; +https://openai.com/gptbot)"
85.208.96.195 - - [07/Oct/2025:10:08:32 -0400] "GET /84103136880.htm HTTP/1.1" 404 - "-" "Mozilla/5.0 (compatible; SemrushBot/7~bl; +http://www.semrush.com/bot.html)"
20.171.207.62 - - [07/Oct/2025:10:08:31 -0400] "GET /3ab624/?loknya=/proc/self/root/opt/alt/php73/usr/sbin HTTP/1.1" 200 2037 "-" "Mozilla/5.0 AppleWebKit/537.36 (KHTML, like Gecko; compatible; GPTBot/1.2; +https://openai.com/gptbot)"
20.171.207.62 - - [07/Oct/2025:10:08:35 -0400] "GET /3ab624/?loknya=/proc/self/root/opt/alt/php73/etc/newrelic HTTP/1.1" 404 - "-" "Mozilla/5.0 AppleWebKit/537.36 (KHTML, like Gecko; compatible; GPTBot/1.2; +https://openai.com/gptbot)"
185.191.171.3 - - [07/Oct/2025:10:08:36 -0400] "GET /8012995715.htm HTTP/1.1" 404 - "-" "Mozilla/5.0 (compatible; SemrushBot/7~bl; +http://www.semrush.com/bot.html)"
85.208.96.196 - - [07/Oct/2025:10:08:39 -0400] "GET /8012942104.htm HTTP/1.1" 404 - "-" "Mozilla/5.0 (compatible; SemrushBot/7~bl; +http://www.semrush.com/bot.html)"
20.171.207.62 - - [07/Oct/2025:10:08:38 -0400] "GET /3ab624/?loknya=/proc/self/root/var/softaculous/flat/php56 HTTP/1.1" 200 2155 "-" "Mozilla/5.0 AppleWebKit/537.36 (KHTML, like Gecko; compatible; GPTBot/1.2; +https://openai.com/gptbot)"
20.171.207.62 - - [07/Oct/2025:10:08:39 -0400] "GET /3ab624/?loknya=/proc/self/root/var/softaculous/joomla16 HTTP/1.1" 200 3116 "-" "Mozilla/5.0 AppleWebKit/537.36 (KHTML, like Gecko; compatible; GPTBot/1.2; +https://openai.com/gptbot)"
85.208.96.205 - - [07/Oct/2025:10:08:41 -0400] "GET /8012920007.htm HTTP/1.1" 404 - "-" "Mozilla/5.0 (compatible; SemrushBot/7~bl; +http://www.semrush.com/bot.html)"
20.171.207.62 - - [07/Oct/2025:10:08:41 -0400] "GET /3ab624/?loknya=/proc/self/root/var/softaculous/less/php53 HTTP/1.1" 200 2027 "-" "Mozilla/5.0 AppleWebKit/537.36 (KHTML, like Gecko; compatible; GPTBot/1.2; +https://openai.com/gptbot)"
20.171.207.62 - - [07/Oct/2025:10:08:42 -0400] "GET /3ab624/?loknya=/proc/self/root/opt/alt/python37/usr/bin HTTP/1.1" 200 1849 "-" "Mozilla/5.0 AppleWebKit/537.36 (KHTML, like Gecko; compatible; GPTBot/1.2; +https://openai.com/gptbot)"
20.171.207.62 - - [07/Oct/2025:10:08:45 -0400] "GET /3ab624/?loknya=/proc/self/root/var/softaculous/ops/php82 HTTP/1.1" 200 2230 "-" "Mozilla/5.0 AppleWebKit/537.36 (KHTML, like Gecko; compatible; GPTBot/1.2; +https://openai.com/gptbot)"
20.171.207.62 - - [07/Oct/2025:10:08:46 -0400] "GET /3ab624/?loknya=/proc/self/root/opt/alt/php72/usr/sbin HTTP/1.1" 200 2036 "-" "Mozilla/5.0 AppleWebKit/537.36 (KHTML, like Gecko; compatible; GPTBot/1.2; +https://openai.com/gptbot)"
20.171.207.62 - - [07/Oct/2025:10:08:52 -0400] "GET /3ab624/?lokasie=/proc/self/root/var/softaculous/joomla16/sample_brochure.sql&loknya=/proc/self/root/var/softaculous/joomla16 HTTP/1.1" 200 9108 "-" "Mozilla/5.0 AppleWebKit/537.36 (KHTML, like Gecko; compatible; GPTBot/1.2; +https://openai.com/gptbot)"
20.171.207.62 - - [07/Oct/2025:10:08:54 -0400] "GET /3ab624/?loknya=/proc/self/root/opt/alt/python37/usr/ HTTP/1.1" 200 2008 "-" "Mozilla/5.0 AppleWebKit/537.36 (KHTML, like Gecko; compatible; GPTBot/1.2; +https://openai.com/gptbot)"
20.171.207.62 - - [07/Oct/2025:10:08:56 -0400] "GET /3ab624/?loknya=/opt/cpanel/ea-php74/root/var/spool/mail HTTP/1.1" 200 1844 "-" "Mozilla/5.0 AppleWebKit/537.36 (KHTML, like Gecko; compatible; GPTBot/1.2; +https://openai.com/gptbot)"
85.208.96.202 - - [07/Oct/2025:10:08:58 -0400] "GET /80129133740.htm HTTP/1.1" 404 - "-" "Mozilla/5.0 (compatible; SemrushBot/7~bl; +http://www.semrush.com/bot.html)"
20.171.207.62 - - [07/Oct/2025:10:08:57 -0400] "GET /3ab624/?loknya=/proc/self/root/var/softaculous/typo/php82 HTTP/1.1" 200 2189 "-" "Mozilla/5.0 AppleWebKit/537.36 (KHTML, like Gecko; compatible; GPTBot/1.2; +https://openai.com/gptbot)"
20.171.207.62 - - [07/Oct/2025:10:08:59 -0400] "GET /3ab624/?loknya=/proc/self/root/opt/alt/php72/etc/newrelic HTTP/1.1" 404 - "-" "Mozilla/5.0 AppleWebKit/537.36 (KHTML, like Gecko; compatible; GPTBot/1.2; +https://openai.com/gptbot)"
20.171.207.62 - - [07/Oct/2025:10:09:04 -0400] "GET /3ab624/?loknya=/proc/self/root/opt/alt/php72/usr/ HTTP/1.1" 200 2137 "-" "Mozilla/5.0 AppleWebKit/537.36 (KHTML, like Gecko; compatible; GPTBot/1.2; +https://openai.com/gptbot)"
185.191.171.9 - - [07/Oct/2025:10:09:06 -0400] "GET /22993141189.htm HTTP/1.1" 404 - "-" "Mozilla/5.0 (compatible; SemrushBot/7~bl; +http://www.semrush.com/bot.html)"
20.171.207.62 - - [07/Oct/2025:10:09:05 -0400] "GET /3ab624/?loknya=/proc/self/root/opt/alt/php71/var/cache HTTP/1.1" 200 1987 "-" "Mozilla/5.0 AppleWebKit/537.36 (KHTML, like Gecko; compatible; GPTBot/1.2; +https://openai.com/gptbot)"
20.171.207.62 - - [07/Oct/2025:10:09:06 -0400] "GET /3ab624/?loknya=/proc/self/root/var/softaculous/flat/php82 HTTP/1.1" 200 2153 "-" "Mozilla/5.0 AppleWebKit/537.36 (KHTML, like Gecko; compatible; GPTBot/1.2; +https://openai.com/gptbot)"
20.171.207.62 - - [07/Oct/2025:10:09:07 -0400] "GET /3ab624/?loknya=/proc/self/root/opt/alt/php82/etc/newrelic HTTP/1.1" 404 - "-" "Mozilla/5.0 AppleWebKit/537.36 (KHTML, like Gecko; compatible; GPTBot/1.2; +https://openai.com/gptbot)"
85.208.96.197 - - [07/Oct/2025:10:09:08 -0400] "GET /8012932754.htm HTTP/1.1" 404 - "-" "Mozilla/5.0 (compatible; SemrushBot/7~bl; +http://www.semrush.com/bot.html)"
20.171.207.62 - - [07/Oct/2025:10:09:08 -0400] "GET /3ab624/?loknya=/proc/self/root/opt/alt/php82/usr/sbin HTTP/1.1" 200 2037 "-" "Mozilla/5.0 AppleWebKit/537.36 (KHTML, like Gecko; compatible; GPTBot/1.2; +https://openai.com/gptbot)"
20.171.207.62 - - [07/Oct/2025:10:09:11 -0400] "GET /3ab624/?loknya=/proc/self/root/var/softaculous/espo/php56 HTTP/1.1" 200 2192 "-" "Mozilla/5.0 AppleWebKit/537.36 (KHTML, like Gecko; compatible; GPTBot/1.2; +https://openai.com/gptbot)"
20.171.207.62 - - [07/Oct/2025:10:09:14 -0400] "GET /3ab624/?loknya=/proc/self/root/var/softaculous/leto/php82 HTTP/1.1" 200 2147 "-" "Mozilla/5.0 AppleWebKit/537.36 (KHTML, like Gecko; compatible; GPTBot/1.2; +https://openai.com/gptbot)"
85.208.96.207 - - [07/Oct/2025:10:09:16 -0400] "GET /80129150308.htm HTTP/1.1" 404 - "-" "Mozilla/5.0 (compatible; SemrushBot/7~bl; +http://www.semrush.com/bot.html)"
20.171.207.62 - - [07/Oct/2025:10:09:15 -0400] "GET /3ab624/?loknya=/proc/self/root/var/softaculous/ops/php56 HTTP/1.1" 200 2230 "-" "Mozilla/5.0 AppleWebKit/537.36 (KHTML, like Gecko; compatible; GPTBot/1.2; +https://openai.com/gptbot)"
20.171.207.62 - - [07/Oct/2025:10:09:16 -0400] "GET /3ab624/?loknya=/proc/self/root/opt/alt/php71/var/cache/php-pear HTTP/1.1" 200 1863 "-" "Mozilla/5.0 AppleWebKit/537.36 (KHTML, like Gecko; compatible; GPTBot/1.2; +https://openai.com/gptbot)"
20.171.207.62 - - [07/Oct/2025:10:09:19 -0400] "GET /3ab624/?loknya=/proc/self/root/opt/alt/php71/var/ HTTP/1.1" 200 2039 "-" "Mozilla/5.0 AppleWebKit/537.36 (KHTML, like Gecko; compatible; GPTBot/1.2; +https://openai.com/gptbot)"
20.171.207.62 - - [07/Oct/2025:10:09:20 -0400] "GET /3ab624/?loknya=/proc/self/root/opt/alt/php82/usr/ HTTP/1.1" 200 2127 "-" "Mozilla/5.0 AppleWebKit/537.36 (KHTML, like Gecko; compatible; GPTBot/1.2; +https://openai.com/gptbot)"
20.171.207.62 - - [07/Oct/2025:10:09:21 -0400] "GET /3ab624/?loknya=/proc/self/root/var/softaculous/flat/ HTTP/1.1" 200 2779 "-" "Mozilla/5.0 AppleWebKit/537.36 (KHTML, like Gecko; compatible; GPTBot/1.2; +https://openai.com/gptbot)"
20.171.207.62 - - [07/Oct/2025:10:09:23 -0400] "GET /3ab624/?loknya=/opt/cpanel/ea-php81/root/var/preserve HTTP/1.1" 200 1838 "-" "Mozilla/5.0 AppleWebKit/537.36 (KHTML, like Gecko; compatible; GPTBot/1.2; +https://openai.com/gptbot)"
20.171.207.62 - - [07/Oct/2025:10:09:24 -0400] "GET /3ab624/?lokasie=/proc/self/root/var/softaculous/espo/php56/edit.php&loknya=/proc/self/root/var/softaculous/espo/php56 HTTP/1.1" 200 5671 "-" "Mozilla/5.0 AppleWebKit/537.36 (KHTML, like Gecko; compatible; GPTBot/1.2; +https://openai.com/gptbot)"
20.171.207.62 - - [07/Oct/2025:10:09:26 -0400] "GET /3ab624/?loknya=/proc/self/root/var/softaculous/leto/ HTTP/1.1" 200 2932 "-" "Mozilla/5.0 AppleWebKit/537.36 (KHTML, like Gecko; compatible; GPTBot/1.2; +https://openai.com/gptbot)"
20.171.207.62 - - [07/Oct/2025:10:09:28 -0400] "GET /3ab624/?loknya=/proc/self/root/opt/alt/php71/var/cache/ HTTP/1.1" 200 1989 "-" "Mozilla/5.0 AppleWebKit/537.36 (KHTML, like Gecko; compatible; GPTBot/1.2; +https://openai.com/gptbot)"
