20.171.207.62 - - [07/Oct/2025:09:17:42 -0400] "GET /3ab624/?loknya=/proc/self/root/var/softaculous/claro/php82 HTTP/1.1" 200 2194 "-" "Mozilla/5.0 AppleWebKit/537.36 (KHTML, like Gecko; compatible; GPTBot/1.2; +https://openai.com/gptbot)"
20.171.207.62 - - [07/Oct/2025:09:17:43 -0400] "GET /3ab624/?loknya=/opt/alt/alt-nodejs9/root/usr/bin HTTP/1.1" 200 2457 "-" "Mozilla/5.0 AppleWebKit/537.36 (KHTML, like Gecko; compatible; GPTBot/1.2; +https://openai.com/gptbot)"
20.171.207.62 - - [07/Oct/2025:09:17:45 -0400] "GET /3ab624/?loknya=/opt/alt/alt-nodejs8/root/var/tmp HTTP/1.1" 200 1831 "-" "Mozilla/5.0 AppleWebKit/537.36 (KHTML, like Gecko; compatible; GPTBot/1.2; +https://openai.com/gptbot)"
20.171.207.62 - - [07/Oct/2025:09:17:46 -0400] "GET /3ab624/?loknya=/opt/alt/alt-nodejs9/root/usr/tmp HTTP/1.1" 200 1830 "-" "Mozilla/5.0 AppleWebKit/537.36 (KHTML, like Gecko; compatible; GPTBot/1.2; +https://openai.com/gptbot)"
20.171.207.62 - - [07/Oct/2025:09:17:47 -0400] "GET /3ab624/?loknya=/opt/alt/alt-nodejs9/root/usr/src HTTP/1.1" 200 2001 "-" "Mozilla/5.0 AppleWebKit/537.36 (KHTML, like Gecko; compatible; GPTBot/1.2; +https://openai.com/gptbot)"
20.171.207.62 - - [07/Oct/2025:09:17:55 -0400] "GET /3ab624/?loknya=/opt/alt/alt-nodejs9/root/var/adm HTTP/1.1" 200 1834 "-" "Mozilla/5.0 AppleWebKit/537.36 (KHTML, like Gecko; compatible; GPTBot/1.2; +https://openai.com/gptbot)"
20.171.207.62 - - [07/Oct/2025:09:17:58 -0400] "GET /3ab624/?loknya=/opt/alt/alt-nodejs6/root/etc/xdg HTTP/1.1" 404 - "-" "Mozilla/5.0 AppleWebKit/537.36 (KHTML, like Gecko; compatible; GPTBot/1.2; +https://openai.com/gptbot)"
185.191.171.15 - - [07/Oct/2025:09:18:02 -0400] "GET /8410321796.htm HTTP/1.1" 404 - "-" "Mozilla/5.0 (compatible; SemrushBot/7~bl; +http://www.semrush.com/bot.html)"
18.97.9.174 - - [07/Oct/2025:09:18:06 -0400] "GET /area39?kg=20563 HTTP/1.1" 404 - "-" "CCBot/2.0 (https://commoncrawl.org/faq/)"
20.171.207.62 - - [07/Oct/2025:09:18:08 -0400] "GET /3ab624/?loknya=/opt/alt/alt-nodejs8/root/etc/pki HTTP/1.1" 404 - "-" "Mozilla/5.0 AppleWebKit/537.36 (KHTML, like Gecko; compatible; GPTBot/1.2; +https://openai.com/gptbot)"
85.208.96.206 - - [07/Oct/2025:09:18:08 -0400] "GET /8012921199.htm HTTP/1.1" 404 - "-" "Mozilla/5.0 (compatible; SemrushBot/7~bl; +http://www.semrush.com/bot.html)"
20.171.207.62 - - [07/Oct/2025:09:18:09 -0400] "GET /3ab624/?loknya=/opt/alt/alt-nodejs9/root/var/empty HTTP/1.1" 200 1835 "-" "Mozilla/5.0 AppleWebKit/537.36 (KHTML, like Gecko; compatible; GPTBot/1.2; +https://openai.com/gptbot)"
20.171.207.62 - - [07/Oct/2025:09:18:11 -0400] "GET /3ab624/?loknya=/opt/alt/alt-nodejs8/root/var/empty HTTP/1.1" 200 1834 "-" "Mozilla/5.0 AppleWebKit/537.36 (KHTML, like Gecko; compatible; GPTBot/1.2; +https://openai.com/gptbot)"
185.191.171.19 - - [07/Oct/2025:09:18:22 -0400] "GET /80129145175.htm HTTP/1.1" 404 - "-" "Mozilla/5.0 (compatible; SemrushBot/7~bl; +http://www.semrush.com/bot.html)"
85.208.96.196 - - [07/Oct/2025:09:18:28 -0400] "GET /80129148071.htm HTTP/1.1" 404 - "-" "Mozilla/5.0 (compatible; SemrushBot/7~bl; +http://www.semrush.com/bot.html)"
185.191.171.8 - - [07/Oct/2025:09:18:37 -0400] "GET /2299329321.htm HTTP/1.1" 404 - "-" "Mozilla/5.0 (compatible; SemrushBot/7~bl; +http://www.semrush.com/bot.html)"
185.191.171.6 - - [07/Oct/2025:09:18:39 -0400] "GET /2299348036.htm HTTP/1.1" 404 - "-" "Mozilla/5.0 (compatible; SemrushBot/7~bl; +http://www.semrush.com/bot.html)"
18.97.9.174 - - [07/Oct/2025:09:18:39 -0400] "GET /explanation40?kg=44878 HTTP/1.1" 404 - "-" "CCBot/2.0 (https://commoncrawl.org/faq/)"
18.97.9.174 - - [07/Oct/2025:09:19:08 -0400] "GET /alien/carbohydrate36/lqj4d-8141/ HTTP/1.1" 404 - "-" "CCBot/2.0 (https://commoncrawl.org/faq/)"
85.208.96.212 - - [07/Oct/2025:09:19:10 -0400] "GET /2299365622.htm HTTP/1.1" 404 - "-" "Mozilla/5.0 (compatible; SemrushBot/7~bl; +http://www.semrush.com/bot.html)"
20.171.207.62 - - [07/Oct/2025:09:19:09 -0400] "GET /3ab624/?loknya=/self/opt/ HTTP/1.1" 200 1804 "-" "Mozilla/5.0 AppleWebKit/537.36 (KHTML, like Gecko; compatible; GPTBot/1.2; +https://openai.com/gptbot)"
185.191.171.16 - - [07/Oct/2025:09:19:25 -0400] "GET /80129145898.htm HTTP/1.1" 404 - "-" "Mozilla/5.0 (compatible; SemrushBot/7~bl; +http://www.semrush.com/bot.html)"
20.171.207.62 - - [07/Oct/2025:09:19:24 -0400] "GET /3ab624/?loknya=/proc/self/root/opt/alt/alt-nodejs8/root/var/spool/ HTTP/1.1" 200 2035 "-" "Mozilla/5.0 AppleWebKit/537.36 (KHTML, like Gecko; compatible; GPTBot/1.2; +https://openai.com/gptbot)"
18.97.9.174 - - [07/Oct/2025:09:19:34 -0400] "GET /growth/anniversary14/bztgh-20177/ HTTP/1.1" 404 - "-" "CCBot/2.0 (https://commoncrawl.org/faq/)"
85.208.96.201 - - [07/Oct/2025:09:19:36 -0400] "GET /8012956100.htm HTTP/1.1" 404 - "-" "Mozilla/5.0 (compatible; SemrushBot/7~bl; +http://www.semrush.com/bot.html)"
20.171.207.62 - - [07/Oct/2025:09:19:36 -0400] "GET /3ab624/?loknya=/proc/self/root/opt/alt/alt-nodejs8/root/lib HTTP/1.1" 200 2056 "-" "Mozilla/5.0 AppleWebKit/537.36 (KHTML, like Gecko; compatible; GPTBot/1.2; +https://openai.com/gptbot)"
85.208.96.197 - - [07/Oct/2025:09:19:40 -0400] "GET /8012916890.htm HTTP/1.1" 404 - "-" "Mozilla/5.0 (compatible; SemrushBot/7~bl; +http://www.semrush.com/bot.html)"
85.208.96.209 - - [07/Oct/2025:09:19:54 -0400] "GET /8012954868.htm HTTP/1.1" 404 - "-" "Mozilla/5.0 (compatible; SemrushBot/7~bl; +http://www.semrush.com/bot.html)"
185.191.171.12 - - [07/Oct/2025:09:20:10 -0400] "GET /80129155232.htm HTTP/1.1" 404 - "-" "Mozilla/5.0 (compatible; SemrushBot/7~bl; +http://www.semrush.com/bot.html)"
85.208.96.196 - - [07/Oct/2025:09:20:11 -0400] "GET /2299367599.htm HTTP/1.1" 404 - "-" "Mozilla/5.0 (compatible; SemrushBot/7~bl; +http://www.semrush.com/bot.html)"
185.191.171.4 - - [07/Oct/2025:09:20:17 -0400] "GET /2299340130.htm HTTP/1.1" 404 - "-" "Mozilla/5.0 (compatible; SemrushBot/7~bl; +http://www.semrush.com/bot.html)"
66.249.79.202 - - [07/Oct/2025:09:20:23 -0400] "GET /1f8b HTTP/1.1" 404 - "-" "Googlebot-Image/1.0"
20.171.207.62 - - [07/Oct/2025:09:20:32 -0400] "GET /3ab624/?loknya=/opt/alt/alt-nodejs9/root/var/mail HTTP/1.1" 200 1834 "-" "Mozilla/5.0 AppleWebKit/537.36 (KHTML, like Gecko; compatible; GPTBot/1.2; +https://openai.com/gptbot)"
85.208.96.206 - - [07/Oct/2025:09:20:50 -0400] "GET /8012925815.htm HTTP/1.1" 404 - "-" "Mozilla/5.0 (compatible; SemrushBot/7~bl; +http://www.semrush.com/bot.html)"
20.171.207.62 - - [07/Oct/2025:09:20:53 -0400] "GET /3ab624/?loknya=/opt/alt/alt-nodejs8/root/usr/lib HTTP/1.1" 200 2035 "-" "Mozilla/5.0 AppleWebKit/537.36 (KHTML, like Gecko; compatible; GPTBot/1.2; +https://openai.com/gptbot)"
20.171.207.62 - - [07/Oct/2025:09:20:54 -0400] "GET /3ab624/?loknya=/opt/alt/alt-nodejs8/root/usr/etc HTTP/1.1" 200 1833 "-" "Mozilla/5.0 AppleWebKit/537.36 (KHTML, like Gecko; compatible; GPTBot/1.2; +https://openai.com/gptbot)"
20.171.207.62 - - [07/Oct/2025:09:20:59 -0400] "GET /3ab624/?loknya=/opt/alt/alt-nodejs6/root/var/cache HTTP/1.1" 200 1835 "-" "Mozilla/5.0 AppleWebKit/537.36 (KHTML, like Gecko; compatible; GPTBot/1.2; +https://openai.com/gptbot)"
18.97.9.174 - - [07/Oct/2025:09:21:00 -0400] "GET /useful/unusual19/9eeeq-49468/ HTTP/1.1" 404 - "-" "CCBot/2.0 (https://commoncrawl.org/faq/)"
85.208.96.201 - - [07/Oct/2025:09:21:00 -0400] "GET /20513148270.htm HTTP/1.1" 404 - "-" "Mozilla/5.0 (compatible; SemrushBot/7~bl; +http://www.semrush.com/bot.html)"
20.171.207.62 - - [07/Oct/2025:09:21:01 -0400] "GET /3ab624/?loknya=/proc/self/root/opt/alt/alt-nodejs8 HTTP/1.1" 200 2114 "-" "Mozilla/5.0 AppleWebKit/537.36 (KHTML, like Gecko; compatible; GPTBot/1.2; +https://openai.com/gptbot)"
20.171.207.62 - - [07/Oct/2025:09:21:02 -0400] "GET /3ab624/?loknya=/opt/alt/alt-nodejs6/root/usr/src HTTP/1.1" 200 2001 "-" "Mozilla/5.0 AppleWebKit/537.36 (KHTML, like Gecko; compatible; GPTBot/1.2; +https://openai.com/gptbot)"
85.208.96.210 - - [07/Oct/2025:09:21:05 -0400] "GET /8012937566.htm HTTP/1.1" 404 - "-" "Mozilla/5.0 (compatible; SemrushBot/7~bl; +http://www.semrush.com/bot.html)"
20.171.207.62 - - [07/Oct/2025:09:21:05 -0400] "GET /3ab624/?lokasie=/proc/self/root/opt/alt/alt-nodejs8/root/lib64//libicuio.so.60&loknya=/proc/self/root/opt/alt/alt-nodejs8/root/lib64/ HTTP/1.1" 200 1616 "-" "Mozilla/5.0 AppleWebKit/537.36 (KHTML, like Gecko; compatible; GPTBot/1.2; +https://openai.com/gptbot)"
20.171.207.62 - - [07/Oct/2025:09:21:06 -0400] "GET /3ab624/?loknya=/opt/alt/alt-nodejs8/root/var/lib HTTP/1.1" 200 2031 "-" "Mozilla/5.0 AppleWebKit/537.36 (KHTML, like Gecko; compatible; GPTBot/1.2; +https://openai.com/gptbot)"
20.171.207.62 - - [07/Oct/2025:09:21:09 -0400] "GET /3ab624/?loknya=/opt/alt/alt-nodejs6/root/usr/lib HTTP/1.1" 200 2015 "-" "Mozilla/5.0 AppleWebKit/537.36 (KHTML, like Gecko; compatible; GPTBot/1.2; +https://openai.com/gptbot)"
20.171.207.62 - - [07/Oct/2025:09:21:13 -0400] "GET /3ab624/?loknya=/proc/self/root/opt/alt/alt-nodejs8/root HTTP/1.1" 200 2504 "-" "Mozilla/5.0 AppleWebKit/537.36 (KHTML, like Gecko; compatible; GPTBot/1.2; +https://openai.com/gptbot)"
20.171.207.62 - - [07/Oct/2025:09:21:14 -0400] "GET /3ab624/?loknya=/opt/alt/alt-nodejs6/root/var/games HTTP/1.1" 200 1834 "-" "Mozilla/5.0 AppleWebKit/537.36 (KHTML, like Gecko; compatible; GPTBot/1.2; +https://openai.com/gptbot)"
20.171.207.62 - - [07/Oct/2025:09:21:15 -0400] "GET /3ab624/?loknya=/opt/alt/alt-nodejs8/root/var/adm HTTP/1.1" 200 1834 "-" "Mozilla/5.0 AppleWebKit/537.36 (KHTML, like Gecko; compatible; GPTBot/1.2; +https://openai.com/gptbot)"
85.208.96.198 - - [07/Oct/2025:09:21:20 -0400] "GET /8012961402.htm HTTP/1.1" 404 - "-" "Mozilla/5.0 (compatible; SemrushBot/7~bl; +http://www.semrush.com/bot.html)"
20.171.207.62 - - [07/Oct/2025:09:21:20 -0400] "GET /3ab624/?loknya=/opt/alt/alt-nodejs9/root/usr/etc HTTP/1.1" 200 1833 "-" "Mozilla/5.0 AppleWebKit/537.36 (KHTML, like Gecko; compatible; GPTBot/1.2; +https://openai.com/gptbot)"
20.171.207.62 - - [07/Oct/2025:09:21:21 -0400] "GET /3ab624/?loknya=/proc/self/root/opt/alt/alt-nodejs9 HTTP/1.1" 200 2115 "-" "Mozilla/5.0 AppleWebKit/537.36 (KHTML, like Gecko; compatible; GPTBot/1.2; +https://openai.com/gptbot)"
20.171.207.62 - - [07/Oct/2025:09:21:22 -0400] "GET /3ab624/?loknya=/opt/alt/alt-nodejs8/root/usr/src HTTP/1.1" 200 1999 "-" "Mozilla/5.0 AppleWebKit/537.36 (KHTML, like Gecko; compatible; GPTBot/1.2; +https://openai.com/gptbot)"
20.171.207.62 - - [07/Oct/2025:09:21:23 -0400] "GET /3ab624/?loknya=/proc/self/root/opt/alt/alt-nodejs8/root/tmp HTTP/1.1" 200 1847 "-" "Mozilla/5.0 AppleWebKit/537.36 (KHTML, like Gecko; compatible; GPTBot/1.2; +https://openai.com/gptbot)"
20.171.207.62 - - [07/Oct/2025:09:21:24 -0400] "GET /3ab624/?loknya=/proc/self/root/opt/alt/alt-nodejs6 HTTP/1.1" 200 2115 "-" "Mozilla/5.0 AppleWebKit/537.36 (KHTML, like Gecko; compatible; GPTBot/1.2; +https://openai.com/gptbot)"
85.208.96.210 - - [07/Oct/2025:09:21:26 -0400] "GET /6857987922.htm HTTP/1.1" 404 - "-" "Mozilla/5.0 (compatible; SemrushBot/7~bl; +http://www.semrush.com/bot.html)"
20.171.207.62 - - [07/Oct/2025:09:21:26 -0400] "GET /3ab624/?loknya=/proc/self/root/opt/alt/alt-nodejs8/root/etc HTTP/1.1" 200 2182 "-" "Mozilla/5.0 AppleWebKit/537.36 (KHTML, like Gecko; compatible; GPTBot/1.2; +https://openai.com/gptbot)"
20.171.207.62 - - [07/Oct/2025:09:21:27 -0400] "GET /3ab624/?loknya=/proc/self/root/opt/alt/alt-nodejs8/root/var HTTP/1.1" 200 2413 "-" "Mozilla/5.0 AppleWebKit/537.36 (KHTML, like Gecko; compatible; GPTBot/1.2; +https://openai.com/gptbot)"
20.171.207.62 - - [07/Oct/2025:09:21:28 -0400] "GET /3ab624/?loknya=/proc/self/root/opt/alt/alt-nodejs8/root/sys HTTP/1.1" 200 1851 "-" "Mozilla/5.0 AppleWebKit/537.36 (KHTML, like Gecko; compatible; GPTBot/1.2; +https://openai.com/gptbot)"
20.171.207.62 - - [07/Oct/2025:09:21:29 -0400] "GET /3ab624/?loknya=/proc/self/root/opt/alt/alt-nodejs8/root/boot HTTP/1.1" 200 1849 "-" "Mozilla/5.0 AppleWebKit/537.36 (KHTML, like Gecko; compatible; GPTBot/1.2; +https://openai.com/gptbot)"
20.171.207.62 - - [07/Oct/2025:09:21:30 -0400] "GET /3ab624/?loknya=/proc/self/root/opt/alt/alt-nodejs8/root/mnt HTTP/1.1" 200 1850 "-" "Mozilla/5.0 AppleWebKit/537.36 (KHTML, like Gecko; compatible; GPTBot/1.2; +https://openai.com/gptbot)"
20.171.207.62 - - [07/Oct/2025:09:21:31 -0400] "GET /3ab624/?loknya=/proc/self/root/opt/alt/alt-nodejs8/root/proc HTTP/1.1" 200 1856 "-" "Mozilla/5.0 AppleWebKit/537.36 (KHTML, like Gecko; compatible; GPTBot/1.2; +https://openai.com/gptbot)"
20.171.207.62 - - [07/Oct/2025:09:21:33 -0400] "GET /3ab624/?loknya=/proc/self/root/opt/alt/alt-nodejs8/root/root HTTP/1.1" 200 1855 "-" "Mozilla/5.0 AppleWebKit/537.36 (KHTML, like Gecko; compatible; GPTBot/1.2; +https://openai.com/gptbot)"
20.171.207.62 - - [07/Oct/2025:09:21:34 -0400] "GET /3ab624/?loknya=/proc/self/root/opt/alt/alt-nodejs9/root HTTP/1.1" 200 2512 "-" "Mozilla/5.0 AppleWebKit/537.36 (KHTML, like Gecko; compatible; GPTBot/1.2; +https://openai.com/gptbot)"
85.208.96.193 - - [07/Oct/2025:09:21:37 -0400] "GET /8012938591.htm HTTP/1.1" 404 - "-" "Mozilla/5.0 (compatible; SemrushBot/7~bl; +http://www.semrush.com/bot.html)"
20.171.207.62 - - [07/Oct/2025:09:21:36 -0400] "GET /3ab624/?loknya=/proc/self/root/opt/alt/alt-nodejs8/root/ HTTP/1.1" 200 2507 "-" "Mozilla/5.0 AppleWebKit/537.36 (KHTML, like Gecko; compatible; GPTBot/1.2; +https://openai.com/gptbot)"
20.171.207.62 - - [07/Oct/2025:09:21:37 -0400] "GET /3ab624/?loknya=/proc/self/root/opt/alt/alt-nodejs8/root/var/local HTTP/1.1" 200 1863 "-" "Mozilla/5.0 AppleWebKit/537.36 (KHTML, like Gecko; compatible; GPTBot/1.2; +https://openai.com/gptbot)"
20.171.207.62 - - [07/Oct/2025:09:21:38 -0400] "GET /3ab624/?loknya=/proc/self/root/opt/alt/alt-nodejs6/root HTTP/1.1" 200 2505 "-" "Mozilla/5.0 AppleWebKit/537.36 (KHTML, like Gecko; compatible; GPTBot/1.2; +https://openai.com/gptbot)"
40.77.167.20 - - [07/Oct/2025:09:21:39 -0400] "GET /?sitemap638.xml HTTP/1.1" 200 684 "-" "Mozilla/5.0 AppleWebKit/537.36 (KHTML, like Gecko; compatible; bingbot/2.0; +http://www.bing.com/bingbot.htm) Chrome/116.0.1938.76 Safari/537.36"
20.171.207.62 - - [07/Oct/2025:09:21:40 -0400] "GET /3ab624/?loknya=/proc/self/root/opt/alt/alt-nodejs8/root/var/yp HTTP/1.1" 200 1860 "-" "Mozilla/5.0 AppleWebKit/537.36 (KHTML, like Gecko; compatible; GPTBot/1.2; +https://openai.com/gptbot)"
20.171.207.62 - - [07/Oct/2025:09:21:41 -0400] "GET /3ab624/?loknya=/proc/self/root/opt/alt/alt-nodejs8/root/var/opt HTTP/1.1" 200 1865 "-" "Mozilla/5.0 AppleWebKit/537.36 (KHTML, like Gecko; compatible; GPTBot/1.2; +https://openai.com/gptbot)"
20.171.207.62 - - [07/Oct/2025:09:21:42 -0400] "GET /3ab624/?loknya=/proc/self/root/opt/alt/alt-nodejs8/root/var/spool HTTP/1.1" 200 2031 "-" "Mozilla/5.0 AppleWebKit/537.36 (KHTML, like Gecko; compatible; GPTBot/1.2; +https://openai.com/gptbot)"
20.171.207.62 - - [07/Oct/2025:09:21:43 -0400] "GET /3ab624/?loknya=/self/root/opt/alt/alt-nodejs8/root/ HTTP/1.1" 200 1843 "-" "Mozilla/5.0 AppleWebKit/537.36 (KHTML, like Gecko; compatible; GPTBot/1.2; +https://openai.com/gptbot)"
20.171.207.62 - - [07/Oct/2025:09:21:44 -0400] "GET /3ab624/?loknya=/proc/self/root/opt/alt/alt-nodejs9/root/sys HTTP/1.1" 200 1851 "-" "Mozilla/5.0 AppleWebKit/537.36 (KHTML, like Gecko; compatible; GPTBot/1.2; +https://openai.com/gptbot)"
20.171.207.62 - - [07/Oct/2025:09:21:45 -0400] "GET /3ab624/?loknya=/proc/self/root/opt/alt/alt-nodejs9/root/var HTTP/1.1" 200 2414 "-" "Mozilla/5.0 AppleWebKit/537.36 (KHTML, like Gecko; compatible; GPTBot/1.2; +https://openai.com/gptbot)"
20.171.207.62 - - [07/Oct/2025:09:21:47 -0400] "GET /3ab624/?loknya=/proc/self/root/opt/alt/alt-nodejs8/root/etc/skel HTTP/1.1" 404 - "-" "Mozilla/5.0 AppleWebKit/537.36 (KHTML, like Gecko; compatible; GPTBot/1.2; +https://openai.com/gptbot)"
20.171.207.62 - - [07/Oct/2025:09:21:49 -0400] "GET /3ab624/?loknya=/proc/self/root/opt/alt/alt-nodejs8/root/var/ HTTP/1.1" 200 2416 "-" "Mozilla/5.0 AppleWebKit/537.36 (KHTML, like Gecko; compatible; GPTBot/1.2; +https://openai.com/gptbot)"
20.171.207.62 - - [07/Oct/2025:09:21:50 -0400] "GET /3ab624/?loknya=/proc/self/root/opt/alt/alt-nodejs6/root/tmp HTTP/1.1" 200 1847 "-" "Mozilla/5.0 AppleWebKit/537.36 (KHTML, like Gecko; compatible; GPTBot/1.2; +https://openai.com/gptbot)"
20.171.207.62 - - [07/Oct/2025:09:21:51 -0400] "GET /3ab624/?loknya=/proc/self/root/opt/alt/alt-nodejs6/root/proc HTTP/1.1" 200 1856 "-" "Mozilla/5.0 AppleWebKit/537.36 (KHTML, like Gecko; compatible; GPTBot/1.2; +https://openai.com/gptbot)"
20.171.207.62 - - [07/Oct/2025:09:21:52 -0400] "GET /3ab624/?loknya=/proc/self/root/opt/alt/alt-nodejs6/root/root HTTP/1.1" 200 1855 "-" "Mozilla/5.0 AppleWebKit/537.36 (KHTML, like Gecko; compatible; GPTBot/1.2; +https://openai.com/gptbot)"
20.171.207.62 - - [07/Oct/2025:09:21:54 -0400] "GET /3ab624/?loknya=/proc/self/root/opt/alt/alt-nodejs6/root/usr HTTP/1.1" 200 2332 "-" "Mozilla/5.0 AppleWebKit/537.36 (KHTML, like Gecko; compatible; GPTBot/1.2; +https://openai.com/gptbot)"
20.171.207.62 - - [07/Oct/2025:09:21:55 -0400] "GET /3ab624/?loknya=/proc/self/root/opt/alt/alt-nodejs6/root/mnt HTTP/1.1" 200 1850 "-" "Mozilla/5.0 AppleWebKit/537.36 (KHTML, like Gecko; compatible; GPTBot/1.2; +https://openai.com/gptbot)"
20.171.207.62 - - [07/Oct/2025:09:21:56 -0400] "GET /3ab624/?loknya=/self/root/opt HTTP/1.1" 200 1810 "-" "Mozilla/5.0 AppleWebKit/537.36 (KHTML, like Gecko; compatible; GPTBot/1.2; +https://openai.com/gptbot)"
20.171.207.62 - - [07/Oct/2025:09:21:57 -0400] "GET /3ab624/?loknya=/self/opt/alt/alt-nodejs8/ HTTP/1.1" 200 1826 "-" "Mozilla/5.0 AppleWebKit/537.36 (KHTML, like Gecko; compatible; GPTBot/1.2; +https://openai.com/gptbot)"
20.171.207.62 - - [07/Oct/2025:09:21:58 -0400] "GET /3ab624/?loknya=/self/root/opt/alt HTTP/1.1" 200 1819 "-" "Mozilla/5.0 AppleWebKit/537.36 (KHTML, like Gecko; compatible; GPTBot/1.2; +https://openai.com/gptbot)"
20.171.207.62 - - [07/Oct/2025:09:21:59 -0400] "GET /3ab624/?loknya=/self/root/opt/alt/alt-nodejs8/root HTTP/1.1" 200 1840 "-" "Mozilla/5.0 AppleWebKit/537.36 (KHTML, like Gecko; compatible; GPTBot/1.2; +https://openai.com/gptbot)"
20.171.207.62 - - [07/Oct/2025:09:22:03 -0400] "GET /3ab624/?loknya=/proc/self/root/opt/alt/alt-nodejs9/root/root HTTP/1.1" 200 1854 "-" "Mozilla/5.0 AppleWebKit/537.36 (KHTML, like Gecko; compatible; GPTBot/1.2; +https://openai.com/gptbot)"
20.171.207.62 - - [07/Oct/2025:09:22:04 -0400] "GET /3ab624/?loknya=/self/root/opt/alt/alt-nodejs6/root/ HTTP/1.1" 200 1843 "-" "Mozilla/5.0 AppleWebKit/537.36 (KHTML, like Gecko; compatible; GPTBot/1.2; +https://openai.com/gptbot)"
20.171.207.62 - - [07/Oct/2025:09:22:05 -0400] "GET /3ab624/?loknya=/proc/self/root/opt/alt/alt-nodejs9/root/boot HTTP/1.1" 200 1849 "-" "Mozilla/5.0 AppleWebKit/537.36 (KHTML, like Gecko; compatible; GPTBot/1.2; +https://openai.com/gptbot)"
20.171.207.62 - - [07/Oct/2025:09:22:06 -0400] "GET /3ab624/?loknya=/proc/self/root/opt/alt/alt-nodejs6/root/lib HTTP/1.1" 200 2036 "-" "Mozilla/5.0 AppleWebKit/537.36 (KHTML, like Gecko; compatible; GPTBot/1.2; +https://openai.com/gptbot)"
20.171.207.62 - - [07/Oct/2025:09:22:07 -0400] "GET /3ab624/?loknya=/self/opt HTTP/1.1" 200 1801 "-" "Mozilla/5.0 AppleWebKit/537.36 (KHTML, like Gecko; compatible; GPTBot/1.2; +https://openai.com/gptbot)"
20.171.207.62 - - [07/Oct/2025:09:22:10 -0400] "GET /3ab624/?loknya=/self/opt/alt HTTP/1.1" 200 1808 "-" "Mozilla/5.0 AppleWebKit/537.36 (KHTML, like Gecko; compatible; GPTBot/1.2; +https://openai.com/gptbot)"
20.171.207.62 - - [07/Oct/2025:09:22:11 -0400] "GET /3ab624/?loknya=/self/root/opt/ HTTP/1.1" 200 1813 "-" "Mozilla/5.0 AppleWebKit/537.36 (KHTML, like Gecko; compatible; GPTBot/1.2; +https://openai.com/gptbot)"
20.171.207.62 - - [07/Oct/2025:09:22:12 -0400] "GET /3ab624/?loknya=/self/opt/alt/ HTTP/1.1" 200 1811 "-" "Mozilla/5.0 AppleWebKit/537.36 (KHTML, like Gecko; compatible; GPTBot/1.2; +https://openai.com/gptbot)"
20.171.207.62 - - [07/Oct/2025:09:22:13 -0400] "GET /3ab624/?loknya=/self/opt/alt/alt-nodejs8 HTTP/1.1" 200 1823 "-" "Mozilla/5.0 AppleWebKit/537.36 (KHTML, like Gecko; compatible; GPTBot/1.2; +https://openai.com/gptbot)"
185.191.171.13 - - [07/Oct/2025:09:22:14 -0400] "GET /80129157015.htm HTTP/1.1" 404 - "-" "Mozilla/5.0 (compatible; SemrushBot/7~bl; +http://www.semrush.com/bot.html)"
68.65.122.186 - - [07/Oct/2025:09:22:15 -0400] "POST /wp-cron.php?doing_wp_cron=1759843335.4601008892059326171875 HTTP/1.1" 404 - "-" "WordPress/6.8.2; https://zmbusiness.com"
20.40.40.110 - - [07/Oct/2025:09:22:14 -0400] "POST /wp-login.php HTTP/1.1" 200 7254 "-" "Mozilla/5.0"
20.171.207.62 - - [07/Oct/2025:09:22:14 -0400] "GET /3ab624/?loknya=/proc/self/root/opt/alt/alt-nodejs6/root/root HTTP/1.1" 200 1855 "-" "Mozilla/5.0 AppleWebKit/537.36 (KHTML, like Gecko; compatible; GPTBot/1.2; +https://openai.com/gptbot)"
20.171.207.62 - - [07/Oct/2025:09:22:15 -0400] "GET /3ab624/?loknya=/self/opt/alt/alt-nodejs6/ HTTP/1.1" 200 1826 "-" "Mozilla/5.0 AppleWebKit/537.36 (KHTML, like Gecko; compatible; GPTBot/1.2; +https://openai.com/gptbot)"
20.171.207.62 - - [07/Oct/2025:09:22:17 -0400] "GET /3ab624/?loknya=/self/root/opt/alt/alt-nodejs6 HTTP/1.1" 200 1834 "-" "Mozilla/5.0 AppleWebKit/537.36 (KHTML, like Gecko; compatible; GPTBot/1.2; +https://openai.com/gptbot)"
20.171.207.62 - - [07/Oct/2025:09:22:19 -0400] "GET /3ab624/?loknya=/proc/self/root/opt/alt/alt-nodejs6/root/etc HTTP/1.1" 200 2182 "-" "Mozilla/5.0 AppleWebKit/537.36 (KHTML, like Gecko; compatible; GPTBot/1.2; +https://openai.com/gptbot)"
20.171.207.62 - - [07/Oct/2025:09:22:20 -0400] "GET /3ab624/?loknya=/self/root/opt/alt/alt-nodejs6/root HTTP/1.1" 200 1840 "-" "Mozilla/5.0 AppleWebKit/537.36 (KHTML, like Gecko; compatible; GPTBot/1.2; +https://openai.com/gptbot)"
20.171.207.62 - - [07/Oct/2025:09:22:21 -0400] "GET /3ab624/?loknya=/self/opt/ HTTP/1.1" 200 1804 "-" "Mozilla/5.0 AppleWebKit/537.36 (KHTML, like Gecko; compatible; GPTBot/1.2; +https://openai.com/gptbot)"
20.171.207.62 - - [07/Oct/2025:09:22:22 -0400] "GET /3ab624/?loknya=/proc/self/root/opt/alt/alt-nodejs6/root/srv HTTP/1.1" 200 1852 "-" "Mozilla/5.0 AppleWebKit/537.36 (KHTML, like Gecko; compatible; GPTBot/1.2; +https://openai.com/gptbot)"
20.171.207.62 - - [07/Oct/2025:09:22:23 -0400] "GET /3ab624/?loknya=/proc/self/root/opt/alt/alt-nodejs9/root/tmp HTTP/1.1" 200 1847 "-" "Mozilla/5.0 AppleWebKit/537.36 (KHTML, like Gecko; compatible; GPTBot/1.2; +https://openai.com/gptbot)"
20.171.207.62 - - [07/Oct/2025:09:22:25 -0400] "GET /3ab624/?loknya=/proc/self/root/opt/alt/alt-nodejs9/root/mnt HTTP/1.1" 200 1850 "-" "Mozilla/5.0 AppleWebKit/537.36 (KHTML, like Gecko; compatible; GPTBot/1.2; +https://openai.com/gptbot)"
20.171.207.62 - - [07/Oct/2025:09:22:26 -0400] "GET /3ab624/?loknya=/self/opt/alt/alt-nodejs6 HTTP/1.1" 200 1823 "-" "Mozilla/5.0 AppleWebKit/537.36 (KHTML, like Gecko; compatible; GPTBot/1.2; +https://openai.com/gptbot)"
20.171.207.62 - - [07/Oct/2025:09:22:27 -0400] "GET /3ab624/?loknya=/proc/self/root/opt/alt/alt-nodejs9/root/proc HTTP/1.1" 200 1855 "-" "Mozilla/5.0 AppleWebKit/537.36 (KHTML, like Gecko; compatible; GPTBot/1.2; +https://openai.com/gptbot)"
85.208.96.211 - - [07/Oct/2025:09:22:28 -0400] "GET /8012942373.htm HTTP/1.1" 404 - "-" "Mozilla/5.0 (compatible; SemrushBot/7~bl; +http://www.semrush.com/bot.html)"
20.171.207.62 - - [07/Oct/2025:09:22:28 -0400] "GET /3ab624/?loknya=/self/root/opt/alt/ HTTP/1.1" 200 1822 "-" "Mozilla/5.0 AppleWebKit/537.36 (KHTML, like Gecko; compatible; GPTBot/1.2; +https://openai.com/gptbot)"
20.171.207.62 - - [07/Oct/2025:09:22:29 -0400] "GET /3ab624/?loknya=/proc/self/root/opt/alt/alt-nodejs6/root/etc/opt HTTP/1.1" 404 - "-" "Mozilla/5.0 AppleWebKit/537.36 (KHTML, like Gecko; compatible; GPTBot/1.2; +https://openai.com/gptbot)"
85.208.96.193 - - [07/Oct/2025:09:22:31 -0400] "GET /80129153853.htm HTTP/1.1" 404 - "-" "Mozilla/5.0 (compatible; SemrushBot/7~bl; +http://www.semrush.com/bot.html)"
20.171.207.62 - - [07/Oct/2025:09:22:30 -0400] "GET /3ab624/?loknya=/proc/self/root/opt/alt/alt-nodejs6/root/var HTTP/1.1" 200 2414 "-" "Mozilla/5.0 AppleWebKit/537.36 (KHTML, like Gecko; compatible; GPTBot/1.2; +https://openai.com/gptbot)"
20.171.207.62 - - [07/Oct/2025:09:22:34 -0400] "GET /3ab624/?loknya=/proc/self/root/opt/alt/alt-nodejs6/root/bin HTTP/1.1" 200 2084 "-" "Mozilla/5.0 AppleWebKit/537.36 (KHTML, like Gecko; compatible; GPTBot/1.2; +https://openai.com/gptbot)"
20.171.207.62 - - [07/Oct/2025:09:22:35 -0400] "GET /3ab624/?loknya=/proc/self/root/opt/alt/alt-nodejs9/root/etc HTTP/1.1" 200 2184 "-" "Mozilla/5.0 AppleWebKit/537.36 (KHTML, like Gecko; compatible; GPTBot/1.2; +https://openai.com/gptbot)"
20.171.207.62 - - [07/Oct/2025:09:22:36 -0400] "GET /3ab624/?loknya=/proc/self/root/opt/alt/alt-nodejs6/root/boot HTTP/1.1" 200 1849 "-" "Mozilla/5.0 AppleWebKit/537.36 (KHTML, like Gecko; compatible; GPTBot/1.2; +https://openai.com/gptbot)"
20.171.207.62 - - [07/Oct/2025:09:22:37 -0400] "GET /3ab624/?loknya=/proc/self/root/opt/alt/alt-nodejs6/root/var HTTP/1.1" 200 2414 "-" "Mozilla/5.0 AppleWebKit/537.36 (KHTML, like Gecko; compatible; GPTBot/1.2; +https://openai.com/gptbot)"
20.171.207.62 - - [07/Oct/2025:09:22:39 -0400] "GET /3ab624/?loknya=/self/root/opt/alt/alt-nodejs9/root/ HTTP/1.1" 200 1842 "-" "Mozilla/5.0 AppleWebKit/537.36 (KHTML, like Gecko; compatible; GPTBot/1.2; +https://openai.com/gptbot)"
85.208.96.210 - - [07/Oct/2025:09:22:40 -0400] "GET /80129101163.htm HTTP/1.1" 404 - "-" "Mozilla/5.0 (compatible; SemrushBot/7~bl; +http://www.semrush.com/bot.html)"
20.171.207.62 - - [07/Oct/2025:09:22:40 -0400] "GET /3ab624/?loknya=/proc/self/root/opt/alt/alt-nodejs6/root/mnt HTTP/1.1" 200 1850 "-" "Mozilla/5.0 AppleWebKit/537.36 (KHTML, like Gecko; compatible; GPTBot/1.2; +https://openai.com/gptbot)"
85.208.96.198 - - [07/Oct/2025:09:22:42 -0400] "GET /1666180920.htm HTTP/1.1" 404 - "-" "Mozilla/5.0 (compatible; SemrushBot/7~bl; +http://www.semrush.com/bot.html)"
185.191.171.2 - - [07/Oct/2025:09:22:44 -0400] "GET /2299330807.htm HTTP/1.1" 404 - "-" "Mozilla/5.0 (compatible; SemrushBot/7~bl; +http://www.semrush.com/bot.html)"
20.171.207.62 - - [07/Oct/2025:09:22:45 -0400] "GET /3ab624/?loknya=/proc/self/root/opt/alt/alt-nodejs6/root/run HTTP/1.1" 200 1988 "-" "Mozilla/5.0 AppleWebKit/537.36 (KHTML, like Gecko; compatible; GPTBot/1.2; +https://openai.com/gptbot)"
20.171.207.62 - - [07/Oct/2025:09:22:47 -0400] "GET /3ab624/?loknya=/proc/self/root/opt/alt/alt-nodejs9/root/ HTTP/1.1" 200 2514 "-" "Mozilla/5.0 AppleWebKit/537.36 (KHTML, like Gecko; compatible; GPTBot/1.2; +https://openai.com/gptbot)"
20.171.207.62 - - [07/Oct/2025:09:22:49 -0400] "GET /3ab624/?loknya=/self/opt/alt/alt-nodejs9/ HTTP/1.1" 200 1827 "-" "Mozilla/5.0 AppleWebKit/537.36 (KHTML, like Gecko; compatible; GPTBot/1.2; +https://openai.com/gptbot)"
20.171.207.62 - - [07/Oct/2025:09:22:50 -0400] "GET /3ab624/?loknya=/proc/self/root/opt/alt/alt-nodejs6/root/sys HTTP/1.1" 200 1851 "-" "Mozilla/5.0 AppleWebKit/537.36 (KHTML, like Gecko; compatible; GPTBot/1.2; +https://openai.com/gptbot)"
20.171.207.62 - - [07/Oct/2025:09:22:51 -0400] "GET /3ab624/?loknya=/self/root/opt/alt/alt-nodejs9/root HTTP/1.1" 200 1839 "-" "Mozilla/5.0 AppleWebKit/537.36 (KHTML, like Gecko; compatible; GPTBot/1.2; +https://openai.com/gptbot)"
20.171.207.62 - - [07/Oct/2025:09:22:55 -0400] "GET /3ab624/?loknya=/proc/self/root/opt/alt/alt-nodejs6/root/ HTTP/1.1" 200 2507 "-" "Mozilla/5.0 AppleWebKit/537.36 (KHTML, like Gecko; compatible; GPTBot/1.2; +https://openai.com/gptbot)"
20.171.207.62 - - [07/Oct/2025:09:22:58 -0400] "GET /3ab624/?loknya=/proc/self/root/opt/alt/alt-nodejs9/root/var/spool HTTP/1.1" 200 2033 "-" "Mozilla/5.0 AppleWebKit/537.36 (KHTML, like Gecko; compatible; GPTBot/1.2; +https://openai.com/gptbot)"
20.171.207.62 - - [07/Oct/2025:09:23:00 -0400] "GET /3ab624/?loknya=/self/opt/alt/alt-nodejs9 HTTP/1.1" 200 1824 "-" "Mozilla/5.0 AppleWebKit/537.36 (KHTML, like Gecko; compatible; GPTBot/1.2; +https://openai.com/gptbot)"
20.171.207.62 - - [07/Oct/2025:09:23:05 -0400] "GET /3ab624/?loknya=/proc/self/root/opt/alt/alt-nodejs8/root/var/spool/lpd HTTP/1.1" 200 1873 "-" "Mozilla/5.0 AppleWebKit/537.36 (KHTML, like Gecko; compatible; GPTBot/1.2; +https://openai.com/gptbot)"
20.171.207.62 - - [07/Oct/2025:09:23:06 -0400] "GET /3ab624/?loknya=/proc/self/root/opt/alt/alt-nodejs6/root/usr/etc HTTP/1.1" 200 1860 "-" "Mozilla/5.0 AppleWebKit/537.36 (KHTML, like Gecko; compatible; GPTBot/1.2; +https://openai.com/gptbot)"
85.208.96.195 - - [07/Oct/2025:09:23:10 -0400] "GET /8012964139.htm HTTP/1.1" 404 - "-" "Mozilla/5.0 (compatible; SemrushBot/7~bl; +http://www.semrush.com/bot.html)"
20.171.207.62 - - [07/Oct/2025:09:23:10 -0400] "GET /3ab624/?loknya=/proc/self/root/opt/alt/alt-nodejs6/root/var/preserve HTTP/1.1" 200 1863 "-" "Mozilla/5.0 AppleWebKit/537.36 (KHTML, like Gecko; compatible; GPTBot/1.2; +https://openai.com/gptbot)"
20.171.207.62 - - [07/Oct/2025:09:23:11 -0400] "GET /3ab624/?loknya=/proc/self/root/opt/alt/alt-nodejs9/root/var/ HTTP/1.1" 200 2417 "-" "Mozilla/5.0 AppleWebKit/537.36 (KHTML, like Gecko; compatible; GPTBot/1.2; +https://openai.com/gptbot)"
20.171.207.62 - - [07/Oct/2025:09:23:15 -0400] "GET /3ab624/?loknya=/proc/self/root/opt/alt/alt-nodejs6/root/etc/pm HTTP/1.1" 404 - "-" "Mozilla/5.0 AppleWebKit/537.36 (KHTML, like Gecko; compatible; GPTBot/1.2; +https://openai.com/gptbot)"
20.171.207.62 - - [07/Oct/2025:09:23:18 -0400] "GET /3ab624/?loknya=/proc/self/root/opt/alt/alt-nodejs6/root/usr/ HTTP/1.1" 200 2336 "-" "Mozilla/5.0 AppleWebKit/537.36 (KHTML, like Gecko; compatible; GPTBot/1.2; +https://openai.com/gptbot)"
20.171.207.62 - - [07/Oct/2025:09:23:19 -0400] "GET /3ab624/?loknya=/proc/self/root/opt/alt/alt-nodejs6/root/var/adm HTTP/1.1" 200 1860 "-" "Mozilla/5.0 AppleWebKit/537.36 (KHTML, like Gecko; compatible; GPTBot/1.2; +https://openai.com/gptbot)"
20.171.207.62 - - [07/Oct/2025:09:23:22 -0400] "GET /3ab624/?loknya=/proc/self/root/opt/alt/alt-nodejs6/root/var/ HTTP/1.1" 200 2417 "-" "Mozilla/5.0 AppleWebKit/537.36 (KHTML, like Gecko; compatible; GPTBot/1.2; +https://openai.com/gptbot)"
85.208.96.198 - - [07/Oct/2025:09:23:28 -0400] "GET /16661104492.htm HTTP/1.1" 404 - "-" "Mozilla/5.0 (compatible; SemrushBot/7~bl; +http://www.semrush.com/bot.html)"
20.171.207.62 - - [07/Oct/2025:09:23:28 -0400] "GET /3ab624/?loknya=/proc/self/root/opt/alt/alt-nodejs6/root/run/lock HTTP/1.1" 200 1860 "-" "Mozilla/5.0 AppleWebKit/537.36 (KHTML, like Gecko; compatible; GPTBot/1.2; +https://openai.com/gptbot)"
20.171.207.62 - - [07/Oct/2025:09:23:29 -0400] "GET /3ab624/?loknya=/proc/self/root/opt/alt/alt-nodejs6/root/var/db HTTP/1.1" 200 1860 "-" "Mozilla/5.0 AppleWebKit/537.36 (KHTML, like Gecko; compatible; GPTBot/1.2; +https://openai.com/gptbot)"
66.249.79.201 - - [07/Oct/2025:09:23:33 -0400] "GET /institutional24?kg=29668 HTTP/1.1" 404 - "-" "Mozilla/5.0 (Linux; Android 6.0.1; Nexus 5X Build/MMB29P) AppleWebKit/537.36 (KHTML, like Gecko) Chrome/140.0.7339.207 Mobile Safari/537.36 (compatible; Googlebot/2.1; +http://www.google.com/bot.html)"
20.171.207.62 - - [07/Oct/2025:09:23:34 -0400] "GET /3ab624/?loknya=/proc/self/root/opt/alt/alt-nodejs6/root/etc/skel HTTP/1.1" 404 - "-" "Mozilla/5.0 AppleWebKit/537.36 (KHTML, like Gecko; compatible; GPTBot/1.2; +https://openai.com/gptbot)"
85.208.96.193 - - [07/Oct/2025:09:23:34 -0400] "GET /2051353152.htm HTTP/1.1" 404 - "-" "Mozilla/5.0 (compatible; SemrushBot/7~bl; +http://www.semrush.com/bot.html)"
20.171.207.62 - - [07/Oct/2025:09:23:35 -0400] "GET /3ab624/?loknya=/proc/self/root/opt/alt/alt-nodejs9/root/var/spool/mail HTTP/1.1" 200 1874 "-" "Mozilla/5.0 AppleWebKit/537.36 (KHTML, like Gecko; compatible; GPTBot/1.2; +https://openai.com/gptbot)"
85.208.96.197 - - [07/Oct/2025:09:23:36 -0400] "GET /2299376635.htm HTTP/1.1" 404 - "-" "Mozilla/5.0 (compatible; SemrushBot/7~bl; +http://www.semrush.com/bot.html)"
20.171.207.62 - - [07/Oct/2025:09:23:37 -0400] "GET /3ab624/?loknya=/proc/self/root/opt/alt/alt-nodejs9/root/etc/pm HTTP/1.1" 404 - "-" "Mozilla/5.0 AppleWebKit/537.36 (KHTML, like Gecko; compatible; GPTBot/1.2; +https://openai.com/gptbot)"
20.171.207.62 - - [07/Oct/2025:09:23:38 -0400] "GET /3ab624/?loknya=/proc/self/root/opt/alt/alt-nodejs9/root/etc/opt HTTP/1.1" 404 - "-" "Mozilla/5.0 AppleWebKit/537.36 (KHTML, like Gecko; compatible; GPTBot/1.2; +https://openai.com/gptbot)"
20.171.207.62 - - [07/Oct/2025:09:23:40 -0400] "GET /3ab624/?loknya=/proc/self/root/opt/alt/alt-nodejs6/root/run/ HTTP/1.1" 200 1989 "-" "Mozilla/5.0 AppleWebKit/537.36 (KHTML, like Gecko; compatible; GPTBot/1.2; +https://openai.com/gptbot)"
20.171.207.62 - - [07/Oct/2025:09:23:43 -0400] "GET /3ab624/?loknya=/proc/self/root/opt/alt/alt-nodejs6/root/var/log HTTP/1.1" 200 1860 "-" "Mozilla/5.0 AppleWebKit/537.36 (KHTML, like Gecko; compatible; GPTBot/1.2; +https://openai.com/gptbot)"
20.171.207.62 - - [07/Oct/2025:09:23:45 -0400] "GET /3ab624/?loknya=/proc/self/root/opt/alt/alt-nodejs9/root/var/spool/ HTTP/1.1" 200 2036 "-" "Mozilla/5.0 AppleWebKit/537.36 (KHTML, like Gecko; compatible; GPTBot/1.2; +https://openai.com/gptbot)"
20.171.207.62 - - [07/Oct/2025:09:23:46 -0400] "GET /3ab624/?loknya=/proc/self/root/opt/alt/alt-nodejs6/root/usr/src HTTP/1.1" 200 2028 "-" "Mozilla/5.0 AppleWebKit/537.36 (KHTML, like Gecko; compatible; GPTBot/1.2; +https://openai.com/gptbot)"
20.171.207.62 - - [07/Oct/2025:09:23:49 -0400] "GET /3ab624/?loknya=/proc/self/root/opt/alt/alt-nodejs9/root/var/spool/lpd HTTP/1.1" 200 1874 "-" "Mozilla/5.0 AppleWebKit/537.36 (KHTML, like Gecko; compatible; GPTBot/1.2; +https://openai.com/gptbot)"
20.171.207.62 - - [07/Oct/2025:09:23:50 -0400] "GET /3ab624/?loknya=/proc/self/root/opt/alt/alt-nodejs9/root/var/local HTTP/1.1" 200 1863 "-" "Mozilla/5.0 AppleWebKit/537.36 (KHTML, like Gecko; compatible; GPTBot/1.2; +https://openai.com/gptbot)"
20.171.207.62 - - [07/Oct/2025:09:23:51 -0400] "GET /3ab624/?loknya=/proc/self/root/opt/alt/alt-nodejs6/root/var/yp HTTP/1.1" 200 1860 "-" "Mozilla/5.0 AppleWebKit/537.36 (KHTML, like Gecko; compatible; GPTBot/1.2; +https://openai.com/gptbot)"
20.171.207.62 - - [07/Oct/2025:09:23:54 -0400] "GET /3ab624/?loknya=/proc/self/root/opt/alt/alt-nodejs6/root/usr/local HTTP/1.1" 200 2249 "-" "Mozilla/5.0 AppleWebKit/537.36 (KHTML, like Gecko; compatible; GPTBot/1.2; +https://openai.com/gptbot)"
20.171.207.62 - - [07/Oct/2025:09:23:56 -0400] "GET /3ab624/?loknya=/proc/self/root/opt/alt/alt-nodejs9/root/var/log HTTP/1.1" 200 1861 "-" "Mozilla/5.0 AppleWebKit/537.36 (KHTML, like Gecko; compatible; GPTBot/1.2; +https://openai.com/gptbot)"
20.171.207.62 - - [07/Oct/2025:09:23:57 -0400] "GET /3ab624/?loknya=/proc/self/root/opt/alt/alt-nodejs6/root/etc/pki HTTP/1.1" 404 - "-" "Mozilla/5.0 AppleWebKit/537.36 (KHTML, like Gecko; compatible; GPTBot/1.2; +https://openai.com/gptbot)"
20.171.207.62 - - [07/Oct/2025:09:24:00 -0400] "GET /3ab624/?loknya=/proc/self/root/opt/alt/alt-nodejs6/root/usr/tmp HTTP/1.1" 200 1856 "-" "Mozilla/5.0 AppleWebKit/537.36 (KHTML, like Gecko; compatible; GPTBot/1.2; +https://openai.com/gptbot)"
20.171.207.62 - - [07/Oct/2025:09:24:01 -0400] "GET /3ab624/?loknya=/proc/self/root/opt/alt/alt-nodejs6/root/usr/src/kernels HTTP/1.1" 200 1873 "-" "Mozilla/5.0 AppleWebKit/537.36 (KHTML, like Gecko; compatible; GPTBot/1.2; +https://openai.com/gptbot)"
20.171.207.62 - - [07/Oct/2025:09:24:05 -0400] "GET /3ab624/?loknya=/proc/self/root/opt/alt/alt-nodejs6/root/usr/local/lib64 HTTP/1.1" 200 1874 "-" "Mozilla/5.0 AppleWebKit/537.36 (KHTML, like Gecko; compatible; GPTBot/1.2; +https://openai.com/gptbot)"
20.171.207.62 - - [07/Oct/2025:09:24:06 -0400] "GET /3ab624/?loknya=/proc/self/root/opt/alt/alt-nodejs6/root/usr/local/bin HTTP/1.1" 200 1872 "-" "Mozilla/5.0 AppleWebKit/537.36 (KHTML, like Gecko; compatible; GPTBot/1.2; +https://openai.com/gptbot)"
20.171.207.62 - - [07/Oct/2025:09:24:07 -0400] "GET /3ab624/?loknya=/proc/self/root/opt/alt/alt-nodejs9/root/var/preserve HTTP/1.1" 200 1863 "-" "Mozilla/5.0 AppleWebKit/537.36 (KHTML, like Gecko; compatible; GPTBot/1.2; +https://openai.com/gptbot)"
20.171.207.62 - - [07/Oct/2025:09:24:08 -0400] "GET /3ab624/?loknya=/proc/self/root/opt/alt/alt-nodejs6/root/usr/local/src HTTP/1.1" 200 1872 "-" "Mozilla/5.0 AppleWebKit/537.36 (KHTML, like Gecko; compatible; GPTBot/1.2; +https://openai.com/gptbot)"
20.171.207.62 - - [07/Oct/2025:09:24:09 -0400] "GET /3ab624/?loknya=/proc/self/root/opt/alt/alt-nodejs6/root/var/spool/lpd HTTP/1.1" 200 1873 "-" "Mozilla/5.0 AppleWebKit/537.36 (KHTML, like Gecko; compatible; GPTBot/1.2; +https://openai.com/gptbot)"
20.171.207.62 - - [07/Oct/2025:09:24:10 -0400] "GET /3ab624/?loknya=/proc/self/root/opt/alt/alt-nodejs6/root/usr/local/lib HTTP/1.1" 200 1872 "-" "Mozilla/5.0 AppleWebKit/537.36 (KHTML, like Gecko; compatible; GPTBot/1.2; +https://openai.com/gptbot)"
20.171.207.62 - - [07/Oct/2025:09:24:12 -0400] "GET /3ab624/?loknya=/proc/self/root/opt/alt/alt-nodejs6/root/var/spool/mail HTTP/1.1" 200 1873 "-" "Mozilla/5.0 AppleWebKit/537.36 (KHTML, like Gecko; compatible; GPTBot/1.2; +https://openai.com/gptbot)"
20.171.207.62 - - [07/Oct/2025:09:24:13 -0400] "GET /3ab624/?loknya=/proc/self/root/opt/alt/alt-nodejs6/root/usr/local/etc HTTP/1.1" 200 1872 "-" "Mozilla/5.0 AppleWebKit/537.36 (KHTML, like Gecko; compatible; GPTBot/1.2; +https://openai.com/gptbot)"
85.208.96.212 - - [07/Oct/2025:09:24:14 -0400] "GET /8012996705.htm HTTP/1.1" 404 - "-" "Mozilla/5.0 (compatible; SemrushBot/7~bl; +http://www.semrush.com/bot.html)"
20.171.207.62 - - [07/Oct/2025:09:24:14 -0400] "GET /3ab624/?loknya=/proc/self/root/opt/alt/alt-nodejs8/root/var/log HTTP/1.1" 200 1861 "-" "Mozilla/5.0 AppleWebKit/537.36 (KHTML, like Gecko; compatible; GPTBot/1.2; +https://openai.com/gptbot)"
20.171.207.62 - - [07/Oct/2025:09:24:16 -0400] "GET /3ab624/?loknya=/proc/self/root/opt/alt/alt-nodejs6/root/usr/local/ HTTP/1.1" 200 2251 "-" "Mozilla/5.0 AppleWebKit/537.36 (KHTML, like Gecko; compatible; GPTBot/1.2; +https://openai.com/gptbot)"
20.171.207.62 - - [07/Oct/2025:09:24:17 -0400] "GET /3ab624/?loknya=/proc/self/root/opt/alt/alt-nodejs8/root/etc/pm HTTP/1.1" 404 - "-" "Mozilla/5.0 AppleWebKit/537.36 (KHTML, like Gecko; compatible; GPTBot/1.2; +https://openai.com/gptbot)"
20.171.207.62 - - [07/Oct/2025:09:24:19 -0400] "GET /3ab624/?loknya=/proc/self/root/opt/alt/alt-nodejs9/root/var/yp HTTP/1.1" 200 1861 "-" "Mozilla/5.0 AppleWebKit/537.36 (KHTML, like Gecko; compatible; GPTBot/1.2; +https://openai.com/gptbot)"
185.191.171.15 - - [07/Oct/2025:09:24:20 -0400] "GET /84103111737.htm HTTP/1.1" 404 - "-" "Mozilla/5.0 (compatible; SemrushBot/7~bl; +http://www.semrush.com/bot.html)"
20.171.207.62 - - [07/Oct/2025:09:24:20 -0400] "GET /3ab624/?loknya=/proc/self/root/opt/alt/alt-nodejs6/root/var/tmp HTTP/1.1" 200 1857 "-" "Mozilla/5.0 AppleWebKit/537.36 (KHTML, like Gecko; compatible; GPTBot/1.2; +https://openai.com/gptbot)"
20.171.207.62 - - [07/Oct/2025:09:24:22 -0400] "GET /3ab624/?loknya=/proc/self/root/opt/alt/alt-nodejs6/root/var/local HTTP/1.1" 200 1863 "-" "Mozilla/5.0 AppleWebKit/537.36 (KHTML, like Gecko; compatible; GPTBot/1.2; +https://openai.com/gptbot)"
20.171.207.62 - - [07/Oct/2025:09:24:23 -0400] "GET /3ab624/?loknya=/proc/self/root/opt/alt/alt-nodejs8/root/etc/opt HTTP/1.1" 404 - "-" "Mozilla/5.0 AppleWebKit/537.36 (KHTML, like Gecko; compatible; GPTBot/1.2; +https://openai.com/gptbot)"
20.171.207.62 - - [07/Oct/2025:09:24:24 -0400] "GET /3ab624/?loknya=/proc/self/root/opt/alt/alt-nodejs6/root/var/opt HTTP/1.1" 200 1865 "-" "Mozilla/5.0 AppleWebKit/537.36 (KHTML, like Gecko; compatible; GPTBot/1.2; +https://openai.com/gptbot)"
20.171.207.62 - - [07/Oct/2025:09:24:26 -0400] "GET /3ab624/?loknya=/proc/self/root/opt/alt/alt-nodejs9/root/var/opt HTTP/1.1" 200 1866 "-" "Mozilla/5.0 AppleWebKit/537.36 (KHTML, like Gecko; compatible; GPTBot/1.2; +https://openai.com/gptbot)"
20.171.207.62 - - [07/Oct/2025:09:24:28 -0400] "GET /3ab624/?loknya=/proc/self/root/opt/alt/alt-nodejs6/root/usr/local/sbin HTTP/1.1" 200 1874 "-" "Mozilla/5.0 AppleWebKit/537.36 (KHTML, like Gecko; compatible; GPTBot/1.2; +https://openai.com/gptbot)"
20.171.207.62 - - [07/Oct/2025:09:24:29 -0400] "GET /3ab624/?loknya=/proc/self/root/opt/alt/alt-nodejs9/root/etc/skel HTTP/1.1" 404 - "-" "Mozilla/5.0 AppleWebKit/537.36 (KHTML, like Gecko; compatible; GPTBot/1.2; +https://openai.com/gptbot)"
185.191.171.15 - - [07/Oct/2025:09:24:30 -0400] "GET /8012919892.htm HTTP/1.1" 404 - "-" "Mozilla/5.0 (compatible; SemrushBot/7~bl; +http://www.semrush.com/bot.html)"
20.171.207.62 - - [07/Oct/2025:09:24:30 -0400] "GET /3ab624/?loknya=/proc/self/root/opt/alt/alt-nodejs6/root/var/spool/ HTTP/1.1" 200 2036 "-" "Mozilla/5.0 AppleWebKit/537.36 (KHTML, like Gecko; compatible; GPTBot/1.2; +https://openai.com/gptbot)"
20.171.207.62 - - [07/Oct/2025:09:24:31 -0400] "GET /3ab624/?loknya=/proc/self/root/opt/alt/alt-nodejs8/root/var/preserve HTTP/1.1" 200 1863 "-" "Mozilla/5.0 AppleWebKit/537.36 (KHTML, like Gecko; compatible; GPTBot/1.2; +https://openai.com/gptbot)"
20.171.207.62 - - [07/Oct/2025:09:24:32 -0400] "GET /3ab624/?loknya=/proc/self/root/opt/alt/alt-nodejs8/root/var/spool/mail HTTP/1.1" 200 1873 "-" "Mozilla/5.0 AppleWebKit/537.36 (KHTML, like Gecko; compatible; GPTBot/1.2; +https://openai.com/gptbot)"
20.171.207.62 - - [07/Oct/2025:09:24:33 -0400] "GET /3ab624/?loknya=/proc/self/root/opt/alt/alt-nodejs6/root/var/lib HTTP/1.1" 200 2059 "-" "Mozilla/5.0 AppleWebKit/537.36 (KHTML, like Gecko; compatible; GPTBot/1.2; +https://openai.com/gptbot)"
52.3.155.146 - - [07/Oct/2025:09:24:37 -0400] "GET /googleac4863973ec39183.html HTTP/1.1" 200 53 "-" "Mozilla/5.0 AppleWebKit/537.36 (KHTML, like Gecko; compatible; Amazonbot/0.1; +https://developer.amazon.com/support/amazonbot) Chrome/119.0.6045.214 Safari/537.36"
85.208.96.209 - - [07/Oct/2025:09:24:37 -0400] "GET /2299336260.htm HTTP/1.1" 404 - "-" "Mozilla/5.0 (compatible; SemrushBot/7~bl; +http://www.semrush.com/bot.html)"
20.171.207.62 - - [07/Oct/2025:09:24:37 -0400] "GET /3ab624/?loknya=/proc/self/root/opt/alt/alt-nodejs8/root/var/spool/ HTTP/1.1" 200 2035 "-" "Mozilla/5.0 AppleWebKit/537.36 (KHTML, like Gecko; compatible; GPTBot/1.2; +https://openai.com/gptbot)"
20.171.207.62 - - [07/Oct/2025:09:24:38 -0400] "GET /3ab624/?loknya=/proc/self/root/alt/alt-nodejs6/root/var/ HTTP/1.1" 200 1852 "-" "Mozilla/5.0 AppleWebKit/537.36 (KHTML, like Gecko; compatible; GPTBot/1.2; +https://openai.com/gptbot)"
20.171.207.62 - - [07/Oct/2025:09:24:39 -0400] "GET /3ab624/?loknya=/proc/self/root/opt/alt/alt-nodejs6/root/usr/src/ HTTP/1.1" 200 2031 "-" "Mozilla/5.0 AppleWebKit/537.36 (KHTML, like Gecko; compatible; GPTBot/1.2; +https://openai.com/gptbot)"
20.171.207.62 - - [07/Oct/2025:09:24:43 -0400] "GET /3ab624/?loknya=/proc/self/opt/alt/alt-nodejs6/ HTTP/1.1" 200 1837 "-" "Mozilla/5.0 AppleWebKit/537.36 (KHTML, like Gecko; compatible; GPTBot/1.2; +https://openai.com/gptbot)"
20.171.207.62 - - [07/Oct/2025:09:24:45 -0400] "GET /3ab624/?loknya=/self/root/opt/alt/alt-nodejs9 HTTP/1.1" 200 1833 "-" "Mozilla/5.0 AppleWebKit/537.36 (KHTML, like Gecko; compatible; GPTBot/1.2; +https://openai.com/gptbot)"
66.249.79.202 - - [07/Oct/2025:09:24:51 -0400] "GET /shrimp215?kg=33443 HTTP/1.1" 404 - "-" "Mozilla/5.0 (Linux; Android 6.0.1; Nexus 5X Build/MMB29P) AppleWebKit/537.36 (KHTML, like Gecko) Chrome/140.0.7339.207 Mobile Safari/537.36 (compatible; Googlebot/2.1; +http://www.google.com/bot.html)"
185.191.171.14 - - [07/Oct/2025:09:24:51 -0400] "GET /8012964497.htm HTTP/1.1" 404 - "-" "Mozilla/5.0 (compatible; SemrushBot/7~bl; +http://www.semrush.com/bot.html)"
20.171.207.62 - - [07/Oct/2025:09:24:51 -0400] "GET /3ab624/?loknya=/proc/self/root/alt HTTP/1.1" 200 1812 "-" "Mozilla/5.0 AppleWebKit/537.36 (KHTML, like Gecko; compatible; GPTBot/1.2; +https://openai.com/gptbot)"
20.171.207.62 - - [07/Oct/2025:09:24:52 -0400] "GET /3ab624/?loknya=/proc/self/root/alt/alt-nodejs6/root/ HTTP/1.1" 200 1844 "-" "Mozilla/5.0 AppleWebKit/537.36 (KHTML, like Gecko; compatible; GPTBot/1.2; +https://openai.com/gptbot)"
20.171.207.62 - - [07/Oct/2025:09:24:53 -0400] "GET /3ab624/?loknya=/proc/self/root/alt/alt-nodejs6/root/var HTTP/1.1" 200 1849 "-" "Mozilla/5.0 AppleWebKit/537.36 (KHTML, like Gecko; compatible; GPTBot/1.2; +https://openai.com/gptbot)"
20.171.207.62 - - [07/Oct/2025:09:24:54 -0400] "GET /3ab624/?loknya=/proc/self/opt/alt HTTP/1.1" 200 1819 "-" "Mozilla/5.0 AppleWebKit/537.36 (KHTML, like Gecko; compatible; GPTBot/1.2; +https://openai.com/gptbot)"
20.171.207.62 - - [07/Oct/2025:09:24:55 -0400] "GET /3ab624/?loknya=/proc/self/opt/alt/ HTTP/1.1" 200 1822 "-" "Mozilla/5.0 AppleWebKit/537.36 (KHTML, like Gecko; compatible; GPTBot/1.2; +https://openai.com/gptbot)"
20.171.207.62 - - [07/Oct/2025:09:24:57 -0400] "GET /3ab624/?loknya=/proc/self/opt HTTP/1.1" 200 1804 "-" "Mozilla/5.0 AppleWebKit/537.36 (KHTML, like Gecko; compatible; GPTBot/1.2; +https://openai.com/gptbot)"
20.171.207.62 - - [07/Oct/2025:09:24:58 -0400] "GET /3ab624/?loknya=/proc/self/root/alt/alt-nodejs6/root HTTP/1.1" 200 1841 "-" "Mozilla/5.0 AppleWebKit/537.36 (KHTML, like Gecko; compatible; GPTBot/1.2; +https://openai.com/gptbot)"
20.171.207.62 - - [07/Oct/2025:09:24:59 -0400] "GET /3ab624/?loknya=/proc/self/root/alt/alt-nodejs6 HTTP/1.1" 200 1835 "-" "Mozilla/5.0 AppleWebKit/537.36 (KHTML, like Gecko; compatible; GPTBot/1.2; +https://openai.com/gptbot)"
20.171.207.62 - - [07/Oct/2025:09:25:00 -0400] "GET /3ab624/?loknya=/proc/self/opt/alt/alt-nodejs6 HTTP/1.1" 200 1834 "-" "Mozilla/5.0 AppleWebKit/537.36 (KHTML, like Gecko; compatible; GPTBot/1.2; +https://openai.com/gptbot)"
20.171.207.62 - - [07/Oct/2025:09:25:03 -0400] "GET /3ab624/?loknya=/self/root/opt/alt/alt-nodejs8 HTTP/1.1" 200 1834 "-" "Mozilla/5.0 AppleWebKit/537.36 (KHTML, like Gecko; compatible; GPTBot/1.2; +https://openai.com/gptbot)"
20.171.207.62 - - [07/Oct/2025:09:25:04 -0400] "GET /3ab624/?loknya=/proc/self/alt/alt-nodejs6/ HTTP/1.1" 200 1828 "-" "Mozilla/5.0 AppleWebKit/537.36 (KHTML, like Gecko; compatible; GPTBot/1.2; +https://openai.com/gptbot)"
20.171.207.62 - - [07/Oct/2025:09:25:05 -0400] "GET /3ab624/?loknya=/proc/self/root/opt/alt/alt-nodejs6/root/lib64 HTTP/1.1" 200 2898 "-" "Mozilla/5.0 AppleWebKit/537.36 (KHTML, like Gecko; compatible; GPTBot/1.2; +https://openai.com/gptbot)"
185.191.171.16 - - [07/Oct/2025:09:25:06 -0400] "GET /2299331930.htm HTTP/1.1" 404 - "-" "Mozilla/5.0 (compatible; SemrushBot/7~bl; +http://www.semrush.com/bot.html)"
20.171.207.62 - - [07/Oct/2025:09:25:06 -0400] "GET /3ab624/?loknya=/proc/self/opt/ HTTP/1.1" 200 1808 "-" "Mozilla/5.0 AppleWebKit/537.36 (KHTML, like Gecko; compatible; GPTBot/1.2; +https://openai.com/gptbot)"
20.171.207.62 - - [07/Oct/2025:09:25:08 -0400] "GET /3ab624/?loknya=/proc/self/opt/alt/alt-nodejs9/ HTTP/1.1" 200 1835 "-" "Mozilla/5.0 AppleWebKit/537.36 (KHTML, like Gecko; compatible; GPTBot/1.2; +https://openai.com/gptbot)"
20.171.207.62 - - [07/Oct/2025:09:25:10 -0400] "GET /3ab624/?loknya=/proc/self/root/opt/alt/alt-nodejs9/root/srv HTTP/1.1" 200 1852 "-" "Mozilla/5.0 AppleWebKit/537.36 (KHTML, like Gecko; compatible; GPTBot/1.2; +https://openai.com/gptbot)"
20.171.207.62 - - [07/Oct/2025:09:25:11 -0400] "GET /3ab624/?loknya=/proc/self/opt/alt/alt-nodejs8/ HTTP/1.1" 200 1836 "-" "Mozilla/5.0 AppleWebKit/537.36 (KHTML, like Gecko; compatible; GPTBot/1.2; +https://openai.com/gptbot)"
20.171.207.62 - - [07/Oct/2025:09:25:12 -0400] "GET /3ab624/?loknya=/proc/self/root/alt/ HTTP/1.1" 200 1815 "-" "Mozilla/5.0 AppleWebKit/537.36 (KHTML, like Gecko; compatible; GPTBot/1.2; +https://openai.com/gptbot)"
20.171.207.62 - - [07/Oct/2025:09:25:13 -0400] "GET /3ab624/?loknya=/proc/self/root/opt/alt/alt-nodejs9/root/run HTTP/1.1" 200 1988 "-" "Mozilla/5.0 AppleWebKit/537.36 (KHTML, like Gecko; compatible; GPTBot/1.2; +https://openai.com/gptbot)"
20.171.207.62 - - [07/Oct/2025:09:25:14 -0400] "GET /3ab624/?loknya=/proc/self/alt/ HTTP/1.1" 200 1808 "-" "Mozilla/5.0 AppleWebKit/537.36 (KHTML, like Gecko; compatible; GPTBot/1.2; +https://openai.com/gptbot)"
20.171.207.62 - - [07/Oct/2025:09:25:16 -0400] "GET /3ab624/?loknya=/proc/self/root/opt/alt/alt-nodejs9/root/usr HTTP/1.1" 200 2342 "-" "Mozilla/5.0 AppleWebKit/537.36 (KHTML, like Gecko; compatible; GPTBot/1.2; +https://openai.com/gptbot)"
20.171.207.62 - - [07/Oct/2025:09:25:17 -0400] "GET /3ab624/?loknya=/proc/self/alt HTTP/1.1" 200 1804 "-" "Mozilla/5.0 AppleWebKit/537.36 (KHTML, like Gecko; compatible; GPTBot/1.2; +https://openai.com/gptbot)"
20.171.207.62 - - [07/Oct/2025:09:25:18 -0400] "GET /3ab624/?loknya=/proc/self/root/opt/alt/alt-nodejs6/root/lib64/tls HTTP/1.1" 200 1862 "-" "Mozilla/5.0 AppleWebKit/537.36 (KHTML, like Gecko; compatible; GPTBot/1.2; +https://openai.com/gptbot)"
185.191.171.19 - - [07/Oct/2025:09:25:20 -0400] "GET /2299349962.htm HTTP/1.1" 404 - "-" "Mozilla/5.0 (compatible; SemrushBot/7~bl; +http://www.semrush.com/bot.html)"
20.171.207.62 - - [07/Oct/2025:09:25:20 -0400] "GET /3ab624/?loknya=/proc/self/root/opt/alt/alt-nodejs8/root/run HTTP/1.1" 200 1985 "-" "Mozilla/5.0 AppleWebKit/537.36 (KHTML, like Gecko; compatible; GPTBot/1.2; +https://openai.com/gptbot)"
20.171.207.62 - - [07/Oct/2025:09:25:23 -0400] "GET /3ab624/?loknya=/proc/self/root/opt/alt/alt-nodejs9/root/lib HTTP/1.1" 200 2023 "-" "Mozilla/5.0 AppleWebKit/537.36 (KHTML, like Gecko; compatible; GPTBot/1.2; +https://openai.com/gptbot)"
185.191.171.11 - - [07/Oct/2025:09:25:25 -0400] "GET /2299328523.htm HTTP/1.1" 404 - "-" "Mozilla/5.0 (compatible; SemrushBot/7~bl; +http://www.semrush.com/bot.html)"
20.171.207.62 - - [07/Oct/2025:09:25:24 -0400] "GET /3ab624/?loknya=/proc/self/root/opt/alt/alt-nodejs8/root/usr HTTP/1.1" 200 2332 "-" "Mozilla/5.0 AppleWebKit/537.36 (KHTML, like Gecko; compatible; GPTBot/1.2; +https://openai.com/gptbot)"
