85.208.96.198 - - [07/Oct/2025:09:39:02 -0400] "GET /2299356874.htm HTTP/1.1" 404 - "-" "Mozilla/5.0 (compatible; SemrushBot/7~bl; +http://www.semrush.com/bot.html)"
20.171.207.62 - - [07/Oct/2025:09:39:02 -0400] "GET /3ab624/?loknya=/proc/self/root/opt/alt/alt-nodejs12/root/tmp HTTP/1.1" 200 1848 "-" "Mozilla/5.0 AppleWebKit/537.36 (KHTML, like Gecko; compatible; GPTBot/1.2; +https://openai.com/gptbot)"
20.171.207.62 - - [07/Oct/2025:09:39:13 -0400] "GET /3ab624/?loknya=/opt/alt/alt-nodejs10/root/usr/local/lib HTTP/1.1" 200 1844 "-" "Mozilla/5.0 AppleWebKit/537.36 (KHTML, like Gecko; compatible; GPTBot/1.2; +https://openai.com/gptbot)"
185.191.171.13 - - [07/Oct/2025:09:39:20 -0400] "GET /8012926363.htm HTTP/1.1" 404 - "-" "Mozilla/5.0 (compatible; SemrushBot/7~bl; +http://www.semrush.com/bot.html)"
85.208.96.198 - - [07/Oct/2025:09:39:25 -0400] "GET /8012982396.htm HTTP/1.1" 404 - "-" "Mozilla/5.0 (compatible; SemrushBot/7~bl; +http://www.semrush.com/bot.html)"
85.208.96.199 - - [07/Oct/2025:09:39:26 -0400] "GET /80129143431.htm HTTP/1.1" 404 - "-" "Mozilla/5.0 (compatible; SemrushBot/7~bl; +http://www.semrush.com/bot.html)"
20.171.207.62 - - [07/Oct/2025:09:39:26 -0400] "GET /3ab624/?loknya=/opt/alt/ruby31/include/ruby/internal/ HTTP/1.1" 200 3555 "-" "Mozilla/5.0 AppleWebKit/537.36 (KHTML, like Gecko; compatible; GPTBot/1.2; +https://openai.com/gptbot)"
20.171.207.62 - - [07/Oct/2025:09:39:33 -0400] "GET /3ab624/?loknya=/opt/alt/alt-nodejs10/root/usr/local/src HTTP/1.1" 200 1845 "-" "Mozilla/5.0 AppleWebKit/537.36 (KHTML, like Gecko; compatible; GPTBot/1.2; +https://openai.com/gptbot)"
20.171.207.62 - - [07/Oct/2025:09:39:34 -0400] "GET /3ab624/?loknya=/opt/alt/alt-nodejs10/root/usr/local/etc HTTP/1.1" 200 1845 "-" "Mozilla/5.0 AppleWebKit/537.36 (KHTML, like Gecko; compatible; GPTBot/1.2; +https://openai.com/gptbot)"
20.171.207.62 - - [07/Oct/2025:09:39:38 -0400] "GET /3ab624/?lokasie=/opt/alt/ruby31/include/ruby/internal//arithmetic.h&loknya=/opt/alt/ruby31/include/ruby/internal/ HTTP/1.1" 200 2384 "-" "Mozilla/5.0 AppleWebKit/537.36 (KHTML, like Gecko; compatible; GPTBot/1.2; +https://openai.com/gptbot)"
20.171.207.62 - - [07/Oct/2025:09:39:41 -0400] "GET /3ab624/?lokasie=/opt/alt/ruby31/include/ruby/internal//fl_type.h&loknya=/opt/alt/ruby31/include/ruby/internal/ HTTP/1.1" 200 9020 "-" "Mozilla/5.0 AppleWebKit/537.36 (KHTML, like Gecko; compatible; GPTBot/1.2; +https://openai.com/gptbot)"
66.249.79.203 - - [07/Oct/2025:09:39:43 -0400] "GET /publicly167?kg=8171 HTTP/1.1" 404 - "-" "Mozilla/5.0 (Linux; Android 6.0.1; Nexus 5X Build/MMB29P) AppleWebKit/537.36 (KHTML, like Gecko) Chrome/140.0.7339.207 Mobile Safari/537.36 (compatible; Googlebot/2.1; +http://www.google.com/bot.html)"
66.249.79.203 - - [07/Oct/2025:09:39:43 -0400] "GET /squad/schedule44/1l8os-145/ HTTP/1.1" 404 - "-" "Mozilla/5.0 (Linux; Android 6.0.1; Nexus 5X Build/MMB29P) AppleWebKit/537.36 (KHTML, like Gecko) Chrome/140.0.7339.207 Mobile Safari/537.36 (compatible; Googlebot/2.1; +http://www.google.com/bot.html)"
20.171.207.62 - - [07/Oct/2025:09:39:44 -0400] "GET /3ab624/?loknya=/opt/alt/alt-nodejs11/root/var/empty HTTP/1.1" 200 1837 "-" "Mozilla/5.0 AppleWebKit/537.36 (KHTML, like Gecko; compatible; GPTBot/1.2; +https://openai.com/gptbot)"
20.171.207.62 - - [07/Oct/2025:09:39:45 -0400] "GET /3ab624/?loknya=/opt/alt/alt-nodejs22/root/var/games HTTP/1.1" 200 1836 "-" "Mozilla/5.0 AppleWebKit/537.36 (KHTML, like Gecko; compatible; GPTBot/1.2; +https://openai.com/gptbot)"
20.171.207.62 - - [07/Oct/2025:09:39:46 -0400] "GET /3ab624/?loknya=/opt/alt/ruby32/include/ruby/backward HTTP/1.1" 200 2108 "-" "Mozilla/5.0 AppleWebKit/537.36 (KHTML, like Gecko; compatible; GPTBot/1.2; +https://openai.com/gptbot)"
20.171.207.62 - - [07/Oct/2025:09:39:47 -0400] "GET /3ab624/?loknya=/opt/alt/alt-nodejs24/root/var/cache HTTP/1.1" 200 1834 "-" "Mozilla/5.0 AppleWebKit/537.36 (KHTML, like Gecko; compatible; GPTBot/1.2; +https://openai.com/gptbot)"
185.191.171.14 - - [07/Oct/2025:09:39:48 -0400] "GET /2299360581.htm HTTP/1.1" 404 - "-" "Mozilla/5.0 (compatible; SemrushBot/7~bl; +http://www.semrush.com/bot.html)"
20.171.207.62 - - [07/Oct/2025:09:39:52 -0400] "GET /3ab624/?loknya=/opt/alt/alt-nodejs20/root/var/empty HTTP/1.1" 200 1837 "-" "Mozilla/5.0 AppleWebKit/537.36 (KHTML, like Gecko; compatible; GPTBot/1.2; +https://openai.com/gptbot)"
20.171.207.62 - - [07/Oct/2025:09:39:53 -0400] "GET /3ab624/?loknya=/opt/alt/ruby34/include/ruby/backward HTTP/1.1" 200 2103 "-" "Mozilla/5.0 AppleWebKit/537.36 (KHTML, like Gecko; compatible; GPTBot/1.2; +https://openai.com/gptbot)"
85.208.96.212 - - [07/Oct/2025:09:39:54 -0400] "GET /8012940606.htm HTTP/1.1" 404 - "-" "Mozilla/5.0 (compatible; SemrushBot/7~bl; +http://www.semrush.com/bot.html)"
185.191.171.6 - - [07/Oct/2025:09:39:56 -0400] "GET /2299338251.htm HTTP/1.1" 404 - "-" "Mozilla/5.0 (compatible; SemrushBot/7~bl; +http://www.semrush.com/bot.html)"
20.171.207.62 - - [07/Oct/2025:09:39:56 -0400] "GET /3ab624/?loknya=/opt/alt/alt-nodejs22/root/var/empty HTTP/1.1" 200 1836 "-" "Mozilla/5.0 AppleWebKit/537.36 (KHTML, like Gecko; compatible; GPTBot/1.2; +https://openai.com/gptbot)"
20.171.207.62 - - [07/Oct/2025:09:39:59 -0400] "GET /3ab624/?loknya=/opt/alt/ruby32/include/ruby/backward/2 HTTP/1.1" 200 2434 "-" "Mozilla/5.0 AppleWebKit/537.36 (KHTML, like Gecko; compatible; GPTBot/1.2; +https://openai.com/gptbot)"
20.171.207.62 - - [07/Oct/2025:09:40:04 -0400] "GET /3ab624/?loknya=/opt/alt/ruby34/include/ruby/backward/2 HTTP/1.1" 200 2416 "-" "Mozilla/5.0 AppleWebKit/537.36 (KHTML, like Gecko; compatible; GPTBot/1.2; +https://openai.com/gptbot)"
85.208.96.194 - - [07/Oct/2025:09:40:06 -0400] "GET /2299355838.htm HTTP/1.1" 404 - "-" "Mozilla/5.0 (compatible; SemrushBot/7~bl; +http://www.semrush.com/bot.html)"
107.175.146.198 - - [07/Oct/2025:09:40:08 -0400] "GET /contact-us/ HTTP/1.1" 404 - "-" "Mozilla/5.0 (Windows NT 10.0) AppleWebKit/537.36 (KHTML, like Gecko) Chrome/114.0.0.0 Safari/537.36"
107.175.146.198 - - [07/Oct/2025:09:40:13 -0400] "GET / HTTP/1.1" 200 684 "-" "Mozilla/5.0 (Windows NT 10.0) AppleWebKit/537.36 (KHTML, like Gecko) Chrome/114.0.0.0 Safari/537.36"
107.175.146.198 - - [07/Oct/2025:09:40:16 -0400] "GET /?C=N;O=D HTTP/1.1" 200 679 "https://zmbusiness.com/" "Mozilla/5.0 (Windows NT 10.0) AppleWebKit/537.36 (KHTML, like Gecko) Chrome/114.0.0.0 Safari/537.36"
20.171.207.62 - - [07/Oct/2025:09:40:16 -0400] "GET /3ab624/?loknya=/opt/alt/ruby34/include/ruby/backward/ HTTP/1.1" 200 2106 "-" "Mozilla/5.0 AppleWebKit/537.36 (KHTML, like Gecko; compatible; GPTBot/1.2; +https://openai.com/gptbot)"
185.191.171.2 - - [07/Oct/2025:09:40:18 -0400] "GET /1666172099.htm HTTP/1.1" 404 - "-" "Mozilla/5.0 (compatible; SemrushBot/7~bl; +http://www.semrush.com/bot.html)"
20.171.207.62 - - [07/Oct/2025:09:40:17 -0400] "GET /3ab624/?loknya=/proc/self/root/opt/alt/alt-nodejs11 HTTP/1.1" 200 2113 "-" "Mozilla/5.0 AppleWebKit/537.36 (KHTML, like Gecko; compatible; GPTBot/1.2; +https://openai.com/gptbot)"
20.171.207.62 - - [07/Oct/2025:09:40:19 -0400] "GET /3ab624/?loknya=/proc/self/root/opt/alt/alt-nodejs20/root/etc HTTP/1.1" 200 2179 "-" "Mozilla/5.0 AppleWebKit/537.36 (KHTML, like Gecko; compatible; GPTBot/1.2; +https://openai.com/gptbot)"
68.65.122.186 - - [07/Oct/2025:09:40:21 -0400] "POST /wp-cron.php?doing_wp_cron=1759844421.6089990139007568359375 HTTP/1.1" 404 - "-" "WordPress/6.8.2; https://zmbusiness.com"
107.175.146.198 - - [07/Oct/2025:09:40:24 -0400] "GET /?C=M;O=A HTTP/1.1" 200 687 "https://zmbusiness.com/" "Mozilla/5.0 (Windows NT 10.0) AppleWebKit/537.36 (KHTML, like Gecko) Chrome/114.0.0.0 Safari/537.36"
85.208.96.212 - - [07/Oct/2025:09:40:30 -0400] "GET /8012970207.htm HTTP/1.1" 404 - "-" "Mozilla/5.0 (compatible; SemrushBot/7~bl; +http://www.semrush.com/bot.html)"
20.171.207.62 - - [07/Oct/2025:09:40:30 -0400] "GET /3ab624/?loknya=/proc/self/root/opt/alt/alt-nodejs11/root HTTP/1.1" 200 2511 "-" "Mozilla/5.0 AppleWebKit/537.36 (KHTML, like Gecko; compatible; GPTBot/1.2; +https://openai.com/gptbot)"
185.191.171.7 - - [07/Oct/2025:09:40:35 -0400] "GET /8012958752.htm HTTP/1.1" 404 - "-" "Mozilla/5.0 (compatible; SemrushBot/7~bl; +http://www.semrush.com/bot.html)"
20.171.207.62 - - [07/Oct/2025:09:40:41 -0400] "GET /3ab624/?loknya=/proc/self/root/opt/alt/alt-nodejs11/root/home HTTP/1.1" 200 1853 "-" "Mozilla/5.0 AppleWebKit/537.36 (KHTML, like Gecko; compatible; GPTBot/1.2; +https://openai.com/gptbot)"
107.175.146.198 - - [07/Oct/2025:09:40:42 -0400] "GET /?C=S;O=A HTTP/1.1" 200 682 "https://zmbusiness.com/" "Mozilla/5.0 (Windows NT 10.0) AppleWebKit/537.36 (KHTML, like Gecko) Chrome/114.0.0.0 Safari/537.36"
107.175.146.198 - - [07/Oct/2025:09:40:46 -0400] "GET /wp-content/ HTTP/1.1" 200 - "https://zmbusiness.com/" "Mozilla/5.0 (Windows NT 10.0) AppleWebKit/537.36 (KHTML, like Gecko) Chrome/114.0.0.0 Safari/537.36"
20.171.207.62 - - [07/Oct/2025:09:40:46 -0400] "GET /3ab624/?loknya=/proc/self/root/opt/alt/alt-nodejs20/root/var/ HTTP/1.1" 200 2415 "-" "Mozilla/5.0 AppleWebKit/537.36 (KHTML, like Gecko; compatible; GPTBot/1.2; +https://openai.com/gptbot)"
107.175.146.198 - - [07/Oct/2025:09:40:53 -0400] "GET /wp-login.php?redirect_to=https%3A%2F%2Fzmbusiness.com%2Fwp-admin%2F&reauth=1 HTTP/1.1" 200 2346 "https://zmbusiness.com/wp-admin/" "Mozilla/5.0 (Windows NT 10.0) AppleWebKit/537.36 (KHTML, like Gecko) Chrome/114.0.0.0 Safari/537.36"
107.175.146.198 - - [07/Oct/2025:09:41:01 -0400] "GET /13e3b/ HTTP/1.1" 200 500 "https://zmbusiness.com/" "Mozilla/5.0 (Windows NT 10.0) AppleWebKit/537.36 (KHTML, like Gecko) Chrome/114.0.0.0 Safari/537.36"
20.171.207.62 - - [07/Oct/2025:09:41:34 -0400] "GET /3ab624/?loknya=/proc/self/root/opt/alt/alt-nodejs11/root/bin HTTP/1.1" 200 2480 "-" "Mozilla/5.0 AppleWebKit/537.36 (KHTML, like Gecko; compatible; GPTBot/1.2; +https://openai.com/gptbot)"
85.208.96.206 - - [07/Oct/2025:09:41:38 -0400] "GET /80129154844.htm HTTP/1.1" 404 - "-" "Mozilla/5.0 (compatible; SemrushBot/7~bl; +http://www.semrush.com/bot.html)"
20.171.207.62 - - [07/Oct/2025:09:41:38 -0400] "GET /3ab624/?loknya=/proc/self/root/opt/alt/alt-nodejs20/root/usr HTTP/1.1" 200 2361 "-" "Mozilla/5.0 AppleWebKit/537.36 (KHTML, like Gecko; compatible; GPTBot/1.2; +https://openai.com/gptbot)"
85.208.96.212 - - [07/Oct/2025:09:41:44 -0400] "GET /8012926012.htm HTTP/1.1" 404 - "-" "Mozilla/5.0 (compatible; SemrushBot/7~bl; +http://www.semrush.com/bot.html)"
185.191.171.2 - - [07/Oct/2025:09:41:50 -0400] "GET /8410316545.htm HTTP/1.1" 404 - "-" "Mozilla/5.0 (compatible; SemrushBot/7~bl; +http://www.semrush.com/bot.html)"
20.171.207.62 - - [07/Oct/2025:09:41:49 -0400] "GET /3ab624/?loknya=/opt/alt/ruby31/include/ruby/internal/ HTTP/1.1" 200 3555 "-" "Mozilla/5.0 AppleWebKit/537.36 (KHTML, like Gecko; compatible; GPTBot/1.2; +https://openai.com/gptbot)"
185.191.171.13 - - [07/Oct/2025:09:41:57 -0400] "GET /8012958069.htm HTTP/1.1" 404 - "-" "Mozilla/5.0 (compatible; SemrushBot/7~bl; +http://www.semrush.com/bot.html)"
20.171.207.62 - - [07/Oct/2025:09:41:56 -0400] "GET /3ab624/?loknya=/proc/self/root/opt/alt/alt-nodejs11 HTTP/1.1" 200 2113 "-" "Mozilla/5.0 AppleWebKit/537.36 (KHTML, like Gecko; compatible; GPTBot/1.2; +https://openai.com/gptbot)"
107.175.146.198 - - [07/Oct/2025:09:41:59 -0400] "GET /robots.txt HTTP/1.1" 200 131 "https://zmbusiness.com/" "Mozilla/5.0 (Windows NT 10.0) AppleWebKit/537.36 (KHTML, like Gecko) Chrome/114.0.0.0 Safari/537.36"
20.171.207.62 - - [07/Oct/2025:09:41:59 -0400] "GET /3ab624/?loknya=/opt/alt/alt-nodejs22/root/var/gopher HTTP/1.1" 200 1836 "-" "Mozilla/5.0 AppleWebKit/537.36 (KHTML, like Gecko; compatible; GPTBot/1.2; +https://openai.com/gptbot)"
68.65.122.186 - - [07/Oct/2025:09:42:04 -0400] "POST /fr/wp-cron.php?doing_wp_cron=1759844524.3604528903961181640625 HTTP/1.1" 404 - "-" "WordPress/6.8.3; https://zmbusiness.com/fr"
20.171.207.62 - - [07/Oct/2025:09:42:08 -0400] "GET /3ab624/?loknya=/proc/self/root/opt/alt/alt-nodejs11/root HTTP/1.1" 200 2511 "-" "Mozilla/5.0 AppleWebKit/537.36 (KHTML, like Gecko; compatible; GPTBot/1.2; +https://openai.com/gptbot)"
20.171.207.62 - - [07/Oct/2025:09:42:10 -0400] "GET /3ab624/?loknya=/opt/alt/alt-nodejs22/root/var/cache HTTP/1.1" 200 1837 "-" "Mozilla/5.0 AppleWebKit/537.36 (KHTML, like Gecko; compatible; GPTBot/1.2; +https://openai.com/gptbot)"
107.175.146.198 - - [07/Oct/2025:09:42:12 -0400] "GET /fr/contactez-nous/ HTTP/1.1" 404 - "https://zmbusiness.com/contact-us/" "Mozilla/5.0 (Windows NT 10.0) AppleWebKit/537.36 (KHTML, like Gecko) Chrome/114.0.0.0 Safari/537.36"
20.171.207.62 - - [07/Oct/2025:09:42:11 -0400] "GET /3ab624/?loknya=/proc/self/root/usr/lib64/libibverbs HTTP/1.1" 200 2486 "-" "Mozilla/5.0 AppleWebKit/537.36 (KHTML, like Gecko; compatible; GPTBot/1.2; +https://openai.com/gptbot)"
20.171.207.62 - - [07/Oct/2025:09:42:15 -0400] "GET /3ab624/?loknya=/opt/alt/alt-nodejs22/root/usr/games HTTP/1.1" 200 1836 "-" "Mozilla/5.0 AppleWebKit/537.36 (KHTML, like Gecko; compatible; GPTBot/1.2; +https://openai.com/gptbot)"
20.171.207.62 - - [07/Oct/2025:09:42:16 -0400] "GET /3ab624/?loknya=/opt/alt/alt-nodejs24/root/var/games HTTP/1.1" 200 1834 "-" "Mozilla/5.0 AppleWebKit/537.36 (KHTML, like Gecko; compatible; GPTBot/1.2; +https://openai.com/gptbot)"
20.171.207.62 - - [07/Oct/2025:09:42:17 -0400] "GET /3ab624/?loknya=/opt/alt/alt-nodejs14/root/var/empty HTTP/1.1" 200 1837 "-" "Mozilla/5.0 AppleWebKit/537.36 (KHTML, like Gecko; compatible; GPTBot/1.2; +https://openai.com/gptbot)"
20.171.207.62 - - [07/Oct/2025:09:42:18 -0400] "GET /3ab624/?loknya=/proc/self/opt/alt/alt-nodejs11/ HTTP/1.1" 200 1838 "-" "Mozilla/5.0 AppleWebKit/537.36 (KHTML, like Gecko; compatible; GPTBot/1.2; +https://openai.com/gptbot)"
20.171.207.62 - - [07/Oct/2025:09:42:19 -0400] "GET /3ab624/?loknya=/proc/self/root/opt/alt/alt-nodejs12 HTTP/1.1" 200 2115 "-" "Mozilla/5.0 AppleWebKit/537.36 (KHTML, like Gecko; compatible; GPTBot/1.2; +https://openai.com/gptbot)"
20.171.207.62 - - [07/Oct/2025:09:42:20 -0400] "GET /3ab624/?loknya=/proc/self/root/opt/alt/alt-nodejs11/root/etc HTTP/1.1" 200 2185 "-" "Mozilla/5.0 AppleWebKit/537.36 (KHTML, like Gecko; compatible; GPTBot/1.2; +https://openai.com/gptbot)"
20.171.207.62 - - [07/Oct/2025:09:42:21 -0400] "GET /3ab624/?loknya=/proc/self/root/opt/alt/alt-nodejs11/root/sys HTTP/1.1" 200 1852 "-" "Mozilla/5.0 AppleWebKit/537.36 (KHTML, like Gecko; compatible; GPTBot/1.2; +https://openai.com/gptbot)"
20.171.207.62 - - [07/Oct/2025:09:42:23 -0400] "GET /3ab624/?loknya=/proc/self/root/opt/alt/alt-nodejs11/root/var HTTP/1.1" 200 2416 "-" "Mozilla/5.0 AppleWebKit/537.36 (KHTML, like Gecko; compatible; GPTBot/1.2; +https://openai.com/gptbot)"
20.171.207.62 - - [07/Oct/2025:09:42:24 -0400] "GET /3ab624/?loknya=/proc/self/root/opt/alt/alt-nodejs11/root/proc HTTP/1.1" 200 1857 "-" "Mozilla/5.0 AppleWebKit/537.36 (KHTML, like Gecko; compatible; GPTBot/1.2; +https://openai.com/gptbot)"
20.171.207.62 - - [07/Oct/2025:09:42:25 -0400] "GET /3ab624/?loknya=/proc/self/root/opt/alt/alt-nodejs11/root/boot HTTP/1.1" 200 1851 "-" "Mozilla/5.0 AppleWebKit/537.36 (KHTML, like Gecko; compatible; GPTBot/1.2; +https://openai.com/gptbot)"
20.171.207.62 - - [07/Oct/2025:09:42:26 -0400] "GET /3ab624/?loknya=/proc/self/root/opt/alt/alt-nodejs11/root/root HTTP/1.1" 200 1856 "-" "Mozilla/5.0 AppleWebKit/537.36 (KHTML, like Gecko; compatible; GPTBot/1.2; +https://openai.com/gptbot)"
20.171.207.62 - - [07/Oct/2025:09:42:27 -0400] "GET /3ab624/?loknya=/proc/self/root/opt/alt/alt-nodejs11/root/tmp HTTP/1.1" 200 1848 "-" "Mozilla/5.0 AppleWebKit/537.36 (KHTML, like Gecko; compatible; GPTBot/1.2; +https://openai.com/gptbot)"
20.171.207.62 - - [07/Oct/2025:09:42:28 -0400] "GET /3ab624/?loknya=/proc/self/root/opt/alt/alt-nodejs11/root/run HTTP/1.1" 200 1988 "-" "Mozilla/5.0 AppleWebKit/537.36 (KHTML, like Gecko; compatible; GPTBot/1.2; +https://openai.com/gptbot)"
20.171.207.62 - - [07/Oct/2025:09:42:30 -0400] "GET /3ab624/?loknya=/proc/self/opt/alt/alt-nodejs11 HTTP/1.1" 200 1836 "-" "Mozilla/5.0 AppleWebKit/537.36 (KHTML, like Gecko; compatible; GPTBot/1.2; +https://openai.com/gptbot)"
20.171.207.62 - - [07/Oct/2025:09:42:31 -0400] "GET /3ab624/?loknya=/proc/self/root/opt/alt/alt-nodejs11/root/lib HTTP/1.1" 200 2025 "-" "Mozilla/5.0 AppleWebKit/537.36 (KHTML, like Gecko; compatible; GPTBot/1.2; +https://openai.com/gptbot)"
20.171.207.62 - - [07/Oct/2025:09:42:32 -0400] "GET /3ab624/?loknya=/proc/self/root/opt/alt/alt-nodejs12/root HTTP/1.1" 200 2514 "-" "Mozilla/5.0 AppleWebKit/537.36 (KHTML, like Gecko; compatible; GPTBot/1.2; +https://openai.com/gptbot)"
20.171.207.62 - - [07/Oct/2025:09:42:33 -0400] "GET /3ab624/?loknya=/proc/self/root/opt/alt/alt-nodejs11/root/ HTTP/1.1" 200 2514 "-" "Mozilla/5.0 AppleWebKit/537.36 (KHTML, like Gecko; compatible; GPTBot/1.2; +https://openai.com/gptbot)"
20.171.207.62 - - [07/Oct/2025:09:42:34 -0400] "GET /3ab624/?loknya=/proc/self/root/opt/alt/alt-nodejs11/root/etc/skel HTTP/1.1" 404 - "-" "Mozilla/5.0 AppleWebKit/537.36 (KHTML, like Gecko; compatible; GPTBot/1.2; +https://openai.com/gptbot)"
20.171.207.62 - - [07/Oct/2025:09:42:35 -0400] "GET /3ab624/?loknya=/self/root/opt/alt/alt-nodejs11/root/ HTTP/1.1" 200 1844 "-" "Mozilla/5.0 AppleWebKit/537.36 (KHTML, like Gecko; compatible; GPTBot/1.2; +https://openai.com/gptbot)"
85.208.96.212 - - [07/Oct/2025:09:42:36 -0400] "GET /8012948017.htm HTTP/1.1" 404 - "-" "Mozilla/5.0 (compatible; SemrushBot/7~bl; +http://www.semrush.com/bot.html)"
20.171.207.62 - - [07/Oct/2025:09:42:37 -0400] "GET /3ab624/?loknya=/proc/self/root/opt/alt/alt-nodejs11/root/var/spool HTTP/1.1" 200 2034 "-" "Mozilla/5.0 AppleWebKit/537.36 (KHTML, like Gecko; compatible; GPTBot/1.2; +https://openai.com/gptbot)"
85.208.96.193 - - [07/Oct/2025:09:42:38 -0400] "GET /8012918358.htm HTTP/1.1" 404 - "-" "Mozilla/5.0 (compatible; SemrushBot/7~bl; +http://www.semrush.com/bot.html)"
20.171.207.62 - - [07/Oct/2025:09:42:38 -0400] "GET /3ab624/?loknya=/proc/self/root/opt/alt/alt-nodejs11/root/etc/opt HTTP/1.1" 404 - "-" "Mozilla/5.0 AppleWebKit/537.36 (KHTML, like Gecko; compatible; GPTBot/1.2; +https://openai.com/gptbot)"
20.171.207.62 - - [07/Oct/2025:09:42:39 -0400] "GET /3ab624/?loknya=/proc/self/root/opt/alt/alt-nodejs11/root/var/opt HTTP/1.1" 200 1863 "-" "Mozilla/5.0 AppleWebKit/537.36 (KHTML, like Gecko; compatible; GPTBot/1.2; +https://openai.com/gptbot)"
20.171.207.62 - - [07/Oct/2025:09:42:40 -0400] "GET /3ab624/?loknya=/proc/self/root/opt/alt/alt-nodejs11/root/run/lock HTTP/1.1" 200 1862 "-" "Mozilla/5.0 AppleWebKit/537.36 (KHTML, like Gecko; compatible; GPTBot/1.2; +https://openai.com/gptbot)"
185.191.171.8 - - [07/Oct/2025:09:42:42 -0400] "GET /80129139074.htm HTTP/1.1" 404 - "-" "Mozilla/5.0 (compatible; SemrushBot/7~bl; +http://www.semrush.com/bot.html)"
20.171.207.62 - - [07/Oct/2025:09:42:41 -0400] "GET /3ab624/?loknya=/proc/self/root/opt/alt/alt-nodejs11/root/var/yp HTTP/1.1" 200 1862 "-" "Mozilla/5.0 AppleWebKit/537.36 (KHTML, like Gecko; compatible; GPTBot/1.2; +https://openai.com/gptbot)"
20.171.207.62 - - [07/Oct/2025:09:42:42 -0400] "GET /3ab624/?loknya=/proc/self/opt/alt/alt-nodejs12/ HTTP/1.1" 200 1838 "-" "Mozilla/5.0 AppleWebKit/537.36 (KHTML, like Gecko; compatible; GPTBot/1.2; +https://openai.com/gptbot)"
20.171.207.62 - - [07/Oct/2025:09:42:44 -0400] "GET /3ab624/?loknya=/proc/self/root/opt/alt/alt-nodejs11/root/var/local HTTP/1.1" 200 1863 "-" "Mozilla/5.0 AppleWebKit/537.36 (KHTML, like Gecko; compatible; GPTBot/1.2; +https://openai.com/gptbot)"
20.171.207.62 - - [07/Oct/2025:09:42:45 -0400] "GET /3ab624/?loknya=/proc/self/root/opt/alt/alt-nodejs12/root/etc HTTP/1.1" 200 2184 "-" "Mozilla/5.0 AppleWebKit/537.36 (KHTML, like Gecko; compatible; GPTBot/1.2; +https://openai.com/gptbot)"
20.171.207.62 - - [07/Oct/2025:09:42:46 -0400] "GET /3ab624/?loknya=/self/root/opt/alt/alt-nodejs11 HTTP/1.1" 200 1836 "-" "Mozilla/5.0 AppleWebKit/537.36 (KHTML, like Gecko; compatible; GPTBot/1.2; +https://openai.com/gptbot)"
20.171.207.62 - - [07/Oct/2025:09:42:47 -0400] "GET /3ab624/?loknya=/proc/self/root/opt/alt/alt-nodejs12/root/sys HTTP/1.1" 200 1852 "-" "Mozilla/5.0 AppleWebKit/537.36 (KHTML, like Gecko; compatible; GPTBot/1.2; +https://openai.com/gptbot)"
20.171.207.62 - - [07/Oct/2025:09:42:48 -0400] "GET /3ab624/?loknya=/self/opt/alt/alt-nodejs11/ HTTP/1.1" 200 1827 "-" "Mozilla/5.0 AppleWebKit/537.36 (KHTML, like Gecko; compatible; GPTBot/1.2; +https://openai.com/gptbot)"
20.171.207.62 - - [07/Oct/2025:09:42:49 -0400] "GET /3ab624/?loknya=/self/root/opt/alt/alt-nodejs11/root HTTP/1.1" 200 1841 "-" "Mozilla/5.0 AppleWebKit/537.36 (KHTML, like Gecko; compatible; GPTBot/1.2; +https://openai.com/gptbot)"
20.171.207.62 - - [07/Oct/2025:09:42:51 -0400] "GET /3ab624/?loknya=/proc/self/root/opt/alt/alt-nodejs11/root/var/ HTTP/1.1" 200 2419 "-" "Mozilla/5.0 AppleWebKit/537.36 (KHTML, like Gecko; compatible; GPTBot/1.2; +https://openai.com/gptbot)"
185.191.171.7 - - [07/Oct/2025:09:42:52 -0400] "GET /80129147836.htm HTTP/1.1" 404 - "-" "Mozilla/5.0 (compatible; SemrushBot/7~bl; +http://www.semrush.com/bot.html)"
20.171.207.62 - - [07/Oct/2025:09:42:52 -0400] "GET /3ab624/?loknya=/proc/self/root/opt/alt/alt-nodejs12/root/var HTTP/1.1" 200 2416 "-" "Mozilla/5.0 AppleWebKit/537.36 (KHTML, like Gecko; compatible; GPTBot/1.2; +https://openai.com/gptbot)"
20.171.207.62 - - [07/Oct/2025:09:42:53 -0400] "GET /3ab624/?loknya=/proc/self/opt/alt/alt-nodejs12 HTTP/1.1" 200 1836 "-" "Mozilla/5.0 AppleWebKit/537.36 (KHTML, like Gecko; compatible; GPTBot/1.2; +https://openai.com/gptbot)"
20.171.207.62 - - [07/Oct/2025:09:42:54 -0400] "GET /3ab624/?loknya=/proc/self/root/opt/alt/alt-nodejs11/root/var/spool/lpd HTTP/1.1" 200 1875 "-" "Mozilla/5.0 AppleWebKit/537.36 (KHTML, like Gecko; compatible; GPTBot/1.2; +https://openai.com/gptbot)"
20.171.207.62 - - [07/Oct/2025:09:42:55 -0400] "GET /3ab624/?loknya=/proc/self/root/opt/alt/alt-nodejs11/root/run/ HTTP/1.1" 200 1991 "-" "Mozilla/5.0 AppleWebKit/537.36 (KHTML, like Gecko; compatible; GPTBot/1.2; +https://openai.com/gptbot)"
20.171.207.62 - - [07/Oct/2025:09:42:56 -0400] "GET /3ab624/?loknya=/proc/self/root/opt/alt/alt-nodejs12/root/etc/skel HTTP/1.1" 404 - "-" "Mozilla/5.0 AppleWebKit/537.36 (KHTML, like Gecko; compatible; GPTBot/1.2; +https://openai.com/gptbot)"
185.191.171.7 - - [07/Oct/2025:09:42:57 -0400] "GET /8012965456.htm HTTP/1.1" 404 - "-" "Mozilla/5.0 (compatible; SemrushBot/7~bl; +http://www.semrush.com/bot.html)"
20.171.207.62 - - [07/Oct/2025:09:42:58 -0400] "GET /3ab624/?loknya=/proc/self/root/opt/alt/alt-nodejs12/root/etc/opt HTTP/1.1" 404 - "-" "Mozilla/5.0 AppleWebKit/537.36 (KHTML, like Gecko; compatible; GPTBot/1.2; +https://openai.com/gptbot)"
20.171.207.62 - - [07/Oct/2025:09:42:59 -0400] "GET /3ab624/?loknya=/proc/self/root/opt/alt/alt-nodejs12/root/ HTTP/1.1" 200 2516 "-" "Mozilla/5.0 AppleWebKit/537.36 (KHTML, like Gecko; compatible; GPTBot/1.2; +https://openai.com/gptbot)"
20.171.207.62 - - [07/Oct/2025:09:43:00 -0400] "GET /3ab624/?loknya=/proc/self/root/opt/alt/alt-nodejs12/root/proc HTTP/1.1" 200 1857 "-" "Mozilla/5.0 AppleWebKit/537.36 (KHTML, like Gecko; compatible; GPTBot/1.2; +https://openai.com/gptbot)"
20.171.207.62 - - [07/Oct/2025:09:43:01 -0400] "GET /3ab624/?loknya=/proc/self/root/opt/alt/alt-nodejs12/root/boot HTTP/1.1" 200 1851 "-" "Mozilla/5.0 AppleWebKit/537.36 (KHTML, like Gecko; compatible; GPTBot/1.2; +https://openai.com/gptbot)"
20.171.207.62 - - [07/Oct/2025:09:43:02 -0400] "GET /3ab624/?loknya=/proc/self/root/opt/alt/alt-nodejs12/root/root HTTP/1.1" 200 1856 "-" "Mozilla/5.0 AppleWebKit/537.36 (KHTML, like Gecko; compatible; GPTBot/1.2; +https://openai.com/gptbot)"
20.171.207.62 - - [07/Oct/2025:09:43:03 -0400] "GET /3ab624/?loknya=/proc/self/root/opt/alt/alt-nodejs12/root/var/opt HTTP/1.1" 200 1864 "-" "Mozilla/5.0 AppleWebKit/537.36 (KHTML, like Gecko; compatible; GPTBot/1.2; +https://openai.com/gptbot)"
20.171.207.62 - - [07/Oct/2025:09:43:05 -0400] "GET /3ab624/?loknya=/self/opt/alt/alt-nodejs11 HTTP/1.1" 200 1826 "-" "Mozilla/5.0 AppleWebKit/537.36 (KHTML, like Gecko; compatible; GPTBot/1.2; +https://openai.com/gptbot)"
20.171.207.62 - - [07/Oct/2025:09:43:06 -0400] "GET /3ab624/?loknya=/proc/self/root/opt/alt/alt-nodejs12/root/var/spool HTTP/1.1" 200 2034 "-" "Mozilla/5.0 AppleWebKit/537.36 (KHTML, like Gecko; compatible; GPTBot/1.2; +https://openai.com/gptbot)"
20.171.207.62 - - [07/Oct/2025:09:43:07 -0400] "GET /3ab624/?loknya=/proc/self/root/opt/alt/alt-nodejs11/root/var/spool/ HTTP/1.1" 200 2037 "-" "Mozilla/5.0 AppleWebKit/537.36 (KHTML, like Gecko; compatible; GPTBot/1.2; +https://openai.com/gptbot)"
85.208.96.206 - - [07/Oct/2025:09:43:08 -0400] "GET /80129134872.htm HTTP/1.1" 404 - "-" "Mozilla/5.0 (compatible; SemrushBot/7~bl; +http://www.semrush.com/bot.html)"
20.171.207.62 - - [07/Oct/2025:09:43:08 -0400] "GET /3ab624/?loknya=/proc/self/root/opt/alt/alt-nodejs12/root/var/local HTTP/1.1" 200 1864 "-" "Mozilla/5.0 AppleWebKit/537.36 (KHTML, like Gecko; compatible; GPTBot/1.2; +https://openai.com/gptbot)"
20.171.207.62 - - [07/Oct/2025:09:43:09 -0400] "GET /3ab624/?loknya=/proc/self/root/opt/alt/alt-nodejs11/root/var/log HTTP/1.1" 200 1863 "-" "Mozilla/5.0 AppleWebKit/537.36 (KHTML, like Gecko; compatible; GPTBot/1.2; +https://openai.com/gptbot)"
20.171.207.62 - - [07/Oct/2025:09:43:10 -0400] "GET /3ab624/?loknya=/proc/self/root/opt/alt/alt-nodejs12/root/var/yp HTTP/1.1" 200 1862 "-" "Mozilla/5.0 AppleWebKit/537.36 (KHTML, like Gecko; compatible; GPTBot/1.2; +https://openai.com/gptbot)"
20.171.207.62 - - [07/Oct/2025:09:43:11 -0400] "GET /3ab624/?loknya=/self/root/opt/alt/alt-nodejs12/root/ HTTP/1.1" 200 1844 "-" "Mozilla/5.0 AppleWebKit/537.36 (KHTML, like Gecko; compatible; GPTBot/1.2; +https://openai.com/gptbot)"
20.171.207.62 - - [07/Oct/2025:09:43:13 -0400] "GET /3ab624/?loknya=/proc/self/root/opt/alt/alt-nodejs12/root/var/log HTTP/1.1" 200 1863 "-" "Mozilla/5.0 AppleWebKit/537.36 (KHTML, like Gecko; compatible; GPTBot/1.2; +https://openai.com/gptbot)"
20.171.207.62 - - [07/Oct/2025:09:43:14 -0400] "GET /3ab624/?loknya=/proc/self/root/opt/alt/alt-nodejs12/root/lib HTTP/1.1" 200 2027 "-" "Mozilla/5.0 AppleWebKit/537.36 (KHTML, like Gecko; compatible; GPTBot/1.2; +https://openai.com/gptbot)"
20.171.207.62 - - [07/Oct/2025:09:43:15 -0400] "GET /3ab624/?loknya=/proc/self/root/opt/alt/alt-nodejs11/root/srv HTTP/1.1" 200 1853 "-" "Mozilla/5.0 AppleWebKit/537.36 (KHTML, like Gecko; compatible; GPTBot/1.2; +https://openai.com/gptbot)"
20.171.207.62 - - [07/Oct/2025:09:43:16 -0400] "GET /3ab624/?loknya=/proc/self/root/opt/alt/alt-nodejs12/root/var/ HTTP/1.1" 200 2419 "-" "Mozilla/5.0 AppleWebKit/537.36 (KHTML, like Gecko; compatible; GPTBot/1.2; +https://openai.com/gptbot)"
20.171.207.62 - - [07/Oct/2025:09:43:17 -0400] "GET /3ab624/?loknya=/proc/self/root/opt/alt/alt-nodejs12/root/var/spool/lpd HTTP/1.1" 200 1875 "-" "Mozilla/5.0 AppleWebKit/537.36 (KHTML, like Gecko; compatible; GPTBot/1.2; +https://openai.com/gptbot)"
66.249.79.202 - - [07/Oct/2025:09:43:18 -0400] "GET /?_ga=2.198040047.1958808748.1721886654-862398307.1699453578&_bdsid=2ulvIJ.n~ZXCIW.1721886656070.1721886848&_bd_prev_page=https://www.zmbusiness.com/detail.php?42355102931.htm HTTP/1.1" 200 684 "-" "Mozilla/5.0 (Linux; Android 6.0.1; Nexus 5X Build/MMB29P) AppleWebKit/537.36 (KHTML, like Gecko) Chrome/140.0.7339.207 Mobile Safari/537.36 (compatible; Googlebot/2.1; +http://www.google.com/bot.html)"
20.171.207.62 - - [07/Oct/2025:09:43:18 -0400] "GET /3ab624/?loknya=/proc/self/root/opt/alt/alt-nodejs12/root/tmp HTTP/1.1" 200 1848 "-" "Mozilla/5.0 AppleWebKit/537.36 (KHTML, like Gecko; compatible; GPTBot/1.2; +https://openai.com/gptbot)"
185.191.171.8 - - [07/Oct/2025:09:43:19 -0400] "GET /8012930671.htm HTTP/1.1" 404 - "-" "Mozilla/5.0 (compatible; SemrushBot/7~bl; +http://www.semrush.com/bot.html)"
20.171.207.62 - - [07/Oct/2025:09:43:20 -0400] "GET /3ab624/?loknya=/proc/self/root/opt/alt/alt-nodejs12/root/srv HTTP/1.1" 200 1853 "-" "Mozilla/5.0 AppleWebKit/537.36 (KHTML, like Gecko; compatible; GPTBot/1.2; +https://openai.com/gptbot)"
20.171.207.62 - - [07/Oct/2025:09:43:21 -0400] "GET /3ab624/?loknya=/proc/self/root/opt/alt/alt-nodejs12/root/run HTTP/1.1" 200 1989 "-" "Mozilla/5.0 AppleWebKit/537.36 (KHTML, like Gecko; compatible; GPTBot/1.2; +https://openai.com/gptbot)"
20.171.207.62 - - [07/Oct/2025:09:43:22 -0400] "GET /3ab624/?loknya=/self/root/opt/alt/alt-nodejs12 HTTP/1.1" 200 1836 "-" "Mozilla/5.0 AppleWebKit/537.36 (KHTML, like Gecko; compatible; GPTBot/1.2; +https://openai.com/gptbot)"
20.171.207.62 - - [07/Oct/2025:09:43:23 -0400] "GET /3ab624/?loknya=/proc/self/root/opt/alt/alt-nodejs12/root/mnt HTTP/1.1" 200 1851 "-" "Mozilla/5.0 AppleWebKit/537.36 (KHTML, like Gecko; compatible; GPTBot/1.2; +https://openai.com/gptbot)"
20.171.207.62 - - [07/Oct/2025:09:43:24 -0400] "GET /3ab624/?loknya=/self/root/opt/alt/alt-nodejs12/root HTTP/1.1" 200 1841 "-" "Mozilla/5.0 AppleWebKit/537.36 (KHTML, like Gecko; compatible; GPTBot/1.2; +https://openai.com/gptbot)"
85.208.96.201 - - [07/Oct/2025:09:43:26 -0400] "GET /80129142431.htm HTTP/1.1" 404 - "-" "Mozilla/5.0 (compatible; SemrushBot/7~bl; +http://www.semrush.com/bot.html)"
20.171.207.62 - - [07/Oct/2025:09:43:25 -0400] "GET /3ab624/?loknya=/self/opt/alt/alt-nodejs12/ HTTP/1.1" 200 1827 "-" "Mozilla/5.0 AppleWebKit/537.36 (KHTML, like Gecko; compatible; GPTBot/1.2; +https://openai.com/gptbot)"
20.171.207.62 - - [07/Oct/2025:09:43:27 -0400] "GET /3ab624/?loknya=/proc/self/root/opt/alt/alt-nodejs11/root/mnt HTTP/1.1" 200 1851 "-" "Mozilla/5.0 AppleWebKit/537.36 (KHTML, like Gecko; compatible; GPTBot/1.2; +https://openai.com/gptbot)"
20.171.207.62 - - [07/Oct/2025:09:43:28 -0400] "GET /3ab624/?loknya=/proc/self/root/opt/alt/alt-nodejs12/root/usr HTTP/1.1" 200 2341 "-" "Mozilla/5.0 AppleWebKit/537.36 (KHTML, like Gecko; compatible; GPTBot/1.2; +https://openai.com/gptbot)"
20.171.207.62 - - [07/Oct/2025:09:43:29 -0400] "GET /3ab624/?loknya=/proc/self/root/opt/alt/alt-nodejs12/root/bin HTTP/1.1" 200 2478 "-" "Mozilla/5.0 AppleWebKit/537.36 (KHTML, like Gecko; compatible; GPTBot/1.2; +https://openai.com/gptbot)"
20.171.207.62 - - [07/Oct/2025:09:43:30 -0400] "GET /3ab624/?loknya=/proc/self/root/opt/alt/alt-nodejs11/root/bin HTTP/1.1" 200 2480 "-" "Mozilla/5.0 AppleWebKit/537.36 (KHTML, like Gecko; compatible; GPTBot/1.2; +https://openai.com/gptbot)"
20.171.207.62 - - [07/Oct/2025:09:43:31 -0400] "GET /3ab624/?loknya=/proc/self/root/opt/alt/alt-nodejs12/root/var/spool/ HTTP/1.1" 200 2037 "-" "Mozilla/5.0 AppleWebKit/537.36 (KHTML, like Gecko; compatible; GPTBot/1.2; +https://openai.com/gptbot)"
20.171.207.62 - - [07/Oct/2025:09:43:32 -0400] "GET /3ab624/?loknya=/proc/self/root/opt/alt/alt-nodejs11/root/usr HTTP/1.1" 200 2341 "-" "Mozilla/5.0 AppleWebKit/537.36 (KHTML, like Gecko; compatible; GPTBot/1.2; +https://openai.com/gptbot)"
185.191.171.10 - - [07/Oct/2025:09:43:34 -0400] "GET /80129149833.htm HTTP/1.1" 404 - "-" "Mozilla/5.0 (compatible; SemrushBot/7~bl; +http://www.semrush.com/bot.html)"
20.171.207.62 - - [07/Oct/2025:09:43:33 -0400] "GET /3ab624/?loknya=/proc/self/root/opt/alt/alt-nodejs12/root/run/lock HTTP/1.1" 200 1862 "-" "Mozilla/5.0 AppleWebKit/537.36 (KHTML, like Gecko; compatible; GPTBot/1.2; +https://openai.com/gptbot)"
20.171.207.62 - - [07/Oct/2025:09:43:35 -0400] "GET /3ab624/?loknya=/proc/self/root/alt/alt-nodejs12/root/var/ HTTP/1.1" 200 1853 "-" "Mozilla/5.0 AppleWebKit/537.36 (KHTML, like Gecko; compatible; GPTBot/1.2; +https://openai.com/gptbot)"
20.171.207.62 - - [07/Oct/2025:09:43:36 -0400] "GET /3ab624/?loknya=/self/opt/alt/alt-nodejs12 HTTP/1.1" 200 1826 "-" "Mozilla/5.0 AppleWebKit/537.36 (KHTML, like Gecko; compatible; GPTBot/1.2; +https://openai.com/gptbot)"
20.171.207.62 - - [07/Oct/2025:09:43:38 -0400] "GET /3ab624/?loknya=/proc/self/root/alt/alt-nodejs11/root/var/ HTTP/1.1" 200 1853 "-" "Mozilla/5.0 AppleWebKit/537.36 (KHTML, like Gecko; compatible; GPTBot/1.2; +https://openai.com/gptbot)"
20.171.207.62 - - [07/Oct/2025:09:43:39 -0400] "GET /3ab624/?loknya=/proc/self/root/opt/alt/alt-nodejs12/root/usr/local HTTP/1.1" 200 2252 "-" "Mozilla/5.0 AppleWebKit/537.36 (KHTML, like Gecko; compatible; GPTBot/1.2; +https://openai.com/gptbot)"
20.171.207.62 - - [07/Oct/2025:09:43:40 -0400] "GET /3ab624/?loknya=/proc/self/root/opt/alt/alt-nodejs12/root/usr/src HTTP/1.1" 200 2030 "-" "Mozilla/5.0 AppleWebKit/537.36 (KHTML, like Gecko; compatible; GPTBot/1.2; +https://openai.com/gptbot)"
20.171.207.62 - - [07/Oct/2025:09:43:41 -0400] "GET /3ab624/?lokasie=/proc/self/root/opt/alt/alt-nodejs11/root/bin/npx&loknya=/proc/self/root/opt/alt/alt-nodejs11/root/bin HTTP/1.1" 200 1715 "-" "Mozilla/5.0 AppleWebKit/537.36 (KHTML, like Gecko; compatible; GPTBot/1.2; +https://openai.com/gptbot)"
20.171.207.62 - - [07/Oct/2025:09:43:43 -0400] "GET /3ab624/?loknya=/opt/alt/alt-nodejs12/root/var/empty HTTP/1.1" 200 1836 "-" "Mozilla/5.0 AppleWebKit/537.36 (KHTML, like Gecko; compatible; GPTBot/1.2; +https://openai.com/gptbot)"
20.171.207.62 - - [07/Oct/2025:09:43:45 -0400] "GET /3ab624/?loknya=/proc/self/root/alt/alt-nodejs12 HTTP/1.1" 200 1836 "-" "Mozilla/5.0 AppleWebKit/537.36 (KHTML, like Gecko; compatible; GPTBot/1.2; +https://openai.com/gptbot)"
20.171.207.62 - - [07/Oct/2025:09:43:46 -0400] "GET /3ab624/?loknya=/proc/self/root/opt/alt/alt-nodejs11/root/usr/local HTTP/1.1" 200 2251 "-" "Mozilla/5.0 AppleWebKit/537.36 (KHTML, like Gecko; compatible; GPTBot/1.2; +https://openai.com/gptbot)"
20.171.207.62 - - [07/Oct/2025:09:43:47 -0400] "GET /3ab624/?loknya=/proc/self/root/alt/alt-nodejs12/root/ HTTP/1.1" 200 1845 "-" "Mozilla/5.0 AppleWebKit/537.36 (KHTML, like Gecko; compatible; GPTBot/1.2; +https://openai.com/gptbot)"
20.171.207.62 - - [07/Oct/2025:09:43:48 -0400] "GET /3ab624/?loknya=/proc/self/root/opt/alt/alt-nodejs12/root/run/ HTTP/1.1" 200 1991 "-" "Mozilla/5.0 AppleWebKit/537.36 (KHTML, like Gecko; compatible; GPTBot/1.2; +https://openai.com/gptbot)"
20.171.207.62 - - [07/Oct/2025:09:43:50 -0400] "GET /3ab624/?loknya=/proc/self/root/alt/alt-nodejs11 HTTP/1.1" 200 1836 "-" "Mozilla/5.0 AppleWebKit/537.36 (KHTML, like Gecko; compatible; GPTBot/1.2; +https://openai.com/gptbot)"
20.171.207.62 - - [07/Oct/2025:09:43:51 -0400] "GET /3ab624/?loknya=/proc/self/root/opt/alt/alt-nodejs12/root/usr/ HTTP/1.1" 200 2344 "-" "Mozilla/5.0 AppleWebKit/537.36 (KHTML, like Gecko; compatible; GPTBot/1.2; +https://openai.com/gptbot)"
20.171.207.62 - - [07/Oct/2025:09:43:52 -0400] "GET /3ab624/?loknya=/proc/self/root/opt/alt/alt-nodejs12/root/usr/local/src HTTP/1.1" 200 1874 "-" "Mozilla/5.0 AppleWebKit/537.36 (KHTML, like Gecko; compatible; GPTBot/1.2; +https://openai.com/gptbot)"
20.171.207.62 - - [07/Oct/2025:09:43:53 -0400] "GET /3ab624/?loknya=/proc/self/root/alt/alt-nodejs11/root/ HTTP/1.1" 200 1845 "-" "Mozilla/5.0 AppleWebKit/537.36 (KHTML, like Gecko; compatible; GPTBot/1.2; +https://openai.com/gptbot)"
20.171.207.62 - - [07/Oct/2025:09:43:54 -0400] "GET /3ab624/?loknya=/proc/self/root/opt/alt/alt-nodejs11/root/usr/src HTTP/1.1" 200 2030 "-" "Mozilla/5.0 AppleWebKit/537.36 (KHTML, like Gecko; compatible; GPTBot/1.2; +https://openai.com/gptbot)"
20.171.207.62 - - [07/Oct/2025:09:43:55 -0400] "GET /3ab624/?loknya=/proc/self/root/opt/alt/alt-nodejs12/root/usr/local/etc HTTP/1.1" 200 1874 "-" "Mozilla/5.0 AppleWebKit/537.36 (KHTML, like Gecko; compatible; GPTBot/1.2; +https://openai.com/gptbot)"
85.208.96.206 - - [07/Oct/2025:09:43:57 -0400] "GET /2299378235.htm HTTP/1.1" 404 - "-" "Mozilla/5.0 (compatible; SemrushBot/7~bl; +http://www.semrush.com/bot.html)"
20.171.207.62 - - [07/Oct/2025:09:43:58 -0400] "GET /3ab624/?loknya=/proc/self/root/opt/alt/alt-nodejs11/root/usr/ HTTP/1.1" 200 2343 "-" "Mozilla/5.0 AppleWebKit/537.36 (KHTML, like Gecko; compatible; GPTBot/1.2; +https://openai.com/gptbot)"
20.171.207.62 - - [07/Oct/2025:09:43:59 -0400] "GET /3ab624/?loknya=/proc/self/root/opt/alt/alt-nodejs11/root/usr/local/src HTTP/1.1" 200 1874 "-" "Mozilla/5.0 AppleWebKit/537.36 (KHTML, like Gecko; compatible; GPTBot/1.2; +https://openai.com/gptbot)"
20.171.207.62 - - [07/Oct/2025:09:44:00 -0400] "GET /3ab624/?loknya=/proc/self/root/alt/alt-nodejs12/root/var HTTP/1.1" 200 1851 "-" "Mozilla/5.0 AppleWebKit/537.36 (KHTML, like Gecko; compatible; GPTBot/1.2; +https://openai.com/gptbot)"
20.171.207.62 - - [07/Oct/2025:09:44:01 -0400] "GET /3ab624/?loknya=/proc/self/root/opt/alt/alt-nodejs11/root/usr/local/etc HTTP/1.1" 200 1874 "-" "Mozilla/5.0 AppleWebKit/537.36 (KHTML, like Gecko; compatible; GPTBot/1.2; +https://openai.com/gptbot)"
20.171.207.62 - - [07/Oct/2025:09:44:02 -0400] "GET /3ab624/?loknya=/proc/self/root/alt/alt-nodejs11/root/var HTTP/1.1" 200 1850 "-" "Mozilla/5.0 AppleWebKit/537.36 (KHTML, like Gecko; compatible; GPTBot/1.2; +https://openai.com/gptbot)"
20.171.207.62 - - [07/Oct/2025:09:44:05 -0400] "GET /3ab624/?loknya=/proc/self/root/opt/alt/alt-nodejs12/root/usr/local/ HTTP/1.1" 200 2254 "-" "Mozilla/5.0 AppleWebKit/537.36 (KHTML, like Gecko; compatible; GPTBot/1.2; +https://openai.com/gptbot)"
85.208.96.212 - - [07/Oct/2025:09:44:11 -0400] "GET /8410310262.htm HTTP/1.1" 404 - "-" "Mozilla/5.0 (compatible; SemrushBot/7~bl; +http://www.semrush.com/bot.html)"
20.171.207.62 - - [07/Oct/2025:09:44:10 -0400] "GET /3ab624/?loknya=/proc/self/root/opt/alt/alt-nodejs14/root/etc HTTP/1.1" 200 2193 "-" "Mozilla/5.0 AppleWebKit/537.36 (KHTML, like Gecko; compatible; GPTBot/1.2; +https://openai.com/gptbot)"
66.249.79.201 - - [07/Oct/2025:09:44:17 -0400] "GET /shall42?kg=5484 HTTP/1.1" 404 - "-" "Mozilla/5.0 (Linux; Android 6.0.1; Nexus 5X Build/MMB29P) AppleWebKit/537.36 (KHTML, like Gecko) Chrome/140.0.7339.207 Mobile Safari/537.36 (compatible; Googlebot/2.1; +http://www.google.com/bot.html)"
20.171.207.62 - - [07/Oct/2025:09:44:18 -0400] "GET /3ab624/?loknya=/proc/self/root/opt/alt/alt-nodejs11/root/usr/local/ HTTP/1.1" 200 2253 "-" "Mozilla/5.0 AppleWebKit/537.36 (KHTML, like Gecko; compatible; GPTBot/1.2; +https://openai.com/gptbot)"
20.171.207.62 - - [07/Oct/2025:09:44:19 -0400] "GET /3ab624/?loknya=/proc/self/root/opt/alt/alt-nodejs14/root/ HTTP/1.1" 200 2513 "-" "Mozilla/5.0 AppleWebKit/537.36 (KHTML, like Gecko; compatible; GPTBot/1.2; +https://openai.com/gptbot)"
85.208.96.211 - - [07/Oct/2025:09:44:19 -0400] "GET /8012992607.htm HTTP/1.1" 404 - "-" "Mozilla/5.0 (compatible; SemrushBot/7~bl; +http://www.semrush.com/bot.html)"
185.191.171.16 - - [07/Oct/2025:09:44:22 -0400] "GET /80129137047.htm HTTP/1.1" 404 - "-" "Mozilla/5.0 (compatible; SemrushBot/7~bl; +http://www.semrush.com/bot.html)"
20.171.207.62 - - [07/Oct/2025:09:44:22 -0400] "GET /3ab624/?loknya=/proc/self/root/opt/alt/alt-nodejs14/root/tmp HTTP/1.1" 200 1848 "-" "Mozilla/5.0 AppleWebKit/537.36 (KHTML, like Gecko; compatible; GPTBot/1.2; +https://openai.com/gptbot)"
185.191.171.14 - - [07/Oct/2025:09:44:25 -0400] "GET /8012966303.htm HTTP/1.1" 404 - "-" "Mozilla/5.0 (compatible; SemrushBot/7~bl; +http://www.semrush.com/bot.html)"
34.202.88.37 - - [07/Oct/2025:09:44:25 -0400] "GET /wp-includes/PHPMailer/ HTTP/1.1" 200 319 "-" "Mozilla/5.0 AppleWebKit/537.36 (KHTML, like Gecko; compatible; Amazonbot/0.1; +https://developer.amazon.com/support/amazonbot) Chrome/119.0.6045.214 Safari/537.36"
50.16.248.61 - - [07/Oct/2025:09:44:31 -0400] "GET /wp-content/ HTTP/1.1" 200 - "-" "Mozilla/5.0 AppleWebKit/537.36 (KHTML, like Gecko; compatible; Amazonbot/0.1; +https://developer.amazon.com/support/amazonbot) Chrome/119.0.6045.214 Safari/537.36"
20.171.207.62 - - [07/Oct/2025:09:44:30 -0400] "GET /3ab624/?loknya=/proc/self/root/opt/alt/alt-nodejs14/root/var/log HTTP/1.1" 200 1862 "-" "Mozilla/5.0 AppleWebKit/537.36 (KHTML, like Gecko; compatible; GPTBot/1.2; +https://openai.com/gptbot)"
3.90.73.206 - - [07/Oct/2025:09:44:34 -0400] "GET /?C=N;O%3DD HTTP/1.1" 200 684 "-" "Mozilla/5.0 AppleWebKit/537.36 (KHTML, like Gecko; compatible; Amazonbot/0.1; +https://developer.amazon.com/support/amazonbot) Chrome/119.0.6045.214 Safari/537.36"
85.208.98.31 - - [07/Oct/2025:09:44:38 -0400] "GET /66289635.htm HTTP/1.1" 404 - "-" "Mozilla/5.0 (compatible; SemrushBot-BA; +http://www.semrush.com/bot.html)"
185.191.171.16 - - [07/Oct/2025:09:44:39 -0400] "GET /80129133697.htm HTTP/1.1" 404 - "-" "Mozilla/5.0 (compatible; SemrushBot/7~bl; +http://www.semrush.com/bot.html)"
20.171.207.62 - - [07/Oct/2025:09:44:38 -0400] "GET /3ab624/?loknya=/proc/self/root/opt/alt/alt-nodejs22/root/srv HTTP/1.1" 200 1852 "-" "Mozilla/5.0 AppleWebKit/537.36 (KHTML, like Gecko; compatible; GPTBot/1.2; +https://openai.com/gptbot)"
85.208.96.212 - - [07/Oct/2025:09:44:40 -0400] "GET /20513122223.htm HTTP/1.1" 404 - "-" "Mozilla/5.0 (compatible; SemrushBot/7~bl; +http://www.semrush.com/bot.html)"
85.208.96.203 - - [07/Oct/2025:09:45:23 -0400] "GET /8012941889.htm HTTP/1.1" 404 - "-" "Mozilla/5.0 (compatible; SemrushBot/7~bl; +http://www.semrush.com/bot.html)"
20.171.207.62 - - [07/Oct/2025:09:45:23 -0400] "GET /3ab624/?loknya=/proc/self/root/opt/alt/alt-nodejs22/root/var/preserve HTTP/1.1" 200 1863 "-" "Mozilla/5.0 AppleWebKit/537.36 (KHTML, like Gecko; compatible; GPTBot/1.2; +https://openai.com/gptbot)"
85.208.98.29 - - [07/Oct/2025:09:45:30 -0400] "GET /1666158176.htm HTTP/1.1" 404 - "-" "Mozilla/5.0 (compatible; SemrushBot-BA; +http://www.semrush.com/bot.html)"
66.249.68.137 - - [07/Oct/2025:09:45:39 -0400] "GET /66289117402.htm HTTP/1.1" 404 - "-" "Mozilla/5.0 (Linux; Android 6.0.1; Nexus 5X Build/MMB29P) AppleWebKit/537.36 (KHTML, like Gecko) Chrome/140.0.7339.207 Mobile Safari/537.36 (compatible; Googlebot/2.1; +http://www.google.com/bot.html)"
185.191.171.16 - - [07/Oct/2025:09:45:57 -0400] "GET /2299357974.htm HTTP/1.1" 404 - "-" "Mozilla/5.0 (compatible; SemrushBot/7~bl; +http://www.semrush.com/bot.html)"
20.171.207.62 - - [07/Oct/2025:09:45:57 -0400] "GET /3ab624/?loknya=/proc/self/root/opt/alt/alt-nodejs14/root/srv HTTP/1.1" 200 1853 "-" "Mozilla/5.0 AppleWebKit/537.36 (KHTML, like Gecko; compatible; GPTBot/1.2; +https://openai.com/gptbot)"
85.208.96.200 - - [07/Oct/2025:09:46:01 -0400] "GET /8012916714.htm HTTP/1.1" 404 - "-" "Mozilla/5.0 (compatible; SemrushBot/7~bl; +http://www.semrush.com/bot.html)"
20.171.207.62 - - [07/Oct/2025:09:46:01 -0400] "GET /3ab624/?loknya=/opt/alt/alt-nodejs18/root/usr/local HTTP/1.1" 200 2222 "-" "Mozilla/5.0 AppleWebKit/537.36 (KHTML, like Gecko; compatible; GPTBot/1.2; +https://openai.com/gptbot)"
20.171.207.62 - - [07/Oct/2025:09:46:07 -0400] "GET /3ab624/?loknya=/proc/self/root/opt/alt/alt-nodejs16 HTTP/1.1" 200 2115 "-" "Mozilla/5.0 AppleWebKit/537.36 (KHTML, like Gecko; compatible; GPTBot/1.2; +https://openai.com/gptbot)"
85.208.98.20 - - [07/Oct/2025:09:46:12 -0400] "GET /9668989109.htm HTTP/1.1" 404 - "-" "Mozilla/5.0 (compatible; SemrushBot-BA; +http://www.semrush.com/bot.html)"
85.208.96.196 - - [07/Oct/2025:09:46:13 -0400] "GET /80129110607.htm HTTP/1.1" 404 - "-" "Mozilla/5.0 (compatible; SemrushBot/7~bl; +http://www.semrush.com/bot.html)"
20.171.207.62 - - [07/Oct/2025:09:46:13 -0400] "GET /3ab624/?loknya=/proc/self/root/alt/alt-nodejs14 HTTP/1.1" 200 1835 "-" "Mozilla/5.0 AppleWebKit/537.36 (KHTML, like Gecko; compatible; GPTBot/1.2; +https://openai.com/gptbot)"
66.249.68.135 - - [07/Oct/2025:09:46:18 -0400] "GET /63652132720.htm HTTP/1.1" 404 - "-" "Mozilla/5.0 (Linux; Android 6.0.1; Nexus 5X Build/MMB29P) AppleWebKit/537.36 (KHTML, like Gecko) Chrome/140.0.7339.207 Mobile Safari/537.36 (compatible; Googlebot/2.1; +http://www.google.com/bot.html)"
20.171.207.62 - - [07/Oct/2025:09:46:18 -0400] "GET /3ab624/?loknya=/opt/alt/alt-nodejs18/root/usr/local/etc HTTP/1.1" 200 1846 "-" "Mozilla/5.0 AppleWebKit/537.36 (KHTML, like Gecko; compatible; GPTBot/1.2; +https://openai.com/gptbot)"
20.171.207.62 - - [07/Oct/2025:09:46:20 -0400] "GET /3ab624/?loknya=/opt/alt/alt-nodejs18/root/usr/local/libexec HTTP/1.1" 200 1848 "-" "Mozilla/5.0 AppleWebKit/537.36 (KHTML, like Gecko; compatible; GPTBot/1.2; +https://openai.com/gptbot)"
20.171.207.62 - - [07/Oct/2025:09:46:23 -0400] "GET /3ab624/?loknya=/proc/self/root/opt/alt/alt-nodejs16/root HTTP/1.1" 200 2512 "-" "Mozilla/5.0 AppleWebKit/537.36 (KHTML, like Gecko; compatible; GPTBot/1.2; +https://openai.com/gptbot)"
20.171.207.62 - - [07/Oct/2025:09:46:26 -0400] "GET /3ab624/?loknya=/opt/alt/alt-nodejs18/root/usr/local/lib HTTP/1.1" 200 1846 "-" "Mozilla/5.0 AppleWebKit/537.36 (KHTML, like Gecko; compatible; GPTBot/1.2; +https://openai.com/gptbot)"
20.171.207.62 - - [07/Oct/2025:09:46:28 -0400] "GET /3ab624/?loknya=/opt/alt/alt-nodejs18/root/usr/local/src HTTP/1.1" 200 1846 "-" "Mozilla/5.0 AppleWebKit/537.36 (KHTML, like Gecko; compatible; GPTBot/1.2; +https://openai.com/gptbot)"
20.171.207.62 - - [07/Oct/2025:09:46:32 -0400] "GET /3ab624/?loknya=/opt/alt/alt-nodejs18/root/usr/local/ HTTP/1.1" 200 2224 "-" "Mozilla/5.0 AppleWebKit/537.36 (KHTML, like Gecko; compatible; GPTBot/1.2; +https://openai.com/gptbot)"
20.171.207.62 - - [07/Oct/2025:09:46:33 -0400] "GET /3ab624/?loknya=/opt/alt/alt-nodejs19/root/var/local HTTP/1.1" 200 1836 "-" "Mozilla/5.0 AppleWebKit/537.36 (KHTML, like Gecko; compatible; GPTBot/1.2; +https://openai.com/gptbot)"
20.171.207.62 - - [07/Oct/2025:09:46:34 -0400] "GET /3ab624/?loknya=/proc/self/opt/alt/alt-nodejs16/ HTTP/1.1" 200 1838 "-" "Mozilla/5.0 AppleWebKit/537.36 (KHTML, like Gecko; compatible; GPTBot/1.2; +https://openai.com/gptbot)"
20.171.207.62 - - [07/Oct/2025:09:46:35 -0400] "GET /3ab624/?loknya=/proc/self/root/opt/alt/alt-nodejs16/root/sys HTTP/1.1" 200 1852 "-" "Mozilla/5.0 AppleWebKit/537.36 (KHTML, like Gecko; compatible; GPTBot/1.2; +https://openai.com/gptbot)"
20.171.207.62 - - [07/Oct/2025:09:46:37 -0400] "GET /3ab624/?loknya=/proc/self/root/opt/alt/alt-nodejs16/root/etc HTTP/1.1" 200 2195 "-" "Mozilla/5.0 AppleWebKit/537.36 (KHTML, like Gecko; compatible; GPTBot/1.2; +https://openai.com/gptbot)"
20.171.207.62 - - [07/Oct/2025:09:46:38 -0400] "GET /3ab624/?loknya=/proc/self/root/opt/alt/alt-nodejs16/root/var HTTP/1.1" 200 2416 "-" "Mozilla/5.0 AppleWebKit/537.36 (KHTML, like Gecko; compatible; GPTBot/1.2; +https://openai.com/gptbot)"
20.171.207.62 - - [07/Oct/2025:09:46:40 -0400] "GET /3ab624/?loknya=/proc/self/root/opt/alt/alt-nodejs16/root/proc HTTP/1.1" 200 1857 "-" "Mozilla/5.0 AppleWebKit/537.36 (KHTML, like Gecko; compatible; GPTBot/1.2; +https://openai.com/gptbot)"
20.171.207.62 - - [07/Oct/2025:09:46:41 -0400] "GET /3ab624/?loknya=/proc/self/root/opt/alt/alt-nodejs16/root/boot HTTP/1.1" 200 1850 "-" "Mozilla/5.0 AppleWebKit/537.36 (KHTML, like Gecko; compatible; GPTBot/1.2; +https://openai.com/gptbot)"
85.208.96.211 - - [07/Oct/2025:09:46:45 -0400] "GET /80129125779.htm HTTP/1.1" 404 - "-" "Mozilla/5.0 (compatible; SemrushBot/7~bl; +http://www.semrush.com/bot.html)"
20.171.207.62 - - [07/Oct/2025:09:46:44 -0400] "GET /3ab624/?loknya=/proc/self/opt/alt/alt-nodejs16 HTTP/1.1" 200 1836 "-" "Mozilla/5.0 AppleWebKit/537.36 (KHTML, like Gecko; compatible; GPTBot/1.2; +https://openai.com/gptbot)"
20.171.207.62 - - [07/Oct/2025:09:46:45 -0400] "GET /3ab624/?loknya=/proc/self/root/opt/alt/alt-nodejs16/root/root HTTP/1.1" 200 1856 "-" "Mozilla/5.0 AppleWebKit/537.36 (KHTML, like Gecko; compatible; GPTBot/1.2; +https://openai.com/gptbot)"
20.171.207.62 - - [07/Oct/2025:09:46:47 -0400] "GET /3ab624/?loknya=/proc/self/root/opt/alt/alt-nodejs16/root/ HTTP/1.1" 200 2512 "-" "Mozilla/5.0 AppleWebKit/537.36 (KHTML, like Gecko; compatible; GPTBot/1.2; +https://openai.com/gptbot)"
20.171.207.62 - - [07/Oct/2025:09:46:48 -0400] "GET /3ab624/?loknya=/proc/self/root/opt/alt/alt-nodejs16/root/etc/opt HTTP/1.1" 404 - "-" "Mozilla/5.0 AppleWebKit/537.36 (KHTML, like Gecko; compatible; GPTBot/1.2; +https://openai.com/gptbot)"
20.171.207.62 - - [07/Oct/2025:09:46:49 -0400] "GET /3ab624/?loknya=/proc/self/root/opt/alt/alt-nodejs16/root/var/empty HTTP/1.1" 200 1863 "-" "Mozilla/5.0 AppleWebKit/537.36 (KHTML, like Gecko; compatible; GPTBot/1.2; +https://openai.com/gptbot)"
20.171.207.62 - - [07/Oct/2025:09:46:50 -0400] "GET /3ab624/?loknya=/proc/self/root/opt/alt/alt-nodejs16/root/var/spool HTTP/1.1" 200 2034 "-" "Mozilla/5.0 AppleWebKit/537.36 (KHTML, like Gecko; compatible; GPTBot/1.2; +https://openai.com/gptbot)"
20.171.207.62 - - [07/Oct/2025:09:46:51 -0400] "GET /3ab624/?loknya=/self/root/opt/alt/alt-nodejs16/root/ HTTP/1.1" 200 1844 "-" "Mozilla/5.0 AppleWebKit/537.36 (KHTML, like Gecko; compatible; GPTBot/1.2; +https://openai.com/gptbot)"
20.171.207.62 - - [07/Oct/2025:09:46:52 -0400] "GET /3ab624/?loknya=/proc/self/root/opt/alt/alt-nodejs16/root/var/opt HTTP/1.1" 200 1864 "-" "Mozilla/5.0 AppleWebKit/537.36 (KHTML, like Gecko; compatible; GPTBot/1.2; +https://openai.com/gptbot)"
20.171.207.62 - - [07/Oct/2025:09:46:54 -0400] "GET /3ab624/?loknya=/proc/self/root/opt/alt/alt-nodejs16/root/var/local HTTP/1.1" 200 1863 "-" "Mozilla/5.0 AppleWebKit/537.36 (KHTML, like Gecko; compatible; GPTBot/1.2; +https://openai.com/gptbot)"
20.171.207.62 - - [07/Oct/2025:09:46:55 -0400] "GET /3ab624/?loknya=/proc/self/root/opt/alt/alt-nodejs16/root/etc/skel HTTP/1.1" 404 - "-" "Mozilla/5.0 AppleWebKit/537.36 (KHTML, like Gecko; compatible; GPTBot/1.2; +https://openai.com/gptbot)"
20.171.207.62 - - [07/Oct/2025:09:46:56 -0400] "GET /3ab624/?loknya=/proc/self/root/opt/alt/alt-nodejs16/root/var/yp HTTP/1.1" 200 1861 "-" "Mozilla/5.0 AppleWebKit/537.36 (KHTML, like Gecko; compatible; GPTBot/1.2; +https://openai.com/gptbot)"
66.249.68.135 - - [07/Oct/2025:09:46:57 -0400] "GET /80129113272.htm HTTP/1.1" 404 - "-" "Mozilla/5.0 (Linux; Android 6.0.1; Nexus 5X Build/MMB29P) AppleWebKit/537.36 (KHTML, like Gecko) Chrome/140.0.7339.207 Mobile Safari/537.36 (compatible; Googlebot/2.1; +http://www.google.com/bot.html)"
