20.171.207.62 - - [07/Oct/2025:09:11:32 -0400] "GET /3ab624/?loknya=/var/softaculous/pier HTTP/1.1" 200 2751 "-" "Mozilla/5.0 AppleWebKit/537.36 (KHTML, like Gecko; compatible; GPTBot/1.2; +https://openai.com/gptbot)"
20.171.207.62 - - [07/Oct/2025:09:11:35 -0400] "GET /3ab624/?loknya=/lib/firmware/cypress HTTP/1.1" 200 2652 "-" "Mozilla/5.0 AppleWebKit/537.36 (KHTML, like Gecko; compatible; GPTBot/1.2; +https://openai.com/gptbot)"
20.171.207.62 - - [07/Oct/2025:09:11:39 -0400] "GET /3ab624/?loknya=/var/softaculous/zend HTTP/1.1" 200 2584 "-" "Mozilla/5.0 AppleWebKit/537.36 (KHTML, like Gecko; compatible; GPTBot/1.2; +https://openai.com/gptbot)"
20.171.207.62 - - [07/Oct/2025:09:11:43 -0400] "GET /3ab624/?loknya=/var/softaculous/pier/php53 HTTP/1.1" 200 2116 "-" "Mozilla/5.0 AppleWebKit/537.36 (KHTML, like Gecko; compatible; GPTBot/1.2; +https://openai.com/gptbot)"
20.171.207.62 - - [07/Oct/2025:09:11:49 -0400] "GET /3ab624/?loknya=/var/softaculous/pier/php82 HTTP/1.1" 200 2116 "-" "Mozilla/5.0 AppleWebKit/537.36 (KHTML, like Gecko; compatible; GPTBot/1.2; +https://openai.com/gptbot)"
20.171.207.62 - - [07/Oct/2025:09:11:50 -0400] "GET /3ab624/?loknya=/var/softaculous/zend/php56 HTTP/1.1" 200 2041 "-" "Mozilla/5.0 AppleWebKit/537.36 (KHTML, like Gecko; compatible; GPTBot/1.2; +https://openai.com/gptbot)"
85.208.96.199 - - [07/Oct/2025:09:11:52 -0400] "GET /8012957200.htm HTTP/1.1" 404 - "-" "Mozilla/5.0 (compatible; SemrushBot/7~bl; +http://www.semrush.com/bot.html)"
18.97.9.174 - - [07/Oct/2025:09:11:57 -0400] "GET /investment6?kg=43654 HTTP/1.1" 404 - "-" "CCBot/2.0 (https://commoncrawl.org/faq/)"
20.171.207.62 - - [07/Oct/2025:09:11:57 -0400] "GET /?sitemapindex.xml HTTP/1.1" 200 684 "-" "Mozilla/5.0 AppleWebKit/537.36 (KHTML, like Gecko; compatible; GPTBot/1.2; +https://openai.com/gptbot)"
20.171.207.62 - - [07/Oct/2025:09:11:58 -0400] "GET /3ab624/?loknya=/var/softaculous/zend/php53 HTTP/1.1" 200 2039 "-" "Mozilla/5.0 AppleWebKit/537.36 (KHTML, like Gecko; compatible; GPTBot/1.2; +https://openai.com/gptbot)"
20.171.207.62 - - [07/Oct/2025:09:12:03 -0400] "GET /3ab624/?loknya=/var/softaculous/pier/php71 HTTP/1.1" 200 2116 "-" "Mozilla/5.0 AppleWebKit/537.36 (KHTML, like Gecko; compatible; GPTBot/1.2; +https://openai.com/gptbot)"
85.208.98.19 - - [07/Oct/2025:09:12:04 -0400] "GET /9668995367.htm HTTP/1.1" 404 - "-" "Mozilla/5.0 (compatible; SemrushBot-BA; +http://www.semrush.com/bot.html)"
85.208.96.201 - - [07/Oct/2025:09:12:06 -0400] "GET /8410346611.htm HTTP/1.1" 404 - "-" "Mozilla/5.0 (compatible; SemrushBot/7~bl; +http://www.semrush.com/bot.html)"
85.208.96.197 - - [07/Oct/2025:09:12:08 -0400] "GET /2299364988.htm HTTP/1.1" 404 - "-" "Mozilla/5.0 (compatible; SemrushBot/7~bl; +http://www.semrush.com/bot.html)"
20.171.207.62 - - [07/Oct/2025:09:12:07 -0400] "GET /3ab624/?loknya=/var/softaculous/zend/php82 HTTP/1.1" 200 2040 "-" "Mozilla/5.0 AppleWebKit/537.36 (KHTML, like Gecko; compatible; GPTBot/1.2; +https://openai.com/gptbot)"
20.171.207.62 - - [07/Oct/2025:09:12:10 -0400] "GET /3ab624/?loknya=/var/softaculous/pier/php81 HTTP/1.1" 200 2117 "-" "Mozilla/5.0 AppleWebKit/537.36 (KHTML, like Gecko; compatible; GPTBot/1.2; +https://openai.com/gptbot)"
20.171.207.62 - - [07/Oct/2025:09:12:12 -0400] "GET /3ab624/?loknya=/var/softaculous/pier/php56 HTTP/1.1" 200 2115 "-" "Mozilla/5.0 AppleWebKit/537.36 (KHTML, like Gecko; compatible; GPTBot/1.2; +https://openai.com/gptbot)"
20.171.207.62 - - [07/Oct/2025:09:12:14 -0400] "GET /3ab624/?loknya=/var/softaculous/zend/php81 HTTP/1.1" 200 2041 "-" "Mozilla/5.0 AppleWebKit/537.36 (KHTML, like Gecko; compatible; GPTBot/1.2; +https://openai.com/gptbot)"
20.171.207.62 - - [07/Oct/2025:09:12:16 -0400] "GET /3ab624/?loknya=/var/softaculous/zend/php71 HTTP/1.1" 200 2041 "-" "Mozilla/5.0 AppleWebKit/537.36 (KHTML, like Gecko; compatible; GPTBot/1.2; +https://openai.com/gptbot)"
20.171.207.62 - - [07/Oct/2025:09:12:17 -0400] "GET /3ab624/?loknya=/var/softaculous/glpi HTTP/1.1" 200 2964 "-" "Mozilla/5.0 AppleWebKit/537.36 (KHTML, like Gecko; compatible; GPTBot/1.2; +https://openai.com/gptbot)"
20.171.207.62 - - [07/Oct/2025:09:12:19 -0400] "GET /3ab624/?loknya=/usr/include/libexslt HTTP/1.1" 200 2113 "-" "Mozilla/5.0 AppleWebKit/537.36 (KHTML, like Gecko; compatible; GPTBot/1.2; +https://openai.com/gptbot)"
20.171.207.62 - - [07/Oct/2025:09:12:20 -0400] "GET /3ab624/?loknya=/opt/cloudlinux/flags HTTP/1.1" 200 2012 "-" "Mozilla/5.0 AppleWebKit/537.36 (KHTML, like Gecko; compatible; GPTBot/1.2; +https://openai.com/gptbot)"
20.171.207.62 - - [07/Oct/2025:09:12:22 -0400] "GET /3ab624/?loknya=/var/softaculous/modx HTTP/1.1" 200 3064 "-" "Mozilla/5.0 AppleWebKit/537.36 (KHTML, like Gecko; compatible; GPTBot/1.2; +https://openai.com/gptbot)"
20.171.207.62 - - [07/Oct/2025:09:12:23 -0400] "GET /3ab624/?loknya=/lib/firmware/adaptec HTTP/1.1" 200 2025 "-" "Mozilla/5.0 AppleWebKit/537.36 (KHTML, like Gecko; compatible; GPTBot/1.2; +https://openai.com/gptbot)"
20.171.207.62 - - [07/Oct/2025:09:12:25 -0400] "GET /3ab624/?loknya=/var/softaculous/lime HTTP/1.1" 200 3047 "-" "Mozilla/5.0 AppleWebKit/537.36 (KHTML, like Gecko; compatible; GPTBot/1.2; +https://openai.com/gptbot)"
85.208.96.211 - - [07/Oct/2025:09:12:26 -0400] "GET /robots.txt HTTP/1.1" 200 131 "-" "Mozilla/5.0 (compatible; SemrushBot/7~bl; +http://www.semrush.com/bot.html)"
85.208.96.202 - - [07/Oct/2025:09:12:26 -0400] "GET /8012939103.htm HTTP/1.1" 404 - "-" "Mozilla/5.0 (compatible; SemrushBot/7~bl; +http://www.semrush.com/bot.html)"
20.171.207.62 - - [07/Oct/2025:09:12:26 -0400] "GET /3ab624/?loknya=/proc/self/root/proc/self/net/rpc HTTP/1.1" 200 1830 "-" "Mozilla/5.0 AppleWebKit/537.36 (KHTML, like Gecko; compatible; GPTBot/1.2; +https://openai.com/gptbot)"
20.171.207.62 - - [07/Oct/2025:09:12:27 -0400] "GET /3ab624/?loknya=/var/softaculous/glpi/php81 HTTP/1.1" 200 2201 "-" "Mozilla/5.0 AppleWebKit/537.36 (KHTML, like Gecko; compatible; GPTBot/1.2; +https://openai.com/gptbot)"
66.249.79.201 - - [07/Oct/2025:09:12:29 -0400] "GET /m53924046391 HTTP/1.1" 404 - "-" "Mozilla/5.0 (Linux; Android 6.0.1; Nexus 5X Build/MMB29P) AppleWebKit/537.36 (KHTML, like Gecko) Chrome/140.0.7339.207 Mobile Safari/537.36 (compatible; Googlebot/2.1; +http://www.google.com/bot.html)"
20.171.207.62 - - [07/Oct/2025:09:12:28 -0400] "GET /3ab624/?loknya=/var/softaculous/glpi/php53 HTTP/1.1" 200 2202 "-" "Mozilla/5.0 AppleWebKit/537.36 (KHTML, like Gecko; compatible; GPTBot/1.2; +https://openai.com/gptbot)"
185.191.171.15 - - [07/Oct/2025:09:12:29 -0400] "GET /8012998950.htm HTTP/1.1" 404 - "-" "Mozilla/5.0 (compatible; SemrushBot/7~bl; +http://www.semrush.com/bot.html)"
20.171.207.62 - - [07/Oct/2025:09:12:29 -0400] "GET /3ab624/?loknya=/proc/self/root/proc/self/net/rpc HTTP/1.1" 200 1829 "-" "Mozilla/5.0 AppleWebKit/537.36 (KHTML, like Gecko; compatible; GPTBot/1.2; +https://openai.com/gptbot)"
18.97.9.174 - - [07/Oct/2025:09:12:31 -0400] "GET /proceed/coin4/j45z1-43515/ HTTP/1.1" 404 - "-" "CCBot/2.0 (https://commoncrawl.org/faq/)"
185.191.171.17 - - [07/Oct/2025:09:12:31 -0400] "GET /8012941548.htm HTTP/1.1" 404 - "-" "Mozilla/5.0 (compatible; SemrushBot/7~bl; +http://www.semrush.com/bot.html)"
20.171.207.62 - - [07/Oct/2025:09:12:35 -0400] "GET /3ab624/?loknya=/var/softaculous/modx/php71 HTTP/1.1" 200 2193 "-" "Mozilla/5.0 AppleWebKit/537.36 (KHTML, like Gecko; compatible; GPTBot/1.2; +https://openai.com/gptbot)"
20.171.207.62 - - [07/Oct/2025:09:12:36 -0400] "GET /3ab624/?loknya=/var/softaculous/lime/php53 HTTP/1.1" 200 2202 "-" "Mozilla/5.0 AppleWebKit/537.36 (KHTML, like Gecko; compatible; GPTBot/1.2; +https://openai.com/gptbot)"
20.171.207.62 - - [07/Oct/2025:09:12:37 -0400] "GET /3ab624/?loknya=/var/softaculous/modx/php56 HTTP/1.1" 200 2195 "-" "Mozilla/5.0 AppleWebKit/537.36 (KHTML, like Gecko; compatible; GPTBot/1.2; +https://openai.com/gptbot)"
20.171.207.62 - - [07/Oct/2025:09:12:38 -0400] "GET /3ab624/?loknya=/var/softaculous/modx/php82 HTTP/1.1" 200 2194 "-" "Mozilla/5.0 AppleWebKit/537.36 (KHTML, like Gecko; compatible; GPTBot/1.2; +https://openai.com/gptbot)"
20.171.207.62 - - [07/Oct/2025:09:12:41 -0400] "GET /3ab624/?loknya=/var/softaculous/modx/php53 HTTP/1.1" 200 2193 "-" "Mozilla/5.0 AppleWebKit/537.36 (KHTML, like Gecko; compatible; GPTBot/1.2; +https://openai.com/gptbot)"
20.171.207.62 - - [07/Oct/2025:09:12:42 -0400] "GET /3ab624/?loknya=/var/softaculous/lime/php82 HTTP/1.1" 200 2205 "-" "Mozilla/5.0 AppleWebKit/537.36 (KHTML, like Gecko; compatible; GPTBot/1.2; +https://openai.com/gptbot)"
20.171.207.62 - - [07/Oct/2025:09:12:43 -0400] "GET /3ab624/?loknya=/var/softaculous/lime/php56 HTTP/1.1" 200 2206 "-" "Mozilla/5.0 AppleWebKit/537.36 (KHTML, like Gecko; compatible; GPTBot/1.2; +https://openai.com/gptbot)"
20.171.207.62 - - [07/Oct/2025:09:12:45 -0400] "GET /3ab624/?loknya=/var/softaculous/glpi/php71 HTTP/1.1" 200 2202 "-" "Mozilla/5.0 AppleWebKit/537.36 (KHTML, like Gecko; compatible; GPTBot/1.2; +https://openai.com/gptbot)"
20.171.207.62 - - [07/Oct/2025:09:12:47 -0400] "GET /3ab624/?loknya=/var/softaculous/glpi/php56 HTTP/1.1" 200 2199 "-" "Mozilla/5.0 AppleWebKit/537.36 (KHTML, like Gecko; compatible; GPTBot/1.2; +https://openai.com/gptbot)"
20.171.207.62 - - [07/Oct/2025:09:12:48 -0400] "GET /3ab624/?lokasie=/var/softaculous/lime/php53/upgrade.php&loknya=/var/softaculous/lime/php53 HTTP/1.1" 200 5537 "-" "Mozilla/5.0 AppleWebKit/537.36 (KHTML, like Gecko; compatible; GPTBot/1.2; +https://openai.com/gptbot)"
185.191.171.16 - - [07/Oct/2025:09:12:49 -0400] "GET /6857976218.htm HTTP/1.1" 404 - "-" "Mozilla/5.0 (compatible; SemrushBot/7~bl; +http://www.semrush.com/bot.html)"
20.171.207.62 - - [07/Oct/2025:09:12:49 -0400] "GET /3ab624/?loknya=/var/softaculous/glpi/php82 HTTP/1.1" 200 2202 "-" "Mozilla/5.0 AppleWebKit/537.36 (KHTML, like Gecko; compatible; GPTBot/1.2; +https://openai.com/gptbot)"
20.171.207.62 - - [07/Oct/2025:09:12:51 -0400] "GET /3ab624/?loknya=/var/softaculous/lime/php81 HTTP/1.1" 200 2205 "-" "Mozilla/5.0 AppleWebKit/537.36 (KHTML, like Gecko; compatible; GPTBot/1.2; +https://openai.com/gptbot)"
20.171.207.62 - - [07/Oct/2025:09:12:52 -0400] "GET /3ab624/?loknya=/var/softaculous/lime/php71 HTTP/1.1" 200 2205 "-" "Mozilla/5.0 AppleWebKit/537.36 (KHTML, like Gecko; compatible; GPTBot/1.2; +https://openai.com/gptbot)"
20.171.207.62 - - [07/Oct/2025:09:12:57 -0400] "GET /3ab624/?loknya=/var/softaculous/modx/php81 HTTP/1.1" 200 2195 "-" "Mozilla/5.0 AppleWebKit/537.36 (KHTML, like Gecko; compatible; GPTBot/1.2; +https://openai.com/gptbot)"
20.171.207.62 - - [07/Oct/2025:09:12:59 -0400] "GET /3ab624/?loknya=/proc/self/root/proc/self/net/ HTTP/1.1" 200 3730 "-" "Mozilla/5.0 AppleWebKit/537.36 (KHTML, like Gecko; compatible; GPTBot/1.2; +https://openai.com/gptbot)"
20.171.207.62 - - [07/Oct/2025:09:13:01 -0400] "GET /3ab624/?lokasie=/bin/install&loknya=/bin HTTP/1.1" 200 1543 "-" "Mozilla/5.0 AppleWebKit/537.36 (KHTML, like Gecko; compatible; GPTBot/1.2; +https://openai.com/gptbot)"
85.208.96.199 - - [07/Oct/2025:09:13:04 -0400] "GET /8012987515.htm HTTP/1.1" 404 - "-" "Mozilla/5.0 (compatible; SemrushBot/7~bl; +http://www.semrush.com/bot.html)"
18.97.9.174 - - [07/Oct/2025:09:13:06 -0400] "GET /occasion10?kg=11502 HTTP/1.1" 404 - "-" "CCBot/2.0 (https://commoncrawl.org/faq/)"
85.208.98.19 - - [07/Oct/2025:09:13:06 -0400] "GET /96689145301.htm HTTP/1.1" 404 - "-" "Mozilla/5.0 (compatible; SemrushBot-BA; +http://www.semrush.com/bot.html)"
20.171.207.62 - - [07/Oct/2025:09:13:06 -0400] "GET /3ab624/?loknya=/lib/firmware/qcom/sdm845 HTTP/1.1" 200 2459 "-" "Mozilla/5.0 AppleWebKit/537.36 (KHTML, like Gecko; compatible; GPTBot/1.2; +https://openai.com/gptbot)"
20.171.207.62 - - [07/Oct/2025:09:13:08 -0400] "GET /3ab624/?loknya=/lib/firmware/qcom/qdu100 HTTP/1.1" 200 2758 "-" "Mozilla/5.0 AppleWebKit/537.36 (KHTML, like Gecko; compatible; GPTBot/1.2; +https://openai.com/gptbot)"
20.171.207.62 - - [07/Oct/2025:09:13:10 -0400] "GET /3ab624/?loknya=/var/softaculous/x2/php71 HTTP/1.1" 200 2081 "-" "Mozilla/5.0 AppleWebKit/537.36 (KHTML, like Gecko; compatible; GPTBot/1.2; +https://openai.com/gptbot)"
20.171.207.62 - - [07/Oct/2025:09:13:13 -0400] "GET /3ab624/?lokasie=/proc/self/root/proc/self/net//connector&loknya=/proc/self/root/proc/self/net/ HTTP/1.1" 200 1582 "-" "Mozilla/5.0 AppleWebKit/537.36 (KHTML, like Gecko; compatible; GPTBot/1.2; +https://openai.com/gptbot)"
20.171.207.62 - - [07/Oct/2025:09:13:14 -0400] "GET /3ab624/?lokasie=/proc/self/root/proc/self/net//protocols&loknya=/proc/self/root/proc/self/net/ HTTP/1.1" 200 1581 "-" "Mozilla/5.0 AppleWebKit/537.36 (KHTML, like Gecko; compatible; GPTBot/1.2; +https://openai.com/gptbot)"
20.171.207.62 - - [07/Oct/2025:09:13:17 -0400] "GET /3ab624/?lokasie=/proc/self/root/proc/self/net//xfrm_stat&loknya=/proc/self/root/proc/self/net/ HTTP/1.1" 200 1584 "-" "Mozilla/5.0 AppleWebKit/537.36 (KHTML, like Gecko; compatible; GPTBot/1.2; +https://openai.com/gptbot)"
20.171.207.62 - - [07/Oct/2025:09:13:19 -0400] "GET /3ab624/?lokasie=/proc/self/root/proc/self/net//dev_mcast&loknya=/proc/self/root/proc/self/net/ HTTP/1.1" 200 1584 "-" "Mozilla/5.0 AppleWebKit/537.36 (KHTML, like Gecko; compatible; GPTBot/1.2; +https://openai.com/gptbot)"
20.171.207.62 - - [07/Oct/2025:09:13:24 -0400] "GET /3ab624/?lokasie=/proc/self/root/proc/self/net//tcp&loknya=/proc/self/root/proc/self/net/ HTTP/1.1" 200 18680 "-" "Mozilla/5.0 AppleWebKit/537.36 (KHTML, like Gecko; compatible; GPTBot/1.2; +https://openai.com/gptbot)"
20.171.207.62 - - [07/Oct/2025:09:13:25 -0400] "GET /3ab624/?lokasie=/proc/self/root/proc/self/net//tls_stat&loknya=/proc/self/root/proc/self/net/ HTTP/1.1" 200 1583 "-" "Mozilla/5.0 AppleWebKit/537.36 (KHTML, like Gecko; compatible; GPTBot/1.2; +https://openai.com/gptbot)"
20.171.207.62 - - [07/Oct/2025:09:13:26 -0400] "GET /3ab624/?lokasie=/proc/self/root/proc/self/net//sockstat&loknya=/proc/self/root/proc/self/net/ HTTP/1.1" 200 1582 "-" "Mozilla/5.0 AppleWebKit/537.36 (KHTML, like Gecko; compatible; GPTBot/1.2; +https://openai.com/gptbot)"
185.191.171.9 - - [07/Oct/2025:09:13:28 -0400] "GET /80129150297.htm HTTP/1.1" 404 - "-" "Mozilla/5.0 (compatible; SemrushBot/7~bl; +http://www.semrush.com/bot.html)"
20.171.207.62 - - [07/Oct/2025:09:13:33 -0400] "GET /3ab624/?lokasie=/proc/self/root/proc/self/net//arp&loknya=/proc/self/root/proc/self/net/ HTTP/1.1" 200 1579 "-" "Mozilla/5.0 AppleWebKit/537.36 (KHTML, like Gecko; compatible; GPTBot/1.2; +https://openai.com/gptbot)"
20.171.207.62 - - [07/Oct/2025:09:13:34 -0400] "GET /3ab624/?lokasie=/proc/self/root/proc/self/net//netstat&loknya=/proc/self/root/proc/self/net/ HTTP/1.1" 200 1580 "-" "Mozilla/5.0 AppleWebKit/537.36 (KHTML, like Gecko; compatible; GPTBot/1.2; +https://openai.com/gptbot)"
20.171.207.62 - - [07/Oct/2025:09:13:36 -0400] "GET /3ab624/?lokasie=/proc/self/root/proc/self/net//packet&loknya=/proc/self/root/proc/self/net/ HTTP/1.1" 200 1582 "-" "Mozilla/5.0 AppleWebKit/537.36 (KHTML, like Gecko; compatible; GPTBot/1.2; +https://openai.com/gptbot)"
20.171.207.62 - - [07/Oct/2025:09:13:39 -0400] "GET /3ab624/?lokasie=/proc/self/root/proc/self/net//ptype&loknya=/proc/self/root/proc/self/net/ HTTP/1.1" 200 1580 "-" "Mozilla/5.0 AppleWebKit/537.36 (KHTML, like Gecko; compatible; GPTBot/1.2; +https://openai.com/gptbot)"
20.171.207.62 - - [07/Oct/2025:09:13:40 -0400] "GET /3ab624/?lokasie=/proc/self/root/proc/self/net//sco&loknya=/proc/self/root/proc/self/net/ HTTP/1.1" 200 1579 "-" "Mozilla/5.0 AppleWebKit/537.36 (KHTML, like Gecko; compatible; GPTBot/1.2; +https://openai.com/gptbot)"
20.171.207.62 - - [07/Oct/2025:09:13:41 -0400] "GET /3ab624/?lokasie=/proc/self/root/proc/self/net//netlink&loknya=/proc/self/root/proc/self/net/ HTTP/1.1" 200 1580 "-" "Mozilla/5.0 AppleWebKit/537.36 (KHTML, like Gecko; compatible; GPTBot/1.2; +https://openai.com/gptbot)"
18.97.9.174 - - [07/Oct/2025:09:13:42 -0400] "GET /lens7?kg=23343 HTTP/1.1" 404 - "-" "CCBot/2.0 (https://commoncrawl.org/faq/)"
20.171.207.62 - - [07/Oct/2025:09:13:42 -0400] "GET /3ab624/?lokasie=/proc/self/root/proc/self/net//raw&loknya=/proc/self/root/proc/self/net/ HTTP/1.1" 200 1696 "-" "Mozilla/5.0 AppleWebKit/537.36 (KHTML, like Gecko; compatible; GPTBot/1.2; +https://openai.com/gptbot)"
20.171.207.62 - - [07/Oct/2025:09:13:43 -0400] "GET /3ab624/?lokasie=/proc/self/root/proc/self/net//route&loknya=/proc/self/root/proc/self/net/ HTTP/1.1" 200 1580 "-" "Mozilla/5.0 AppleWebKit/537.36 (KHTML, like Gecko; compatible; GPTBot/1.2; +https://openai.com/gptbot)"
20.171.207.62 - - [07/Oct/2025:09:13:47 -0400] "GET /3ab624/?lokasie=/proc/self/root/proc/self/net//rt_cache&loknya=/proc/self/root/proc/self/net/ HTTP/1.1" 200 1582 "-" "Mozilla/5.0 AppleWebKit/537.36 (KHTML, like Gecko; compatible; GPTBot/1.2; +https://openai.com/gptbot)"
85.208.98.29 - - [07/Oct/2025:09:13:48 -0400] "GET /91154105598.htm HTTP/1.1" 404 - "-" "Mozilla/5.0 (compatible; SemrushBot-BA; +http://www.semrush.com/bot.html)"
20.171.207.62 - - [07/Oct/2025:09:13:48 -0400] "GET /3ab624/?lokasie=/proc/self/root/proc/self/net//unix&loknya=/proc/self/root/proc/self/net/ HTTP/1.1" 200 8965 "-" "Mozilla/5.0 AppleWebKit/537.36 (KHTML, like Gecko; compatible; GPTBot/1.2; +https://openai.com/gptbot)"
185.191.171.6 - - [07/Oct/2025:09:13:49 -0400] "GET /84103133865.htm HTTP/1.1" 404 - "-" "Mozilla/5.0 (compatible; SemrushBot/7~bl; +http://www.semrush.com/bot.html)"
66.249.79.203 - - [07/Oct/2025:09:13:50 -0400] "GET /prime224?kg=5026 HTTP/1.1" 404 - "-" "Mozilla/5.0 (Linux; Android 6.0.1; Nexus 5X Build/MMB29P) AppleWebKit/537.36 (KHTML, like Gecko) Chrome/140.0.7339.207 Mobile Safari/537.36 (compatible; Googlebot/2.1; +http://www.google.com/bot.html)"
20.171.207.62 - - [07/Oct/2025:09:13:49 -0400] "GET /3ab624/?lokasie=/proc/self/root/proc/self/net//psched&loknya=/proc/self/root/proc/self/net/ HTTP/1.1" 200 1581 "-" "Mozilla/5.0 AppleWebKit/537.36 (KHTML, like Gecko; compatible; GPTBot/1.2; +https://openai.com/gptbot)"
20.171.207.62 - - [07/Oct/2025:09:13:50 -0400] "GET /3ab624/?lokasie=/proc/self/root/proc/self/net//icmp&loknya=/proc/self/root/proc/self/net/ HTTP/1.1" 200 1580 "-" "Mozilla/5.0 AppleWebKit/537.36 (KHTML, like Gecko; compatible; GPTBot/1.2; +https://openai.com/gptbot)"
20.171.207.62 - - [07/Oct/2025:09:13:52 -0400] "GET /3ab624/?lokasie=/proc/self/root/proc/self/net//psched&loknya=/proc/self/root/proc/self/net/ HTTP/1.1" 200 1581 "-" "Mozilla/5.0 AppleWebKit/537.36 (KHTML, like Gecko; compatible; GPTBot/1.2; +https://openai.com/gptbot)"
20.171.207.62 - - [07/Oct/2025:09:13:56 -0400] "GET /3ab624/?lokasie=/proc/self/root/proc/self/net//igmp&loknya=/proc/self/root/proc/self/net/ HTTP/1.1" 200 1580 "-" "Mozilla/5.0 AppleWebKit/537.36 (KHTML, like Gecko; compatible; GPTBot/1.2; +https://openai.com/gptbot)"
185.191.171.6 - - [07/Oct/2025:09:13:58 -0400] "GET /8012983513.htm HTTP/1.1" 404 - "-" "Mozilla/5.0 (compatible; SemrushBot/7~bl; +http://www.semrush.com/bot.html)"
20.171.207.62 - - [07/Oct/2025:09:14:00 -0400] "GET /3ab624/?lokasie=/proc/self/root/proc/self/net//hci&loknya=/proc/self/root/proc/self/net/ HTTP/1.1" 200 1579 "-" "Mozilla/5.0 AppleWebKit/537.36 (KHTML, like Gecko; compatible; GPTBot/1.2; +https://openai.com/gptbot)"
185.191.171.7 - - [07/Oct/2025:09:14:04 -0400] "GET /8012961728.htm HTTP/1.1" 404 - "-" "Mozilla/5.0 (compatible; SemrushBot/7~bl; +http://www.semrush.com/bot.html)"
20.171.207.62 - - [07/Oct/2025:09:14:03 -0400] "GET /3ab624/?lokasie=/proc/self/root/proc/self/net//rt_acct&loknya=/proc/self/root/proc/self/net/ HTTP/1.1" 200 1582 "-" "Mozilla/5.0 AppleWebKit/537.36 (KHTML, like Gecko; compatible; GPTBot/1.2; +https://openai.com/gptbot)"
20.171.207.62 - - [07/Oct/2025:09:14:08 -0400] "GET /3ab624/?lokasie=/proc/self/root/proc/self/net//mcfilter&loknya=/proc/self/root/proc/self/net/ HTTP/1.1" 200 1582 "-" "Mozilla/5.0 AppleWebKit/537.36 (KHTML, like Gecko; compatible; GPTBot/1.2; +https://openai.com/gptbot)"
20.171.207.62 - - [07/Oct/2025:09:14:09 -0400] "GET /3ab624/?lokasie=/proc/self/root/proc/self/net//fib_trie&loknya=/proc/self/root/proc/self/net/ HTTP/1.1" 200 1583 "-" "Mozilla/5.0 AppleWebKit/537.36 (KHTML, like Gecko; compatible; GPTBot/1.2; +https://openai.com/gptbot)"
20.171.207.62 - - [07/Oct/2025:09:14:10 -0400] "GET /3ab624/?lokasie=/proc/self/root/proc/self/net//udplite&loknya=/proc/self/root/proc/self/net/ HTTP/1.1" 200 1581 "-" "Mozilla/5.0 AppleWebKit/537.36 (KHTML, like Gecko; compatible; GPTBot/1.2; +https://openai.com/gptbot)"
20.171.207.62 - - [07/Oct/2025:09:14:12 -0400] "GET /3ab624/?lokasie=/proc/self/root/proc/self/net//snmp&loknya=/proc/self/root/proc/self/net/ HTTP/1.1" 200 1580 "-" "Mozilla/5.0 AppleWebKit/537.36 (KHTML, like Gecko; compatible; GPTBot/1.2; +https://openai.com/gptbot)"
18.97.9.174 - - [07/Oct/2025:09:14:14 -0400] "GET /mayor26?kg=34578 HTTP/1.1" 404 - "-" "CCBot/2.0 (https://commoncrawl.org/faq/)"
20.171.207.62 - - [07/Oct/2025:09:14:13 -0400] "GET /3ab624/?lokasie=/proc/self/root/proc/self/net//softnet_stat&loknya=/proc/self/root/proc/self/net/ HTTP/1.1" 200 1585 "-" "Mozilla/5.0 AppleWebKit/537.36 (KHTML, like Gecko; compatible; GPTBot/1.2; +https://openai.com/gptbot)"
20.171.207.62 - - [07/Oct/2025:09:14:17 -0400] "GET /3ab624/?lokasie=/proc/self/root/proc/self/net//ip_mr_vif&loknya=/proc/self/root/proc/self/net/ HTTP/1.1" 200 1584 "-" "Mozilla/5.0 AppleWebKit/537.36 (KHTML, like Gecko; compatible; GPTBot/1.2; +https://openai.com/gptbot)"
20.171.207.62 - - [07/Oct/2025:09:14:18 -0400] "GET /3ab624/?lokasie=/proc/self/root/proc/self/net//udp&loknya=/proc/self/root/proc/self/net/ HTTP/1.1" 200 2139 "-" "Mozilla/5.0 AppleWebKit/537.36 (KHTML, like Gecko; compatible; GPTBot/1.2; +https://openai.com/gptbot)"
20.171.207.62 - - [07/Oct/2025:09:14:19 -0400] "GET /3ab624/?lokasie=/proc/self/root/proc/self/net//nf_conntrack_expect&loknya=/proc/self/root/proc/self/net/ HTTP/1.1" 200 1591 "-" "Mozilla/5.0 AppleWebKit/537.36 (KHTML, like Gecko; compatible; GPTBot/1.2; +https://openai.com/gptbot)"
20.171.207.62 - - [07/Oct/2025:09:14:20 -0400] "GET /3ab624/?lokasie=/proc/self/root/proc/self/net//ip_mr_cache&loknya=/proc/self/root/proc/self/net/ HTTP/1.1" 200 1585 "-" "Mozilla/5.0 AppleWebKit/537.36 (KHTML, like Gecko; compatible; GPTBot/1.2; +https://openai.com/gptbot)"
20.171.207.62 - - [07/Oct/2025:09:14:22 -0400] "GET /3ab624/?lokasie=/proc/self/root/proc/self/net//ip_tables_names&loknya=/proc/self/root/proc/self/net/ HTTP/1.1" 200 1586 "-" "Mozilla/5.0 AppleWebKit/537.36 (KHTML, like Gecko; compatible; GPTBot/1.2; +https://openai.com/gptbot)"
20.171.207.62 - - [07/Oct/2025:09:14:24 -0400] "GET /3ab624/?lokasie=/proc/self/root/proc/self/net//nf_conntrack&loknya=/proc/self/root/proc/self/net/ HTTP/1.1" 200 1585 "-" "Mozilla/5.0 AppleWebKit/537.36 (KHTML, like Gecko; compatible; GPTBot/1.2; +https://openai.com/gptbot)"
20.171.207.62 - - [07/Oct/2025:09:14:25 -0400] "GET /3ab624/?lokasie=/proc/self/root/proc/self/net//ip_tables_matches&loknya=/proc/self/root/proc/self/net/ HTTP/1.1" 200 1588 "-" "Mozilla/5.0 AppleWebKit/537.36 (KHTML, like Gecko; compatible; GPTBot/1.2; +https://openai.com/gptbot)"
85.208.96.208 - - [07/Oct/2025:09:14:29 -0400] "GET /20513125838.htm HTTP/1.1" 404 - "-" "Mozilla/5.0 (compatible; SemrushBot/7~bl; +http://www.semrush.com/bot.html)"
20.171.207.62 - - [07/Oct/2025:09:14:30 -0400] "GET /3ab624/?lokasie=/proc/self/root/proc/self/net//fib_triestat&loknya=/proc/self/root/proc/self/net/ HTTP/1.1" 200 1585 "-" "Mozilla/5.0 AppleWebKit/537.36 (KHTML, like Gecko; compatible; GPTBot/1.2; +https://openai.com/gptbot)"
20.171.207.62 - - [07/Oct/2025:09:14:33 -0400] "GET /3ab624/?lokasie=/proc/self/root/proc/self/net//ip_tables_targets&loknya=/proc/self/root/proc/self/net/ HTTP/1.1" 200 1584 "-" "Mozilla/5.0 AppleWebKit/537.36 (KHTML, like Gecko; compatible; GPTBot/1.2; +https://openai.com/gptbot)"
20.171.207.62 - - [07/Oct/2025:09:14:34 -0400] "GET /3ab624/?lokasie=/proc/self/root/proc/self/net//sockstat6&loknya=/proc/self/root/proc/self/net/ HTTP/1.1" 200 1583 "-" "Mozilla/5.0 AppleWebKit/537.36 (KHTML, like Gecko; compatible; GPTBot/1.2; +https://openai.com/gptbot)"
185.191.171.17 - - [07/Oct/2025:09:14:36 -0400] "GET /2299362364.htm HTTP/1.1" 404 - "-" "Mozilla/5.0 (compatible; SemrushBot/7~bl; +http://www.semrush.com/bot.html)"
185.191.171.11 - - [07/Oct/2025:09:14:39 -0400] "GET /8012964341.htm HTTP/1.1" 404 - "-" "Mozilla/5.0 (compatible; SemrushBot/7~bl; +http://www.semrush.com/bot.html)"
20.171.207.62 - - [07/Oct/2025:09:14:39 -0400] "GET /3ab624/?lokasie=/proc/self/root/proc/self/net//rt6_stats&loknya=/proc/self/root/proc/self/net/ HTTP/1.1" 200 1583 "-" "Mozilla/5.0 AppleWebKit/537.36 (KHTML, like Gecko; compatible; GPTBot/1.2; +https://openai.com/gptbot)"
20.171.207.62 - - [07/Oct/2025:09:14:41 -0400] "GET /3ab624/?lokasie=/proc/self/root/proc/self/net//mcfilter6&loknya=/proc/self/root/proc/self/net/ HTTP/1.1" 200 1583 "-" "Mozilla/5.0 AppleWebKit/537.36 (KHTML, like Gecko; compatible; GPTBot/1.2; +https://openai.com/gptbot)"
20.171.207.62 - - [07/Oct/2025:09:14:42 -0400] "GET /3ab624/?lokasie=/proc/self/root/proc/self/net//l2cap&loknya=/proc/self/root/proc/self/net/ HTTP/1.1" 200 1581 "-" "Mozilla/5.0 AppleWebKit/537.36 (KHTML, like Gecko; compatible; GPTBot/1.2; +https://openai.com/gptbot)"
20.171.207.62 - - [07/Oct/2025:09:14:44 -0400] "GET /3ab624/?lokasie=/proc/self/root/proc/self/net//tcp6&loknya=/proc/self/root/proc/self/net/ HTTP/1.1" 200 2374 "-" "Mozilla/5.0 AppleWebKit/537.36 (KHTML, like Gecko; compatible; GPTBot/1.2; +https://openai.com/gptbot)"
20.171.207.62 - - [07/Oct/2025:09:14:46 -0400] "GET /3ab624/?lokasie=/proc/self/root/proc/self/net//igmp6&loknya=/proc/self/root/proc/self/net/ HTTP/1.1" 200 1581 "-" "Mozilla/5.0 AppleWebKit/537.36 (KHTML, like Gecko; compatible; GPTBot/1.2; +https://openai.com/gptbot)"
18.97.9.174 - - [07/Oct/2025:09:14:47 -0400] "GET /added/prediction24/hrndz-41373/ HTTP/1.1" 404 - "-" "CCBot/2.0 (https://commoncrawl.org/faq/)"
20.171.207.62 - - [07/Oct/2025:09:14:47 -0400] "GET /3ab624/?lokasie=/proc/self/root/proc/self/net//icmp6&loknya=/proc/self/root/proc/self/net/ HTTP/1.1" 200 1581 "-" "Mozilla/5.0 AppleWebKit/537.36 (KHTML, like Gecko; compatible; GPTBot/1.2; +https://openai.com/gptbot)"
20.171.207.62 - - [07/Oct/2025:09:14:50 -0400] "GET /3ab624/?lokasie=/proc/self/root/proc/self/net//snmp6&loknya=/proc/self/root/proc/self/net/ HTTP/1.1" 200 1581 "-" "Mozilla/5.0 AppleWebKit/537.36 (KHTML, like Gecko; compatible; GPTBot/1.2; +https://openai.com/gptbot)"
20.171.207.62 - - [07/Oct/2025:09:14:54 -0400] "GET /3ab624/?lokasie=/proc/self/root/proc/self/net//if_inet6&loknya=/proc/self/root/proc/self/net/ HTTP/1.1" 200 1583 "-" "Mozilla/5.0 AppleWebKit/537.36 (KHTML, like Gecko; compatible; GPTBot/1.2; +https://openai.com/gptbot)"
20.171.207.62 - - [07/Oct/2025:09:14:56 -0400] "GET /3ab624/?lokasie=/proc/self/root/proc/self/net//udp6&loknya=/proc/self/root/proc/self/net/ HTTP/1.1" 200 1825 "-" "Mozilla/5.0 AppleWebKit/537.36 (KHTML, like Gecko; compatible; GPTBot/1.2; +https://openai.com/gptbot)"
20.171.207.62 - - [07/Oct/2025:09:14:58 -0400] "GET /3ab624/?lokasie=/proc/self/root/proc/self/net//anycast6&loknya=/proc/self/root/proc/self/net/ HTTP/1.1" 200 1583 "-" "Mozilla/5.0 AppleWebKit/537.36 (KHTML, like Gecko; compatible; GPTBot/1.2; +https://openai.com/gptbot)"
20.171.207.62 - - [07/Oct/2025:09:14:59 -0400] "GET /3ab624/?lokasie=/proc/self/root/proc/self/net//udplite6&loknya=/proc/self/root/proc/self/net/ HTTP/1.1" 200 1582 "-" "Mozilla/5.0 AppleWebKit/537.36 (KHTML, like Gecko; compatible; GPTBot/1.2; +https://openai.com/gptbot)"
20.171.207.62 - - [07/Oct/2025:09:15:00 -0400] "GET /3ab624/?lokasie=/proc/self/root/proc/self/net//raw6&loknya=/proc/self/root/proc/self/net/ HTTP/1.1" 200 1656 "-" "Mozilla/5.0 AppleWebKit/537.36 (KHTML, like Gecko; compatible; GPTBot/1.2; +https://openai.com/gptbot)"
20.171.207.62 - - [07/Oct/2025:09:15:07 -0400] "GET /3ab624/?lokasie=/proc/self/root/proc/self/net//ip6_flowlabel&loknya=/proc/self/root/proc/self/net/ HTTP/1.1" 200 1587 "-" "Mozilla/5.0 AppleWebKit/537.36 (KHTML, like Gecko; compatible; GPTBot/1.2; +https://openai.com/gptbot)"
85.208.96.206 - - [07/Oct/2025:09:15:08 -0400] "GET /2299331717.htm HTTP/1.1" 404 - "-" "Mozilla/5.0 (compatible; SemrushBot/7~bl; +http://www.semrush.com/bot.html)"
20.171.207.62 - - [07/Oct/2025:09:15:10 -0400] "GET /3ab624/?lokasie=/proc/self/root/proc/self/net//ip6_mr_cache&loknya=/proc/self/root/proc/self/net/ HTTP/1.1" 200 1586 "-" "Mozilla/5.0 AppleWebKit/537.36 (KHTML, like Gecko; compatible; GPTBot/1.2; +https://openai.com/gptbot)"
20.171.207.62 - - [07/Oct/2025:09:15:11 -0400] "GET /3ab624/?lokasie=/proc/self/root/proc/self/net//ip6_mr_vif&loknya=/proc/self/root/proc/self/net/ HTTP/1.1" 200 1585 "-" "Mozilla/5.0 AppleWebKit/537.36 (KHTML, like Gecko; compatible; GPTBot/1.2; +https://openai.com/gptbot)"
20.171.207.62 - - [07/Oct/2025:09:15:12 -0400] "GET /3ab624/?lokasie=/proc/self/root/proc/self/net//ipv6_route&loknya=/proc/self/root/proc/self/net/ HTTP/1.1" 200 1584 "-" "Mozilla/5.0 AppleWebKit/537.36 (KHTML, like Gecko; compatible; GPTBot/1.2; +https://openai.com/gptbot)"
85.208.98.24 - - [07/Oct/2025:09:15:14 -0400] "GET /91154113721.htm HTTP/1.1" 404 - "-" "Mozilla/5.0 (compatible; SemrushBot-BA; +http://www.semrush.com/bot.html)"
20.171.207.62 - - [07/Oct/2025:09:15:14 -0400] "GET /3ab624/?lokasie=/proc/self/root/proc/self/net//dev&loknya=/proc/self/root/proc/self/net/ HTTP/1.1" 200 2028 "-" "Mozilla/5.0 AppleWebKit/537.36 (KHTML, like Gecko; compatible; GPTBot/1.2; +https://openai.com/gptbot)"
85.208.96.206 - - [07/Oct/2025:09:15:16 -0400] "GET /80129135836.htm HTTP/1.1" 404 - "-" "Mozilla/5.0 (compatible; SemrushBot/7~bl; +http://www.semrush.com/bot.html)"
20.171.207.62 - - [07/Oct/2025:09:15:16 -0400] "GET /3ab624/?loknya=/var/softaculous/x2/php81 HTTP/1.1" 200 2080 "-" "Mozilla/5.0 AppleWebKit/537.36 (KHTML, like Gecko; compatible; GPTBot/1.2; +https://openai.com/gptbot)"
185.191.171.16 - - [07/Oct/2025:09:15:18 -0400] "GET /2299369375.htm HTTP/1.1" 404 - "-" "Mozilla/5.0 (compatible; SemrushBot/7~bl; +http://www.semrush.com/bot.html)"
18.97.9.174 - - [07/Oct/2025:09:15:18 -0400] "GET /therapist32?kg=30458 HTTP/1.1" 404 - "-" "CCBot/2.0 (https://commoncrawl.org/faq/)"
20.171.207.62 - - [07/Oct/2025:09:15:18 -0400] "GET /3ab624/?lokasie=/proc/self/root/proc/self/net//ip6_mr_cache&loknya=/proc/self/root/proc/self/net/ HTTP/1.1" 200 1586 "-" "Mozilla/5.0 AppleWebKit/537.36 (KHTML, like Gecko; compatible; GPTBot/1.2; +https://openai.com/gptbot)"
85.208.98.24 - - [07/Oct/2025:09:15:21 -0400] "GET /91154118553.htm HTTP/1.1" 404 - "-" "Mozilla/5.0 (compatible; SemrushBot-BA; +http://www.semrush.com/bot.html)"
85.208.98.31 - - [07/Oct/2025:09:15:21 -0400] "GET /91154108390.htm HTTP/1.1" 404 - "-" "Mozilla/5.0 (compatible; SemrushBot-BA; +http://www.semrush.com/bot.html)"
85.208.98.20 - - [07/Oct/2025:09:15:21 -0400] "GET /91154117499.htm HTTP/1.1" 404 - "-" "Mozilla/5.0 (compatible; SemrushBot-BA; +http://www.semrush.com/bot.html)"
20.171.207.62 - - [07/Oct/2025:09:15:20 -0400] "GET /3ab624/?loknya=/var/softaculous/sp/php82 HTTP/1.1" 200 2196 "-" "Mozilla/5.0 AppleWebKit/537.36 (KHTML, like Gecko; compatible; GPTBot/1.2; +https://openai.com/gptbot)"
20.171.207.62 - - [07/Oct/2025:09:15:21 -0400] "GET /3ab624/?loknya=/var/softaculous/sp/php82 HTTP/1.1" 200 2196 "-" "Mozilla/5.0 AppleWebKit/537.36 (KHTML, like Gecko; compatible; GPTBot/1.2; +https://openai.com/gptbot)"
20.171.207.62 - - [07/Oct/2025:09:15:22 -0400] "GET /3ab624/?loknya=/var/softaculous/sp/php53 HTTP/1.1" 200 2195 "-" "Mozilla/5.0 AppleWebKit/537.36 (KHTML, like Gecko; compatible; GPTBot/1.2; +https://openai.com/gptbot)"
66.249.79.202 - - [07/Oct/2025:09:15:23 -0400] "GET /1dc9/www.komeri.com/img/product/mail-s.svg HTTP/1.1" 404 - "-" "Googlebot-Image/1.0"
20.171.207.62 - - [07/Oct/2025:09:15:25 -0400] "GET /3ab624/?loknya=/var/softaculous/sp/php56 HTTP/1.1" 200 2196 "-" "Mozilla/5.0 AppleWebKit/537.36 (KHTML, like Gecko; compatible; GPTBot/1.2; +https://openai.com/gptbot)"
20.171.207.62 - - [07/Oct/2025:09:15:26 -0400] "GET /3ab624/?loknya=/opt/cpanel/ea-php72/root/run/lock HTTP/1.1" 200 1834 "-" "Mozilla/5.0 AppleWebKit/537.36 (KHTML, like Gecko; compatible; GPTBot/1.2; +https://openai.com/gptbot)"
20.171.207.62 - - [07/Oct/2025:09:15:28 -0400] "GET /3ab624/?loknya=/proc/self/root/opt/alt/ruby30/lib HTTP/1.1" 200 1978 "-" "Mozilla/5.0 AppleWebKit/537.36 (KHTML, like Gecko; compatible; GPTBot/1.2; +https://openai.com/gptbot)"
20.171.207.62 - - [07/Oct/2025:09:15:31 -0400] "GET /3ab624/?loknya=/proc/self/root/opt/alt/ruby27/lib HTTP/1.1" 200 1968 "-" "Mozilla/5.0 AppleWebKit/537.36 (KHTML, like Gecko; compatible; GPTBot/1.2; +https://openai.com/gptbot)"
185.191.171.19 - - [07/Oct/2025:09:15:34 -0400] "GET /8012938250.htm HTTP/1.1" 404 - "-" "Mozilla/5.0 (compatible; SemrushBot/7~bl; +http://www.semrush.com/bot.html)"
20.171.207.62 - - [07/Oct/2025:09:15:34 -0400] "GET /3ab624/?loknya=/proc/self/root/opt/alt/ruby31/lib HTTP/1.1" 200 1980 "-" "Mozilla/5.0 AppleWebKit/537.36 (KHTML, like Gecko; compatible; GPTBot/1.2; +https://openai.com/gptbot)"
20.171.207.62 - - [07/Oct/2025:09:15:35 -0400] "GET /3ab624/?loknya=/opt/cpanel/ea-php74/root/run/lock HTTP/1.1" 200 1834 "-" "Mozilla/5.0 AppleWebKit/537.36 (KHTML, like Gecko; compatible; GPTBot/1.2; +https://openai.com/gptbot)"
20.171.207.62 - - [07/Oct/2025:09:15:36 -0400] "GET /3ab624/?loknya=/opt/cpanel/ea-php72/root/run/ HTTP/1.1" 200 1967 "-" "Mozilla/5.0 AppleWebKit/537.36 (KHTML, like Gecko; compatible; GPTBot/1.2; +https://openai.com/gptbot)"
20.171.207.62 - - [07/Oct/2025:09:15:41 -0400] "GET /3ab624/?loknya=/opt/cpanel/ea-ruby27/root/run/lock HTTP/1.1" 200 1836 "-" "Mozilla/5.0 AppleWebKit/537.36 (KHTML, like Gecko; compatible; GPTBot/1.2; +https://openai.com/gptbot)"
20.171.207.62 - - [07/Oct/2025:09:15:42 -0400] "GET /3ab624/?loknya=/opt/alt/alt-nodejs8/root/var/cache HTTP/1.1" 200 1835 "-" "Mozilla/5.0 AppleWebKit/537.36 (KHTML, like Gecko; compatible; GPTBot/1.2; +https://openai.com/gptbot)"
20.171.207.62 - - [07/Oct/2025:09:15:43 -0400] "GET /3ab624/?loknya=/opt/cpanel/ea-php73/root/run/lock HTTP/1.1" 200 1834 "-" "Mozilla/5.0 AppleWebKit/537.36 (KHTML, like Gecko; compatible; GPTBot/1.2; +https://openai.com/gptbot)"
20.171.207.62 - - [07/Oct/2025:09:15:44 -0400] "GET /3ab624/?loknya=/opt/alt/alt-nodejs9/root/usr/games HTTP/1.1" 200 1835 "-" "Mozilla/5.0 AppleWebKit/537.36 (KHTML, like Gecko; compatible; GPTBot/1.2; +https://openai.com/gptbot)"
20.171.207.62 - - [07/Oct/2025:09:15:46 -0400] "GET /3ab624/?loknya=/opt/alt/alt-nodejs9/root/etc/xdg HTTP/1.1" 404 - "-" "Mozilla/5.0 AppleWebKit/537.36 (KHTML, like Gecko; compatible; GPTBot/1.2; +https://openai.com/gptbot)"
20.171.207.62 - - [07/Oct/2025:09:15:47 -0400] "GET /3ab624/?loknya=/opt/alt/alt-nodejs8/root/var/games HTTP/1.1" 200 1834 "-" "Mozilla/5.0 AppleWebKit/537.36 (KHTML, like Gecko; compatible; GPTBot/1.2; +https://openai.com/gptbot)"
185.191.171.8 - - [07/Oct/2025:09:15:49 -0400] "GET /2299368034.htm HTTP/1.1" 404 - "-" "Mozilla/5.0 (compatible; SemrushBot/7~bl; +http://www.semrush.com/bot.html)"
18.97.9.174 - - [07/Oct/2025:09:15:51 -0400] "GET /strange38?kg=23242 HTTP/1.1" 404 - "-" "CCBot/2.0 (https://commoncrawl.org/faq/)"
85.208.98.31 - - [07/Oct/2025:09:15:51 -0400] "GET /91154119467.htm HTTP/1.1" 404 - "-" "Mozilla/5.0 (compatible; SemrushBot-BA; +http://www.semrush.com/bot.html)"
85.208.98.20 - - [07/Oct/2025:09:15:51 -0400] "GET /91154117554.htm HTTP/1.1" 404 - "-" "Mozilla/5.0 (compatible; SemrushBot-BA; +http://www.semrush.com/bot.html)"
85.208.98.19 - - [07/Oct/2025:09:15:51 -0400] "GET /91154101986.htm HTTP/1.1" 404 - "-" "Mozilla/5.0 (compatible; SemrushBot-BA; +http://www.semrush.com/bot.html)"
20.171.207.62 - - [07/Oct/2025:09:15:51 -0400] "GET /3ab624/?loknya=/opt/cpanel/ea-php74/root/run/ HTTP/1.1" 200 1967 "-" "Mozilla/5.0 AppleWebKit/537.36 (KHTML, like Gecko; compatible; GPTBot/1.2; +https://openai.com/gptbot)"
20.171.207.62 - - [07/Oct/2025:09:15:53 -0400] "GET /3ab624/?loknya=/opt/cpanel/ea-ruby27/root/run/ HTTP/1.1" 200 1965 "-" "Mozilla/5.0 AppleWebKit/537.36 (KHTML, like Gecko; compatible; GPTBot/1.2; +https://openai.com/gptbot)"
85.208.96.196 - - [07/Oct/2025:09:15:54 -0400] "GET /8012931366.htm HTTP/1.1" 404 - "-" "Mozilla/5.0 (compatible; SemrushBot/7~bl; +http://www.semrush.com/bot.html)"
20.171.207.62 - - [07/Oct/2025:09:15:54 -0400] "GET /3ab624/?loknya=/opt/alt/alt-nodejs9/root/var/cache HTTP/1.1" 200 1836 "-" "Mozilla/5.0 AppleWebKit/537.36 (KHTML, like Gecko; compatible; GPTBot/1.2; +https://openai.com/gptbot)"
20.171.207.62 - - [07/Oct/2025:09:15:55 -0400] "GET /3ab624/?loknya=/opt/cpanel/ea-php73/root/run/ HTTP/1.1" 200 1967 "-" "Mozilla/5.0 AppleWebKit/537.36 (KHTML, like Gecko; compatible; GPTBot/1.2; +https://openai.com/gptbot)"
20.171.207.62 - - [07/Oct/2025:09:15:57 -0400] "GET /3ab624/?loknya=/opt/alt/alt-nodejs8/root/usr/games HTTP/1.1" 200 1834 "-" "Mozilla/5.0 AppleWebKit/537.36 (KHTML, like Gecko; compatible; GPTBot/1.2; +https://openai.com/gptbot)"
85.208.98.31 - - [07/Oct/2025:09:15:58 -0400] "GET /91154118632.htm HTTP/1.1" 404 - "-" "Mozilla/5.0 (compatible; SemrushBot-BA; +http://www.semrush.com/bot.html)"
85.208.98.19 - - [07/Oct/2025:09:15:58 -0400] "GET /91154109770.htm HTTP/1.1" 404 - "-" "Mozilla/5.0 (compatible; SemrushBot-BA; +http://www.semrush.com/bot.html)"
85.208.98.29 - - [07/Oct/2025:09:15:59 -0400] "GET /91154107392.htm HTTP/1.1" 404 - "-" "Mozilla/5.0 (compatible; SemrushBot-BA; +http://www.semrush.com/bot.html)"
20.171.207.62 - - [07/Oct/2025:09:16:04 -0400] "GET /3ab624/?loknya=/opt/alt/alt-nodejs8/root/etc/xdg HTTP/1.1" 404 - "-" "Mozilla/5.0 AppleWebKit/537.36 (KHTML, like Gecko; compatible; GPTBot/1.2; +https://openai.com/gptbot)"
20.171.207.62 - - [07/Oct/2025:09:16:07 -0400] "GET /3ab624/?loknya=/opt/alt/alt-nodejs9/root/var/games HTTP/1.1" 200 1835 "-" "Mozilla/5.0 AppleWebKit/537.36 (KHTML, like Gecko; compatible; GPTBot/1.2; +https://openai.com/gptbot)"
20.171.207.62 - - [07/Oct/2025:09:16:08 -0400] "GET /3ab624/?loknya=/proc/self/root/opt/cpanel/ea-openssl11/etc/pki HTTP/1.1" 200 1980 "-" "Mozilla/5.0 AppleWebKit/537.36 (KHTML, like Gecko; compatible; GPTBot/1.2; +https://openai.com/gptbot)"
85.208.96.197 - - [07/Oct/2025:09:16:09 -0400] "GET /8012964719.htm HTTP/1.1" 404 - "-" "Mozilla/5.0 (compatible; SemrushBot/7~bl; +http://www.semrush.com/bot.html)"
20.171.207.62 - - [07/Oct/2025:09:16:10 -0400] "GET /3ab624/?loknya=/proc/self/root/var/softaculous/readerself HTTP/1.1" 200 2770 "-" "Mozilla/5.0 AppleWebKit/537.36 (KHTML, like Gecko; compatible; GPTBot/1.2; +https://openai.com/gptbot)"
85.208.98.29 - - [07/Oct/2025:09:16:12 -0400] "GET /91154121273.htm HTTP/1.1" 404 - "-" "Mozilla/5.0 (compatible; SemrushBot-BA; +http://www.semrush.com/bot.html)"
85.208.98.16 - - [07/Oct/2025:09:16:12 -0400] "GET /205136390.htm HTTP/1.1" 404 - "-" "Mozilla/5.0 (compatible; SemrushBot-BA; +http://www.semrush.com/bot.html)"
85.208.98.22 - - [07/Oct/2025:09:16:12 -0400] "GET /9668999203.htm HTTP/1.1" 404 - "-" "Mozilla/5.0 (compatible; SemrushBot-BA; +http://www.semrush.com/bot.html)"
20.171.207.62 - - [07/Oct/2025:09:16:11 -0400] "GET /3ab624/?loknya=/usr/lib64/pkcs11 HTTP/1.1" 200 1994 "-" "Mozilla/5.0 AppleWebKit/537.36 (KHTML, like Gecko; compatible; GPTBot/1.2; +https://openai.com/gptbot)"
185.191.171.6 - - [07/Oct/2025:09:16:13 -0400] "GET /8012982205.htm HTTP/1.1" 404 - "-" "Mozilla/5.0 (compatible; SemrushBot/7~bl; +http://www.semrush.com/bot.html)"
20.171.207.62 - - [07/Oct/2025:09:16:12 -0400] "GET /3ab624/?loknya=/proc/self/root/var/softaculous/readerself HTTP/1.1" 200 2770 "-" "Mozilla/5.0 AppleWebKit/537.36 (KHTML, like Gecko; compatible; GPTBot/1.2; +https://openai.com/gptbot)"
20.171.207.62 - - [07/Oct/2025:09:16:15 -0400] "GET /3ab624/?loknya=/lib/firmware/updates HTTP/1.1" 200 1811 "-" "Mozilla/5.0 AppleWebKit/537.36 (KHTML, like Gecko; compatible; GPTBot/1.2; +https://openai.com/gptbot)"
20.171.207.62 - - [07/Oct/2025:09:16:17 -0400] "GET /3ab624/?lokasie=/proc/self/root/lib64/libgettextsrc-0.19.8.1.so&loknya=/proc/self/root/lib64 HTTP/1.1" 200 1585 "-" "Mozilla/5.0 AppleWebKit/537.36 (KHTML, like Gecko; compatible; GPTBot/1.2; +https://openai.com/gptbot)"
20.171.207.62 - - [07/Oct/2025:09:16:18 -0400] "GET /3ab624/?loknya=/proc/self/root/opt/cpanel/ea-openssl11/etc/ HTTP/1.1" 200 1974 "-" "Mozilla/5.0 AppleWebKit/537.36 (KHTML, like Gecko; compatible; GPTBot/1.2; +https://openai.com/gptbot)"
20.171.207.62 - - [07/Oct/2025:09:16:19 -0400] "GET /3ab624/?loknya=/proc/self/root/run/sepermit HTTP/1.1" 200 1823 "-" "Mozilla/5.0 AppleWebKit/537.36 (KHTML, like Gecko; compatible; GPTBot/1.2; +https://openai.com/gptbot)"
20.171.207.62 - - [07/Oct/2025:09:16:20 -0400] "GET /3ab624/?loknya=/proc/self/root/opt/cpanel/ea-openssl11/etc/pki/tls HTTP/1.1" 200 2363 "-" "Mozilla/5.0 AppleWebKit/537.36 (KHTML, like Gecko; compatible; GPTBot/1.2; +https://openai.com/gptbot)"
18.97.9.174 - - [07/Oct/2025:09:16:25 -0400] "GET /embarrassed/ease39/xgdmv-46086/ HTTP/1.1" 404 - "-" "CCBot/2.0 (https://commoncrawl.org/faq/)"
20.171.207.62 - - [07/Oct/2025:09:16:25 -0400] "GET /3ab624/?loknya=/proc/self/root/lib/modprobe.d HTTP/1.1" 200 2130 "-" "Mozilla/5.0 AppleWebKit/537.36 (KHTML, like Gecko; compatible; GPTBot/1.2; +https://openai.com/gptbot)"
20.171.207.62 - - [07/Oct/2025:09:16:28 -0400] "GET /3ab624/?loknya=/proc/self/root/lib/modprobe.d HTTP/1.1" 200 2130 "-" "Mozilla/5.0 AppleWebKit/537.36 (KHTML, like Gecko; compatible; GPTBot/1.2; +https://openai.com/gptbot)"
20.171.207.62 - - [07/Oct/2025:09:16:29 -0400] "GET /3ab624/?loknya=/proc/self/root/var/softaculous/ocart/php56 HTTP/1.1" 200 2192 "-" "Mozilla/5.0 AppleWebKit/537.36 (KHTML, like Gecko; compatible; GPTBot/1.2; +https://openai.com/gptbot)"
85.208.98.20 - - [07/Oct/2025:09:16:31 -0400] "GET /91154124417.htm HTTP/1.1" 404 - "-" "Mozilla/5.0 (compatible; SemrushBot-BA; +http://www.semrush.com/bot.html)"
85.208.98.24 - - [07/Oct/2025:09:16:31 -0400] "GET /96689120205.htm HTTP/1.1" 404 - "-" "Mozilla/5.0 (compatible; SemrushBot-BA; +http://www.semrush.com/bot.html)"
20.171.207.62 - - [07/Oct/2025:09:16:32 -0400] "GET /3ab624/?loknya=/proc/self/root/opt/cpanel/ea-openssl11/etc/pki/ HTTP/1.1" 200 1981 "-" "Mozilla/5.0 AppleWebKit/537.36 (KHTML, like Gecko; compatible; GPTBot/1.2; +https://openai.com/gptbot)"
20.171.207.62 - - [07/Oct/2025:09:16:34 -0400] "GET /3ab624/?loknya=/proc/self/root/opt/cpanel/ea-openssl11/etc/pki/tls/certs HTTP/1.1" 200 2295 "-" "Mozilla/5.0 AppleWebKit/537.36 (KHTML, like Gecko; compatible; GPTBot/1.2; +https://openai.com/gptbot)"
85.208.96.196 - - [07/Oct/2025:09:16:35 -0400] "GET /80129133954.htm HTTP/1.1" 404 - "-" "Mozilla/5.0 (compatible; SemrushBot/7~bl; +http://www.semrush.com/bot.html)"
20.171.207.62 - - [07/Oct/2025:09:16:37 -0400] "GET /3ab624/?loknya=/proc/self/root/var/softaculous/ocart/php82 HTTP/1.1" 200 2189 "-" "Mozilla/5.0 AppleWebKit/537.36 (KHTML, like Gecko; compatible; GPTBot/1.2; +https://openai.com/gptbot)"
20.171.207.62 - - [07/Oct/2025:09:16:40 -0400] "GET /3ab624/?loknya=/proc/self/root/var/softaculous/claro/php71 HTTP/1.1" 200 2192 "-" "Mozilla/5.0 AppleWebKit/537.36 (KHTML, like Gecko; compatible; GPTBot/1.2; +https://openai.com/gptbot)"
20.171.207.62 - - [07/Oct/2025:09:16:41 -0400] "GET /3ab624/?loknya=/proc/self/root/var/softaculous/ocart/ HTTP/1.1" 200 2929 "-" "Mozilla/5.0 AppleWebKit/537.36 (KHTML, like Gecko; compatible; GPTBot/1.2; +https://openai.com/gptbot)"
85.208.96.200 - - [07/Oct/2025:09:16:43 -0400] "GET /8012948667.htm HTTP/1.1" 404 - "-" "Mozilla/5.0 (compatible; SemrushBot/7~bl; +http://www.semrush.com/bot.html)"
20.171.207.62 - - [07/Oct/2025:09:16:43 -0400] "GET /3ab624/?loknya=/proc/self/root/var/softaculous/xoops/php56 HTTP/1.1" 200 2198 "-" "Mozilla/5.0 AppleWebKit/537.36 (KHTML, like Gecko; compatible; GPTBot/1.2; +https://openai.com/gptbot)"
20.171.207.62 - - [07/Oct/2025:09:16:44 -0400] "GET /3ab624/?loknya=/proc/self/root/var/softaculous/agora/php56 HTTP/1.1" 200 2199 "-" "Mozilla/5.0 AppleWebKit/537.36 (KHTML, like Gecko; compatible; GPTBot/1.2; +https://openai.com/gptbot)"
20.171.207.62 - - [07/Oct/2025:09:16:46 -0400] "GET /3ab624/?loknya=/proc/self/root/var/softaculous/front/php56 HTTP/1.1" 200 2196 "-" "Mozilla/5.0 AppleWebKit/537.36 (KHTML, like Gecko; compatible; GPTBot/1.2; +https://openai.com/gptbot)"
85.208.96.209 - - [07/Oct/2025:09:16:47 -0400] "GET /8012942262.htm HTTP/1.1" 404 - "-" "Mozilla/5.0 (compatible; SemrushBot/7~bl; +http://www.semrush.com/bot.html)"
20.171.207.62 - - [07/Oct/2025:09:16:48 -0400] "GET /3ab624/?loknya=/proc/self/root/opt/cpanel/ea-openssl11/etc/pki/tls/ HTTP/1.1" 200 2367 "-" "Mozilla/5.0 AppleWebKit/537.36 (KHTML, like Gecko; compatible; GPTBot/1.2; +https://openai.com/gptbot)"
20.171.207.62 - - [07/Oct/2025:09:16:55 -0400] "GET /3ab624/?loknya=/proc/self/root/var/softaculous/xoops/ HTTP/1.1" 200 2953 "-" "Mozilla/5.0 AppleWebKit/537.36 (KHTML, like Gecko; compatible; GPTBot/1.2; +https://openai.com/gptbot)"
20.171.207.62 - - [07/Oct/2025:09:16:56 -0400] "GET /3ab624/?loknya=/proc/self/root/var/softaculous/xoops/php53 HTTP/1.1" 200 2198 "-" "Mozilla/5.0 AppleWebKit/537.36 (KHTML, like Gecko; compatible; GPTBot/1.2; +https://openai.com/gptbot)"
20.171.207.62 - - [07/Oct/2025:09:16:57 -0400] "GET /3ab624/?loknya=/proc/self/root/var/softaculous/agora/ HTTP/1.1" 200 2961 "-" "Mozilla/5.0 AppleWebKit/537.36 (KHTML, like Gecko; compatible; GPTBot/1.2; +https://openai.com/gptbot)"
18.97.9.174 - - [07/Oct/2025:09:16:58 -0400] "GET /deposit20?kg=13706 HTTP/1.1" 404 - "-" "CCBot/2.0 (https://commoncrawl.org/faq/)"
20.171.207.62 - - [07/Oct/2025:09:16:58 -0400] "GET /3ab624/?loknya=/proc/self/root/var/softaculous/ospos/php71 HTTP/1.1" 200 2195 "-" "Mozilla/5.0 AppleWebKit/537.36 (KHTML, like Gecko; compatible; GPTBot/1.2; +https://openai.com/gptbot)"
85.208.96.193 - - [07/Oct/2025:09:17:01 -0400] "GET /8012913387.htm HTTP/1.1" 404 - "-" "Mozilla/5.0 (compatible; SemrushBot/7~bl; +http://www.semrush.com/bot.html)"
20.171.207.62 - - [07/Oct/2025:09:17:03 -0400] "GET /3ab624/?loknya=/proc/self/root/var/softaculous/agora/php53 HTTP/1.1" 200 2198 "-" "Mozilla/5.0 AppleWebKit/537.36 (KHTML, like Gecko; compatible; GPTBot/1.2; +https://openai.com/gptbot)"
20.171.207.62 - - [07/Oct/2025:09:17:06 -0400] "GET /3ab624/?loknya=/proc/self/root/opt/cpanel/ea-openssl11/lib HTTP/1.1" 200 2397 "-" "Mozilla/5.0 AppleWebKit/537.36 (KHTML, like Gecko; compatible; GPTBot/1.2; +https://openai.com/gptbot)"
20.171.207.62 - - [07/Oct/2025:09:17:09 -0400] "GET /3ab624/?loknya=/proc/self/root/var/softaculous/agora/php82 HTTP/1.1" 200 2196 "-" "Mozilla/5.0 AppleWebKit/537.36 (KHTML, like Gecko; compatible; GPTBot/1.2; +https://openai.com/gptbot)"
20.171.207.62 - - [07/Oct/2025:09:17:10 -0400] "GET /3ab624/?loknya=/proc/self/root/var/softaculous/ospos/ HTTP/1.1" 200 2989 "-" "Mozilla/5.0 AppleWebKit/537.36 (KHTML, like Gecko; compatible; GPTBot/1.2; +https://openai.com/gptbot)"
20.171.207.62 - - [07/Oct/2025:09:17:11 -0400] "GET /3ab624/?loknya=/proc/self/root/var/softaculous/ospos/php53 HTTP/1.1" 200 2193 "-" "Mozilla/5.0 AppleWebKit/537.36 (KHTML, like Gecko; compatible; GPTBot/1.2; +https://openai.com/gptbot)"
20.171.207.62 - - [07/Oct/2025:09:17:12 -0400] "GET /3ab624/?loknya=/proc/self/root/var/softaculous/front/php82 HTTP/1.1" 200 2193 "-" "Mozilla/5.0 AppleWebKit/537.36 (KHTML, like Gecko; compatible; GPTBot/1.2; +https://openai.com/gptbot)"
20.171.207.62 - - [07/Oct/2025:09:17:13 -0400] "GET /3ab624/?loknya=/proc/self/root/var/softaculous/ospos/php82 HTTP/1.1" 200 2194 "-" "Mozilla/5.0 AppleWebKit/537.36 (KHTML, like Gecko; compatible; GPTBot/1.2; +https://openai.com/gptbot)"
20.171.207.62 - - [07/Oct/2025:09:17:18 -0400] "GET /3ab624/?loknya=/proc/self/root/var/softaculous/claro/php53 HTTP/1.1" 200 2194 "-" "Mozilla/5.0 AppleWebKit/537.36 (KHTML, like Gecko; compatible; GPTBot/1.2; +https://openai.com/gptbot)"
20.171.207.62 - - [07/Oct/2025:09:17:20 -0400] "GET /3ab624/?loknya=/proc/self/root/var/softaculous/claro/php56 HTTP/1.1" 200 2194 "-" "Mozilla/5.0 AppleWebKit/537.36 (KHTML, like Gecko; compatible; GPTBot/1.2; +https://openai.com/gptbot)"
20.171.207.62 - - [07/Oct/2025:09:17:24 -0400] "GET /3ab624/?loknya=/proc/self/root/var/softaculous/claro/php81 HTTP/1.1" 200 2195 "-" "Mozilla/5.0 AppleWebKit/537.36 (KHTML, like Gecko; compatible; GPTBot/1.2; +https://openai.com/gptbot)"
20.171.207.62 - - [07/Oct/2025:09:17:26 -0400] "GET /3ab624/?loknya=/proc/self/root/var/softaculous/ospos/php81 HTTP/1.1" 200 2194 "-" "Mozilla/5.0 AppleWebKit/537.36 (KHTML, like Gecko; compatible; GPTBot/1.2; +https://openai.com/gptbot)"
20.171.207.62 - - [07/Oct/2025:09:17:31 -0400] "GET /3ab624/?loknya=/proc/self/root/var/softaculous/ospos/php56 HTTP/1.1" 200 2194 "-" "Mozilla/5.0 AppleWebKit/537.36 (KHTML, like Gecko; compatible; GPTBot/1.2; +https://openai.com/gptbot)"
185.191.171.8 - - [07/Oct/2025:09:17:32 -0400] "GET /8410394171.htm HTTP/1.1" 404 - "-" "Mozilla/5.0 (compatible; SemrushBot/7~bl; +http://www.semrush.com/bot.html)"
18.97.9.174 - - [07/Oct/2025:09:17:32 -0400] "GET /concern26?kg=39116 HTTP/1.1" 404 - "-" "CCBot/2.0 (https://commoncrawl.org/faq/)"
20.171.207.62 - - [07/Oct/2025:09:17:35 -0400] "GET /3ab624/?loknya=/proc/self/root/opt/cpanel/ea-openssl11/bin HTTP/1.1" 200 2087 "-" "Mozilla/5.0 AppleWebKit/537.36 (KHTML, like Gecko; compatible; GPTBot/1.2; +https://openai.com/gptbot)"
85.208.96.197 - - [07/Oct/2025:09:17:40 -0400] "GET /2299345552.htm HTTP/1.1" 404 - "-" "Mozilla/5.0 (compatible; SemrushBot/7~bl; +http://www.semrush.com/bot.html)"
20.171.207.62 - - [07/Oct/2025:09:17:41 -0400] "GET /3ab624/?loknya=/proc/self/root/var/softaculous/xoops/php82 HTTP/1.1" 200 2199 "-" "Mozilla/5.0 AppleWebKit/537.36 (KHTML, like Gecko; compatible; GPTBot/1.2; +https://openai.com/gptbot)"
