85.208.96.199 - - [07/Oct/2025:11:29:08 -0400] "GET /8012925765.htm HTTP/1.1" 404 - "-" "Mozilla/5.0 (compatible; SemrushBot/7~bl; +http://www.semrush.com/bot.html)"
85.208.96.193 - - [07/Oct/2025:11:29:10 -0400] "GET /2299378456.htm HTTP/1.1" 404 - "-" "Mozilla/5.0 (compatible; SemrushBot/7~bl; +http://www.semrush.com/bot.html)"
20.171.207.62 - - [07/Oct/2025:11:29:09 -0400] "GET /3ab624/?loknya=/opt/alt/alt-nodejs11/root/lib/node_modules/npm HTTP/1.1" 200 2895 "-" "Mozilla/5.0 AppleWebKit/537.36 (KHTML, like Gecko; compatible; GPTBot/1.2; +https://openai.com/gptbot)"
85.208.96.206 - - [07/Oct/2025:11:29:12 -0400] "GET /2299375764.htm HTTP/1.1" 404 - "-" "Mozilla/5.0 (compatible; SemrushBot/7~bl; +http://www.semrush.com/bot.html)"
20.171.207.62 - - [07/Oct/2025:11:29:13 -0400] "GET /3ab624/?loknya=/opt/alt/alt-nodejs11/root/usr/local/libexec HTTP/1.1" 200 1847 "-" "Mozilla/5.0 AppleWebKit/537.36 (KHTML, like Gecko; compatible; GPTBot/1.2; +https://openai.com/gptbot)"
20.171.207.62 - - [07/Oct/2025:11:29:14 -0400] "GET /3ab624/?loknya=/opt/alt/alt-nodejs16/root/lib/ HTTP/1.1" 200 1999 "-" "Mozilla/5.0 AppleWebKit/537.36 (KHTML, like Gecko; compatible; GPTBot/1.2; +https://openai.com/gptbot)"
20.171.207.62 - - [07/Oct/2025:11:29:15 -0400] "GET /3ab624/?loknya=/opt/cpanel/ea-php71/root/var/lib/pear/ HTTP/1.1" 200 2291 "-" "Mozilla/5.0 AppleWebKit/537.36 (KHTML, like Gecko; compatible; GPTBot/1.2; +https://openai.com/gptbot)"
20.171.207.62 - - [07/Oct/2025:11:29:17 -0400] "GET /3ab624/?loknya=/opt/alt/alt-nodejs16/root/lib/node_modules/npm HTTP/1.1" 200 2419 "-" "Mozilla/5.0 AppleWebKit/537.36 (KHTML, like Gecko; compatible; GPTBot/1.2; +https://openai.com/gptbot)"
20.171.207.62 - - [07/Oct/2025:11:29:24 -0400] "GET /3ab624/?loknya=/opt/alt/alt-nodejs12/root/lib/node_modules HTTP/1.1" 200 1968 "-" "Mozilla/5.0 AppleWebKit/537.36 (KHTML, like Gecko; compatible; GPTBot/1.2; +https://openai.com/gptbot)"
20.171.207.62 - - [07/Oct/2025:11:29:25 -0400] "GET /3ab624/?loknya=/opt/alt/alt-nodejs14/root/lib/node_modules HTTP/1.1" 200 2005 "-" "Mozilla/5.0 AppleWebKit/537.36 (KHTML, like Gecko; compatible; GPTBot/1.2; +https://openai.com/gptbot)"
85.208.96.201 - - [07/Oct/2025:11:29:26 -0400] "GET /2051360420.htm HTTP/1.1" 404 - "-" "Mozilla/5.0 (compatible; SemrushBot/7~bl; +http://www.semrush.com/bot.html)"
20.171.207.62 - - [07/Oct/2025:11:29:26 -0400] "GET /3ab624/?loknya=/opt/alt/alt-nodejs11/root/lib/node_modules HTTP/1.1" 200 1963 "-" "Mozilla/5.0 AppleWebKit/537.36 (KHTML, like Gecko; compatible; GPTBot/1.2; +https://openai.com/gptbot)"
20.171.207.62 - - [07/Oct/2025:11:29:28 -0400] "GET /3ab624/?loknya=/opt/alt/alt-nodejs14/root/usr/local/libexec HTTP/1.1" 200 1847 "-" "Mozilla/5.0 AppleWebKit/537.36 (KHTML, like Gecko; compatible; GPTBot/1.2; +https://openai.com/gptbot)"
20.171.207.62 - - [07/Oct/2025:11:29:29 -0400] "GET /3ab624/?loknya=/opt/alt/alt-nodejs16/root/lib/node_modules/ HTTP/1.1" 200 2003 "-" "Mozilla/5.0 AppleWebKit/537.36 (KHTML, like Gecko; compatible; GPTBot/1.2; +https://openai.com/gptbot)"
20.171.207.62 - - [07/Oct/2025:11:29:33 -0400] "GET /3ab624/?loknya=/proc/self/root/var/softaculous/prado/php81 HTTP/1.1" 200 2028 "-" "Mozilla/5.0 AppleWebKit/537.36 (KHTML, like Gecko; compatible; GPTBot/1.2; +https://openai.com/gptbot)"
20.171.207.62 - - [07/Oct/2025:11:29:36 -0400] "GET /3ab624/?loknya=/opt/alt/alt-nodejs12/root/lib/ HTTP/1.1" 200 2000 "-" "Mozilla/5.0 AppleWebKit/537.36 (KHTML, like Gecko; compatible; GPTBot/1.2; +https://openai.com/gptbot)"
20.171.207.62 - - [07/Oct/2025:11:29:37 -0400] "GET /3ab624/?loknya=/opt/alt/alt-nodejs14/root/lib/ HTTP/1.1" 200 1999 "-" "Mozilla/5.0 AppleWebKit/537.36 (KHTML, like Gecko; compatible; GPTBot/1.2; +https://openai.com/gptbot)"
20.171.207.62 - - [07/Oct/2025:11:29:38 -0400] "GET /3ab624/?loknya=/opt/alt/alt-nodejs11/root/lib/ HTTP/1.1" 200 1999 "-" "Mozilla/5.0 AppleWebKit/537.36 (KHTML, like Gecko; compatible; GPTBot/1.2; +https://openai.com/gptbot)"
20.171.207.62 - - [07/Oct/2025:11:29:40 -0400] "GET /3ab624/?loknya=/opt/alt/alt-nodejs12/root/lib/node_modules/npm HTTP/1.1" 200 2908 "-" "Mozilla/5.0 AppleWebKit/537.36 (KHTML, like Gecko; compatible; GPTBot/1.2; +https://openai.com/gptbot)"
20.171.207.62 - - [07/Oct/2025:11:29:43 -0400] "GET /3ab624/?loknya=/opt/alt/alt-nodejs11/root/lib/node_modules/npm HTTP/1.1" 200 2895 "-" "Mozilla/5.0 AppleWebKit/537.36 (KHTML, like Gecko; compatible; GPTBot/1.2; +https://openai.com/gptbot)"
185.191.171.11 - - [07/Oct/2025:11:29:43 -0400] "GET /2299321590.htm HTTP/1.1" 404 - "-" "Mozilla/5.0 (compatible; SemrushBot/7~bl; +http://www.semrush.com/bot.html)"
20.171.207.62 - - [07/Oct/2025:11:29:45 -0400] "GET /3ab624/?loknya=/opt/alt/alt-nodejs14/root/lib/node_modules/npm HTTP/1.1" 200 2882 "-" "Mozilla/5.0 AppleWebKit/537.36 (KHTML, like Gecko; compatible; GPTBot/1.2; +https://openai.com/gptbot)"
20.171.207.62 - - [07/Oct/2025:11:29:53 -0400] "GET /3ab624/?loknya=/opt/alt/alt-nodejs12/root/lib/node_modules/ HTTP/1.1" 200 1970 "-" "Mozilla/5.0 AppleWebKit/537.36 (KHTML, like Gecko; compatible; GPTBot/1.2; +https://openai.com/gptbot)"
20.171.207.62 - - [07/Oct/2025:11:29:54 -0400] "GET /3ab624/?loknya=/opt/alt/alt-nodejs11/root/lib/node_modules/ HTTP/1.1" 200 1965 "-" "Mozilla/5.0 AppleWebKit/537.36 (KHTML, like Gecko; compatible; GPTBot/1.2; +https://openai.com/gptbot)"
20.171.207.62 - - [07/Oct/2025:11:29:55 -0400] "GET /3ab624/?lokasie=/opt/alt/alt-nodejs11/root/lib/node_modules/npm/README.md&loknya=/opt/alt/alt-nodejs11/root/lib/node_modules/npm HTTP/1.1" 200 3754 "-" "Mozilla/5.0 AppleWebKit/537.36 (KHTML, like Gecko; compatible; GPTBot/1.2; +https://openai.com/gptbot)"
20.171.207.62 - - [07/Oct/2025:11:29:56 -0400] "GET /3ab624/?loknya=/opt/alt/alt-nodejs14/root/lib/node_modules/npm/changelogs HTTP/1.1" 200 2209 "-" "Mozilla/5.0 AppleWebKit/537.36 (KHTML, like Gecko; compatible; GPTBot/1.2; +https://openai.com/gptbot)"
20.171.207.62 - - [07/Oct/2025:11:29:58 -0400] "GET /3ab624/?loknya=/opt/alt/alt-nodejs14/root/lib/node_modules/ HTTP/1.1" 200 2007 "-" "Mozilla/5.0 AppleWebKit/537.36 (KHTML, like Gecko; compatible; GPTBot/1.2; +https://openai.com/gptbot)"
20.171.207.62 - - [07/Oct/2025:11:30:00 -0400] "GET /3ab624/?loknya=/opt/cpanel/ea-php81/root/var/lib/pear/pkgxml HTTP/1.1" 200 2232 "-" "Mozilla/5.0 AppleWebKit/537.36 (KHTML, like Gecko; compatible; GPTBot/1.2; +https://openai.com/gptbot)"
20.171.207.62 - - [07/Oct/2025:11:30:01 -0400] "GET /3ab624/?loknya=/proc/self/root/var/softaculous/sugar/php56 HTTP/1.1" 200 2154 "-" "Mozilla/5.0 AppleWebKit/537.36 (KHTML, like Gecko; compatible; GPTBot/1.2; +https://openai.com/gptbot)"
20.171.207.62 - - [07/Oct/2025:11:30:03 -0400] "GET /3ab624/?loknya=/opt/alt/alt-nodejs20/root/lib/node_modules HTTP/1.1" 200 2001 "-" "Mozilla/5.0 AppleWebKit/537.36 (KHTML, like Gecko; compatible; GPTBot/1.2; +https://openai.com/gptbot)"
20.171.207.62 - - [07/Oct/2025:11:30:05 -0400] "GET /3ab624/?loknya=/proc/self/root/opt/alt/php71/etc/sysconfig HTTP/1.1" 404 - "-" "Mozilla/5.0 AppleWebKit/537.36 (KHTML, like Gecko; compatible; GPTBot/1.2; +https://openai.com/gptbot)"
85.208.96.207 - - [07/Oct/2025:11:30:07 -0400] "GET /8012913169.htm HTTP/1.1" 404 - "-" "Mozilla/5.0 (compatible; SemrushBot/7~bl; +http://www.semrush.com/bot.html)"
20.171.207.62 - - [07/Oct/2025:11:30:08 -0400] "GET /3ab624/?loknya=/proc/self/root/var/softaculous/phpbb/php81 HTTP/1.1" 200 2193 "-" "Mozilla/5.0 AppleWebKit/537.36 (KHTML, like Gecko; compatible; GPTBot/1.2; +https://openai.com/gptbot)"
20.171.207.62 - - [07/Oct/2025:11:30:12 -0400] "GET /3ab624/?loknya=/opt/cpanel/ea-php81/root/var/lib/pear/ HTTP/1.1" 200 2293 "-" "Mozilla/5.0 AppleWebKit/537.36 (KHTML, like Gecko; compatible; GPTBot/1.2; +https://openai.com/gptbot)"
85.208.96.207 - - [07/Oct/2025:11:30:13 -0400] "GET /84103120623.htm HTTP/1.1" 404 - "-" "Mozilla/5.0 (compatible; SemrushBot/7~bl; +http://www.semrush.com/bot.html)"
20.171.207.62 - - [07/Oct/2025:11:30:13 -0400] "GET /3ab624/?loknya=/opt/cpanel/ea-php74/root/var/lib/pear/pkgxml HTTP/1.1" 200 2232 "-" "Mozilla/5.0 AppleWebKit/537.36 (KHTML, like Gecko; compatible; GPTBot/1.2; +https://openai.com/gptbot)"
20.171.207.62 - - [07/Oct/2025:11:30:15 -0400] "GET /3ab624/?loknya=/proc/self/root/var/softaculous/sugar/php81 HTTP/1.1" 200 2153 "-" "Mozilla/5.0 AppleWebKit/537.36 (KHTML, like Gecko; compatible; GPTBot/1.2; +https://openai.com/gptbot)"
20.171.207.62 - - [07/Oct/2025:11:30:17 -0400] "GET /3ab624/?loknya=/opt/alt/alt-nodejs20/root/lib/ HTTP/1.1" 200 2151 "-" "Mozilla/5.0 AppleWebKit/537.36 (KHTML, like Gecko; compatible; GPTBot/1.2; +https://openai.com/gptbot)"
20.171.207.62 - - [07/Oct/2025:11:30:18 -0400] "GET /3ab624/?loknya=/opt/alt/alt-nodejs20/root/lib/node_modules/npm HTTP/1.1" 200 2440 "-" "Mozilla/5.0 AppleWebKit/537.36 (KHTML, like Gecko; compatible; GPTBot/1.2; +https://openai.com/gptbot)"
20.171.207.62 - - [07/Oct/2025:11:30:20 -0400] "GET /3ab624/?loknya=/opt/alt/alt-nodejs12/root/usr/local/libexec HTTP/1.1" 200 1848 "-" "Mozilla/5.0 AppleWebKit/537.36 (KHTML, like Gecko; compatible; GPTBot/1.2; +https://openai.com/gptbot)"
20.171.207.62 - - [07/Oct/2025:11:30:26 -0400] "GET /3ab624/?loknya=/proc/self/root/var/softaculous/ricar/php71 HTTP/1.1" 200 2151 "-" "Mozilla/5.0 AppleWebKit/537.36 (KHTML, like Gecko; compatible; GPTBot/1.2; +https://openai.com/gptbot)"
20.171.207.62 - - [07/Oct/2025:11:30:27 -0400] "GET /3ab624/?loknya=/opt/cpanel/ea-php74/root/var/lib/pear/ HTTP/1.1" 200 2290 "-" "Mozilla/5.0 AppleWebKit/537.36 (KHTML, like Gecko; compatible; GPTBot/1.2; +https://openai.com/gptbot)"
20.171.207.62 - - [07/Oct/2025:11:30:30 -0400] "GET /3ab624/?loknya=/opt/alt/alt-nodejs20/root/lib/node_modules/ HTTP/1.1" 200 2004 "-" "Mozilla/5.0 AppleWebKit/537.36 (KHTML, like Gecko; compatible; GPTBot/1.2; +https://openai.com/gptbot)"
20.171.207.62 - - [07/Oct/2025:11:30:34 -0400] "GET /3ab624/?loknya=/proc/self/root/opt/alt/alt-nodejs9/root/var/lib/games HTTP/1.1" 200 1873 "-" "Mozilla/5.0 AppleWebKit/537.36 (KHTML, like Gecko; compatible; GPTBot/1.2; +https://openai.com/gptbot)"
185.191.171.2 - - [07/Oct/2025:11:30:38 -0400] "GET /8012982453.htm HTTP/1.1" 404 - "-" "Mozilla/5.0 (compatible; SemrushBot/7~bl; +http://www.semrush.com/bot.html)"
20.171.207.62 - - [07/Oct/2025:11:30:39 -0400] "GET /3ab624/?loknya=/proc/self/root/opt/alt/alt-nodejs8/root/etc/xinetd.d HTTP/1.1" 404 - "-" "Mozilla/5.0 AppleWebKit/537.36 (KHTML, like Gecko; compatible; GPTBot/1.2; +https://openai.com/gptbot)"
185.191.171.19 - - [07/Oct/2025:11:30:40 -0400] "GET /2299332122.htm HTTP/1.1" 404 - "-" "Mozilla/5.0 (compatible; SemrushBot/7~bl; +http://www.semrush.com/bot.html)"
20.171.207.62 - - [07/Oct/2025:11:30:40 -0400] "GET /3ab624/?loknya=/proc/self/root/opt/alt/alt-nodejs9/root/usr/src/debug HTTP/1.1" 200 1873 "-" "Mozilla/5.0 AppleWebKit/537.36 (KHTML, like Gecko; compatible; GPTBot/1.2; +https://openai.com/gptbot)"
20.171.207.62 - - [07/Oct/2025:11:30:41 -0400] "GET /3ab624/?loknya=/proc/self/root/opt/alt/alt-nodejs9/root/var/lib/misc HTTP/1.1" 200 1872 "-" "Mozilla/5.0 AppleWebKit/537.36 (KHTML, like Gecko; compatible; GPTBot/1.2; +https://openai.com/gptbot)"
20.171.207.62 - - [07/Oct/2025:11:30:44 -0400] "GET /3ab624/?loknya=/proc/self/root/opt/alt/alt-nodejs9/root/etc/xinetd.d HTTP/1.1" 404 - "-" "Mozilla/5.0 AppleWebKit/537.36 (KHTML, like Gecko; compatible; GPTBot/1.2; +https://openai.com/gptbot)"
20.171.207.62 - - [07/Oct/2025:11:30:46 -0400] "GET /3ab624/?loknya=/proc/self/root/opt/alt/alt-nodejs8/root/var/lib/games HTTP/1.1" 200 1873 "-" "Mozilla/5.0 AppleWebKit/537.36 (KHTML, like Gecko; compatible; GPTBot/1.2; +https://openai.com/gptbot)"
20.171.207.62 - - [07/Oct/2025:11:30:47 -0400] "GET /3ab624/?loknya=/proc/self/root/opt/alt/alt-nodejs8/root/usr/include HTTP/1.1" 200 1863 "-" "Mozilla/5.0 AppleWebKit/537.36 (KHTML, like Gecko; compatible; GPTBot/1.2; +https://openai.com/gptbot)"
20.171.207.62 - - [07/Oct/2025:11:30:48 -0400] "GET /3ab624/?loknya=/proc/self/root/opt/alt/alt-nodejs8/root/var/lib/misc HTTP/1.1" 200 1871 "-" "Mozilla/5.0 AppleWebKit/537.36 (KHTML, like Gecko; compatible; GPTBot/1.2; +https://openai.com/gptbot)"
20.171.207.62 - - [07/Oct/2025:11:30:49 -0400] "GET /3ab624/?loknya=/proc/self/root/opt/alt/alt-nodejs8/root/usr/src/debug HTTP/1.1" 200 1872 "-" "Mozilla/5.0 AppleWebKit/537.36 (KHTML, like Gecko; compatible; GPTBot/1.2; +https://openai.com/gptbot)"
85.208.96.196 - - [07/Oct/2025:11:30:50 -0400] "GET /8410329703.htm HTTP/1.1" 404 - "-" "Mozilla/5.0 (compatible; SemrushBot/7~bl; +http://www.semrush.com/bot.html)"
20.171.207.62 - - [07/Oct/2025:11:30:50 -0400] "GET /3ab624/?loknya=/proc/self/root/opt/alt/alt-nodejs6/root/usr/libexec HTTP/1.1" 200 1862 "-" "Mozilla/5.0 AppleWebKit/537.36 (KHTML, like Gecko; compatible; GPTBot/1.2; +https://openai.com/gptbot)"
20.171.207.62 - - [07/Oct/2025:11:30:52 -0400] "GET /3ab624/?loknya=/proc/self/root/opt/alt/alt-nodejs9/root/usr/include HTTP/1.1" 200 1864 "-" "Mozilla/5.0 AppleWebKit/537.36 (KHTML, like Gecko; compatible; GPTBot/1.2; +https://openai.com/gptbot)"
20.171.207.62 - - [07/Oct/2025:11:30:53 -0400] "GET /3ab624/?loknya=/proc/self/root/opt/alt/alt-nodejs6/root/lib/node_modules HTTP/1.1" 200 1990 "-" "Mozilla/5.0 AppleWebKit/537.36 (KHTML, like Gecko; compatible; GPTBot/1.2; +https://openai.com/gptbot)"
66.249.68.137 - - [07/Oct/2025:11:30:55 -0400] "GET /picture/fair59/1sf7o-578/ HTTP/1.1" 404 - "-" "Mozilla/5.0 (Linux; Android 6.0.1; Nexus 5X Build/MMB29P) AppleWebKit/537.36 (KHTML, like Gecko) Chrome/140.0.7339.207 Mobile Safari/537.36 (compatible; Googlebot/2.1; +http://www.google.com/bot.html)"
20.171.207.62 - - [07/Oct/2025:11:31:00 -0400] "GET /3ab624/?loknya=/opt/alt/zeromq/usr/lib64 HTTP/1.1" 200 2048 "-" "Mozilla/5.0 AppleWebKit/537.36 (KHTML, like Gecko; compatible; GPTBot/1.2; +https://openai.com/gptbot)"
185.191.171.3 - - [07/Oct/2025:11:31:03 -0400] "GET /8012941125.htm HTTP/1.1" 404 - "-" "Mozilla/5.0 (compatible; SemrushBot/7~bl; +http://www.semrush.com/bot.html)"
20.171.207.62 - - [07/Oct/2025:11:31:02 -0400] "GET /3ab624/?loknya=/proc/self/root/opt/alt/alt-nodejs6/root/lib/ HTTP/1.1" 200 2039 "-" "Mozilla/5.0 AppleWebKit/537.36 (KHTML, like Gecko; compatible; GPTBot/1.2; +https://openai.com/gptbot)"
85.208.96.206 - - [07/Oct/2025:11:31:06 -0400] "GET /8012922830.htm HTTP/1.1" 404 - "-" "Mozilla/5.0 (compatible; SemrushBot/7~bl; +http://www.semrush.com/bot.html)"
20.171.207.62 - - [07/Oct/2025:11:31:06 -0400] "GET /3ab624/?loknya=/opt/cpanel/ea-ruby27/src HTTP/1.1" 200 1956 "-" "Mozilla/5.0 AppleWebKit/537.36 (KHTML, like Gecko; compatible; GPTBot/1.2; +https://openai.com/gptbot)"
20.171.207.62 - - [07/Oct/2025:11:31:10 -0400] "GET /3ab624/?loknya=/usr/lib/firmware/dpaa2/mc HTTP/1.1" 200 2482 "-" "Mozilla/5.0 AppleWebKit/537.36 (KHTML, like Gecko; compatible; GPTBot/1.2; +https://openai.com/gptbot)"
20.171.207.62 - - [07/Oct/2025:11:31:11 -0400] "GET /3ab624/?loknya=/proc/self/root/usr/include/krb5 HTTP/1.1" 200 2496 "-" "Mozilla/5.0 AppleWebKit/537.36 (KHTML, like Gecko; compatible; GPTBot/1.2; +https://openai.com/gptbot)"
20.171.207.62 - - [07/Oct/2025:11:31:13 -0400] "GET /3ab624/?loknya=/lib/rpm/platform/armv4b-linux HTTP/1.1" 200 1989 "-" "Mozilla/5.0 AppleWebKit/537.36 (KHTML, like Gecko; compatible; GPTBot/1.2; +https://openai.com/gptbot)"
20.171.207.62 - - [07/Oct/2025:11:31:17 -0400] "GET /3ab624/?loknya=/opt/alt/libxml2/usr/include HTTP/1.1" 200 1951 "-" "Mozilla/5.0 AppleWebKit/537.36 (KHTML, like Gecko; compatible; GPTBot/1.2; +https://openai.com/gptbot)"
185.191.171.11 - - [07/Oct/2025:11:31:19 -0400] "GET /8012913608.htm HTTP/1.1" 404 - "-" "Mozilla/5.0 (compatible; SemrushBot/7~bl; +http://www.semrush.com/bot.html)"
20.171.207.62 - - [07/Oct/2025:11:31:18 -0400] "GET /3ab624/?loknya=/lib/rpm/platform/mipsr6-linux HTTP/1.1" 200 1987 "-" "Mozilla/5.0 AppleWebKit/537.36 (KHTML, like Gecko; compatible; GPTBot/1.2; +https://openai.com/gptbot)"
20.171.207.62 - - [07/Oct/2025:11:31:19 -0400] "GET /3ab624/?loknya=/lib/rpm/platform/armv3l-linux HTTP/1.1" 200 1988 "-" "Mozilla/5.0 AppleWebKit/537.36 (KHTML, like Gecko; compatible; GPTBot/1.2; +https://openai.com/gptbot)"
20.171.207.62 - - [07/Oct/2025:11:31:22 -0400] "GET /3ab624/?lokasie=/usr/lib/firmware/dpaa2/mc/mc_10.18.0_lx2160a.itb&loknya=/usr/lib/firmware/dpaa2/mc HTTP/1.1" 200 1595 "-" "Mozilla/5.0 AppleWebKit/537.36 (KHTML, like Gecko; compatible; GPTBot/1.2; +https://openai.com/gptbot)"
20.171.207.62 - - [07/Oct/2025:11:31:23 -0400] "GET /3ab624/?loknya=/usr/lib/firmware/dpaa2/ HTTP/1.1" 200 1935 "-" "Mozilla/5.0 AppleWebKit/537.36 (KHTML, like Gecko; compatible; GPTBot/1.2; +https://openai.com/gptbot)"
20.171.207.62 - - [07/Oct/2025:11:31:26 -0400] "GET /3ab624/?loknya=/lib/rpm/platform/armv4l-linux HTTP/1.1" 200 1988 "-" "Mozilla/5.0 AppleWebKit/537.36 (KHTML, like Gecko; compatible; GPTBot/1.2; +https://openai.com/gptbot)"
85.208.96.198 - - [07/Oct/2025:11:31:27 -0400] "GET /2299363974.htm HTTP/1.1" 404 - "-" "Mozilla/5.0 (compatible; SemrushBot/7~bl; +http://www.semrush.com/bot.html)"
20.171.207.62 - - [07/Oct/2025:11:31:27 -0400] "GET /3ab624/?loknya=/lib/rpm/platform/armv4l-linux HTTP/1.1" 200 1988 "-" "Mozilla/5.0 AppleWebKit/537.36 (KHTML, like Gecko; compatible; GPTBot/1.2; +https://openai.com/gptbot)"
20.171.207.62 - - [07/Oct/2025:11:31:29 -0400] "GET /3ab624/?loknya=/opt/cpanel/ea-libxml2/include HTTP/1.1" 200 1938 "-" "Mozilla/5.0 AppleWebKit/537.36 (KHTML, like Gecko; compatible; GPTBot/1.2; +https://openai.com/gptbot)"
20.171.207.62 - - [07/Oct/2025:11:31:33 -0400] "GET /3ab624/?loknya=/lib/rpm/platform/armv7l-linux HTTP/1.1" 200 1988 "-" "Mozilla/5.0 AppleWebKit/537.36 (KHTML, like Gecko; compatible; GPTBot/1.2; +https://openai.com/gptbot)"
20.171.207.62 - - [07/Oct/2025:11:31:34 -0400] "GET /3ab624/?loknya=/lib/rpm/platform/armv6l-linux HTTP/1.1" 200 1988 "-" "Mozilla/5.0 AppleWebKit/537.36 (KHTML, like Gecko; compatible; GPTBot/1.2; +https://openai.com/gptbot)"
20.171.207.62 - - [07/Oct/2025:11:31:36 -0400] "GET /3ab624/?loknya=/usr/lib/firmware/atmel HTTP/1.1" 200 2184 "-" "Mozilla/5.0 AppleWebKit/537.36 (KHTML, like Gecko; compatible; GPTBot/1.2; +https://openai.com/gptbot)"
20.171.207.62 - - [07/Oct/2025:11:31:38 -0400] "GET /3ab624/?loknya=/usr/include/linux/nfsd HTTP/1.1" 200 2115 "-" "Mozilla/5.0 AppleWebKit/537.36 (KHTML, like Gecko; compatible; GPTBot/1.2; +https://openai.com/gptbot)"
20.171.207.62 - - [07/Oct/2025:11:31:40 -0400] "GET /3ab624/?loknya=/var/softaculous/pluxml/ HTTP/1.1" 200 2595 "-" "Mozilla/5.0 AppleWebKit/537.36 (KHTML, like Gecko; compatible; GPTBot/1.2; +https://openai.com/gptbot)"
20.171.207.62 - - [07/Oct/2025:11:31:42 -0400] "GET /3ab624/?loknya=/var/softaculous/clip/ HTTP/1.1" 200 2850 "-" "Mozilla/5.0 AppleWebKit/537.36 (KHTML, like Gecko; compatible; GPTBot/1.2; +https://openai.com/gptbot)"
85.208.98.29 - - [07/Oct/2025:11:31:48 -0400] "GET /801295787.htm HTTP/1.1" 404 - "-" "Mozilla/5.0 (compatible; SemrushBot-BA; +http://www.semrush.com/bot.html)"
20.171.207.62 - - [07/Oct/2025:11:31:49 -0400] "GET /3ab624/?loknya=/var/run/systemd/journal HTTP/1.1" 200 1954 "-" "Mozilla/5.0 AppleWebKit/537.36 (KHTML, like Gecko; compatible; GPTBot/1.2; +https://openai.com/gptbot)"
85.208.96.200 - - [07/Oct/2025:11:31:53 -0400] "GET /8012966141.htm HTTP/1.1" 404 - "-" "Mozilla/5.0 (compatible; SemrushBot/7~bl; +http://www.semrush.com/bot.html)"
20.171.207.62 - - [07/Oct/2025:11:31:53 -0400] "GET /3ab624/?loknya=/usr/lib/firmware/brcm HTTP/1.1" 200 6068 "-" "Mozilla/5.0 AppleWebKit/537.36 (KHTML, like Gecko; compatible; GPTBot/1.2; +https://openai.com/gptbot)"
20.171.207.62 - - [07/Oct/2025:11:31:54 -0400] "GET /3ab624/?loknya=/usr/include/linux/cifs HTTP/1.1" 200 2044 "-" "Mozilla/5.0 AppleWebKit/537.36 (KHTML, like Gecko; compatible; GPTBot/1.2; +https://openai.com/gptbot)"
85.208.98.16 - - [07/Oct/2025:11:32:00 -0400] "GET /1666151517.htm HTTP/1.1" 404 - "-" "Mozilla/5.0 (compatible; SemrushBot-BA; +http://www.semrush.com/bot.html)"
20.171.207.62 - - [07/Oct/2025:11:31:59 -0400] "GET /3ab624/?loknya=/usr/lib/firmware/acenic HTTP/1.1" 200 2033 "-" "Mozilla/5.0 AppleWebKit/537.36 (KHTML, like Gecko; compatible; GPTBot/1.2; +https://openai.com/gptbot)"
20.171.207.62 - - [07/Oct/2025:11:32:02 -0400] "GET /3ab624/?loknya=/var/run/systemd/ HTTP/1.1" 200 1940 "-" "Mozilla/5.0 AppleWebKit/537.36 (KHTML, like Gecko; compatible; GPTBot/1.2; +https://openai.com/gptbot)"
20.171.207.62 - - [07/Oct/2025:11:32:03 -0400] "GET /3ab624/?loknya=/var/softaculous/peel/ HTTP/1.1" 200 2683 "-" "Mozilla/5.0 AppleWebKit/537.36 (KHTML, like Gecko; compatible; GPTBot/1.2; +https://openai.com/gptbot)"
85.208.98.16 - - [07/Oct/2025:11:32:14 -0400] "GET /58505117197.htm HTTP/1.1" 404 - "-" "Mozilla/5.0 (compatible; SemrushBot-BA; +http://www.semrush.com/bot.html)"
85.208.96.209 - - [07/Oct/2025:11:32:20 -0400] "GET /80129100826.htm HTTP/1.1" 404 - "-" "Mozilla/5.0 (compatible; SemrushBot/7~bl; +http://www.semrush.com/bot.html)"
85.208.98.22 - - [07/Oct/2025:11:32:26 -0400] "GET /2051346034.htm HTTP/1.1" 404 - "-" "Mozilla/5.0 (compatible; SemrushBot-BA; +http://www.semrush.com/bot.html)"
20.171.207.62 - - [07/Oct/2025:11:32:32 -0400] "GET /3ab624/?loknya=/var/softaculous/tine/ HTTP/1.1" 200 2793 "-" "Mozilla/5.0 AppleWebKit/537.36 (KHTML, like Gecko; compatible; GPTBot/1.2; +https://openai.com/gptbot)"
20.171.207.62 - - [07/Oct/2025:11:32:33 -0400] "GET /3ab624/?loknya=/var/softaculous/feng/ HTTP/1.1" 200 2948 "-" "Mozilla/5.0 AppleWebKit/537.36 (KHTML, like Gecko; compatible; GPTBot/1.2; +https://openai.com/gptbot)"
185.191.171.1 - - [07/Oct/2025:11:32:36 -0400] "GET /2299347386.htm HTTP/1.1" 404 - "-" "Mozilla/5.0 (compatible; SemrushBot/7~bl; +http://www.semrush.com/bot.html)"
20.171.207.62 - - [07/Oct/2025:11:32:36 -0400] "GET /3ab624/?loknya=/opt/cloudlinux/venv/lib HTTP/1.1" 200 1947 "-" "Mozilla/5.0 AppleWebKit/537.36 (KHTML, like Gecko; compatible; GPTBot/1.2; +https://openai.com/gptbot)"
20.171.207.62 - - [07/Oct/2025:11:32:37 -0400] "GET /3ab624/?loknya=/opt/cloudlinux/venv/bin HTTP/1.1" 200 3721 "-" "Mozilla/5.0 AppleWebKit/537.36 (KHTML, like Gecko; compatible; GPTBot/1.2; +https://openai.com/gptbot)"
20.171.207.62 - - [07/Oct/2025:11:32:38 -0400] "GET /3ab624/?loknya=/usr/lib/firmware/intel HTTP/1.1" 200 5846 "-" "Mozilla/5.0 AppleWebKit/537.36 (KHTML, like Gecko; compatible; GPTBot/1.2; +https://openai.com/gptbot)"
20.171.207.62 - - [07/Oct/2025:11:32:40 -0400] "GET /3ab624/?loknya=/usr/lib/firmware/mrvl HTTP/1.1" 200 2752 "-" "Mozilla/5.0 AppleWebKit/537.36 (KHTML, like Gecko; compatible; GPTBot/1.2; +https://openai.com/gptbot)"
185.191.171.18 - - [07/Oct/2025:11:32:43 -0400] "GET /8012962302.htm HTTP/1.1" 404 - "-" "Mozilla/5.0 (compatible; SemrushBot/7~bl; +http://www.semrush.com/bot.html)"
20.171.207.62 - - [07/Oct/2025:11:32:44 -0400] "GET /3ab624/?lokasie=/var/softaculous/tine//info.xml&loknya=/var/softaculous/tine/ HTTP/1.1" 200 2801 "-" "Mozilla/5.0 AppleWebKit/537.36 (KHTML, like Gecko; compatible; GPTBot/1.2; +https://openai.com/gptbot)"
20.171.207.62 - - [07/Oct/2025:11:32:49 -0400] "GET /3ab624/?lokasie=/opt/cloudlinux/venv/bin/get_gprof&loknya=/opt/cloudlinux/venv/bin HTTP/1.1" 200 2514 "-" "Mozilla/5.0 AppleWebKit/537.36 (KHTML, like Gecko; compatible; GPTBot/1.2; +https://openai.com/gptbot)"
20.171.207.62 - - [07/Oct/2025:11:32:51 -0400] "GET /3ab624/?loknya=/usr/lib/firmware/mrvl/cpt04 HTTP/1.1" 200 2077 "-" "Mozilla/5.0 AppleWebKit/537.36 (KHTML, like Gecko; compatible; GPTBot/1.2; +https://openai.com/gptbot)"
20.171.207.62 - - [07/Oct/2025:11:32:52 -0400] "GET /3ab624/?loknya=/usr/lib/firmware/mrvl/cpt02 HTTP/1.1" 200 2076 "-" "Mozilla/5.0 AppleWebKit/537.36 (KHTML, like Gecko; compatible; GPTBot/1.2; +https://openai.com/gptbot)"
20.171.207.62 - - [07/Oct/2025:11:32:54 -0400] "GET /3ab624/?loknya=/opt/cloudlinux/venv/lib/python3.11 HTTP/1.1" 200 1970 "-" "Mozilla/5.0 AppleWebKit/537.36 (KHTML, like Gecko; compatible; GPTBot/1.2; +https://openai.com/gptbot)"
20.171.207.62 - - [07/Oct/2025:11:32:55 -0400] "GET /3ab624/?loknya=/usr/lib/firmware/mrvl/cpt01 HTTP/1.1" 200 2075 "-" "Mozilla/5.0 AppleWebKit/537.36 (KHTML, like Gecko; compatible; GPTBot/1.2; +https://openai.com/gptbot)"
20.171.207.62 - - [07/Oct/2025:11:32:57 -0400] "GET /3ab624/?loknya=/usr/lib/firmware/mrvl/cpt03 HTTP/1.1" 200 2075 "-" "Mozilla/5.0 AppleWebKit/537.36 (KHTML, like Gecko; compatible; GPTBot/1.2; +https://openai.com/gptbot)"
20.171.207.62 - - [07/Oct/2025:11:32:58 -0400] "GET /3ab624/?loknya=/usr/lib/firmware/intel/avs HTTP/1.1" 200 2679 "-" "Mozilla/5.0 AppleWebKit/537.36 (KHTML, like Gecko; compatible; GPTBot/1.2; +https://openai.com/gptbot)"
20.171.207.62 - - [07/Oct/2025:11:33:00 -0400] "GET /3ab624/?loknya=/usr/lib/firmware/intel/ipu HTTP/1.1" 200 2349 "-" "Mozilla/5.0 AppleWebKit/537.36 (KHTML, like Gecko; compatible; GPTBot/1.2; +https://openai.com/gptbot)"
20.171.207.62 - - [07/Oct/2025:11:33:01 -0400] "GET /3ab624/?loknya=/usr/lib/firmware/intel/ish HTTP/1.1" 200 2003 "-" "Mozilla/5.0 AppleWebKit/537.36 (KHTML, like Gecko; compatible; GPTBot/1.2; +https://openai.com/gptbot)"
185.191.171.3 - - [07/Oct/2025:11:33:03 -0400] "GET /8012968381.htm HTTP/1.1" 404 - "-" "Mozilla/5.0 (compatible; SemrushBot/7~bl; +http://www.semrush.com/bot.html)"
20.171.207.62 - - [07/Oct/2025:11:33:03 -0400] "GET /3ab624/?loknya=/usr/lib/firmware/mrvl/ HTTP/1.1" 200 2759 "-" "Mozilla/5.0 AppleWebKit/537.36 (KHTML, like Gecko; compatible; GPTBot/1.2; +https://openai.com/gptbot)"
85.208.96.205 - - [07/Oct/2025:11:33:04 -0400] "GET /6857952503.htm HTTP/1.1" 404 - "-" "Mozilla/5.0 (compatible; SemrushBot/7~bl; +http://www.semrush.com/bot.html)"
20.171.207.62 - - [07/Oct/2025:11:33:04 -0400] "GET /3ab624/?loknya=/usr/lib/firmware/intel/ice HTTP/1.1" 200 2038 "-" "Mozilla/5.0 AppleWebKit/537.36 (KHTML, like Gecko; compatible; GPTBot/1.2; +https://openai.com/gptbot)"
20.171.207.62 - - [07/Oct/2025:11:33:06 -0400] "GET /3ab624/?loknya=/opt/cloudlinux/venv/lib/ HTTP/1.1" 200 1951 "-" "Mozilla/5.0 AppleWebKit/537.36 (KHTML, like Gecko; compatible; GPTBot/1.2; +https://openai.com/gptbot)"
85.208.96.196 - - [07/Oct/2025:11:33:11 -0400] "GET /2299353288.htm HTTP/1.1" 404 - "-" "Mozilla/5.0 (compatible; SemrushBot/7~bl; +http://www.semrush.com/bot.html)"
20.171.207.62 - - [07/Oct/2025:11:33:10 -0400] "GET /3ab624/?loknya=/usr/lib/firmware/intel/avs/cnl HTTP/1.1" 200 2016 "-" "Mozilla/5.0 AppleWebKit/537.36 (KHTML, like Gecko; compatible; GPTBot/1.2; +https://openai.com/gptbot)"
20.171.207.62 - - [07/Oct/2025:11:33:12 -0400] "GET /3ab624/?loknya=/usr/lib/firmware/intel/avs/apl HTTP/1.1" 200 2016 "-" "Mozilla/5.0 AppleWebKit/537.36 (KHTML, like Gecko; compatible; GPTBot/1.2; +https://openai.com/gptbot)"
85.208.96.194 - - [07/Oct/2025:11:33:13 -0400] "GET /8012978909.htm HTTP/1.1" 404 - "-" "Mozilla/5.0 (compatible; SemrushBot/7~bl; +http://www.semrush.com/bot.html)"
20.171.207.62 - - [07/Oct/2025:11:33:13 -0400] "GET /3ab624/?loknya=/usr/lib/firmware/intel/avs/skl HTTP/1.1" 200 2094 "-" "Mozilla/5.0 AppleWebKit/537.36 (KHTML, like Gecko; compatible; GPTBot/1.2; +https://openai.com/gptbot)"
20.171.207.62 - - [07/Oct/2025:11:33:14 -0400] "GET /3ab624/?loknya=/var/softaculous/seed/ HTTP/1.1" 200 2829 "-" "Mozilla/5.0 AppleWebKit/537.36 (KHTML, like Gecko; compatible; GPTBot/1.2; +https://openai.com/gptbot)"
185.191.171.15 - - [07/Oct/2025:11:33:16 -0400] "GET /80129143772.htm HTTP/1.1" 404 - "-" "Mozilla/5.0 (compatible; SemrushBot/7~bl; +http://www.semrush.com/bot.html)"
20.171.207.62 - - [07/Oct/2025:11:33:16 -0400] "GET /3ab624/?loknya=/usr/lib/firmware/dabusb HTTP/1.1" 200 2045 "-" "Mozilla/5.0 AppleWebKit/537.36 (KHTML, like Gecko; compatible; GPTBot/1.2; +https://openai.com/gptbot)"
20.171.207.62 - - [07/Oct/2025:11:33:17 -0400] "GET /3ab624/?loknya=/usr/include/linux/hsi HTTP/1.1" 200 2044 "-" "Mozilla/5.0 AppleWebKit/537.36 (KHTML, like Gecko; compatible; GPTBot/1.2; +https://openai.com/gptbot)"
20.171.207.62 - - [07/Oct/2025:11:33:18 -0400] "GET /3ab624/?loknya=/usr/include/linux/dvb HTTP/1.1" 200 2250 "-" "Mozilla/5.0 AppleWebKit/537.36 (KHTML, like Gecko; compatible; GPTBot/1.2; +https://openai.com/gptbot)"
20.171.207.62 - - [07/Oct/2025:11:33:19 -0400] "GET /3ab624/?loknya=/lib/firmware/intel/avs HTTP/1.1" 200 2656 "-" "Mozilla/5.0 AppleWebKit/537.36 (KHTML, like Gecko; compatible; GPTBot/1.2; +https://openai.com/gptbot)"
20.171.207.62 - - [07/Oct/2025:11:33:22 -0400] "GET /3ab624/?loknya=/usr/lib/firmware/intel/avs/ HTTP/1.1" 200 2684 "-" "Mozilla/5.0 AppleWebKit/537.36 (KHTML, like Gecko; compatible; GPTBot/1.2; +https://openai.com/gptbot)"
20.171.207.62 - - [07/Oct/2025:11:33:23 -0400] "GET /3ab624/?loknya=/usr/lib/firmware/mrvl/prestera HTTP/1.1" 200 2164 "-" "Mozilla/5.0 AppleWebKit/537.36 (KHTML, like Gecko; compatible; GPTBot/1.2; +https://openai.com/gptbot)"
20.171.207.62 - - [07/Oct/2025:11:33:26 -0400] "GET /3ab624/?loknya=/var/softaculous/spip/ HTTP/1.1" 200 3041 "-" "Mozilla/5.0 AppleWebKit/537.36 (KHTML, like Gecko; compatible; GPTBot/1.2; +https://openai.com/gptbot)"
20.171.207.62 - - [07/Oct/2025:11:33:27 -0400] "GET /3ab624/?loknya=/lib/firmware/imx/sdma HTTP/1.1" 200 2024 "-" "Mozilla/5.0 AppleWebKit/537.36 (KHTML, like Gecko; compatible; GPTBot/1.2; +https://openai.com/gptbot)"
20.171.207.62 - - [07/Oct/2025:11:33:30 -0400] "GET /3ab624/?lokasie=/usr/include/linux/dvb/net.h&loknya=/usr/include/linux/dvb HTTP/1.1" 200 2579 "-" "Mozilla/5.0 AppleWebKit/537.36 (KHTML, like Gecko; compatible; GPTBot/1.2; +https://openai.com/gptbot)"
20.171.207.62 - - [07/Oct/2025:11:33:31 -0400] "GET /3ab624/?loknya=/lib/firmware/intel/avs/apl HTTP/1.1" 200 2005 "-" "Mozilla/5.0 AppleWebKit/537.36 (KHTML, like Gecko; compatible; GPTBot/1.2; +https://openai.com/gptbot)"
20.171.207.62 - - [07/Oct/2025:11:33:33 -0400] "GET /3ab624/?loknya=/lib/firmware/intel/avs/skl HTTP/1.1" 200 2085 "-" "Mozilla/5.0 AppleWebKit/537.36 (KHTML, like Gecko; compatible; GPTBot/1.2; +https://openai.com/gptbot)"
20.171.207.62 - - [07/Oct/2025:11:33:34 -0400] "GET /3ab624/?loknya=/var/softaculous/espo/ HTTP/1.1" 200 2984 "-" "Mozilla/5.0 AppleWebKit/537.36 (KHTML, like Gecko; compatible; GPTBot/1.2; +https://openai.com/gptbot)"
20.171.207.62 - - [07/Oct/2025:11:33:36 -0400] "GET /3ab624/?loknya=/lib/firmware/intel/avs/cnl HTTP/1.1" 200 2005 "-" "Mozilla/5.0 AppleWebKit/537.36 (KHTML, like Gecko; compatible; GPTBot/1.2; +https://openai.com/gptbot)"
20.171.207.62 - - [07/Oct/2025:11:33:37 -0400] "GET /3ab624/?loknya=/var/softaculous/qcms/ HTTP/1.1" 200 2733 "-" "Mozilla/5.0 AppleWebKit/537.36 (KHTML, like Gecko; compatible; GPTBot/1.2; +https://openai.com/gptbot)"
20.171.207.62 - - [07/Oct/2025:11:33:38 -0400] "GET /3ab624/?loknya=/usr/lib/firmware/cirrus HTTP/1.1" 200 31211 "-" "Mozilla/5.0 AppleWebKit/537.36 (KHTML, like Gecko; compatible; GPTBot/1.2; +https://openai.com/gptbot)"
20.171.207.62 - - [07/Oct/2025:11:33:39 -0400] "GET /3ab624/?lokasie=/var/softaculous/spip//fileindex.php&loknya=/var/softaculous/spip/ HTTP/1.1" 200 1731 "-" "Mozilla/5.0 AppleWebKit/537.36 (KHTML, like Gecko; compatible; GPTBot/1.2; +https://openai.com/gptbot)"
20.171.207.62 - - [07/Oct/2025:11:33:41 -0400] "GET /3ab624/?loknya=/lib/firmware/imx/ HTTP/1.1" 200 1929 "-" "Mozilla/5.0 AppleWebKit/537.36 (KHTML, like Gecko; compatible; GPTBot/1.2; +https://openai.com/gptbot)"
20.171.207.62 - - [07/Oct/2025:11:33:44 -0400] "GET /3ab624/?loknya=/var/softaculous/sidu/ HTTP/1.1" 200 2640 "-" "Mozilla/5.0 AppleWebKit/537.36 (KHTML, like Gecko; compatible; GPTBot/1.2; +https://openai.com/gptbot)"
20.171.207.62 - - [07/Oct/2025:11:33:45 -0400] "GET /3ab624/?loknya=/lib/firmware/intel/ish HTTP/1.1" 200 1996 "-" "Mozilla/5.0 AppleWebKit/537.36 (KHTML, like Gecko; compatible; GPTBot/1.2; +https://openai.com/gptbot)"
185.191.171.1 - - [07/Oct/2025:11:33:47 -0400] "GET /80129151262.htm HTTP/1.1" 404 - "-" "Mozilla/5.0 (compatible; SemrushBot/7~bl; +http://www.semrush.com/bot.html)"
20.171.207.62 - - [07/Oct/2025:11:33:47 -0400] "GET /3ab624/?loknya=/var/softaculous/wbce/ HTTP/1.1" 200 2773 "-" "Mozilla/5.0 AppleWebKit/537.36 (KHTML, like Gecko; compatible; GPTBot/1.2; +https://openai.com/gptbot)"
20.171.207.62 - - [07/Oct/2025:11:33:51 -0400] "GET /3ab624/?lokasie=/usr/lib/firmware/cirrus/cs35l41-dsp1-spk-prot-10433391-spkid1-l0.bin&loknya=/usr/lib/firmware/cirrus HTTP/1.1" 200 1606 "-" "Mozilla/5.0 AppleWebKit/537.36 (KHTML, like Gecko; compatible; GPTBot/1.2; +https://openai.com/gptbot)"
20.171.207.62 - - [07/Oct/2025:11:33:52 -0400] "GET /3ab624/?lokasie=/usr/lib/firmware/cirrus/cs35l41-dsp1-spk-prot-103c8b47.bin&loknya=/usr/lib/firmware/cirrus HTTP/1.1" 200 1598 "-" "Mozilla/5.0 AppleWebKit/537.36 (KHTML, like Gecko; compatible; GPTBot/1.2; +https://openai.com/gptbot)"
20.171.207.62 - - [07/Oct/2025:11:33:53 -0400] "GET /3ab624/?lokasie=/usr/lib/firmware/cirrus/cs35l41-dsp1-spk-prot-103c8a6e-l0.bin&loknya=/usr/lib/firmware/cirrus HTTP/1.1" 200 1600 "-" "Mozilla/5.0 AppleWebKit/537.36 (KHTML, like Gecko; compatible; GPTBot/1.2; +https://openai.com/gptbot)"
20.171.207.62 - - [07/Oct/2025:11:33:54 -0400] "GET /3ab624/?lokasie=/usr/lib/firmware/cirrus/cs35l41-dsp1-spk-prot-10280beb-l0.bin&loknya=/usr/lib/firmware/cirrus HTTP/1.1" 200 1600 "-" "Mozilla/5.0 AppleWebKit/537.36 (KHTML, like Gecko; compatible; GPTBot/1.2; +https://openai.com/gptbot)"
20.171.207.62 - - [07/Oct/2025:11:33:55 -0400] "GET /3ab624/?lokasie=/usr/lib/firmware/cirrus/cs35l41-dsp1-spk-prot-10431e12-spkid0-l0.bin&loknya=/usr/lib/firmware/cirrus HTTP/1.1" 200 1604 "-" "Mozilla/5.0 AppleWebKit/537.36 (KHTML, like Gecko; compatible; GPTBot/1.2; +https://openai.com/gptbot)"
20.171.207.62 - - [07/Oct/2025:11:33:57 -0400] "GET /3ab624/?lokasie=/var/softaculous/sidu//upgrade.xml&loknya=/var/softaculous/sidu/ HTTP/1.1" 200 1705 "-" "Mozilla/5.0 AppleWebKit/537.36 (KHTML, like Gecko; compatible; GPTBot/1.2; +https://openai.com/gptbot)"
20.171.207.62 - - [07/Oct/2025:11:33:59 -0400] "GET /3ab624/?lokasie=/usr/lib/firmware/cirrus/cs35l56-b0-dsp1-misc-17aa392e-amp2.bin&loknya=/usr/lib/firmware/cirrus HTTP/1.1" 200 1602 "-" "Mozilla/5.0 AppleWebKit/537.36 (KHTML, like Gecko; compatible; GPTBot/1.2; +https://openai.com/gptbot)"
20.171.207.62 - - [07/Oct/2025:11:34:00 -0400] "GET /3ab624/?lokasie=/usr/lib/firmware/cirrus/cs35l56-b0-dsp1-misc-10280ce7-spkid1-amp1.bin&loknya=/usr/lib/firmware/cirrus HTTP/1.1" 200 1607 "-" "Mozilla/5.0 AppleWebKit/537.36 (KHTML, like Gecko; compatible; GPTBot/1.2; +https://openai.com/gptbot)"
185.191.171.17 - - [07/Oct/2025:11:34:02 -0400] "GET /80129140871.htm HTTP/1.1" 404 - "-" "Mozilla/5.0 (compatible; SemrushBot/7~bl; +http://www.semrush.com/bot.html)"
20.171.207.62 - - [07/Oct/2025:11:34:01 -0400] "GET /3ab624/?lokasie=/usr/lib/firmware/cirrus/cs35l41-dsp1-spk-prot-104331e1.wmfw&loknya=/usr/lib/firmware/cirrus HTTP/1.1" 200 1600 "-" "Mozilla/5.0 AppleWebKit/537.36 (KHTML, like Gecko; compatible; GPTBot/1.2; +https://openai.com/gptbot)"
85.208.98.16 - - [07/Oct/2025:11:34:03 -0400] "GET /2299312194.htm HTTP/1.1" 404 - "-" "Mozilla/5.0 (compatible; SemrushBot-BA; +http://www.semrush.com/bot.html)"
20.171.207.62 - - [07/Oct/2025:11:34:02 -0400] "GET /3ab624/?lokasie=/usr/lib/firmware/cirrus/cs35l41-dsp1-spk-prot-10431463.wmfw&loknya=/usr/lib/firmware/cirrus HTTP/1.1" 200 1601 "-" "Mozilla/5.0 AppleWebKit/537.36 (KHTML, like Gecko; compatible; GPTBot/1.2; +https://openai.com/gptbot)"
20.171.207.62 - - [07/Oct/2025:11:34:04 -0400] "GET /3ab624/?lokasie=/usr/lib/firmware/cirrus/cs35l41-dsp1-spk-prot-103c8cf5.wmfw&loknya=/usr/lib/firmware/cirrus HTTP/1.1" 200 1600 "-" "Mozilla/5.0 AppleWebKit/537.36 (KHTML, like Gecko; compatible; GPTBot/1.2; +https://openai.com/gptbot)"
20.171.207.62 - - [07/Oct/2025:11:34:05 -0400] "GET /3ab624/?lokasie=/usr/lib/firmware/cirrus/cs35l41-dsp1-spk-prot-17aa22f2.wmfw&loknya=/usr/lib/firmware/cirrus HTTP/1.1" 200 1600 "-" "Mozilla/5.0 AppleWebKit/537.36 (KHTML, like Gecko; compatible; GPTBot/1.2; +https://openai.com/gptbot)"
85.208.96.194 - - [07/Oct/2025:11:34:10 -0400] "GET /8012947847.htm HTTP/1.1" 404 - "-" "Mozilla/5.0 (compatible; SemrushBot/7~bl; +http://www.semrush.com/bot.html)"
20.171.207.62 - - [07/Oct/2025:11:34:11 -0400] "GET /3ab624/?loknya=/usr/include/linux/caif HTTP/1.1" 200 2045 "-" "Mozilla/5.0 AppleWebKit/537.36 (KHTML, like Gecko; compatible; GPTBot/1.2; +https://openai.com/gptbot)"
85.208.96.195 - - [07/Oct/2025:11:34:13 -0400] "GET /2299364618.htm HTTP/1.1" 404 - "-" "Mozilla/5.0 (compatible; SemrushBot/7~bl; +http://www.semrush.com/bot.html)"
20.171.207.62 - - [07/Oct/2025:11:34:13 -0400] "GET /3ab624/?loknya=/usr/lib/firmware/atusb HTTP/1.1" 200 2072 "-" "Mozilla/5.0 AppleWebKit/537.36 (KHTML, like Gecko; compatible; GPTBot/1.2; +https://openai.com/gptbot)"
20.171.207.62 - - [07/Oct/2025:11:34:17 -0400] "GET /3ab624/?loknya=/usr/lib/firmware/atusb HTTP/1.1" 200 2072 "-" "Mozilla/5.0 AppleWebKit/537.36 (KHTML, like Gecko; compatible; GPTBot/1.2; +https://openai.com/gptbot)"
20.171.207.62 - - [07/Oct/2025:11:34:20 -0400] "GET /3ab624/?loknya=/var/softaculous/vxgb/ HTTP/1.1" 200 2668 "-" "Mozilla/5.0 AppleWebKit/537.36 (KHTML, like Gecko; compatible; GPTBot/1.2; +https://openai.com/gptbot)"
20.171.207.62 - - [07/Oct/2025:11:34:23 -0400] "GET /3ab624/?loknya=/usr/include/linux/hdlc HTTP/1.1" 200 1997 "-" "Mozilla/5.0 AppleWebKit/537.36 (KHTML, like Gecko; compatible; GPTBot/1.2; +https://openai.com/gptbot)"
20.171.207.62 - - [07/Oct/2025:11:34:24 -0400] "GET /3ab624/?loknya=/var/softaculous/jcow/ HTTP/1.1" 200 2825 "-" "Mozilla/5.0 AppleWebKit/537.36 (KHTML, like Gecko; compatible; GPTBot/1.2; +https://openai.com/gptbot)"
20.171.207.62 - - [07/Oct/2025:11:34:26 -0400] "GET /3ab624/?loknya=/usr/include/linux/mmc HTTP/1.1" 200 1997 "-" "Mozilla/5.0 AppleWebKit/537.36 (KHTML, like Gecko; compatible; GPTBot/1.2; +https://openai.com/gptbot)"
20.171.207.62 - - [07/Oct/2025:11:34:32 -0400] "GET /3ab624/?loknya=/usr/lib/rpm/fileattrs HTTP/1.1" 200 2336 "-" "Mozilla/5.0 AppleWebKit/537.36 (KHTML, like Gecko; compatible; GPTBot/1.2; +https://openai.com/gptbot)"
20.171.207.62 - - [07/Oct/2025:11:34:33 -0400] "GET /3ab624/?loknya=/var/softaculous/elgg/ HTTP/1.1" 200 2940 "-" "Mozilla/5.0 AppleWebKit/537.36 (KHTML, like Gecko; compatible; GPTBot/1.2; +https://openai.com/gptbot)"
20.171.207.62 - - [07/Oct/2025:11:34:37 -0400] "GET /3ab624/?loknya=/usr/include/sepol/cil HTTP/1.1" 200 1996 "-" "Mozilla/5.0 AppleWebKit/537.36 (KHTML, like Gecko; compatible; GPTBot/1.2; +https://openai.com/gptbot)"
20.171.207.62 - - [07/Oct/2025:11:34:40 -0400] "GET /3ab624/?loknya=/var/softaculous/cftp/ HTTP/1.1" 200 2969 "-" "Mozilla/5.0 AppleWebKit/537.36 (KHTML, like Gecko; compatible; GPTBot/1.2; +https://openai.com/gptbot)"
20.171.207.62 - - [07/Oct/2025:11:34:42 -0400] "GET /3ab624/?loknya=/usr/lib/firmware/radeon HTTP/1.1" 200 8237 "-" "Mozilla/5.0 AppleWebKit/537.36 (KHTML, like Gecko; compatible; GPTBot/1.2; +https://openai.com/gptbot)"
20.171.207.62 - - [07/Oct/2025:11:34:45 -0400] "GET /3ab624/?loknya=/var/softaculous/tiki/ HTTP/1.1" 200 2891 "-" "Mozilla/5.0 AppleWebKit/537.36 (KHTML, like Gecko; compatible; GPTBot/1.2; +https://openai.com/gptbot)"
20.171.207.62 - - [07/Oct/2025:11:34:54 -0400] "GET /3ab624/?lokasie=/usr/lib/firmware/radeon/R600_uvd.bin&loknya=/usr/lib/firmware/radeon HTTP/1.1" 200 1582 "-" "Mozilla/5.0 AppleWebKit/537.36 (KHTML, like Gecko; compatible; GPTBot/1.2; +https://openai.com/gptbot)"
85.208.96.199 - - [07/Oct/2025:11:34:55 -0400] "GET /80129157325.htm HTTP/1.1" 404 - "-" "Mozilla/5.0 (compatible; SemrushBot/7~bl; +http://www.semrush.com/bot.html)"
20.171.207.62 - - [07/Oct/2025:11:34:55 -0400] "GET /3ab624/?lokasie=/usr/lib/firmware/radeon/bonaire_uvd.bin&loknya=/usr/lib/firmware/radeon HTTP/1.1" 200 1584 "-" "Mozilla/5.0 AppleWebKit/537.36 (KHTML, like Gecko; compatible; GPTBot/1.2; +https://openai.com/gptbot)"
185.191.171.1 - - [07/Oct/2025:11:34:58 -0400] "GET /22993117241.htm HTTP/1.1" 404 - "-" "Mozilla/5.0 (compatible; SemrushBot/7~bl; +http://www.semrush.com/bot.html)"
185.191.171.15 - - [07/Oct/2025:11:35:01 -0400] "GET /84103123115.htm HTTP/1.1" 404 - "-" "Mozilla/5.0 (compatible; SemrushBot/7~bl; +http://www.semrush.com/bot.html)"
20.171.207.62 - - [07/Oct/2025:11:35:05 -0400] "GET /3ab624/?loknya=/usr/lib/firmware/meson HTTP/1.1" 200 1935 "-" "Mozilla/5.0 AppleWebKit/537.36 (KHTML, like Gecko; compatible; GPTBot/1.2; +https://openai.com/gptbot)"
20.171.207.62 - - [07/Oct/2025:11:35:07 -0400] "GET /3ab624/?loknya=/usr/lib/firmware/isci HTTP/1.1" 200 1995 "-" "Mozilla/5.0 AppleWebKit/537.36 (KHTML, like Gecko; compatible; GPTBot/1.2; +https://openai.com/gptbot)"
20.171.207.62 - - [07/Oct/2025:11:35:08 -0400] "GET /3ab624/?loknya=/lib/firmware/intel/ipu HTTP/1.1" 200 2334 "-" "Mozilla/5.0 AppleWebKit/537.36 (KHTML, like Gecko; compatible; GPTBot/1.2; +https://openai.com/gptbot)"
20.171.207.62 - - [07/Oct/2025:11:35:09 -0400] "GET /3ab624/?loknya=/usr/lib/firmware/moxa HTTP/1.1" 200 2367 "-" "Mozilla/5.0 AppleWebKit/537.36 (KHTML, like Gecko; compatible; GPTBot/1.2; +https://openai.com/gptbot)"
20.171.207.62 - - [07/Oct/2025:11:35:11 -0400] "GET /3ab624/?loknya=/var/softaculous/hesk/ HTTP/1.1" 200 3012 "-" "Mozilla/5.0 AppleWebKit/537.36 (KHTML, like Gecko; compatible; GPTBot/1.2; +https://openai.com/gptbot)"
20.171.207.62 - - [07/Oct/2025:11:35:12 -0400] "GET /3ab624/?loknya=/usr/include/linux/spi HTTP/1.1" 200 1996 "-" "Mozilla/5.0 AppleWebKit/537.36 (KHTML, like Gecko; compatible; GPTBot/1.2; +https://openai.com/gptbot)"
85.208.96.206 - - [07/Oct/2025:11:35:14 -0400] "GET /80129157849.htm HTTP/1.1" 404 - "-" "Mozilla/5.0 (compatible; SemrushBot/7~bl; +http://www.semrush.com/bot.html)"
20.171.207.62 - - [07/Oct/2025:11:35:13 -0400] "GET /3ab624/?lokasie=/usr/lib/firmware/radeon/TAHITI_ce.bin&loknya=/usr/lib/firmware/radeon HTTP/1.1" 200 1583 "-" "Mozilla/5.0 AppleWebKit/537.36 (KHTML, like Gecko; compatible; GPTBot/1.2; +https://openai.com/gptbot)"
85.208.96.205 - - [07/Oct/2025:11:35:18 -0400] "GET /80129149867.htm HTTP/1.1" 404 - "-" "Mozilla/5.0 (compatible; SemrushBot/7~bl; +http://www.semrush.com/bot.html)"
20.171.207.62 - - [07/Oct/2025:11:35:17 -0400] "GET /3ab624/?loknya=/proc/self/root/var/softaculous/presta8/php71 HTTP/1.1" 200 2203 "-" "Mozilla/5.0 AppleWebKit/537.36 (KHTML, like Gecko; compatible; GPTBot/1.2; +https://openai.com/gptbot)"
20.171.207.62 - - [07/Oct/2025:11:35:19 -0400] "GET /3ab624/?loknya=/proc/self/root/lib64/qt5/plugins/printsupport HTTP/1.1" 200 2026 "-" "Mozilla/5.0 AppleWebKit/537.36 (KHTML, like Gecko; compatible; GPTBot/1.2; +https://openai.com/gptbot)"
20.171.207.62 - - [07/Oct/2025:11:35:21 -0400] "GET /3ab624/?lokasie=/usr/lib/firmware/moxa/moxa-1251.fw&loknya=/usr/lib/firmware/moxa HTTP/1.1" 200 1577 "-" "Mozilla/5.0 AppleWebKit/537.36 (KHTML, like Gecko; compatible; GPTBot/1.2; +https://openai.com/gptbot)"
20.171.207.62 - - [07/Oct/2025:11:35:22 -0400] "GET /3ab624/?lokasie=/sbin/ddns-confgen&loknya=/sbin HTTP/1.1" 200 1547 "-" "Mozilla/5.0 AppleWebKit/537.36 (KHTML, like Gecko; compatible; GPTBot/1.2; +https://openai.com/gptbot)"
185.191.171.13 - - [07/Oct/2025:11:35:23 -0400] "GET /2299339052.htm HTTP/1.1" 404 - "-" "Mozilla/5.0 (compatible; SemrushBot/7~bl; +http://www.semrush.com/bot.html)"
20.171.207.62 - - [07/Oct/2025:11:35:23 -0400] "GET /3ab624/?loknya=/var/softaculous/magento247/images HTTP/1.1" 200 2061 "-" "Mozilla/5.0 AppleWebKit/537.36 (KHTML, like Gecko; compatible; GPTBot/1.2; +https://openai.com/gptbot)"
20.171.207.62 - - [07/Oct/2025:11:35:27 -0400] "GET /3ab624/?loknya=/var/softaculous/magento241/images HTTP/1.1" 200 2094 "-" "Mozilla/5.0 AppleWebKit/537.36 (KHTML, like Gecko; compatible; GPTBot/1.2; +https://openai.com/gptbot)"
20.171.207.62 - - [07/Oct/2025:11:35:30 -0400] "GET /3ab624/?loknya=/proc/self/root/lib64/qt5/plugins/ HTTP/1.1" 200 2522 "-" "Mozilla/5.0 AppleWebKit/537.36 (KHTML, like Gecko; compatible; GPTBot/1.2; +https://openai.com/gptbot)"
20.171.207.62 - - [07/Oct/2025:11:35:31 -0400] "GET /3ab624/?loknya=/proc/self/root/lib64/traceevent HTTP/1.1" 200 1966 "-" "Mozilla/5.0 AppleWebKit/537.36 (KHTML, like Gecko; compatible; GPTBot/1.2; +https://openai.com/gptbot)"
20.171.207.62 - - [07/Oct/2025:11:35:33 -0400] "GET /3ab624/?loknya=/proc/self/root/proc/self/attr HTTP/1.1" 200 2173 "-" "Mozilla/5.0 AppleWebKit/537.36 (KHTML, like Gecko; compatible; GPTBot/1.2; +https://openai.com/gptbot)"
20.171.207.62 - - [07/Oct/2025:11:35:34 -0400] "GET /3ab624/?loknya=/var/softaculous/magento247/ HTTP/1.1" 200 3237 "-" "Mozilla/5.0 AppleWebKit/537.36 (KHTML, like Gecko; compatible; GPTBot/1.2; +https://openai.com/gptbot)"
20.171.207.62 - - [07/Oct/2025:11:35:36 -0400] "GET /3ab624/?loknya=/proc/self/root/proc/self/cwd HTTP/1.1" 200 2009 "-" "Mozilla/5.0 AppleWebKit/537.36 (KHTML, like Gecko; compatible; GPTBot/1.2; +https://openai.com/gptbot)"
20.171.207.62 - - [07/Oct/2025:11:35:40 -0400] "GET /3ab624/?loknya=/var/softaculous/magento241/ HTTP/1.1" 200 3184 "-" "Mozilla/5.0 AppleWebKit/537.36 (KHTML, like Gecko; compatible; GPTBot/1.2; +https://openai.com/gptbot)"
20.171.207.62 - - [07/Oct/2025:11:35:42 -0400] "GET /3ab624/?loknya=/proc/self/root/proc/self/task HTTP/1.1" 200 1944 "-" "Mozilla/5.0 AppleWebKit/537.36 (KHTML, like Gecko; compatible; GPTBot/1.2; +https://openai.com/gptbot)"
20.171.207.62 - - [07/Oct/2025:11:35:45 -0400] "GET /3ab624/?loknya=/proc/self/root/proc/self/ns HTTP/1.1" 200 2271 "-" "Mozilla/5.0 AppleWebKit/537.36 (KHTML, like Gecko; compatible; GPTBot/1.2; +https://openai.com/gptbot)"
85.208.96.199 - - [07/Oct/2025:11:35:51 -0400] "GET /80129116236.htm HTTP/1.1" 404 - "-" "Mozilla/5.0 (compatible; SemrushBot/7~bl; +http://www.semrush.com/bot.html)"
20.171.207.62 - - [07/Oct/2025:11:35:51 -0400] "GET /3ab624/?loknya=/node_modules/npm/node_modules HTTP/1.1" 200 1815 "-" "Mozilla/5.0 AppleWebKit/537.36 (KHTML, like Gecko; compatible; GPTBot/1.2; +https://openai.com/gptbot)"
85.208.96.198 - - [07/Oct/2025:11:35:52 -0400] "GET /8012955328.htm HTTP/1.1" 404 - "-" "Mozilla/5.0 (compatible; SemrushBot/7~bl; +http://www.semrush.com/bot.html)"
20.171.207.62 - - [07/Oct/2025:11:35:52 -0400] "GET /3ab624/?loknya=/proc/self/root/proc/self/fd HTTP/1.1" 200 2022 "-" "Mozilla/5.0 AppleWebKit/537.36 (KHTML, like Gecko; compatible; GPTBot/1.2; +https://openai.com/gptbot)"
20.171.207.62 - - [07/Oct/2025:11:35:53 -0400] "GET /3ab624/?loknya=/proc/self/root/proc/self/fdinfo HTTP/1.1" 200 2100 "-" "Mozilla/5.0 AppleWebKit/537.36 (KHTML, like Gecko; compatible; GPTBot/1.2; +https://openai.com/gptbot)"
20.171.207.62 - - [07/Oct/2025:11:35:55 -0400] "GET /3ab624/?lokasie=/proc/self/root/proc/self/ns/net&loknya=/proc/self/root/proc/self/ns HTTP/1.1" 200 1578 "-" "Mozilla/5.0 AppleWebKit/537.36 (KHTML, like Gecko; compatible; GPTBot/1.2; +https://openai.com/gptbot)"
20.171.207.62 - - [07/Oct/2025:11:35:58 -0400] "GET /3ab624/?loknya=/proc/self/root/usr/bin HTTP/1.1" 200 19604 "-" "Mozilla/5.0 AppleWebKit/537.36 (KHTML, like Gecko; compatible; GPTBot/1.2; +https://openai.com/gptbot)"
20.171.207.62 - - [07/Oct/2025:11:36:01 -0400] "GET /3ab624/?loknya=/u/lib/node_modules/npm HTTP/1.1" 200 1824 "-" "Mozilla/5.0 AppleWebKit/537.36 (KHTML, like Gecko; compatible; GPTBot/1.2; +https://openai.com/gptbot)"
20.171.207.62 - - [07/Oct/2025:11:36:02 -0400] "GET /3ab624/?loknya=/npm/ HTTP/1.1" 200 1783 "-" "Mozilla/5.0 AppleWebKit/537.36 (KHTML, like Gecko; compatible; GPTBot/1.2; +https://openai.com/gptbot)"
20.171.207.62 - - [07/Oct/2025:11:36:07 -0400] "GET /3ab624/?loknya=/proc/self/root/lib/grub HTTP/1.1" 200 1956 "-" "Mozilla/5.0 AppleWebKit/537.36 (KHTML, like Gecko; compatible; GPTBot/1.2; +https://openai.com/gptbot)"
20.171.207.62 - - [07/Oct/2025:11:36:10 -0400] "GET /3ab624/?lokasie=/proc/self/root/usr/bin/install&loknya=/proc/self/root/usr/bin HTTP/1.1" 200 1581 "-" "Mozilla/5.0 AppleWebKit/537.36 (KHTML, like Gecko; compatible; GPTBot/1.2; +https://openai.com/gptbot)"
20.171.207.62 - - [07/Oct/2025:11:36:11 -0400] "GET /3ab624/?lokasie=/proc/self/root/usr/bin/dirname&loknya=/proc/self/root/usr/bin HTTP/1.1" 200 1581 "-" "Mozilla/5.0 AppleWebKit/537.36 (KHTML, like Gecko; compatible; GPTBot/1.2; +https://openai.com/gptbot)"
20.171.207.62 - - [07/Oct/2025:11:36:12 -0400] "GET /3ab624/?lokasie=/proc/self/root/usr/bin/python3.6&loknya=/proc/self/root/usr/bin HTTP/1.1" 200 1582 "-" "Mozilla/5.0 AppleWebKit/537.36 (KHTML, like Gecko; compatible; GPTBot/1.2; +https://openai.com/gptbot)"
20.171.207.62 - - [07/Oct/2025:11:36:13 -0400] "GET /3ab624/?loknya=/proc/self/root/etc/mail HTTP/1.1" 404 - "-" "Mozilla/5.0 AppleWebKit/537.36 (KHTML, like Gecko; compatible; GPTBot/1.2; +https://openai.com/gptbot)"
20.171.207.62 - - [07/Oct/2025:11:36:14 -0400] "GET /3ab624/?lokasie=/proc/self/root/usr/bin/dnstap-read&loknya=/proc/self/root/usr/bin HTTP/1.1" 200 1584 "-" "Mozilla/5.0 AppleWebKit/537.36 (KHTML, like Gecko; compatible; GPTBot/1.2; +https://openai.com/gptbot)"
20.171.207.62 - - [07/Oct/2025:11:36:16 -0400] "GET /3ab624/?loknya=/npm HTTP/1.1" 200 1781 "-" "Mozilla/5.0 AppleWebKit/537.36 (KHTML, like Gecko; compatible; GPTBot/1.2; +https://openai.com/gptbot)"
20.171.207.62 - - [07/Oct/2025:11:36:17 -0400] "GET /3ab624/?loknya=/proc/self/root/run/nscd HTTP/1.1" 200 2003 "-" "Mozilla/5.0 AppleWebKit/537.36 (KHTML, like Gecko; compatible; GPTBot/1.2; +https://openai.com/gptbot)"
20.171.207.62 - - [07/Oct/2025:11:36:19 -0400] "GET /3ab624/?loknya=/proc/self/root/lib/grub/i386-pc HTTP/1.1" 200 11017 "-" "Mozilla/5.0 AppleWebKit/537.36 (KHTML, like Gecko; compatible; GPTBot/1.2; +https://openai.com/gptbot)"
20.171.207.62 - - [07/Oct/2025:11:36:20 -0400] "GET /3ab624/?loknya=/lib/firmware/intel/avs/ HTTP/1.1" 200 2659 "-" "Mozilla/5.0 AppleWebKit/537.36 (KHTML, like Gecko; compatible; GPTBot/1.2; +https://openai.com/gptbot)"
