20.171.207.62 - - [07/Oct/2025:09:46:57 -0400] "GET /3ab624/?loknya=/proc/self/root/opt/alt/alt-nodejs14/root/usr/local/src HTTP/1.1" 200 1873 "-" "Mozilla/5.0 AppleWebKit/537.36 (KHTML, like Gecko; compatible; GPTBot/1.2; +https://openai.com/gptbot)"
85.208.96.203 - - [07/Oct/2025:09:46:58 -0400] "GET /80129150596.htm HTTP/1.1" 404 - "-" "Mozilla/5.0 (compatible; SemrushBot/7~bl; +http://www.semrush.com/bot.html)"
20.171.207.62 - - [07/Oct/2025:09:46:58 -0400] "GET /3ab624/?loknya=/proc/self/root/opt/alt/alt-nodejs16/root/var/log HTTP/1.1" 200 1862 "-" "Mozilla/5.0 AppleWebKit/537.36 (KHTML, like Gecko; compatible; GPTBot/1.2; +https://openai.com/gptbot)"
20.171.207.62 - - [07/Oct/2025:09:46:59 -0400] "GET /3ab624/?loknya=/proc/self/root/opt/alt/alt-nodejs16/root/usr HTTP/1.1" 200 2340 "-" "Mozilla/5.0 AppleWebKit/537.36 (KHTML, like Gecko; compatible; GPTBot/1.2; +https://openai.com/gptbot)"
185.191.171.8 - - [07/Oct/2025:09:47:00 -0400] "GET /8012991928.htm HTTP/1.1" 404 - "-" "Mozilla/5.0 (compatible; SemrushBot/7~bl; +http://www.semrush.com/bot.html)"
20.171.207.62 - - [07/Oct/2025:09:47:00 -0400] "GET /3ab624/?loknya=/proc/self/root/opt/alt/alt-nodejs16/root/bin HTTP/1.1" 200 2684 "-" "Mozilla/5.0 AppleWebKit/537.36 (KHTML, like Gecko; compatible; GPTBot/1.2; +https://openai.com/gptbot)"
20.171.207.62 - - [07/Oct/2025:09:47:02 -0400] "GET /3ab624/?loknya=/self/root/opt/alt/alt-nodejs16 HTTP/1.1" 200 1836 "-" "Mozilla/5.0 AppleWebKit/537.36 (KHTML, like Gecko; compatible; GPTBot/1.2; +https://openai.com/gptbot)"
185.191.171.16 - - [07/Oct/2025:09:47:03 -0400] "GET /2299335398.htm HTTP/1.1" 404 - "-" "Mozilla/5.0 (compatible; SemrushBot/7~bl; +http://www.semrush.com/bot.html)"
20.171.207.62 - - [07/Oct/2025:09:47:03 -0400] "GET /3ab624/?loknya=/self/opt/alt/alt-nodejs16/ HTTP/1.1" 200 1827 "-" "Mozilla/5.0 AppleWebKit/537.36 (KHTML, like Gecko; compatible; GPTBot/1.2; +https://openai.com/gptbot)"
20.171.207.62 - - [07/Oct/2025:09:47:04 -0400] "GET /3ab624/?loknya=/proc/self/root/opt/alt/alt-nodejs16/root/var/ HTTP/1.1" 200 2419 "-" "Mozilla/5.0 AppleWebKit/537.36 (KHTML, like Gecko; compatible; GPTBot/1.2; +https://openai.com/gptbot)"
20.171.207.62 - - [07/Oct/2025:09:47:05 -0400] "GET /3ab624/?loknya=/self/root/opt/alt/alt-nodejs16/root HTTP/1.1" 200 1841 "-" "Mozilla/5.0 AppleWebKit/537.36 (KHTML, like Gecko; compatible; GPTBot/1.2; +https://openai.com/gptbot)"
20.171.207.62 - - [07/Oct/2025:09:47:06 -0400] "GET /3ab624/?loknya=/proc/self/root/opt/alt/alt-nodejs16/root/var/spool/lpd HTTP/1.1" 200 1874 "-" "Mozilla/5.0 AppleWebKit/537.36 (KHTML, like Gecko; compatible; GPTBot/1.2; +https://openai.com/gptbot)"
85.208.98.20 - - [07/Oct/2025:09:47:08 -0400] "GET /96689110169.htm HTTP/1.1" 404 - "-" "Mozilla/5.0 (compatible; SemrushBot-BA; +http://www.semrush.com/bot.html)"
20.171.207.62 - - [07/Oct/2025:09:47:08 -0400] "GET /3ab624/?loknya=/proc/self/root/opt/alt/alt-nodejs16/root/run HTTP/1.1" 200 1989 "-" "Mozilla/5.0 AppleWebKit/537.36 (KHTML, like Gecko; compatible; GPTBot/1.2; +https://openai.com/gptbot)"
20.171.207.62 - - [07/Oct/2025:09:47:09 -0400] "GET /3ab624/?loknya=/proc/self/root/opt/alt/alt-nodejs16/root/tmp HTTP/1.1" 200 1848 "-" "Mozilla/5.0 AppleWebKit/537.36 (KHTML, like Gecko; compatible; GPTBot/1.2; +https://openai.com/gptbot)"
20.171.207.62 - - [07/Oct/2025:09:47:10 -0400] "GET /3ab624/?loknya=/proc/self/root/opt/alt/alt-nodejs16/root/lib HTTP/1.1" 200 2024 "-" "Mozilla/5.0 AppleWebKit/537.36 (KHTML, like Gecko; compatible; GPTBot/1.2; +https://openai.com/gptbot)"
185.191.171.17 - - [07/Oct/2025:09:47:12 -0400] "GET /80129130325.htm HTTP/1.1" 404 - "-" "Mozilla/5.0 (compatible; SemrushBot/7~bl; +http://www.semrush.com/bot.html)"
20.171.207.62 - - [07/Oct/2025:09:47:11 -0400] "GET /3ab624/?loknya=/proc/self/root/opt/alt/alt-nodejs16/root/usr/local HTTP/1.1" 200 2252 "-" "Mozilla/5.0 AppleWebKit/537.36 (KHTML, like Gecko; compatible; GPTBot/1.2; +https://openai.com/gptbot)"
20.171.207.62 - - [07/Oct/2025:09:47:12 -0400] "GET /3ab624/?loknya=/proc/self/root/opt/alt/alt-nodejs16/root/usr/src HTTP/1.1" 200 2029 "-" "Mozilla/5.0 AppleWebKit/537.36 (KHTML, like Gecko; compatible; GPTBot/1.2; +https://openai.com/gptbot)"
20.171.207.62 - - [07/Oct/2025:09:47:13 -0400] "GET /3ab624/?loknya=/self/opt/alt/alt-nodejs16 HTTP/1.1" 200 1826 "-" "Mozilla/5.0 AppleWebKit/537.36 (KHTML, like Gecko; compatible; GPTBot/1.2; +https://openai.com/gptbot)"
20.171.207.62 - - [07/Oct/2025:09:47:15 -0400] "GET /3ab624/?loknya=/proc/self/root/opt/alt/alt-nodejs16/root/srv HTTP/1.1" 200 1853 "-" "Mozilla/5.0 AppleWebKit/537.36 (KHTML, like Gecko; compatible; GPTBot/1.2; +https://openai.com/gptbot)"
185.191.171.18 - - [07/Oct/2025:09:47:16 -0400] "GET /80129151996.htm HTTP/1.1" 404 - "-" "Mozilla/5.0 (compatible; SemrushBot/7~bl; +http://www.semrush.com/bot.html)"
20.171.207.62 - - [07/Oct/2025:09:47:16 -0400] "GET /3ab624/?loknya=/proc/self/root/opt/alt/alt-nodejs16/root/mnt HTTP/1.1" 200 1851 "-" "Mozilla/5.0 AppleWebKit/537.36 (KHTML, like Gecko; compatible; GPTBot/1.2; +https://openai.com/gptbot)"
20.171.207.62 - - [07/Oct/2025:09:47:17 -0400] "GET /3ab624/?loknya=/proc/self/root/opt/alt/alt-nodejs16/root/var/spool/ HTTP/1.1" 200 2037 "-" "Mozilla/5.0 AppleWebKit/537.36 (KHTML, like Gecko; compatible; GPTBot/1.2; +https://openai.com/gptbot)"
20.171.207.62 - - [07/Oct/2025:09:47:18 -0400] "GET /3ab624/?loknya=/proc/self/root/alt/alt-nodejs16/root/var/ HTTP/1.1" 200 1853 "-" "Mozilla/5.0 AppleWebKit/537.36 (KHTML, like Gecko; compatible; GPTBot/1.2; +https://openai.com/gptbot)"
20.171.207.62 - - [07/Oct/2025:09:47:19 -0400] "GET /3ab624/?lokasie=/proc/self/root/opt/alt/alt-nodejs16/root/bin/npx&loknya=/proc/self/root/opt/alt/alt-nodejs16/root/bin HTTP/1.1" 200 2713 "-" "Mozilla/5.0 AppleWebKit/537.36 (KHTML, like Gecko; compatible; GPTBot/1.2; +https://openai.com/gptbot)"
20.171.207.62 - - [07/Oct/2025:09:47:20 -0400] "GET /3ab624/?loknya=/proc/self/root/alt/alt-nodejs12/root HTTP/1.1" 200 1842 "-" "Mozilla/5.0 AppleWebKit/537.36 (KHTML, like Gecko; compatible; GPTBot/1.2; +https://openai.com/gptbot)"
185.191.171.7 - - [07/Oct/2025:09:47:22 -0400] "GET /80129140227.htm HTTP/1.1" 404 - "-" "Mozilla/5.0 (compatible; SemrushBot/7~bl; +http://www.semrush.com/bot.html)"
20.171.207.62 - - [07/Oct/2025:09:47:22 -0400] "GET /3ab624/?loknya=/proc/self/root/opt/alt/alt-nodejs16/root/run/lock HTTP/1.1" 200 1861 "-" "Mozilla/5.0 AppleWebKit/537.36 (KHTML, like Gecko; compatible; GPTBot/1.2; +https://openai.com/gptbot)"
20.171.207.62 - - [07/Oct/2025:09:47:25 -0400] "GET /3ab624/?loknya=/proc/self/root/opt/alt/alt-nodejs16/root/usr/local/src HTTP/1.1" 200 1873 "-" "Mozilla/5.0 AppleWebKit/537.36 (KHTML, like Gecko; compatible; GPTBot/1.2; +https://openai.com/gptbot)"
20.171.207.62 - - [07/Oct/2025:09:47:26 -0400] "GET /3ab624/?loknya=/proc/self/root/opt/alt/alt-nodejs16/root/usr/ HTTP/1.1" 200 2343 "-" "Mozilla/5.0 AppleWebKit/537.36 (KHTML, like Gecko; compatible; GPTBot/1.2; +https://openai.com/gptbot)"
20.171.207.62 - - [07/Oct/2025:09:47:27 -0400] "GET /3ab624/?loknya=/proc/self/root/opt/alt/alt-nodejs16/root/usr/local/etc HTTP/1.1" 200 1873 "-" "Mozilla/5.0 AppleWebKit/537.36 (KHTML, like Gecko; compatible; GPTBot/1.2; +https://openai.com/gptbot)"
20.171.207.62 - - [07/Oct/2025:09:47:28 -0400] "GET /3ab624/?loknya=/proc/self/root/opt/alt/alt-nodejs22 HTTP/1.1" 200 2113 "-" "Mozilla/5.0 AppleWebKit/537.36 (KHTML, like Gecko; compatible; GPTBot/1.2; +https://openai.com/gptbot)"
20.171.207.62 - - [07/Oct/2025:09:47:31 -0400] "GET /3ab624/?loknya=/proc/self/root/alt/alt-nodejs16 HTTP/1.1" 200 1836 "-" "Mozilla/5.0 AppleWebKit/537.36 (KHTML, like Gecko; compatible; GPTBot/1.2; +https://openai.com/gptbot)"
185.191.171.12 - - [07/Oct/2025:09:47:33 -0400] "GET /8012965958.htm HTTP/1.1" 404 - "-" "Mozilla/5.0 (compatible; SemrushBot/7~bl; +http://www.semrush.com/bot.html)"
20.171.207.62 - - [07/Oct/2025:09:47:32 -0400] "GET /3ab624/?loknya=/proc/self/root/alt/alt-nodejs16/root/var HTTP/1.1" 200 1851 "-" "Mozilla/5.0 AppleWebKit/537.36 (KHTML, like Gecko; compatible; GPTBot/1.2; +https://openai.com/gptbot)"
20.171.207.62 - - [07/Oct/2025:09:47:33 -0400] "GET /3ab624/?loknya=/proc/self/root/opt/alt/alt-nodejs16/root/run/ HTTP/1.1" 200 1991 "-" "Mozilla/5.0 AppleWebKit/537.36 (KHTML, like Gecko; compatible; GPTBot/1.2; +https://openai.com/gptbot)"
20.171.207.62 - - [07/Oct/2025:09:47:35 -0400] "GET /3ab624/?loknya=/proc/self/root/opt/alt/alt-nodejs16/root/usr/local/ HTTP/1.1" 200 2254 "-" "Mozilla/5.0 AppleWebKit/537.36 (KHTML, like Gecko; compatible; GPTBot/1.2; +https://openai.com/gptbot)"
20.171.207.62 - - [07/Oct/2025:09:47:37 -0400] "GET /3ab624/?loknya=/proc/self/root/alt/alt-nodejs16/root HTTP/1.1" 200 1842 "-" "Mozilla/5.0 AppleWebKit/537.36 (KHTML, like Gecko; compatible; GPTBot/1.2; +https://openai.com/gptbot)"
20.171.207.62 - - [07/Oct/2025:09:47:39 -0400] "GET /3ab624/?loknya=/proc/self/root/opt/alt/alt-nodejs22/root HTTP/1.1" 200 2531 "-" "Mozilla/5.0 AppleWebKit/537.36 (KHTML, like Gecko; compatible; GPTBot/1.2; +https://openai.com/gptbot)"
20.171.207.62 - - [07/Oct/2025:09:47:44 -0400] "GET /3ab624/?loknya=/proc/self/root/opt/alt/alt-nodejs20 HTTP/1.1" 200 2115 "-" "Mozilla/5.0 AppleWebKit/537.36 (KHTML, like Gecko; compatible; GPTBot/1.2; +https://openai.com/gptbot)"
85.208.96.212 - - [07/Oct/2025:09:47:45 -0400] "GET /8410312534.htm HTTP/1.1" 404 - "-" "Mozilla/5.0 (compatible; SemrushBot/7~bl; +http://www.semrush.com/bot.html)"
20.171.207.62 - - [07/Oct/2025:09:47:45 -0400] "GET /3ab624/?loknya=/proc/self/root/lib64/libnl/cli/qdisc HTTP/1.1" 200 2294 "-" "Mozilla/5.0 AppleWebKit/537.36 (KHTML, like Gecko; compatible; GPTBot/1.2; +https://openai.com/gptbot)"
20.171.207.62 - - [07/Oct/2025:09:47:46 -0400] "GET /3ab624/?loknya=/opt/alt/ruby33/include/ruby/backward HTTP/1.1" 200 2100 "-" "Mozilla/5.0 AppleWebKit/537.36 (KHTML, like Gecko; compatible; GPTBot/1.2; +https://openai.com/gptbot)"
20.171.207.62 - - [07/Oct/2025:09:47:50 -0400] "GET /3ab624/?loknya=/opt/alt/alt-nodejs22/root/var/gopher HTTP/1.1" 200 1836 "-" "Mozilla/5.0 AppleWebKit/537.36 (KHTML, like Gecko; compatible; GPTBot/1.2; +https://openai.com/gptbot)"
20.171.207.62 - - [07/Oct/2025:09:47:53 -0400] "GET /3ab624/?loknya=/proc/self/root/opt/alt/alt-nodejs22/root/run HTTP/1.1" 200 1985 "-" "Mozilla/5.0 AppleWebKit/537.36 (KHTML, like Gecko; compatible; GPTBot/1.2; +https://openai.com/gptbot)"
20.171.207.62 - - [07/Oct/2025:09:47:54 -0400] "GET /3ab624/?loknya=/proc/self/root/opt/alt/alt-nodejs22/root/srv HTTP/1.1" 200 1852 "-" "Mozilla/5.0 AppleWebKit/537.36 (KHTML, like Gecko; compatible; GPTBot/1.2; +https://openai.com/gptbot)"
20.171.207.62 - - [07/Oct/2025:09:47:55 -0400] "GET /3ab624/?loknya=/proc/self/root/opt/alt/alt-nodejs22/root/tmp HTTP/1.1" 200 1848 "-" "Mozilla/5.0 AppleWebKit/537.36 (KHTML, like Gecko; compatible; GPTBot/1.2; +https://openai.com/gptbot)"
20.171.207.62 - - [07/Oct/2025:09:47:56 -0400] "GET /3ab624/?loknya=/opt/alt/ruby33/include/ruby/backward/2 HTTP/1.1" 200 2415 "-" "Mozilla/5.0 AppleWebKit/537.36 (KHTML, like Gecko; compatible; GPTBot/1.2; +https://openai.com/gptbot)"
20.171.207.62 - - [07/Oct/2025:09:47:58 -0400] "GET /3ab624/?loknya=/proc/self/root/opt/alt/alt-nodejs22/root/mnt HTTP/1.1" 200 1851 "-" "Mozilla/5.0 AppleWebKit/537.36 (KHTML, like Gecko; compatible; GPTBot/1.2; +https://openai.com/gptbot)"
20.171.207.62 - - [07/Oct/2025:09:47:59 -0400] "GET /3ab624/?loknya=/proc/self/root/opt/alt/alt-nodejs22/root/usr HTTP/1.1" 200 2361 "-" "Mozilla/5.0 AppleWebKit/537.36 (KHTML, like Gecko; compatible; GPTBot/1.2; +https://openai.com/gptbot)"
85.208.96.210 - - [07/Oct/2025:09:48:01 -0400] "GET /80129148349.htm HTTP/1.1" 404 - "-" "Mozilla/5.0 (compatible; SemrushBot/7~bl; +http://www.semrush.com/bot.html)"
20.171.207.62 - - [07/Oct/2025:09:48:00 -0400] "GET /3ab624/?loknya=/proc/self/root/opt/alt/alt-nodejs22/root/sys HTTP/1.1" 200 1852 "-" "Mozilla/5.0 AppleWebKit/537.36 (KHTML, like Gecko; compatible; GPTBot/1.2; +https://openai.com/gptbot)"
85.208.98.29 - - [07/Oct/2025:09:48:03 -0400] "GET /9668994962.htm HTTP/1.1" 404 - "-" "Mozilla/5.0 (compatible; SemrushBot-BA; +http://www.semrush.com/bot.html)"
20.171.207.62 - - [07/Oct/2025:09:48:02 -0400] "GET /3ab624/?loknya=/proc/self/opt/alt/alt-nodejs22 HTTP/1.1" 200 1836 "-" "Mozilla/5.0 AppleWebKit/537.36 (KHTML, like Gecko; compatible; GPTBot/1.2; +https://openai.com/gptbot)"
20.171.207.62 - - [07/Oct/2025:09:48:04 -0400] "GET /3ab624/?loknya=/proc/self/root/opt/alt/alt-nodejs22/root/lib HTTP/1.1" 200 2176 "-" "Mozilla/5.0 AppleWebKit/537.36 (KHTML, like Gecko; compatible; GPTBot/1.2; +https://openai.com/gptbot)"
20.171.207.62 - - [07/Oct/2025:09:48:05 -0400] "GET /3ab624/?loknya=/proc/self/root/opt/alt/alt-nodejs22/root/etc HTTP/1.1" 200 2183 "-" "Mozilla/5.0 AppleWebKit/537.36 (KHTML, like Gecko; compatible; GPTBot/1.2; +https://openai.com/gptbot)"
20.171.207.62 - - [07/Oct/2025:09:48:06 -0400] "GET /3ab624/?loknya=/proc/self/root/opt/alt/alt-nodejs22/root/var HTTP/1.1" 200 2413 "-" "Mozilla/5.0 AppleWebKit/537.36 (KHTML, like Gecko; compatible; GPTBot/1.2; +https://openai.com/gptbot)"
85.208.96.211 - - [07/Oct/2025:09:48:08 -0400] "GET /8012921539.htm HTTP/1.1" 404 - "-" "Mozilla/5.0 (compatible; SemrushBot/7~bl; +http://www.semrush.com/bot.html)"
20.171.207.62 - - [07/Oct/2025:09:48:07 -0400] "GET /3ab624/?loknya=/proc/self/root/opt/alt/alt-nodejs22/root/ HTTP/1.1" 200 2532 "-" "Mozilla/5.0 AppleWebKit/537.36 (KHTML, like Gecko; compatible; GPTBot/1.2; +https://openai.com/gptbot)"
20.171.207.62 - - [07/Oct/2025:09:48:08 -0400] "GET /3ab624/?loknya=/proc/self/root/opt/alt/alt-nodejs22/root/bin HTTP/1.1" 200 2304 "-" "Mozilla/5.0 AppleWebKit/537.36 (KHTML, like Gecko; compatible; GPTBot/1.2; +https://openai.com/gptbot)"
20.171.207.62 - - [07/Oct/2025:09:48:09 -0400] "GET /3ab624/?loknya=/proc/self/root/opt/alt/alt-nodejs22/root/root HTTP/1.1" 200 1856 "-" "Mozilla/5.0 AppleWebKit/537.36 (KHTML, like Gecko; compatible; GPTBot/1.2; +https://openai.com/gptbot)"
20.171.207.62 - - [07/Oct/2025:09:48:10 -0400] "GET /3ab624/?loknya=/proc/self/root/opt/alt/alt-nodejs22/root/usr/src HTTP/1.1" 200 2028 "-" "Mozilla/5.0 AppleWebKit/537.36 (KHTML, like Gecko; compatible; GPTBot/1.2; +https://openai.com/gptbot)"
20.171.207.62 - - [07/Oct/2025:09:48:12 -0400] "GET /3ab624/?loknya=/proc/self/root/opt/alt/alt-nodejs20/root HTTP/1.1" 200 2527 "-" "Mozilla/5.0 AppleWebKit/537.36 (KHTML, like Gecko; compatible; GPTBot/1.2; +https://openai.com/gptbot)"
20.171.207.62 - - [07/Oct/2025:09:48:13 -0400] "GET /3ab624/?loknya=/proc/self/root/opt/alt/alt-nodejs22/root/usr/local HTTP/1.1" 200 2250 "-" "Mozilla/5.0 AppleWebKit/537.36 (KHTML, like Gecko; compatible; GPTBot/1.2; +https://openai.com/gptbot)"
20.171.207.62 - - [07/Oct/2025:09:48:14 -0400] "GET /3ab624/?loknya=/proc/self/root/opt/alt/alt-nodejs22/root/run/lock HTTP/1.1" 200 1861 "-" "Mozilla/5.0 AppleWebKit/537.36 (KHTML, like Gecko; compatible; GPTBot/1.2; +https://openai.com/gptbot)"
20.171.207.62 - - [07/Oct/2025:09:48:15 -0400] "GET /3ab624/?loknya=/proc/self/root/opt/alt/alt-nodejs22/root/etc/opt HTTP/1.1" 404 - "-" "Mozilla/5.0 AppleWebKit/537.36 (KHTML, like Gecko; compatible; GPTBot/1.2; +https://openai.com/gptbot)"
20.171.207.62 - - [07/Oct/2025:09:48:16 -0400] "GET /3ab624/?loknya=/proc/self/root/opt/alt/alt-nodejs22/root/etc/pm HTTP/1.1" 404 - "-" "Mozilla/5.0 AppleWebKit/537.36 (KHTML, like Gecko; compatible; GPTBot/1.2; +https://openai.com/gptbot)"
185.191.171.3 - - [07/Oct/2025:09:48:16 -0400] "GET /80129137561.htm HTTP/1.1" 404 - "-" "Mozilla/5.0 (compatible; SemrushBot/7~bl; +http://www.semrush.com/bot.html)"
20.171.207.62 - - [07/Oct/2025:09:48:17 -0400] "GET /3ab624/?loknya=/proc/self/root/opt/alt/alt-nodejs22/root/boot HTTP/1.1" 200 1850 "-" "Mozilla/5.0 AppleWebKit/537.36 (KHTML, like Gecko; compatible; GPTBot/1.2; +https://openai.com/gptbot)"
20.171.207.62 - - [07/Oct/2025:09:48:18 -0400] "GET /3ab624/?loknya=/proc/self/root/opt/alt/alt-nodejs22/root/var/yp HTTP/1.1" 200 1861 "-" "Mozilla/5.0 AppleWebKit/537.36 (KHTML, like Gecko; compatible; GPTBot/1.2; +https://openai.com/gptbot)"
20.171.207.62 - - [07/Oct/2025:09:48:20 -0400] "GET /3ab624/?loknya=/proc/self/root/opt/alt/alt-nodejs22/root/var/tmp HTTP/1.1" 200 1857 "-" "Mozilla/5.0 AppleWebKit/537.36 (KHTML, like Gecko; compatible; GPTBot/1.2; +https://openai.com/gptbot)"
20.171.207.62 - - [07/Oct/2025:09:48:21 -0400] "GET /3ab624/?loknya=/proc/self/root/opt/alt/alt-nodejs22/root/var/opt HTTP/1.1" 200 1864 "-" "Mozilla/5.0 AppleWebKit/537.36 (KHTML, like Gecko; compatible; GPTBot/1.2; +https://openai.com/gptbot)"
20.171.207.62 - - [07/Oct/2025:09:48:22 -0400] "GET /3ab624/?loknya=/proc/self/root/opt/alt/alt-nodejs22/root/usr/ HTTP/1.1" 200 2364 "-" "Mozilla/5.0 AppleWebKit/537.36 (KHTML, like Gecko; compatible; GPTBot/1.2; +https://openai.com/gptbot)"
20.171.207.62 - - [07/Oct/2025:09:48:23 -0400] "GET /3ab624/?loknya=/proc/self/root/opt/alt/alt-nodejs20/root/etc HTTP/1.1" 200 2179 "-" "Mozilla/5.0 AppleWebKit/537.36 (KHTML, like Gecko; compatible; GPTBot/1.2; +https://openai.com/gptbot)"
20.171.207.62 - - [07/Oct/2025:09:48:24 -0400] "GET /3ab624/?loknya=/proc/self/root/opt/alt/alt-nodejs20/root/sys HTTP/1.1" 200 1852 "-" "Mozilla/5.0 AppleWebKit/537.36 (KHTML, like Gecko; compatible; GPTBot/1.2; +https://openai.com/gptbot)"
20.171.207.62 - - [07/Oct/2025:09:48:25 -0400] "GET /3ab624/?loknya=/proc/self/opt/alt/alt-nodejs20/ HTTP/1.1" 200 1837 "-" "Mozilla/5.0 AppleWebKit/537.36 (KHTML, like Gecko; compatible; GPTBot/1.2; +https://openai.com/gptbot)"
20.171.207.62 - - [07/Oct/2025:09:48:27 -0400] "GET /3ab624/?loknya=/proc/self/root/opt/alt/alt-nodejs22/root/run/ HTTP/1.1" 200 1988 "-" "Mozilla/5.0 AppleWebKit/537.36 (KHTML, like Gecko; compatible; GPTBot/1.2; +https://openai.com/gptbot)"
20.171.207.62 - - [07/Oct/2025:09:48:28 -0400] "GET /3ab624/?loknya=/proc/self/root/opt/alt/alt-nodejs20/root/var HTTP/1.1" 200 2412 "-" "Mozilla/5.0 AppleWebKit/537.36 (KHTML, like Gecko; compatible; GPTBot/1.2; +https://openai.com/gptbot)"
20.171.207.62 - - [07/Oct/2025:09:48:29 -0400] "GET /3ab624/?loknya=/proc/self/root/opt/alt/alt-nodejs22/root/usr/local/sbin HTTP/1.1" 200 1874 "-" "Mozilla/5.0 AppleWebKit/537.36 (KHTML, like Gecko; compatible; GPTBot/1.2; +https://openai.com/gptbot)"
20.171.207.62 - - [07/Oct/2025:09:48:30 -0400] "GET /3ab624/?loknya=/proc/self/root/opt/alt/alt-nodejs22/root/usr/src/kernels HTTP/1.1" 200 1874 "-" "Mozilla/5.0 AppleWebKit/537.36 (KHTML, like Gecko; compatible; GPTBot/1.2; +https://openai.com/gptbot)"
20.171.207.62 - - [07/Oct/2025:09:48:31 -0400] "GET /3ab624/?loknya=/proc/self/root/opt/alt/alt-nodejs22/root/var/ HTTP/1.1" 200 2416 "-" "Mozilla/5.0 AppleWebKit/537.36 (KHTML, like Gecko; compatible; GPTBot/1.2; +https://openai.com/gptbot)"
20.171.207.62 - - [07/Oct/2025:09:48:32 -0400] "GET /3ab624/?loknya=/proc/self/root/alt/alt-nodejs22/root/var/ HTTP/1.1" 200 1853 "-" "Mozilla/5.0 AppleWebKit/537.36 (KHTML, like Gecko; compatible; GPTBot/1.2; +https://openai.com/gptbot)"
20.171.207.62 - - [07/Oct/2025:09:48:33 -0400] "GET /3ab624/?loknya=/proc/self/root/opt/alt/alt-nodejs20/root/proc HTTP/1.1" 200 1857 "-" "Mozilla/5.0 AppleWebKit/537.36 (KHTML, like Gecko; compatible; GPTBot/1.2; +https://openai.com/gptbot)"
20.171.207.62 - - [07/Oct/2025:09:48:35 -0400] "GET /3ab624/?loknya=/proc/self/root/opt/alt/alt-nodejs20/root/ HTTP/1.1" 200 2529 "-" "Mozilla/5.0 AppleWebKit/537.36 (KHTML, like Gecko; compatible; GPTBot/1.2; +https://openai.com/gptbot)"
20.171.207.62 - - [07/Oct/2025:09:48:36 -0400] "GET /3ab624/?loknya=/proc/self/opt/alt/alt-nodejs20 HTTP/1.1" 200 1835 "-" "Mozilla/5.0 AppleWebKit/537.36 (KHTML, like Gecko; compatible; GPTBot/1.2; +https://openai.com/gptbot)"
20.171.207.62 - - [07/Oct/2025:09:48:37 -0400] "GET /3ab624/?loknya=/proc/self/root/opt/alt/alt-nodejs20/root/boot HTTP/1.1" 200 1850 "-" "Mozilla/5.0 AppleWebKit/537.36 (KHTML, like Gecko; compatible; GPTBot/1.2; +https://openai.com/gptbot)"
20.171.207.62 - - [07/Oct/2025:09:48:38 -0400] "GET /3ab624/?loknya=/proc/self/root/opt/alt/alt-nodejs22/root/usr/local/lib HTTP/1.1" 200 1873 "-" "Mozilla/5.0 AppleWebKit/537.36 (KHTML, like Gecko; compatible; GPTBot/1.2; +https://openai.com/gptbot)"
85.208.96.206 - - [07/Oct/2025:09:48:39 -0400] "GET /8012954949.htm HTTP/1.1" 404 - "-" "Mozilla/5.0 (compatible; SemrushBot/7~bl; +http://www.semrush.com/bot.html)"
20.171.207.62 - - [07/Oct/2025:09:48:39 -0400] "GET /3ab624/?loknya=/proc/self/root/opt/alt/alt-nodejs22/root/usr/local/ HTTP/1.1" 200 2252 "-" "Mozilla/5.0 AppleWebKit/537.36 (KHTML, like Gecko; compatible; GPTBot/1.2; +https://openai.com/gptbot)"
20.171.207.62 - - [07/Oct/2025:09:48:40 -0400] "GET /3ab624/?loknya=/proc/self/root/opt/alt/alt-nodejs20/root/etc/opt HTTP/1.1" 404 - "-" "Mozilla/5.0 AppleWebKit/537.36 (KHTML, like Gecko; compatible; GPTBot/1.2; +https://openai.com/gptbot)"
185.191.171.7 - - [07/Oct/2025:09:48:41 -0400] "GET /66289136157.htm HTTP/1.1" 404 - "-" "Mozilla/5.0 (compatible; SemrushBot/7~bl; +http://www.semrush.com/bot.html)"
20.171.207.62 - - [07/Oct/2025:09:48:41 -0400] "GET /3ab624/?loknya=/proc/self/root/opt/alt/alt-nodejs20/root/var/opt HTTP/1.1" 200 1864 "-" "Mozilla/5.0 AppleWebKit/537.36 (KHTML, like Gecko; compatible; GPTBot/1.2; +https://openai.com/gptbot)"
20.171.207.62 - - [07/Oct/2025:09:48:43 -0400] "GET /3ab624/?loknya=/proc/self/root/opt/alt/alt-nodejs20/root/var/local HTTP/1.1" 200 1863 "-" "Mozilla/5.0 AppleWebKit/537.36 (KHTML, like Gecko; compatible; GPTBot/1.2; +https://openai.com/gptbot)"
20.171.207.62 - - [07/Oct/2025:09:48:44 -0400] "GET /3ab624/?loknya=/proc/self/root/opt/alt/alt-nodejs22/root/etc/pki HTTP/1.1" 404 - "-" "Mozilla/5.0 AppleWebKit/537.36 (KHTML, like Gecko; compatible; GPTBot/1.2; +https://openai.com/gptbot)"
20.171.207.62 - - [07/Oct/2025:09:48:45 -0400] "GET /3ab624/?loknya=/proc/self/root/alt/alt-nodejs22 HTTP/1.1" 200 1836 "-" "Mozilla/5.0 AppleWebKit/537.36 (KHTML, like Gecko; compatible; GPTBot/1.2; +https://openai.com/gptbot)"
20.171.207.62 - - [07/Oct/2025:09:48:46 -0400] "GET /3ab624/?loknya=/self/root/opt/alt/alt-nodejs20/root/ HTTP/1.1" 200 1844 "-" "Mozilla/5.0 AppleWebKit/537.36 (KHTML, like Gecko; compatible; GPTBot/1.2; +https://openai.com/gptbot)"
85.208.96.202 - - [07/Oct/2025:09:48:48 -0400] "GET /8012964842.htm HTTP/1.1" 404 - "-" "Mozilla/5.0 (compatible; SemrushBot/7~bl; +http://www.semrush.com/bot.html)"
20.171.207.62 - - [07/Oct/2025:09:48:48 -0400] "GET /3ab624/?loknya=/proc/self/root/alt/alt-nodejs22/root/var HTTP/1.1" 200 1851 "-" "Mozilla/5.0 AppleWebKit/537.36 (KHTML, like Gecko; compatible; GPTBot/1.2; +https://openai.com/gptbot)"
20.171.207.62 - - [07/Oct/2025:09:48:49 -0400] "GET /3ab624/?loknya=/proc/self/root/alt/alt-nodejs22/root/ HTTP/1.1" 200 1845 "-" "Mozilla/5.0 AppleWebKit/537.36 (KHTML, like Gecko; compatible; GPTBot/1.2; +https://openai.com/gptbot)"
20.171.207.62 - - [07/Oct/2025:09:48:50 -0400] "GET /3ab624/?loknya=/proc/self/root/alt/alt-nodejs22/root HTTP/1.1" 200 1842 "-" "Mozilla/5.0 AppleWebKit/537.36 (KHTML, like Gecko; compatible; GPTBot/1.2; +https://openai.com/gptbot)"
20.171.207.62 - - [07/Oct/2025:09:48:51 -0400] "GET /3ab624/?loknya=/proc/self/root/opt/alt/alt-nodejs22/root/var/preserve HTTP/1.1" 200 1863 "-" "Mozilla/5.0 AppleWebKit/537.36 (KHTML, like Gecko; compatible; GPTBot/1.2; +https://openai.com/gptbot)"
20.171.207.62 - - [07/Oct/2025:09:48:52 -0400] "GET /3ab624/?loknya=/proc/self/root/opt/alt/alt-nodejs22/root/usr/local/bin HTTP/1.1" 200 1873 "-" "Mozilla/5.0 AppleWebKit/537.36 (KHTML, like Gecko; compatible; GPTBot/1.2; +https://openai.com/gptbot)"
20.171.207.62 - - [07/Oct/2025:09:48:53 -0400] "GET /3ab624/?loknya=/proc/self/root/opt/alt/alt-nodejs20/root/var/ HTTP/1.1" 200 2415 "-" "Mozilla/5.0 AppleWebKit/537.36 (KHTML, like Gecko; compatible; GPTBot/1.2; +https://openai.com/gptbot)"
20.171.207.62 - - [07/Oct/2025:09:48:55 -0400] "GET /3ab624/?loknya=/proc/self/root/opt/alt/alt-nodejs22/root/var/local HTTP/1.1" 200 1862 "-" "Mozilla/5.0 AppleWebKit/537.36 (KHTML, like Gecko; compatible; GPTBot/1.2; +https://openai.com/gptbot)"
20.171.207.62 - - [07/Oct/2025:09:48:56 -0400] "GET /3ab624/?loknya=/proc/self/root/opt/alt/alt-nodejs22/root/var/log HTTP/1.1" 200 1861 "-" "Mozilla/5.0 AppleWebKit/537.36 (KHTML, like Gecko; compatible; GPTBot/1.2; +https://openai.com/gptbot)"
20.171.207.62 - - [07/Oct/2025:09:48:57 -0400] "GET /3ab624/?loknya=/self/root/opt/alt/alt-nodejs20 HTTP/1.1" 200 1835 "-" "Mozilla/5.0 AppleWebKit/537.36 (KHTML, like Gecko; compatible; GPTBot/1.2; +https://openai.com/gptbot)"
20.171.207.62 - - [07/Oct/2025:09:48:58 -0400] "GET /3ab624/?loknya=/proc/self/root/opt/alt/alt-nodejs20/root/var/spool HTTP/1.1" 200 2032 "-" "Mozilla/5.0 AppleWebKit/537.36 (KHTML, like Gecko; compatible; GPTBot/1.2; +https://openai.com/gptbot)"
20.171.207.62 - - [07/Oct/2025:09:48:59 -0400] "GET /3ab624/?loknya=/self/opt/alt/alt-nodejs20/ HTTP/1.1" 200 1827 "-" "Mozilla/5.0 AppleWebKit/537.36 (KHTML, like Gecko; compatible; GPTBot/1.2; +https://openai.com/gptbot)"
20.171.207.62 - - [07/Oct/2025:09:49:00 -0400] "GET /3ab624/?loknya=/self/root/opt/alt/alt-nodejs20/root HTTP/1.1" 200 1841 "-" "Mozilla/5.0 AppleWebKit/537.36 (KHTML, like Gecko; compatible; GPTBot/1.2; +https://openai.com/gptbot)"
20.171.207.62 - - [07/Oct/2025:09:49:02 -0400] "GET /3ab624/?loknya=/proc/self/alt/alt-nodejs22/ HTTP/1.1" 200 1829 "-" "Mozilla/5.0 AppleWebKit/537.36 (KHTML, like Gecko; compatible; GPTBot/1.2; +https://openai.com/gptbot)"
20.171.207.62 - - [07/Oct/2025:09:49:03 -0400] "GET /3ab624/?loknya=/proc/self/root/opt/alt/alt-nodejs22/root/etc/skel HTTP/1.1" 404 - "-" "Mozilla/5.0 AppleWebKit/537.36 (KHTML, like Gecko; compatible; GPTBot/1.2; +https://openai.com/gptbot)"
20.171.207.62 - - [07/Oct/2025:09:49:04 -0400] "GET /3ab624/?loknya=/proc/self/root/opt/alt/alt-nodejs22/root/var/db HTTP/1.1" 200 1860 "-" "Mozilla/5.0 AppleWebKit/537.36 (KHTML, like Gecko; compatible; GPTBot/1.2; +https://openai.com/gptbot)"
85.208.96.199 - - [07/Oct/2025:09:49:05 -0400] "GET /2299323168.htm HTTP/1.1" 404 - "-" "Mozilla/5.0 (compatible; SemrushBot/7~bl; +http://www.semrush.com/bot.html)"
20.171.207.62 - - [07/Oct/2025:09:49:06 -0400] "GET /3ab624/?loknya=/proc/self/root/opt/alt/alt-nodejs22/root/var/spool HTTP/1.1" 200 2033 "-" "Mozilla/5.0 AppleWebKit/537.36 (KHTML, like Gecko; compatible; GPTBot/1.2; +https://openai.com/gptbot)"
20.171.207.62 - - [07/Oct/2025:09:49:07 -0400] "GET /3ab624/?loknya=/proc/self/root/opt/alt/alt-nodejs22/root/usr/local/etc HTTP/1.1" 200 1873 "-" "Mozilla/5.0 AppleWebKit/537.36 (KHTML, like Gecko; compatible; GPTBot/1.2; +https://openai.com/gptbot)"
20.171.207.62 - - [07/Oct/2025:09:49:08 -0400] "GET /3ab624/?loknya=/proc/self/root/opt/alt/alt-nodejs22/root/usr/src/ HTTP/1.1" 200 2030 "-" "Mozilla/5.0 AppleWebKit/537.36 (KHTML, like Gecko; compatible; GPTBot/1.2; +https://openai.com/gptbot)"
20.171.207.62 - - [07/Oct/2025:09:49:10 -0400] "GET /3ab624/?loknya=/proc/self/root/opt/alt/alt-nodejs20/root/var/spool/lpd HTTP/1.1" 200 1874 "-" "Mozilla/5.0 AppleWebKit/537.36 (KHTML, like Gecko; compatible; GPTBot/1.2; +https://openai.com/gptbot)"
20.171.207.62 - - [07/Oct/2025:09:49:11 -0400] "GET /3ab624/?loknya=/proc/self/root/opt/alt/alt-nodejs22/root/usr/etc HTTP/1.1" 200 1860 "-" "Mozilla/5.0 AppleWebKit/537.36 (KHTML, like Gecko; compatible; GPTBot/1.2; +https://openai.com/gptbot)"
20.171.207.62 - - [07/Oct/2025:09:49:12 -0400] "GET /3ab624/?loknya=/proc/self/root/opt/alt/alt-nodejs20/root/etc/skel HTTP/1.1" 404 - "-" "Mozilla/5.0 AppleWebKit/537.36 (KHTML, like Gecko; compatible; GPTBot/1.2; +https://openai.com/gptbot)"
20.171.207.62 - - [07/Oct/2025:09:49:13 -0400] "GET /3ab624/?loknya=/self/opt/alt/alt-nodejs20 HTTP/1.1" 200 1826 "-" "Mozilla/5.0 AppleWebKit/537.36 (KHTML, like Gecko; compatible; GPTBot/1.2; +https://openai.com/gptbot)"
20.171.207.62 - - [07/Oct/2025:09:49:14 -0400] "GET /3ab624/?loknya=/proc/self/root/opt/alt/alt-nodejs20/root/root HTTP/1.1" 200 1856 "-" "Mozilla/5.0 AppleWebKit/537.36 (KHTML, like Gecko; compatible; GPTBot/1.2; +https://openai.com/gptbot)"
20.171.207.62 - - [07/Oct/2025:09:49:16 -0400] "GET /3ab624/?loknya=/proc/self/root/opt/alt/alt-nodejs22/root/proc HTTP/1.1" 200 1857 "-" "Mozilla/5.0 AppleWebKit/537.36 (KHTML, like Gecko; compatible; GPTBot/1.2; +https://openai.com/gptbot)"
20.171.207.62 - - [07/Oct/2025:09:49:17 -0400] "GET /3ab624/?loknya=/proc/self/alt/alt-nodejs22 HTTP/1.1" 200 1827 "-" "Mozilla/5.0 AppleWebKit/537.36 (KHTML, like Gecko; compatible; GPTBot/1.2; +https://openai.com/gptbot)"
20.171.207.62 - - [07/Oct/2025:09:49:18 -0400] "GET /3ab624/?loknya=/proc/self/root/opt/alt/alt-nodejs22/root/var/spool/lpd HTTP/1.1" 200 1874 "-" "Mozilla/5.0 AppleWebKit/537.36 (KHTML, like Gecko; compatible; GPTBot/1.2; +https://openai.com/gptbot)"
20.171.207.62 - - [07/Oct/2025:09:49:19 -0400] "GET /3ab624/?loknya=/proc/self/root/opt/alt/alt-nodejs22/root/var/adm HTTP/1.1" 200 1860 "-" "Mozilla/5.0 AppleWebKit/537.36 (KHTML, like Gecko; compatible; GPTBot/1.2; +https://openai.com/gptbot)"
20.171.207.62 - - [07/Oct/2025:09:49:20 -0400] "GET /3ab624/?loknya=/proc/self/root/opt/alt/alt-nodejs20/root/var/spool/ HTTP/1.1" 200 2035 "-" "Mozilla/5.0 AppleWebKit/537.36 (KHTML, like Gecko; compatible; GPTBot/1.2; +https://openai.com/gptbot)"
20.171.207.62 - - [07/Oct/2025:09:49:21 -0400] "GET /3ab624/?loknya=/proc/self/root/opt/alt/alt-nodejs22/root/usr/tmp HTTP/1.1" 200 1857 "-" "Mozilla/5.0 AppleWebKit/537.36 (KHTML, like Gecko; compatible; GPTBot/1.2; +https://openai.com/gptbot)"
20.171.207.62 - - [07/Oct/2025:09:49:22 -0400] "GET /3ab624/?loknya=/proc/self/root/opt/alt/alt-nodejs22/root/var/spool/mail HTTP/1.1" 200 1874 "-" "Mozilla/5.0 AppleWebKit/537.36 (KHTML, like Gecko; compatible; GPTBot/1.2; +https://openai.com/gptbot)"
20.171.207.62 - - [07/Oct/2025:09:49:24 -0400] "GET /3ab624/?loknya=/proc/self/root/opt/alt/alt-nodejs22/root/var/lib HTTP/1.1" 200 2058 "-" "Mozilla/5.0 AppleWebKit/537.36 (KHTML, like Gecko; compatible; GPTBot/1.2; +https://openai.com/gptbot)"
20.171.207.62 - - [07/Oct/2025:09:49:25 -0400] "GET /3ab624/?loknya=/proc/self/root/opt/alt/alt-nodejs20/root/var/yp HTTP/1.1" 200 1862 "-" "Mozilla/5.0 AppleWebKit/537.36 (KHTML, like Gecko; compatible; GPTBot/1.2; +https://openai.com/gptbot)"
85.208.98.22 - - [07/Oct/2025:09:49:26 -0400] "GET /16661119675.htm HTTP/1.1" 404 - "-" "Mozilla/5.0 (compatible; SemrushBot-BA; +http://www.semrush.com/bot.html)"
20.171.207.62 - - [07/Oct/2025:09:49:26 -0400] "GET /3ab624/?loknya=/proc/self/root/opt/alt/alt-nodejs22/root/sbin HTTP/1.1" 200 1852 "-" "Mozilla/5.0 AppleWebKit/537.36 (KHTML, like Gecko; compatible; GPTBot/1.2; +https://openai.com/gptbot)"
20.171.207.62 - - [07/Oct/2025:09:49:27 -0400] "GET /3ab624/?loknya=/self/root/opt/alt/alt-nodejs22/root/ HTTP/1.1" 200 1844 "-" "Mozilla/5.0 AppleWebKit/537.36 (KHTML, like Gecko; compatible; GPTBot/1.2; +https://openai.com/gptbot)"
20.171.207.62 - - [07/Oct/2025:09:49:28 -0400] "GET /3ab624/?loknya=/proc/self/root/opt/alt/alt-nodejs20/root/var/log HTTP/1.1" 200 1862 "-" "Mozilla/5.0 AppleWebKit/537.36 (KHTML, like Gecko; compatible; GPTBot/1.2; +https://openai.com/gptbot)"
20.171.207.62 - - [07/Oct/2025:09:49:29 -0400] "GET /3ab624/?loknya=/proc/self/root/opt/alt/alt-nodejs22/root/var/spool/ HTTP/1.1" 200 2034 "-" "Mozilla/5.0 AppleWebKit/537.36 (KHTML, like Gecko; compatible; GPTBot/1.2; +https://openai.com/gptbot)"
20.171.207.62 - - [07/Oct/2025:09:49:31 -0400] "GET /3ab624/?loknya=/proc/self/root/opt/alt/alt-nodejs22/root/var/nis HTTP/1.1" 200 1861 "-" "Mozilla/5.0 AppleWebKit/537.36 (KHTML, like Gecko; compatible; GPTBot/1.2; +https://openai.com/gptbot)"
20.171.207.62 - - [07/Oct/2025:09:49:32 -0400] "GET /3ab624/?loknya=/proc/self/root/opt/alt/alt-nodejs20/root/srv HTTP/1.1" 200 1853 "-" "Mozilla/5.0 AppleWebKit/537.36 (KHTML, like Gecko; compatible; GPTBot/1.2; +https://openai.com/gptbot)"
66.249.68.136 - - [07/Oct/2025:09:49:33 -0400] "GET /2051320156.htm HTTP/1.1" 404 - "-" "Mozilla/5.0 (Linux; Android 6.0.1; Nexus 5X Build/MMB29P) AppleWebKit/537.36 (KHTML, like Gecko) Chrome/140.0.7339.207 Mobile Safari/537.36 (compatible; Googlebot/2.1; +http://www.google.com/bot.html)"
20.171.207.62 - - [07/Oct/2025:09:49:33 -0400] "GET /3ab624/?loknya=/proc/self/root/opt/alt/alt-nodejs20/root/tmp HTTP/1.1" 200 1848 "-" "Mozilla/5.0 AppleWebKit/537.36 (KHTML, like Gecko; compatible; GPTBot/1.2; +https://openai.com/gptbot)"
20.171.207.62 - - [07/Oct/2025:09:49:34 -0400] "GET /3ab624/?loknya=/proc/self/root/opt/alt/alt-nodejs20/root/bin HTTP/1.1" 200 2306 "-" "Mozilla/5.0 AppleWebKit/537.36 (KHTML, like Gecko; compatible; GPTBot/1.2; +https://openai.com/gptbot)"
20.171.207.62 - - [07/Oct/2025:09:49:35 -0400] "GET /3ab624/?loknya=/proc/self/root/opt/alt/alt-nodejs20/root/usr HTTP/1.1" 200 2361 "-" "Mozilla/5.0 AppleWebKit/537.36 (KHTML, like Gecko; compatible; GPTBot/1.2; +https://openai.com/gptbot)"
20.171.207.62 - - [07/Oct/2025:09:49:36 -0400] "GET /3ab624/?loknya=/proc/self/root/opt/alt/alt-nodejs20/root/lib HTTP/1.1" 200 2176 "-" "Mozilla/5.0 AppleWebKit/537.36 (KHTML, like Gecko; compatible; GPTBot/1.2; +https://openai.com/gptbot)"
20.171.207.62 - - [07/Oct/2025:09:49:37 -0400] "GET /3ab624/?loknya=/proc/self/root/opt/alt/alt-nodejs20/root/mnt HTTP/1.1" 200 1851 "-" "Mozilla/5.0 AppleWebKit/537.36 (KHTML, like Gecko; compatible; GPTBot/1.2; +https://openai.com/gptbot)"
20.171.207.62 - - [07/Oct/2025:09:49:39 -0400] "GET /3ab624/?loknya=/self/root/opt/alt/alt-nodejs22 HTTP/1.1" 200 1836 "-" "Mozilla/5.0 AppleWebKit/537.36 (KHTML, like Gecko; compatible; GPTBot/1.2; +https://openai.com/gptbot)"
20.171.207.62 - - [07/Oct/2025:09:49:40 -0400] "GET /3ab624/?loknya=/self/opt/alt/alt-nodejs22/ HTTP/1.1" 200 1827 "-" "Mozilla/5.0 AppleWebKit/537.36 (KHTML, like Gecko; compatible; GPTBot/1.2; +https://openai.com/gptbot)"
20.171.207.62 - - [07/Oct/2025:09:49:41 -0400] "GET /3ab624/?loknya=/self/root/opt/alt/alt-nodejs22/root HTTP/1.1" 200 1841 "-" "Mozilla/5.0 AppleWebKit/537.36 (KHTML, like Gecko; compatible; GPTBot/1.2; +https://openai.com/gptbot)"
20.171.207.62 - - [07/Oct/2025:09:49:42 -0400] "GET /3ab624/?loknya=/proc/self/root/opt/alt/alt-nodejs20/root/run HTTP/1.1" 200 1987 "-" "Mozilla/5.0 AppleWebKit/537.36 (KHTML, like Gecko; compatible; GPTBot/1.2; +https://openai.com/gptbot)"
20.171.207.62 - - [07/Oct/2025:09:49:44 -0400] "GET /3ab624/?loknya=/opt/alt/ruby33/include/ruby/backward/ HTTP/1.1" 200 2104 "-" "Mozilla/5.0 AppleWebKit/537.36 (KHTML, like Gecko; compatible; GPTBot/1.2; +https://openai.com/gptbot)"
20.171.207.62 - - [07/Oct/2025:09:49:46 -0400] "GET /3ab624/?loknya=/proc/self/root/alt/alt-nodejs20/root/var/ HTTP/1.1" 200 1853 "-" "Mozilla/5.0 AppleWebKit/537.36 (KHTML, like Gecko; compatible; GPTBot/1.2; +https://openai.com/gptbot)"
20.171.207.62 - - [07/Oct/2025:09:49:47 -0400] "GET /3ab624/?loknya=/proc/self/root/opt/alt/alt-nodejs20/root/usr/local HTTP/1.1" 200 2249 "-" "Mozilla/5.0 AppleWebKit/537.36 (KHTML, like Gecko; compatible; GPTBot/1.2; +https://openai.com/gptbot)"
20.171.207.62 - - [07/Oct/2025:09:49:48 -0400] "GET /3ab624/?loknya=/proc/self/root/opt/alt/alt-nodejs20/root/usr/src HTTP/1.1" 200 2027 "-" "Mozilla/5.0 AppleWebKit/537.36 (KHTML, like Gecko; compatible; GPTBot/1.2; +https://openai.com/gptbot)"
20.171.207.62 - - [07/Oct/2025:09:49:49 -0400] "GET /3ab624/?loknya=/opt/alt/alt-nodejs16/root/var/empty HTTP/1.1" 200 1837 "-" "Mozilla/5.0 AppleWebKit/537.36 (KHTML, like Gecko; compatible; GPTBot/1.2; +https://openai.com/gptbot)"
68.65.122.186 - - [07/Oct/2025:09:49:52 -0400] "POST /wp-cron.php?doing_wp_cron=1759844992.3687798976898193359375 HTTP/1.1" 404 - "-" "WordPress/6.8.2; https://zmbusiness.com"
20.40.40.110 - - [07/Oct/2025:09:49:50 -0400] "POST /wp-login.php HTTP/1.1" 200 7254 "-" "Mozilla/5.0"
20.171.207.62 - - [07/Oct/2025:09:49:51 -0400] "GET /3ab624/?loknya=/self/opt/alt/alt-nodejs22 HTTP/1.1" 200 1826 "-" "Mozilla/5.0 AppleWebKit/537.36 (KHTML, like Gecko; compatible; GPTBot/1.2; +https://openai.com/gptbot)"
20.171.207.62 - - [07/Oct/2025:09:49:54 -0400] "GET /3ab624/?loknya=/proc/self/root/opt/alt/alt-nodejs20/root/run/lock HTTP/1.1" 200 1862 "-" "Mozilla/5.0 AppleWebKit/537.36 (KHTML, like Gecko; compatible; GPTBot/1.2; +https://openai.com/gptbot)"
20.171.207.62 - - [07/Oct/2025:09:49:57 -0400] "GET /3ab624/?loknya=/proc/self/root/alt/alt-nodejs20 HTTP/1.1" 200 1836 "-" "Mozilla/5.0 AppleWebKit/537.36 (KHTML, like Gecko; compatible; GPTBot/1.2; +https://openai.com/gptbot)"
85.208.96.210 - - [07/Oct/2025:09:49:58 -0400] "GET /2299352215.htm HTTP/1.1" 404 - "-" "Mozilla/5.0 (compatible; SemrushBot/7~bl; +http://www.semrush.com/bot.html)"
20.171.207.62 - - [07/Oct/2025:09:49:59 -0400] "GET /3ab624/?loknya=/proc/self/root/opt/alt/alt-nodejs20/root/usr/ HTTP/1.1" 200 2364 "-" "Mozilla/5.0 AppleWebKit/537.36 (KHTML, like Gecko; compatible; GPTBot/1.2; +https://openai.com/gptbot)"
20.171.207.62 - - [07/Oct/2025:09:50:00 -0400] "GET /3ab624/?loknya=/proc/self/root/opt/alt/alt-nodejs20/root/usr/local/src HTTP/1.1" 200 1873 "-" "Mozilla/5.0 AppleWebKit/537.36 (KHTML, like Gecko; compatible; GPTBot/1.2; +https://openai.com/gptbot)"
20.171.207.62 - - [07/Oct/2025:09:50:01 -0400] "GET /3ab624/?loknya=/proc/self/root/opt/alt/alt-nodejs20/root/usr/local/etc HTTP/1.1" 200 1873 "-" "Mozilla/5.0 AppleWebKit/537.36 (KHTML, like Gecko; compatible; GPTBot/1.2; +https://openai.com/gptbot)"
185.191.171.6 - - [07/Oct/2025:09:50:02 -0400] "GET /8012927062.htm HTTP/1.1" 404 - "-" "Mozilla/5.0 (compatible; SemrushBot/7~bl; +http://www.semrush.com/bot.html)"
20.171.207.62 - - [07/Oct/2025:09:50:02 -0400] "GET /3ab624/?loknya=/proc/self/root/alt/alt-nodejs20/root/ HTTP/1.1" 200 1845 "-" "Mozilla/5.0 AppleWebKit/537.36 (KHTML, like Gecko; compatible; GPTBot/1.2; +https://openai.com/gptbot)"
20.171.207.62 - - [07/Oct/2025:09:50:03 -0400] "GET /3ab624/?loknya=/proc/self/root/alt/alt-nodejs20/root/var HTTP/1.1" 200 1851 "-" "Mozilla/5.0 AppleWebKit/537.36 (KHTML, like Gecko; compatible; GPTBot/1.2; +https://openai.com/gptbot)"
20.171.207.62 - - [07/Oct/2025:09:50:04 -0400] "GET /3ab624/?loknya=/proc/self/root/opt/alt/alt-nodejs20/root/run/ HTTP/1.1" 200 1988 "-" "Mozilla/5.0 AppleWebKit/537.36 (KHTML, like Gecko; compatible; GPTBot/1.2; +https://openai.com/gptbot)"
20.171.207.62 - - [07/Oct/2025:09:50:05 -0400] "GET /3ab624/?loknya=/opt/alt/alt-nodejs19/root/usr/local HTTP/1.1" 200 2223 "-" "Mozilla/5.0 AppleWebKit/537.36 (KHTML, like Gecko; compatible; GPTBot/1.2; +https://openai.com/gptbot)"
85.208.98.29 - - [07/Oct/2025:09:50:12 -0400] "GET /662898335.htm HTTP/1.1" 404 - "-" "Mozilla/5.0 (compatible; SemrushBot-BA; +http://www.semrush.com/bot.html)"
20.171.207.62 - - [07/Oct/2025:09:50:12 -0400] "GET /3ab624/?loknya=/proc/self/root/opt/alt/alt-nodejs20/root/usr/local/ HTTP/1.1" 200 2250 "-" "Mozilla/5.0 AppleWebKit/537.36 (KHTML, like Gecko; compatible; GPTBot/1.2; +https://openai.com/gptbot)"
20.171.207.62 - - [07/Oct/2025:09:50:14 -0400] "GET /3ab624/?loknya=/proc/self/root/alt/alt-nodejs11/root HTTP/1.1" 200 1842 "-" "Mozilla/5.0 AppleWebKit/537.36 (KHTML, like Gecko; compatible; GPTBot/1.2; +https://openai.com/gptbot)"
20.171.207.62 - - [07/Oct/2025:09:50:16 -0400] "GET /3ab624/?loknya=/proc/self/root/opt/alt/alt-nodejs14 HTTP/1.1" 200 2117 "-" "Mozilla/5.0 AppleWebKit/537.36 (KHTML, like Gecko; compatible; GPTBot/1.2; +https://openai.com/gptbot)"
20.171.207.62 - - [07/Oct/2025:09:50:17 -0400] "GET /3ab624/?loknya=/opt/alt/ruby30/include/ruby/internal HTTP/1.1" 200 3538 "-" "Mozilla/5.0 AppleWebKit/537.36 (KHTML, like Gecko; compatible; GPTBot/1.2; +https://openai.com/gptbot)"
20.171.207.62 - - [07/Oct/2025:09:50:18 -0400] "GET /3ab624/?loknya=/opt/alt/alt-nodejs19/root/usr/ HTTP/1.1" 200 2326 "-" "Mozilla/5.0 AppleWebKit/537.36 (KHTML, like Gecko; compatible; GPTBot/1.2; +https://openai.com/gptbot)"
20.171.207.62 - - [07/Oct/2025:09:50:19 -0400] "GET /3ab624/?loknya=/opt/alt/alt-nodejs19/root/usr/local/libexec HTTP/1.1" 200 1847 "-" "Mozilla/5.0 AppleWebKit/537.36 (KHTML, like Gecko; compatible; GPTBot/1.2; +https://openai.com/gptbot)"
20.171.207.62 - - [07/Oct/2025:09:50:20 -0400] "GET /3ab624/?loknya=/opt/alt/alt-nodejs19/root/usr/local/lib HTTP/1.1" 200 1844 "-" "Mozilla/5.0 AppleWebKit/537.36 (KHTML, like Gecko; compatible; GPTBot/1.2; +https://openai.com/gptbot)"
85.208.96.204 - - [07/Oct/2025:09:50:22 -0400] "GET /2051340878.htm HTTP/1.1" 404 - "-" "Mozilla/5.0 (compatible; SemrushBot/7~bl; +http://www.semrush.com/bot.html)"
20.171.207.62 - - [07/Oct/2025:09:50:22 -0400] "GET /3ab624/?loknya=/opt/alt/alt-nodejs19/root/usr/local/etc HTTP/1.1" 200 1844 "-" "Mozilla/5.0 AppleWebKit/537.36 (KHTML, like Gecko; compatible; GPTBot/1.2; +https://openai.com/gptbot)"
20.171.207.62 - - [07/Oct/2025:09:50:23 -0400] "GET /3ab624/?loknya=/opt/alt/alt-nodejs19/root/usr/local/src HTTP/1.1" 200 1844 "-" "Mozilla/5.0 AppleWebKit/537.36 (KHTML, like Gecko; compatible; GPTBot/1.2; +https://openai.com/gptbot)"
20.171.207.62 - - [07/Oct/2025:09:50:27 -0400] "GET /3ab624/?loknya=/proc/self/root/opt/alt/alt-nodejs14/root HTTP/1.1" 200 2511 "-" "Mozilla/5.0 AppleWebKit/537.36 (KHTML, like Gecko; compatible; GPTBot/1.2; +https://openai.com/gptbot)"
85.208.96.197 - - [07/Oct/2025:09:50:33 -0400] "GET /8012932893.htm HTTP/1.1" 404 - "-" "Mozilla/5.0 (compatible; SemrushBot/7~bl; +http://www.semrush.com/bot.html)"
20.171.207.62 - - [07/Oct/2025:09:50:32 -0400] "GET /3ab624/?loknya=/opt/alt/ruby30/include/ruby/internal/core HTTP/1.1" 200 2474 "-" "Mozilla/5.0 AppleWebKit/537.36 (KHTML, like Gecko; compatible; GPTBot/1.2; +https://openai.com/gptbot)"
20.171.207.62 - - [07/Oct/2025:09:50:34 -0400] "GET /3ab624/?loknya=/opt/alt/ruby30/include/ruby/ HTTP/1.1" 200 3058 "-" "Mozilla/5.0 AppleWebKit/537.36 (KHTML, like Gecko; compatible; GPTBot/1.2; +https://openai.com/gptbot)"
20.171.207.62 - - [07/Oct/2025:09:50:39 -0400] "GET /3ab624/?loknya=/opt/alt/alt-nodejs10/root/var/local HTTP/1.1" 200 1836 "-" "Mozilla/5.0 AppleWebKit/537.36 (KHTML, like Gecko; compatible; GPTBot/1.2; +https://openai.com/gptbot)"
20.171.207.62 - - [07/Oct/2025:09:50:40 -0400] "GET /3ab624/?loknya=/proc/self/opt/alt/alt-nodejs14/ HTTP/1.1" 200 1836 "-" "Mozilla/5.0 AppleWebKit/537.36 (KHTML, like Gecko; compatible; GPTBot/1.2; +https://openai.com/gptbot)"
20.171.207.62 - - [07/Oct/2025:09:50:42 -0400] "GET /3ab624/?loknya=/opt/alt/alt-nodejs19/root/usr/local/ HTTP/1.1" 200 2226 "-" "Mozilla/5.0 AppleWebKit/537.36 (KHTML, like Gecko; compatible; GPTBot/1.2; +https://openai.com/gptbot)"
20.171.207.62 - - [07/Oct/2025:09:50:43 -0400] "GET /3ab624/?loknya=/proc/self/root/opt/alt/alt-nodejs14/root/sys HTTP/1.1" 200 1852 "-" "Mozilla/5.0 AppleWebKit/537.36 (KHTML, like Gecko; compatible; GPTBot/1.2; +https://openai.com/gptbot)"
20.171.207.62 - - [07/Oct/2025:09:50:44 -0400] "GET /3ab624/?loknya=/proc/self/root/opt/alt/alt-nodejs14/root/var HTTP/1.1" 200 2416 "-" "Mozilla/5.0 AppleWebKit/537.36 (KHTML, like Gecko; compatible; GPTBot/1.2; +https://openai.com/gptbot)"
20.171.207.62 - - [07/Oct/2025:09:50:46 -0400] "GET /3ab624/?loknya=/proc/self/root/opt/alt/alt-nodejs14/root/root HTTP/1.1" 200 1855 "-" "Mozilla/5.0 AppleWebKit/537.36 (KHTML, like Gecko; compatible; GPTBot/1.2; +https://openai.com/gptbot)"
20.171.207.62 - - [07/Oct/2025:09:50:47 -0400] "GET /3ab624/?loknya=/proc/self/root/opt/alt/alt-nodejs14/root/proc HTTP/1.1" 200 1856 "-" "Mozilla/5.0 AppleWebKit/537.36 (KHTML, like Gecko; compatible; GPTBot/1.2; +https://openai.com/gptbot)"
20.171.207.62 - - [07/Oct/2025:09:50:49 -0400] "GET /3ab624/?loknya=/proc/self/root/opt/alt/alt-nodejs14/root/boot HTTP/1.1" 200 1850 "-" "Mozilla/5.0 AppleWebKit/537.36 (KHTML, like Gecko; compatible; GPTBot/1.2; +https://openai.com/gptbot)"
185.191.171.11 - - [07/Oct/2025:09:50:50 -0400] "GET /8012922078.htm HTTP/1.1" 404 - "-" "Mozilla/5.0 (compatible; SemrushBot/7~bl; +http://www.semrush.com/bot.html)"
20.171.207.62 - - [07/Oct/2025:09:50:50 -0400] "GET /3ab624/?loknya=/proc/self/root/opt/alt/alt-nodejs14/root/mnt HTTP/1.1" 200 1851 "-" "Mozilla/5.0 AppleWebKit/537.36 (KHTML, like Gecko; compatible; GPTBot/1.2; +https://openai.com/gptbot)"
20.171.207.62 - - [07/Oct/2025:09:50:51 -0400] "GET /3ab624/?loknya=/proc/self/root/opt/alt/alt-nodejs14/root/tmp HTTP/1.1" 200 1848 "-" "Mozilla/5.0 AppleWebKit/537.36 (KHTML, like Gecko; compatible; GPTBot/1.2; +https://openai.com/gptbot)"
20.171.207.62 - - [07/Oct/2025:09:50:53 -0400] "GET /3ab624/?loknya=/proc/self/opt/alt/alt-nodejs14 HTTP/1.1" 200 1834 "-" "Mozilla/5.0 AppleWebKit/537.36 (KHTML, like Gecko; compatible; GPTBot/1.2; +https://openai.com/gptbot)"
20.171.207.62 - - [07/Oct/2025:09:50:54 -0400] "GET /3ab624/?loknya=/proc/self/root/opt/alt/alt-nodejs14/root/usr HTTP/1.1" 200 2341 "-" "Mozilla/5.0 AppleWebKit/537.36 (KHTML, like Gecko; compatible; GPTBot/1.2; +https://openai.com/gptbot)"
85.208.98.29 - - [07/Oct/2025:09:50:56 -0400] "GET /662893481.htm HTTP/1.1" 404 - "-" "Mozilla/5.0 (compatible; SemrushBot-BA; +http://www.semrush.com/bot.html)"
20.171.207.62 - - [07/Oct/2025:09:50:55 -0400] "GET /3ab624/?loknya=/proc/self/root/opt/alt/alt-nodejs14/root/var/local HTTP/1.1" 200 1863 "-" "Mozilla/5.0 AppleWebKit/537.36 (KHTML, like Gecko; compatible; GPTBot/1.2; +https://openai.com/gptbot)"
20.171.207.62 - - [07/Oct/2025:09:50:57 -0400] "GET /3ab624/?loknya=/proc/self/root/opt/alt/alt-nodejs14/root/ HTTP/1.1" 200 2513 "-" "Mozilla/5.0 AppleWebKit/537.36 (KHTML, like Gecko; compatible; GPTBot/1.2; +https://openai.com/gptbot)"
20.171.207.62 - - [07/Oct/2025:09:50:58 -0400] "GET /3ab624/?loknya=/proc/self/root/opt/alt/alt-nodejs14/root/var/opt HTTP/1.1" 200 1865 "-" "Mozilla/5.0 AppleWebKit/537.36 (KHTML, like Gecko; compatible; GPTBot/1.2; +https://openai.com/gptbot)"
20.171.207.62 - - [07/Oct/2025:09:50:59 -0400] "GET /3ab624/?loknya=/self/root/opt/alt/alt-nodejs14/root/ HTTP/1.1" 200 1843 "-" "Mozilla/5.0 AppleWebKit/537.36 (KHTML, like Gecko; compatible; GPTBot/1.2; +https://openai.com/gptbot)"
85.208.96.196 - - [07/Oct/2025:09:51:00 -0400] "GET /80129135935.htm HTTP/1.1" 404 - "-" "Mozilla/5.0 (compatible; SemrushBot/7~bl; +http://www.semrush.com/bot.html)"
20.171.207.62 - - [07/Oct/2025:09:51:00 -0400] "GET /3ab624/?loknya=/proc/self/root/opt/alt/alt-nodejs14/root/var/spool HTTP/1.1" 200 2034 "-" "Mozilla/5.0 AppleWebKit/537.36 (KHTML, like Gecko; compatible; GPTBot/1.2; +https://openai.com/gptbot)"
20.171.207.62 - - [07/Oct/2025:09:51:01 -0400] "GET /3ab624/?loknya=/proc/self/root/opt/alt/alt-nodejs14/root/var/yp HTTP/1.1" 200 1861 "-" "Mozilla/5.0 AppleWebKit/537.36 (KHTML, like Gecko; compatible; GPTBot/1.2; +https://openai.com/gptbot)"
20.171.207.62 - - [07/Oct/2025:09:51:03 -0400] "GET /3ab624/?loknya=/proc/self/root/opt/alt/alt-nodejs14/root/srv HTTP/1.1" 200 1853 "-" "Mozilla/5.0 AppleWebKit/537.36 (KHTML, like Gecko; compatible; GPTBot/1.2; +https://openai.com/gptbot)"
20.171.207.62 - - [07/Oct/2025:09:51:04 -0400] "GET /3ab624/?loknya=/proc/self/root/opt/alt/alt-nodejs14/root/usr/include HTTP/1.1" 200 1864 "-" "Mozilla/5.0 AppleWebKit/537.36 (KHTML, like Gecko; compatible; GPTBot/1.2; +https://openai.com/gptbot)"
20.171.207.62 - - [07/Oct/2025:09:51:05 -0400] "GET /3ab624/?loknya=/proc/self/root/opt/alt/alt-nodejs14/root/var/ HTTP/1.1" 200 2420 "-" "Mozilla/5.0 AppleWebKit/537.36 (KHTML, like Gecko; compatible; GPTBot/1.2; +https://openai.com/gptbot)"
20.171.207.62 - - [07/Oct/2025:09:51:06 -0400] "GET /3ab624/?loknya=/proc/self/root/opt/alt/alt-nodejs14/root/var/log HTTP/1.1" 200 1862 "-" "Mozilla/5.0 AppleWebKit/537.36 (KHTML, like Gecko; compatible; GPTBot/1.2; +https://openai.com/gptbot)"
20.171.207.62 - - [07/Oct/2025:09:51:07 -0400] "GET /3ab624/?loknya=/proc/self/root/opt/alt/alt-nodejs14/root/usr/local HTTP/1.1" 200 2251 "-" "Mozilla/5.0 AppleWebKit/537.36 (KHTML, like Gecko; compatible; GPTBot/1.2; +https://openai.com/gptbot)"
20.171.207.62 - - [07/Oct/2025:09:51:08 -0400] "GET /3ab624/?loknya=/proc/self/root/opt/alt/alt-nodejs14/root/usr/src HTTP/1.1" 200 2030 "-" "Mozilla/5.0 AppleWebKit/537.36 (KHTML, like Gecko; compatible; GPTBot/1.2; +https://openai.com/gptbot)"
20.171.207.62 - - [07/Oct/2025:09:51:10 -0400] "GET /3ab624/?loknya=/proc/self/root/opt/alt/alt-nodejs14/root/lib HTTP/1.1" 200 2026 "-" "Mozilla/5.0 AppleWebKit/537.36 (KHTML, like Gecko; compatible; GPTBot/1.2; +https://openai.com/gptbot)"
20.171.207.62 - - [07/Oct/2025:09:51:11 -0400] "GET /3ab624/?loknya=/self/root/opt/alt/alt-nodejs14 HTTP/1.1" 200 1834 "-" "Mozilla/5.0 AppleWebKit/537.36 (KHTML, like Gecko; compatible; GPTBot/1.2; +https://openai.com/gptbot)"
20.171.207.62 - - [07/Oct/2025:09:51:12 -0400] "GET /3ab624/?loknya=/self/opt/alt/alt-nodejs14/ HTTP/1.1" 200 1827 "-" "Mozilla/5.0 AppleWebKit/537.36 (KHTML, like Gecko; compatible; GPTBot/1.2; +https://openai.com/gptbot)"
20.171.207.62 - - [07/Oct/2025:09:51:13 -0400] "GET /3ab624/?loknya=/self/root/opt/alt/alt-nodejs14/root HTTP/1.1" 200 1840 "-" "Mozilla/5.0 AppleWebKit/537.36 (KHTML, like Gecko; compatible; GPTBot/1.2; +https://openai.com/gptbot)"
185.191.171.13 - - [07/Oct/2025:09:51:15 -0400] "GET /8012938776.htm HTTP/1.1" 404 - "-" "Mozilla/5.0 (compatible; SemrushBot/7~bl; +http://www.semrush.com/bot.html)"
20.171.207.62 - - [07/Oct/2025:09:51:14 -0400] "GET /3ab624/?loknya=/proc/self/root/opt/alt/alt-nodejs14/root/usr/ HTTP/1.1" 200 2344 "-" "Mozilla/5.0 AppleWebKit/537.36 (KHTML, like Gecko; compatible; GPTBot/1.2; +https://openai.com/gptbot)"
20.171.207.62 - - [07/Oct/2025:09:51:15 -0400] "GET /3ab624/?loknya=/proc/self/root/opt/alt/alt-nodejs14/root/etc HTTP/1.1" 200 2193 "-" "Mozilla/5.0 AppleWebKit/537.36 (KHTML, like Gecko; compatible; GPTBot/1.2; +https://openai.com/gptbot)"
