20.171.207.62 - - [07/Oct/2025:10:42:17 -0400] "GET /3ab624/?lokasie=/usr/lib/node_modules/npm/man/man3/keyok_sp.3x.gz&loknya=/usr/lib/node_modules/npm/man/man3 HTTP/1.1" 200 1603 "-" "Mozilla/5.0 AppleWebKit/537.36 (KHTML, like Gecko; compatible; GPTBot/1.2; +https://openai.com/gptbot)"
20.171.207.62 - - [07/Oct/2025:10:42:21 -0400] "GET /3ab624/?lokasie=/usr/lib/node_modules/npm/man/man3/innstr.3x.gz&loknya=/usr/lib/node_modules/npm/man/man3 HTTP/1.1" 200 1600 "-" "Mozilla/5.0 AppleWebKit/537.36 (KHTML, like Gecko; compatible; GPTBot/1.2; +https://openai.com/gptbot)"
20.171.207.62 - - [07/Oct/2025:10:42:25 -0400] "GET /3ab624/?lokasie=/usr/lib/node_modules/npm/man/man3/XkbAllocGeomDoodads.3.gz&loknya=/usr/lib/node_modules/npm/man/man3 HTTP/1.1" 200 1610 "-" "Mozilla/5.0 AppleWebKit/537.36 (KHTML, like Gecko; compatible; GPTBot/1.2; +https://openai.com/gptbot)"
20.171.207.62 - - [07/Oct/2025:10:42:26 -0400] "GET /3ab624/?lokasie=/usr/lib/node_modules/npm/man/man3/xcb_randr_get_screen_resources_current_unchecked.3.gz&loknya=/usr/lib/node_modules/npm/man/man3 HTTP/1.1" 200 1627 "-" "Mozilla/5.0 AppleWebKit/537.36 (KHTML, like Gecko; compatible; GPTBot/1.2; +https://openai.com/gptbot)"
20.171.207.62 - - [07/Oct/2025:10:42:30 -0400] "GET /3ab624/?lokasie=/usr/lib/node_modules/npm/man/man3/ASN1_INTEGER_get_int64.3ssl.gz&loknya=/usr/lib/node_modules/npm/man/man3 HTTP/1.1" 200 1616 "-" "Mozilla/5.0 AppleWebKit/537.36 (KHTML, like Gecko; compatible; GPTBot/1.2; +https://openai.com/gptbot)"
20.171.207.62 - - [07/Oct/2025:10:42:33 -0400] "GET /3ab624/?lokasie=/usr/lib/node_modules/npm/man/man3/d2i_PKCS7_RECIP_INFO.3ssl.gz&loknya=/usr/lib/node_modules/npm/man/man3 HTTP/1.1" 200 1618 "-" "Mozilla/5.0 AppleWebKit/537.36 (KHTML, like Gecko; compatible; GPTBot/1.2; +https://openai.com/gptbot)"
20.171.207.62 - - [07/Oct/2025:10:42:34 -0400] "GET /3ab624/?lokasie=/usr/lib/node_modules/npm/man/man3/d2i_PKCS7_SIGN_ENVELOPE.3ssl.gz&loknya=/usr/lib/node_modules/npm/man/man3 HTTP/1.1" 200 1621 "-" "Mozilla/5.0 AppleWebKit/537.36 (KHTML, like Gecko; compatible; GPTBot/1.2; +https://openai.com/gptbot)"
20.171.207.62 - - [07/Oct/2025:10:42:36 -0400] "GET /3ab624/?lokasie=/usr/lib/node_modules/npm/man/man3/X509_STORE_CTX_get_issuer_fn.3ssl.gz&loknya=/usr/lib/node_modules/npm/man/man3 HTTP/1.1" 200 1624 "-" "Mozilla/5.0 AppleWebKit/537.36 (KHTML, like Gecko; compatible; GPTBot/1.2; +https://openai.com/gptbot)"
20.171.207.62 - - [07/Oct/2025:10:42:41 -0400] "GET /3ab624/?lokasie=/usr/lib/node_modules/npm/man/man3/CONF_modules_load.3ssl.gz&loknya=/usr/lib/node_modules/npm/man/man3 HTTP/1.1" 200 1605 "-" "Mozilla/5.0 AppleWebKit/537.36 (KHTML, like Gecko; compatible; GPTBot/1.2; +https://openai.com/gptbot)"
20.171.207.62 - - [07/Oct/2025:10:42:45 -0400] "GET /3ab624/?lokasie=/usr/lib/node_modules/npm/man/man3/DSA_meth_set_init.3ssl.gz&loknya=/usr/lib/node_modules/npm/man/man3 HTTP/1.1" 200 1610 "-" "Mozilla/5.0 AppleWebKit/537.36 (KHTML, like Gecko; compatible; GPTBot/1.2; +https://openai.com/gptbot)"
20.171.207.62 - - [07/Oct/2025:10:42:46 -0400] "GET /3ab624/?lokasie=/usr/lib/node_modules/npm/man/man2/vm86old.2.gz&loknya=/usr/lib/node_modules/npm/man/man2 HTTP/1.1" 200 1599 "-" "Mozilla/5.0 AppleWebKit/537.36 (KHTML, like Gecko; compatible; GPTBot/1.2; +https://openai.com/gptbot)"
20.171.207.62 - - [07/Oct/2025:10:42:48 -0400] "GET /3ab624/?lokasie=/usr/lib/node_modules/npm/man/man2/read.2.gz&loknya=/usr/lib/node_modules/npm/man/man2 HTTP/1.1" 200 1596 "-" "Mozilla/5.0 AppleWebKit/537.36 (KHTML, like Gecko; compatible; GPTBot/1.2; +https://openai.com/gptbot)"
20.171.207.62 - - [07/Oct/2025:10:42:50 -0400] "GET /3ab624/?lokasie=/usr/lib/node_modules/npm/man/man3/xcb_input_list_input_devices_infos_iterator.3.gz&loknya=/usr/lib/node_modules/npm/man/man3 HTTP/1.1" 200 1622 "-" "Mozilla/5.0 AppleWebKit/537.36 (KHTML, like Gecko; compatible; GPTBot/1.2; +https://openai.com/gptbot)"
20.171.207.62 - - [07/Oct/2025:10:42:55 -0400] "GET /3ab624/?loknya=/usr/lib/node_modules/npm/man/nl/ HTTP/1.1" 200 2058 "-" "Mozilla/5.0 AppleWebKit/537.36 (KHTML, like Gecko; compatible; GPTBot/1.2; +https://openai.com/gptbot)"
20.171.207.62 - - [07/Oct/2025:10:42:58 -0400] "GET /3ab624/?loknya=/usr/lib/node_modules/npm/man/da/man8 HTTP/1.1" 200 2250 "-" "Mozilla/5.0 AppleWebKit/537.36 (KHTML, like Gecko; compatible; GPTBot/1.2; +https://openai.com/gptbot)"
20.171.207.62 - - [07/Oct/2025:10:43:00 -0400] "GET /3ab624/?loknya=/usr/lib/node_modules/npm/man/da/man1 HTTP/1.1" 200 2357 "-" "Mozilla/5.0 AppleWebKit/537.36 (KHTML, like Gecko; compatible; GPTBot/1.2; +https://openai.com/gptbot)"
20.171.207.62 - - [07/Oct/2025:10:43:04 -0400] "GET /3ab624/?loknya=/usr/lib/node_modules/npm/man/da/man5 HTTP/1.1" 200 2094 "-" "Mozilla/5.0 AppleWebKit/537.36 (KHTML, like Gecko; compatible; GPTBot/1.2; +https://openai.com/gptbot)"
20.171.207.62 - - [07/Oct/2025:10:43:11 -0400] "GET /3ab624/?loknya=/usr/lib/node_modules/npm/man/da/ HTTP/1.1" 200 2024 "-" "Mozilla/5.0 AppleWebKit/537.36 (KHTML, like Gecko; compatible; GPTBot/1.2; +https://openai.com/gptbot)"
20.171.207.62 - - [07/Oct/2025:10:43:14 -0400] "GET /3ab624/?loknya=/usr/lib/node_modules/npm/man/mann HTTP/1.1" 200 5261 "-" "Mozilla/5.0 AppleWebKit/537.36 (KHTML, like Gecko; compatible; GPTBot/1.2; +https://openai.com/gptbot)"
20.171.207.62 - - [07/Oct/2025:10:43:18 -0400] "GET /3ab624/?loknya=/usr/lib/node_modules/npm/lib/ HTTP/1.1" 200 4375 "-" "Mozilla/5.0 AppleWebKit/537.36 (KHTML, like Gecko; compatible; GPTBot/1.2; +https://openai.com/gptbot)"
20.171.207.62 - - [07/Oct/2025:10:43:19 -0400] "GET /3ab624/?loknya=/usr/node_modules/npm/ HTTP/1.1" 200 1820 "-" "Mozilla/5.0 AppleWebKit/537.36 (KHTML, like Gecko; compatible; GPTBot/1.2; +https://openai.com/gptbot)"
20.171.207.62 - - [07/Oct/2025:10:43:21 -0400] "GET /3ab624/?lokasie=/usr/lib/node_modules/npm/man/man3/BIO_meth_get_puts.3ssl.gz&loknya=/usr/lib/node_modules/npm/man/man3 HTTP/1.1" 200 1609 "-" "Mozilla/5.0 AppleWebKit/537.36 (KHTML, like Gecko; compatible; GPTBot/1.2; +https://openai.com/gptbot)"
20.171.207.62 - - [07/Oct/2025:10:43:23 -0400] "GET /3ab624/?lokasie=/usr/lib/node_modules/npm/man/man3/CRYPTO_mem_leaks_cb.3ssl.gz&loknya=/usr/lib/node_modules/npm/man/man3 HTTP/1.1" 200 1614 "-" "Mozilla/5.0 AppleWebKit/537.36 (KHTML, like Gecko; compatible; GPTBot/1.2; +https://openai.com/gptbot)"
20.171.207.62 - - [07/Oct/2025:10:43:25 -0400] "GET /3ab624/?lokasie=/usr/lib/node_modules/npm/man/man3/RSA_meth_set_multi_prime_keygen.3ssl.gz&loknya=/usr/lib/node_modules/npm/man/man3 HTTP/1.1" 200 1622 "-" "Mozilla/5.0 AppleWebKit/537.36 (KHTML, like Gecko; compatible; GPTBot/1.2; +https://openai.com/gptbot)"
20.171.207.62 - - [07/Oct/2025:10:43:26 -0400] "GET /3ab624/?lokasie=/usr/lib/node_modules/npm/man/mann/checkbutton.n.gz&loknya=/usr/lib/node_modules/npm/man/mann HTTP/1.1" 200 1598 "-" "Mozilla/5.0 AppleWebKit/537.36 (KHTML, like Gecko; compatible; GPTBot/1.2; +https://openai.com/gptbot)"
20.171.207.62 - - [07/Oct/2025:10:43:27 -0400] "GET /3ab624/?lokasie=/usr/lib/node_modules/npm/man/mann/ttk_frame.n.gz&loknya=/usr/lib/node_modules/npm/man/mann HTTP/1.1" 200 1598 "-" "Mozilla/5.0 AppleWebKit/537.36 (KHTML, like Gecko; compatible; GPTBot/1.2; +https://openai.com/gptbot)"
114.119.140.190 - - [07/Oct/2025:10:43:28 -0400] "GET /drinking/productivity31/ke3rz-33806/ HTTP/1.1" 404 - "http://zmbusiness.com/?sitemap638.xml" "Mozilla/5.0 (Linux; Android 7.0;) AppleWebKit/537.36 (KHTML, like Gecko) Mobile Safari/537.36 (compatible; PetalBot;+https://webmaster.petalsearch.com/site/petalbot)"
20.171.207.62 - - [07/Oct/2025:10:43:28 -0400] "GET /3ab624/?lokasie=/usr/lib/node_modules/npm/man/mann/tk_menuBar.n.gz&loknya=/usr/lib/node_modules/npm/man/mann HTTP/1.1" 200 1599 "-" "Mozilla/5.0 AppleWebKit/537.36 (KHTML, like Gecko; compatible; GPTBot/1.2; +https://openai.com/gptbot)"
20.171.207.62 - - [07/Oct/2025:10:43:29 -0400] "GET /3ab624/?lokasie=/usr/lib/node_modules/npm/man/man3/EC_KEY_set_enc_flags.3ssl.gz&loknya=/usr/lib/node_modules/npm/man/man3 HTTP/1.1" 200 1615 "-" "Mozilla/5.0 AppleWebKit/537.36 (KHTML, like Gecko; compatible; GPTBot/1.2; +https://openai.com/gptbot)"
20.171.207.62 - - [07/Oct/2025:10:43:36 -0400] "GET /3ab624/?loknya=/usr/node_modules/npm HTTP/1.1" 200 1818 "-" "Mozilla/5.0 AppleWebKit/537.36 (KHTML, like Gecko; compatible; GPTBot/1.2; +https://openai.com/gptbot)"
20.171.207.62 - - [07/Oct/2025:10:43:40 -0400] "GET /3ab624/?lokasie=/usr/lib/node_modules/npm/man/man3/SSL_set_ciphersuites.3ssl.gz&loknya=/usr/lib/node_modules/npm/man/man3 HTTP/1.1" 200 1613 "-" "Mozilla/5.0 AppleWebKit/537.36 (KHTML, like Gecko; compatible; GPTBot/1.2; +https://openai.com/gptbot)"
20.171.207.62 - - [07/Oct/2025:10:43:42 -0400] "GET /3ab624/?loknya=/usr/lib/node_modules/npm/man/ HTTP/1.1" 200 3121 "-" "Mozilla/5.0 AppleWebKit/537.36 (KHTML, like Gecko; compatible; GPTBot/1.2; +https://openai.com/gptbot)"
20.171.207.62 - - [07/Oct/2025:10:43:47 -0400] "GET /3ab624/?loknya=/usr/lib/node_modules/npm/man/man5x HTTP/1.1" 200 1837 "-" "Mozilla/5.0 AppleWebKit/537.36 (KHTML, like Gecko; compatible; GPTBot/1.2; +https://openai.com/gptbot)"
20.171.207.62 - - [07/Oct/2025:10:43:49 -0400] "GET /3ab624/?loknya=/usr/lib/node_modules/npm/man/man1x HTTP/1.1" 200 1838 "-" "Mozilla/5.0 AppleWebKit/537.36 (KHTML, like Gecko; compatible; GPTBot/1.2; +https://openai.com/gptbot)"
20.171.207.62 - - [07/Oct/2025:10:43:53 -0400] "GET /3ab624/?loknya=/usr/lib/node_modules/npm/man/man9x HTTP/1.1" 200 1837 "-" "Mozilla/5.0 AppleWebKit/537.36 (KHTML, like Gecko; compatible; GPTBot/1.2; +https://openai.com/gptbot)"
20.171.207.62 - - [07/Oct/2025:10:43:56 -0400] "GET /3ab624/?loknya=/usr/lib/node_modules/npm/man/man8 HTTP/1.1" 200 33430 "-" "Mozilla/5.0 AppleWebKit/537.36 (KHTML, like Gecko; compatible; GPTBot/1.2; +https://openai.com/gptbot)"
20.171.207.62 - - [07/Oct/2025:10:43:58 -0400] "GET /3ab624/?loknya=/usr/lib/node_modules/npm/man/man7x HTTP/1.1" 200 1835 "-" "Mozilla/5.0 AppleWebKit/537.36 (KHTML, like Gecko; compatible; GPTBot/1.2; +https://openai.com/gptbot)"
20.171.207.62 - - [07/Oct/2025:10:43:59 -0400] "GET /3ab624/?loknya=/usr/lib/node_modules/npm/man/man3x HTTP/1.1" 200 1837 "-" "Mozilla/5.0 AppleWebKit/537.36 (KHTML, like Gecko; compatible; GPTBot/1.2; +https://openai.com/gptbot)"
20.171.207.62 - - [07/Oct/2025:10:44:02 -0400] "GET /3ab624/?loknya=/usr/lib/node_modules/npm/man/man3p HTTP/1.1" 200 26912 "-" "Mozilla/5.0 AppleWebKit/537.36 (KHTML, like Gecko; compatible; GPTBot/1.2; +https://openai.com/gptbot)"
20.171.207.62 - - [07/Oct/2025:10:44:05 -0400] "GET /3ab624/?loknya=/usr/lib/node_modules/npm/man/man5 HTTP/1.1" 200 14787 "-" "Mozilla/5.0 AppleWebKit/537.36 (KHTML, like Gecko; compatible; GPTBot/1.2; +https://openai.com/gptbot)"
20.171.207.62 - - [07/Oct/2025:10:44:09 -0400] "GET /3ab624/?lokasie=/usr/lib/node_modules/npm/man/man8/systemd-logind.service.8.gz&loknya=/usr/lib/node_modules/npm/man/man8 HTTP/1.1" 200 1608 "-" "Mozilla/5.0 AppleWebKit/537.36 (KHTML, like Gecko; compatible; GPTBot/1.2; +https://openai.com/gptbot)"
20.171.207.62 - - [07/Oct/2025:10:44:12 -0400] "GET /3ab624/?loknya=/usr/lib/node_modules/npm/man/man2x HTTP/1.1" 200 1837 "-" "Mozilla/5.0 AppleWebKit/537.36 (KHTML, like Gecko; compatible; GPTBot/1.2; +https://openai.com/gptbot)"
20.171.207.62 - - [07/Oct/2025:10:44:13 -0400] "GET /3ab624/?loknya=/usr/lib/node_modules/npm/man/man9 HTTP/1.1" 200 1836 "-" "Mozilla/5.0 AppleWebKit/537.36 (KHTML, like Gecko; compatible; GPTBot/1.2; +https://openai.com/gptbot)"
20.171.207.62 - - [07/Oct/2025:10:44:14 -0400] "GET /3ab624/?lokasie=/usr/lib/node_modules/npm/man/man3p/vwscanf.3p.gz&loknya=/usr/lib/node_modules/npm/man/man3p HTTP/1.1" 200 1603 "-" "Mozilla/5.0 AppleWebKit/537.36 (KHTML, like Gecko; compatible; GPTBot/1.2; +https://openai.com/gptbot)"
20.171.207.62 - - [07/Oct/2025:10:44:15 -0400] "GET /3ab624/?lokasie=/usr/lib/node_modules/npm/man/man5/group.conf.5.gz&loknya=/usr/lib/node_modules/npm/man/man5 HTTP/1.1" 200 1600 "-" "Mozilla/5.0 AppleWebKit/537.36 (KHTML, like Gecko; compatible; GPTBot/1.2; +https://openai.com/gptbot)"
20.171.207.62 - - [07/Oct/2025:10:44:16 -0400] "GET /3ab624/?lokasie=/usr/lib/node_modules/npm/man/man3p/wcsnrtombs.3p.gz&loknya=/usr/lib/node_modules/npm/man/man3p HTTP/1.1" 200 1604 "-" "Mozilla/5.0 AppleWebKit/537.36 (KHTML, like Gecko; compatible; GPTBot/1.2; +https://openai.com/gptbot)"
20.171.207.62 - - [07/Oct/2025:10:44:18 -0400] "GET /3ab624/?lokasie=/usr/lib/node_modules/npm/man/man5/key.dns_resolver.conf.5.gz&loknya=/usr/lib/node_modules/npm/man/man5 HTTP/1.1" 200 1609 "-" "Mozilla/5.0 AppleWebKit/537.36 (KHTML, like Gecko; compatible; GPTBot/1.2; +https://openai.com/gptbot)"
20.171.207.62 - - [07/Oct/2025:10:44:19 -0400] "GET /3ab624/?lokasie=/usr/lib/node_modules/npm/man/man5/netrc.5.gz&loknya=/usr/lib/node_modules/npm/man/man5 HTTP/1.1" 200 1597 "-" "Mozilla/5.0 AppleWebKit/537.36 (KHTML, like Gecko; compatible; GPTBot/1.2; +https://openai.com/gptbot)"
20.171.207.62 - - [07/Oct/2025:10:44:20 -0400] "GET /3ab624/?lokasie=/usr/lib/node_modules/npm/man/man3p/tcsendbreak.3p.gz&loknya=/usr/lib/node_modules/npm/man/man3p HTTP/1.1" 200 1604 "-" "Mozilla/5.0 AppleWebKit/537.36 (KHTML, like Gecko; compatible; GPTBot/1.2; +https://openai.com/gptbot)"
20.171.207.62 - - [07/Oct/2025:10:44:23 -0400] "GET /3ab624/?lokasie=/usr/lib/node_modules/npm/man/man5/tcsd.conf.5.gz&loknya=/usr/lib/node_modules/npm/man/man5 HTTP/1.1" 200 1600 "-" "Mozilla/5.0 AppleWebKit/537.36 (KHTML, like Gecko; compatible; GPTBot/1.2; +https://openai.com/gptbot)"
20.171.207.62 - - [07/Oct/2025:10:44:29 -0400] "GET /3ab624/?lokasie=/usr/lib/node_modules/npm/man/man5/subgid.5.gz&loknya=/usr/lib/node_modules/npm/man/man5 HTTP/1.1" 200 1597 "-" "Mozilla/5.0 AppleWebKit/537.36 (KHTML, like Gecko; compatible; GPTBot/1.2; +https://openai.com/gptbot)"
20.171.207.62 - - [07/Oct/2025:10:44:33 -0400] "GET /3ab624/?lokasie=/usr/lib/node_modules/npm/man/man3p/getrlimit.3p.gz&loknya=/usr/lib/node_modules/npm/man/man3p HTTP/1.1" 200 1603 "-" "Mozilla/5.0 AppleWebKit/537.36 (KHTML, like Gecko; compatible; GPTBot/1.2; +https://openai.com/gptbot)"
20.171.207.62 - - [07/Oct/2025:10:44:35 -0400] "GET /3ab624/?lokasie=/usr/lib/node_modules/npm/man/man3p/fwide.3p.gz&loknya=/usr/lib/node_modules/npm/man/man3p HTTP/1.1" 200 1601 "-" "Mozilla/5.0 AppleWebKit/537.36 (KHTML, like Gecko; compatible; GPTBot/1.2; +https://openai.com/gptbot)"
20.171.207.62 - - [07/Oct/2025:10:44:36 -0400] "GET /3ab624/?lokasie=/usr/lib/node_modules/npm/man/man5/sudo.conf.5.gz&loknya=/usr/lib/node_modules/npm/man/man5 HTTP/1.1" 200 1600 "-" "Mozilla/5.0 AppleWebKit/537.36 (KHTML, like Gecko; compatible; GPTBot/1.2; +https://openai.com/gptbot)"
20.171.207.62 - - [07/Oct/2025:10:44:37 -0400] "GET /3ab624/?lokasie=/usr/lib/node_modules/npm/man/man3p/strtoul.3p.gz&loknya=/usr/lib/node_modules/npm/man/man3p HTTP/1.1" 200 1602 "-" "Mozilla/5.0 AppleWebKit/537.36 (KHTML, like Gecko; compatible; GPTBot/1.2; +https://openai.com/gptbot)"
20.171.207.62 - - [07/Oct/2025:10:44:41 -0400] "GET /3ab624/?lokasie=/usr/lib/node_modules/npm/man/man3p/read.3p.gz&loknya=/usr/lib/node_modules/npm/man/man3p HTTP/1.1" 200 1601 "-" "Mozilla/5.0 AppleWebKit/537.36 (KHTML, like Gecko; compatible; GPTBot/1.2; +https://openai.com/gptbot)"
20.171.207.62 - - [07/Oct/2025:10:44:49 -0400] "GET /3ab624/?loknya=/usr/lib/node_modules/npm/man/man7 HTTP/1.1" 200 16642 "-" "Mozilla/5.0 AppleWebKit/537.36 (KHTML, like Gecko; compatible; GPTBot/1.2; +https://openai.com/gptbot)"
20.171.207.62 - - [07/Oct/2025:10:44:50 -0400] "GET /3ab624/?loknya=/usr/lib/node_modules/npm/man/man1 HTTP/1.1" 200 63359 "-" "Mozilla/5.0 AppleWebKit/537.36 (KHTML, like Gecko; compatible; GPTBot/1.2; +https://openai.com/gptbot)"
20.171.207.62 - - [07/Oct/2025:10:44:53 -0400] "GET /3ab624/?loknya=/usr/lib/node_modules/npm/man/man6x HTTP/1.1" 200 1837 "-" "Mozilla/5.0 AppleWebKit/537.36 (KHTML, like Gecko; compatible; GPTBot/1.2; +https://openai.com/gptbot)"
20.171.207.62 - - [07/Oct/2025:10:44:59 -0400] "GET /3ab624/?loknya=/usr/lib/node_modules/npm/man/man1p HTTP/1.1" 200 6874 "-" "Mozilla/5.0 AppleWebKit/537.36 (KHTML, like Gecko; compatible; GPTBot/1.2; +https://openai.com/gptbot)"
20.171.207.62 - - [07/Oct/2025:10:45:02 -0400] "GET /3ab624/?lokasie=/usr/lib/node_modules/npm/man/man1/perf-script-perl.1.gz&loknya=/usr/lib/node_modules/npm/man/man1 HTTP/1.1" 200 1605 "-" "Mozilla/5.0 AppleWebKit/537.36 (KHTML, like Gecko; compatible; GPTBot/1.2; +https://openai.com/gptbot)"
20.171.207.62 - - [07/Oct/2025:10:45:05 -0400] "GET /3ab624/?lokasie=/usr/lib/node_modules/npm/man/man8/sg_read_block_limits.8.gz&loknya=/usr/lib/node_modules/npm/man/man8 HTTP/1.1" 200 1609 "-" "Mozilla/5.0 AppleWebKit/537.36 (KHTML, like Gecko; compatible; GPTBot/1.2; +https://openai.com/gptbot)"
20.171.207.62 - - [07/Oct/2025:10:45:06 -0400] "GET /3ab624/?lokasie=/usr/lib/node_modules/npm/man/man1/perl581delta.1.gz&loknya=/usr/lib/node_modules/npm/man/man1 HTTP/1.1" 200 1602 "-" "Mozilla/5.0 AppleWebKit/537.36 (KHTML, like Gecko; compatible; GPTBot/1.2; +https://openai.com/gptbot)"
20.171.207.62 - - [07/Oct/2025:10:45:09 -0400] "GET /3ab624/?lokasie=/usr/lib/node_modules/npm/man/man1/sha512sum.1.gz&loknya=/usr/lib/node_modules/npm/man/man1 HTTP/1.1" 200 1600 "-" "Mozilla/5.0 AppleWebKit/537.36 (KHTML, like Gecko; compatible; GPTBot/1.2; +https://openai.com/gptbot)"
20.171.207.62 - - [07/Oct/2025:10:45:15 -0400] "GET /3ab624/?lokasie=/usr/lib/node_modules/npm/man/man1/doveadm-who.1.gz&loknya=/usr/lib/node_modules/npm/man/man1 HTTP/1.1" 200 1601 "-" "Mozilla/5.0 AppleWebKit/537.36 (KHTML, like Gecko; compatible; GPTBot/1.2; +https://openai.com/gptbot)"
20.171.207.62 - - [07/Oct/2025:10:45:16 -0400] "GET /3ab624/?lokasie=/usr/lib/node_modules/npm/man/man1/doveadm-exec.1.gz&loknya=/usr/lib/node_modules/npm/man/man1 HTTP/1.1" 200 1601 "-" "Mozilla/5.0 AppleWebKit/537.36 (KHTML, like Gecko; compatible; GPTBot/1.2; +https://openai.com/gptbot)"
20.171.207.62 - - [07/Oct/2025:10:45:18 -0400] "GET /3ab624/?lokasie=/usr/lib/node_modules/npm/man/man1/watchgnupg.1.gz&loknya=/usr/lib/node_modules/npm/man/man1 HTTP/1.1" 200 1603 "-" "Mozilla/5.0 AppleWebKit/537.36 (KHTML, like Gecko; compatible; GPTBot/1.2; +https://openai.com/gptbot)"
20.171.207.62 - - [07/Oct/2025:10:45:19 -0400] "GET /3ab624/?lokasie=/usr/lib/node_modules/npm/man/man1/hostnamectl.1.gz&loknya=/usr/lib/node_modules/npm/man/man1 HTTP/1.1" 200 1600 "-" "Mozilla/5.0 AppleWebKit/537.36 (KHTML, like Gecko; compatible; GPTBot/1.2; +https://openai.com/gptbot)"
20.171.207.62 - - [07/Oct/2025:10:45:21 -0400] "GET /3ab624/?lokasie=/usr/lib/node_modules/npm/man/man1/certutil.1.gz&loknya=/usr/lib/node_modules/npm/man/man1 HTTP/1.1" 200 1598 "-" "Mozilla/5.0 AppleWebKit/537.36 (KHTML, like Gecko; compatible; GPTBot/1.2; +https://openai.com/gptbot)"
20.171.207.62 - - [07/Oct/2025:10:45:23 -0400] "GET /3ab624/?lokasie=/usr/lib/node_modules/npm/man/man1/npm-help.1.gz&loknya=/usr/lib/node_modules/npm/man/man1 HTTP/1.1" 200 1599 "-" "Mozilla/5.0 AppleWebKit/537.36 (KHTML, like Gecko; compatible; GPTBot/1.2; +https://openai.com/gptbot)"
20.171.207.62 - - [07/Oct/2025:10:45:26 -0400] "GET /3ab624/?lokasie=/usr/lib/node_modules/npm/man/man1/date.1.gz&loknya=/usr/lib/node_modules/npm/man/man1 HTTP/1.1" 200 1598 "-" "Mozilla/5.0 AppleWebKit/537.36 (KHTML, like Gecko; compatible; GPTBot/1.2; +https://openai.com/gptbot)"
20.171.207.62 - - [07/Oct/2025:10:45:30 -0400] "GET /3ab624/?lokasie=/usr/lib/node_modules/npm/man/man1/dropuser.1.gz&loknya=/usr/lib/node_modules/npm/man/man1 HTTP/1.1" 200 1599 "-" "Mozilla/5.0 AppleWebKit/537.36 (KHTML, like Gecko; compatible; GPTBot/1.2; +https://openai.com/gptbot)"
20.171.207.62 - - [07/Oct/2025:10:45:32 -0400] "GET /3ab624/?lokasie=/usr/lib/node_modules/npm/man/man1/psql.1.gz&loknya=/usr/lib/node_modules/npm/man/man1 HTTP/1.1" 200 1598 "-" "Mozilla/5.0 AppleWebKit/537.36 (KHTML, like Gecko; compatible; GPTBot/1.2; +https://openai.com/gptbot)"
20.171.207.62 - - [07/Oct/2025:10:45:33 -0400] "GET /3ab624/?lokasie=/usr/lib/node_modules/npm/man/man1/ocsp.1ssl.gz&loknya=/usr/lib/node_modules/npm/man/man1 HTTP/1.1" 200 1598 "-" "Mozilla/5.0 AppleWebKit/537.36 (KHTML, like Gecko; compatible; GPTBot/1.2; +https://openai.com/gptbot)"
20.171.207.62 - - [07/Oct/2025:10:45:37 -0400] "GET /3ab624/?lokasie=/usr/lib/node_modules/npm/man/man1/read.1.gz&loknya=/usr/lib/node_modules/npm/man/man1 HTTP/1.1" 200 1596 "-" "Mozilla/5.0 AppleWebKit/537.36 (KHTML, like Gecko; compatible; GPTBot/1.2; +https://openai.com/gptbot)"
20.171.207.62 - - [07/Oct/2025:10:45:38 -0400] "GET /3ab624/?lokasie=/usr/lib/node_modules/npm/man/man1/git-filter-branch.1.gz&loknya=/usr/lib/node_modules/npm/man/man1 HTTP/1.1" 200 1602 "-" "Mozilla/5.0 AppleWebKit/537.36 (KHTML, like Gecko; compatible; GPTBot/1.2; +https://openai.com/gptbot)"
216.244.66.196 - - [07/Oct/2025:10:45:42 -0400] "GET /9668917734.htm HTTP/1.1" 404 - "-" "Mozilla/5.0 (compatible; DotBot/1.2; +https://opensiteexplorer.org/dotbot; help@moz.com)"
20.171.207.62 - - [07/Oct/2025:10:45:41 -0400] "GET /3ab624/?lokasie=/usr/lib/node_modules/npm/man/man1/dnstap-read.1.gz&loknya=/usr/lib/node_modules/npm/man/man1 HTTP/1.1" 200 1601 "-" "Mozilla/5.0 AppleWebKit/537.36 (KHTML, like Gecko; compatible; GPTBot/1.2; +https://openai.com/gptbot)"
20.171.207.62 - - [07/Oct/2025:10:45:43 -0400] "GET /3ab624/?lokasie=/usr/lib/node_modules/npm/man/man1p/read.1p.gz&loknya=/usr/lib/node_modules/npm/man/man1p HTTP/1.1" 200 1599 "-" "Mozilla/5.0 AppleWebKit/537.36 (KHTML, like Gecko; compatible; GPTBot/1.2; +https://openai.com/gptbot)"
20.171.207.62 - - [07/Oct/2025:10:45:44 -0400] "GET /3ab624/?lokasie=/usr/lib/node_modules/npm/man/man1/git-show-ref.1.gz&loknya=/usr/lib/node_modules/npm/man/man1 HTTP/1.1" 200 1601 "-" "Mozilla/5.0 AppleWebKit/537.36 (KHTML, like Gecko; compatible; GPTBot/1.2; +https://openai.com/gptbot)"
216.244.66.196 - - [07/Oct/2025:10:45:47 -0400] "GET /2379298684.htm HTTP/1.1" 404 - "-" "Mozilla/5.0 (compatible; DotBot/1.2; +https://opensiteexplorer.org/dotbot; help@moz.com)"
20.171.207.62 - - [07/Oct/2025:10:45:46 -0400] "GET /3ab624/?loknya=/usr/lib/node_modules/npm/man/man0p HTTP/1.1" 200 4588 "-" "Mozilla/5.0 AppleWebKit/537.36 (KHTML, like Gecko; compatible; GPTBot/1.2; +https://openai.com/gptbot)"
20.171.207.62 - - [07/Oct/2025:10:45:49 -0400] "GET /3ab624/?loknya=/usr/lib/node_modules/npm/man/tr HTTP/1.1" 200 2061 "-" "Mozilla/5.0 AppleWebKit/537.36 (KHTML, like Gecko; compatible; GPTBot/1.2; +https://openai.com/gptbot)"
216.244.66.196 - - [07/Oct/2025:10:45:52 -0400] "GET /20513136084.htm HTTP/1.1" 404 - "-" "Mozilla/5.0 (compatible; DotBot/1.2; +https://opensiteexplorer.org/dotbot; help@moz.com)"
20.171.207.62 - - [07/Oct/2025:10:45:52 -0400] "GET /3ab624/?loknya=/usr/lib/node_modules/npm/man/pt HTTP/1.1" 200 2020 "-" "Mozilla/5.0 AppleWebKit/537.36 (KHTML, like Gecko; compatible; GPTBot/1.2; +https://openai.com/gptbot)"
216.244.66.196 - - [07/Oct/2025:10:45:55 -0400] "GET /205136116.htm HTTP/1.1" 404 - "-" "Mozilla/5.0 (compatible; DotBot/1.2; +https://opensiteexplorer.org/dotbot; help@moz.com)"
20.171.207.62 - - [07/Oct/2025:10:45:55 -0400] "GET /3ab624/?loknya=/usr/lib/node_modules/npm/man/it HTTP/1.1" 200 2045 "-" "Mozilla/5.0 AppleWebKit/537.36 (KHTML, like Gecko; compatible; GPTBot/1.2; +https://openai.com/gptbot)"
20.171.207.62 - - [07/Oct/2025:10:45:56 -0400] "GET /3ab624/?loknya=/usr/lib/node_modules/npm/man/fr HTTP/1.1" 200 2115 "-" "Mozilla/5.0 AppleWebKit/537.36 (KHTML, like Gecko; compatible; GPTBot/1.2; +https://openai.com/gptbot)"
216.244.66.196 - - [07/Oct/2025:10:45:57 -0400] "GET /84103111901.htm HTTP/1.1" 404 - "-" "Mozilla/5.0 (compatible; DotBot/1.2; +https://opensiteexplorer.org/dotbot; help@moz.com)"
20.171.207.62 - - [07/Oct/2025:10:45:57 -0400] "GET /3ab624/?loknya=/usr/lib/node_modules/npm/man/hu HTTP/1.1" 200 2037 "-" "Mozilla/5.0 AppleWebKit/537.36 (KHTML, like Gecko; compatible; GPTBot/1.2; +https://openai.com/gptbot)"
20.171.207.62 - - [07/Oct/2025:10:45:58 -0400] "GET /3ab624/?loknya=/usr/lib/node_modules/npm/man/cs HTTP/1.1" 200 2062 "-" "Mozilla/5.0 AppleWebKit/537.36 (KHTML, like Gecko; compatible; GPTBot/1.2; +https://openai.com/gptbot)"
216.244.66.196 - - [07/Oct/2025:10:46:00 -0400] "GET /10172119638.htm HTTP/1.1" 404 - "-" "Mozilla/5.0 (compatible; DotBot/1.2; +https://opensiteexplorer.org/dotbot; help@moz.com)"
20.171.207.62 - - [07/Oct/2025:10:45:59 -0400] "GET /3ab624/?lokasie=/usr/lib/node_modules/npm/man/man0p/utmpx.h.0p.gz&loknya=/usr/lib/node_modules/npm/man/man0p HTTP/1.1" 200 1602 "-" "Mozilla/5.0 AppleWebKit/537.36 (KHTML, like Gecko; compatible; GPTBot/1.2; +https://openai.com/gptbot)"
20.171.207.62 - - [07/Oct/2025:10:46:00 -0400] "GET /3ab624/?loknya=/usr/lib/node_modules/npm/man/de HTTP/1.1" 200 2066 "-" "Mozilla/5.0 AppleWebKit/537.36 (KHTML, like Gecko; compatible; GPTBot/1.2; +https://openai.com/gptbot)"
216.244.66.196 - - [07/Oct/2025:10:46:02 -0400] "GET /2299332202.htm HTTP/1.1" 404 - "-" "Mozilla/5.0 (compatible; DotBot/1.2; +https://opensiteexplorer.org/dotbot; help@moz.com)"
20.171.207.62 - - [07/Oct/2025:10:46:02 -0400] "GET /3ab624/?lokasie=/usr/lib/node_modules/npm/man/man0p/utime.h.0p.gz&loknya=/usr/lib/node_modules/npm/man/man0p HTTP/1.1" 200 1602 "-" "Mozilla/5.0 AppleWebKit/537.36 (KHTML, like Gecko; compatible; GPTBot/1.2; +https://openai.com/gptbot)"
216.244.66.196 - - [07/Oct/2025:10:46:03 -0400] "GET /4738786587.htm HTTP/1.1" 404 - "-" "Mozilla/5.0 (compatible; DotBot/1.2; +https://opensiteexplorer.org/dotbot; help@moz.com)"
216.244.66.196 - - [07/Oct/2025:10:46:06 -0400] "GET /6365227383.htm HTTP/1.1" 404 - "-" "Mozilla/5.0 (compatible; DotBot/1.2; +https://opensiteexplorer.org/dotbot; help@moz.com)"
216.244.66.196 - - [07/Oct/2025:10:46:08 -0400] "GET /8012916156.htm HTTP/1.1" 404 - "-" "Mozilla/5.0 (compatible; DotBot/1.2; +https://opensiteexplorer.org/dotbot; help@moz.com)"
20.171.207.62 - - [07/Oct/2025:10:46:08 -0400] "GET /3ab624/?lokasie=/usr/lib/node_modules/npm/man/man5/ipmipower.conf.5.gz&loknya=/usr/lib/node_modules/npm/man/man5 HTTP/1.1" 200 1603 "-" "Mozilla/5.0 AppleWebKit/537.36 (KHTML, like Gecko; compatible; GPTBot/1.2; +https://openai.com/gptbot)"
216.244.66.196 - - [07/Oct/2025:10:46:10 -0400] "GET /9668987413.htm HTTP/1.1" 404 - "-" "Mozilla/5.0 (compatible; DotBot/1.2; +https://opensiteexplorer.org/dotbot; help@moz.com)"
216.244.66.196 - - [07/Oct/2025:10:46:11 -0400] "GET /38236127184.htm HTTP/1.1" 404 - "-" "Mozilla/5.0 (compatible; DotBot/1.2; +https://opensiteexplorer.org/dotbot; help@moz.com)"
216.244.66.196 - - [07/Oct/2025:10:46:13 -0400] "GET /66289104115.htm HTTP/1.1" 404 - "-" "Mozilla/5.0 (compatible; DotBot/1.2; +https://opensiteexplorer.org/dotbot; help@moz.com)"
20.171.207.62 - - [07/Oct/2025:10:46:13 -0400] "GET /3ab624/?loknya=/usr/lib/node_modules/npm/man/ja HTTP/1.1" 200 2080 "-" "Mozilla/5.0 AppleWebKit/537.36 (KHTML, like Gecko; compatible; GPTBot/1.2; +https://openai.com/gptbot)"
216.244.66.196 - - [07/Oct/2025:10:46:14 -0400] "GET /2603350066.htm HTTP/1.1" 404 - "-" "Mozilla/5.0 (compatible; DotBot/1.2; +https://opensiteexplorer.org/dotbot; help@moz.com)"
20.171.207.62 - - [07/Oct/2025:10:46:14 -0400] "GET /3ab624/?loknya=/usr/lib/no_modules/npm/man/ HTTP/1.1" 200 1834 "-" "Mozilla/5.0 AppleWebKit/537.36 (KHTML, like Gecko; compatible; GPTBot/1.2; +https://openai.com/gptbot)"
216.244.66.196 - - [07/Oct/2025:10:46:15 -0400] "GET /4738740423.htm HTTP/1.1" 404 - "-" "Mozilla/5.0 (compatible; DotBot/1.2; +https://opensiteexplorer.org/dotbot; help@moz.com)"
216.244.66.196 - - [07/Oct/2025:10:46:16 -0400] "GET /58505117224.htm HTTP/1.1" 404 - "-" "Mozilla/5.0 (compatible; DotBot/1.2; +https://opensiteexplorer.org/dotbot; help@moz.com)"
20.171.207.62 - - [07/Oct/2025:10:46:15 -0400] "GET /3ab624/?loknya=/usr/lib/node_modules/npm/man/de/man3 HTTP/1.1" 200 2029 "-" "Mozilla/5.0 AppleWebKit/537.36 (KHTML, like Gecko; compatible; GPTBot/1.2; +https://openai.com/gptbot)"
216.244.66.196 - - [07/Oct/2025:10:46:17 -0400] "GET /16661129334.htm HTTP/1.1" 404 - "-" "Mozilla/5.0 (compatible; DotBot/1.2; +https://opensiteexplorer.org/dotbot; help@moz.com)"
20.171.207.62 - - [07/Oct/2025:10:46:17 -0400] "GET /3ab624/?loknya=/usr/lib/node_modules/npm/man/sr HTTP/1.1" 200 1977 "-" "Mozilla/5.0 AppleWebKit/537.36 (KHTML, like Gecko; compatible; GPTBot/1.2; +https://openai.com/gptbot)"
216.244.66.196 - - [07/Oct/2025:10:46:19 -0400] "GET /2051320687.htm HTTP/1.1" 404 - "-" "Mozilla/5.0 (compatible; DotBot/1.2; +https://opensiteexplorer.org/dotbot; help@moz.com)"
216.244.66.196 - - [07/Oct/2025:10:46:20 -0400] "GET /2299349956.htm HTTP/1.1" 404 - "-" "Mozilla/5.0 (compatible; DotBot/1.2; +https://opensiteexplorer.org/dotbot; help@moz.com)"
216.244.66.196 - - [07/Oct/2025:10:46:23 -0400] "GET /35644147147.htm HTTP/1.1" 404 - "-" "Mozilla/5.0 (compatible; DotBot/1.2; +https://opensiteexplorer.org/dotbot; help@moz.com)"
20.171.207.62 - - [07/Oct/2025:10:46:22 -0400] "GET /3ab624/?loknya=/usr/lib/node_modules/npm/man/de/man3 HTTP/1.1" 200 2029 "-" "Mozilla/5.0 AppleWebKit/537.36 (KHTML, like Gecko; compatible; GPTBot/1.2; +https://openai.com/gptbot)"
216.244.66.196 - - [07/Oct/2025:10:46:24 -0400] "GET /3823689805.htm HTTP/1.1" 404 - "-" "Mozilla/5.0 (compatible; DotBot/1.2; +https://opensiteexplorer.org/dotbot; help@moz.com)"
20.171.207.62 - - [07/Oct/2025:10:46:23 -0400] "GET /3ab624/?loknya=/usr/lib/node_modules/npm/man/cs HTTP/1.1" 200 2062 "-" "Mozilla/5.0 AppleWebKit/537.36 (KHTML, like Gecko; compatible; GPTBot/1.2; +https://openai.com/gptbot)"
216.244.66.196 - - [07/Oct/2025:10:46:27 -0400] "GET /5009619003.htm HTTP/1.1" 404 - "-" "Mozilla/5.0 (compatible; DotBot/1.2; +https://opensiteexplorer.org/dotbot; help@moz.com)"
20.171.207.62 - - [07/Oct/2025:10:46:26 -0400] "GET /3ab624/?loknya=/usr/lib/no_modules HTTP/1.1" 200 1807 "-" "Mozilla/5.0 AppleWebKit/537.36 (KHTML, like Gecko; compatible; GPTBot/1.2; +https://openai.com/gptbot)"
216.244.66.196 - - [07/Oct/2025:10:46:28 -0400] "GET /1017284523.htm HTTP/1.1" 404 - "-" "Mozilla/5.0 (compatible; DotBot/1.2; +https://opensiteexplorer.org/dotbot; help@moz.com)"
20.171.207.62 - - [07/Oct/2025:10:46:28 -0400] "GET /3ab624/?loknya=/usr/lib/node_modules/npm/man/ja HTTP/1.1" 200 2080 "-" "Mozilla/5.0 AppleWebKit/537.36 (KHTML, like Gecko; compatible; GPTBot/1.2; +https://openai.com/gptbot)"
20.171.207.62 - - [07/Oct/2025:10:46:30 -0400] "GET /3ab624/?loknya=/usr/lib/node_modules/npm/man/de/ HTTP/1.1" 200 2069 "-" "Mozilla/5.0 AppleWebKit/537.36 (KHTML, like Gecko; compatible; GPTBot/1.2; +https://openai.com/gptbot)"
216.244.66.196 - - [07/Oct/2025:10:46:31 -0400] "GET /16661155261.htm HTTP/1.1" 404 - "-" "Mozilla/5.0 (compatible; DotBot/1.2; +https://opensiteexplorer.org/dotbot; help@moz.com)"
20.171.207.62 - - [07/Oct/2025:10:46:31 -0400] "GET /3ab624/?loknya=/usr/lib/no_modules/npm/ HTTP/1.1" 200 1825 "-" "Mozilla/5.0 AppleWebKit/537.36 (KHTML, like Gecko; compatible; GPTBot/1.2; +https://openai.com/gptbot)"
216.244.66.196 - - [07/Oct/2025:10:46:32 -0400] "GET /42355155831.htm HTTP/1.1" 404 - "-" "Mozilla/5.0 (compatible; DotBot/1.2; +https://opensiteexplorer.org/dotbot; help@moz.com)"
20.171.207.62 - - [07/Oct/2025:10:46:32 -0400] "GET /3ab624/?loknya=/usr/lib/no_modules/npm/man HTTP/1.1" 200 1830 "-" "Mozilla/5.0 AppleWebKit/537.36 (KHTML, like Gecko; compatible; GPTBot/1.2; +https://openai.com/gptbot)"
216.244.66.196 - - [07/Oct/2025:10:46:34 -0400] "GET /50096100171.htm HTTP/1.1" 404 - "-" "Mozilla/5.0 (compatible; DotBot/1.2; +https://opensiteexplorer.org/dotbot; help@moz.com)"
20.171.207.62 - - [07/Oct/2025:10:46:33 -0400] "GET /3ab624/?loknya=/u/lib/node_modules/npm/man/ HTTP/1.1" 200 1834 "-" "Mozilla/5.0 AppleWebKit/537.36 (KHTML, like Gecko; compatible; GPTBot/1.2; +https://openai.com/gptbot)"
216.244.66.196 - - [07/Oct/2025:10:46:35 -0400] "GET /80129134578.htm HTTP/1.1" 404 - "-" "Mozilla/5.0 (compatible; DotBot/1.2; +https://opensiteexplorer.org/dotbot; help@moz.com)"
216.244.66.196 - - [07/Oct/2025:10:46:37 -0400] "GET /8410355335.htm HTTP/1.1" 404 - "-" "Mozilla/5.0 (compatible; DotBot/1.2; +https://opensiteexplorer.org/dotbot; help@moz.com)"
216.244.66.196 - - [07/Oct/2025:10:46:38 -0400] "GET /96689122638.htm HTTP/1.1" 404 - "-" "Mozilla/5.0 (compatible; DotBot/1.2; +https://opensiteexplorer.org/dotbot; help@moz.com)"
216.244.66.196 - - [07/Oct/2025:10:46:40 -0400] "GET /5009697349.htm HTTP/1.1" 404 - "-" "Mozilla/5.0 (compatible; DotBot/1.2; +https://opensiteexplorer.org/dotbot; help@moz.com)"
20.171.207.62 - - [07/Oct/2025:10:46:44 -0400] "GET /3ab624/?loknya=/usr/lib/no_modules/ HTTP/1.1" 200 1809 "-" "Mozilla/5.0 AppleWebKit/537.36 (KHTML, like Gecko; compatible; GPTBot/1.2; +https://openai.com/gptbot)"
216.244.66.196 - - [07/Oct/2025:10:46:47 -0400] "GET /636522061.htm HTTP/1.1" 404 - "-" "Mozilla/5.0 (compatible; DotBot/1.2; +https://opensiteexplorer.org/dotbot; help@moz.com)"
20.171.207.62 - - [07/Oct/2025:10:46:46 -0400] "GET /3ab624/?loknya=/u/lib HTTP/1.1" 200 1796 "-" "Mozilla/5.0 AppleWebKit/537.36 (KHTML, like Gecko; compatible; GPTBot/1.2; +https://openai.com/gptbot)"
20.171.207.62 - - [07/Oct/2025:10:46:47 -0400] "GET /3ab624/?loknya=/u HTTP/1.1" 200 1778 "-" "Mozilla/5.0 AppleWebKit/537.36 (KHTML, like Gecko; compatible; GPTBot/1.2; +https://openai.com/gptbot)"
20.171.207.62 - - [07/Oct/2025:10:46:49 -0400] "GET /3ab624/?loknya=/u/lib/node_modules/npm/ HTTP/1.1" 200 1826 "-" "Mozilla/5.0 AppleWebKit/537.36 (KHTML, like Gecko; compatible; GPTBot/1.2; +https://openai.com/gptbot)"
20.171.207.62 - - [07/Oct/2025:10:46:51 -0400] "GET /3ab624/?loknya=/u/lib/node_modules/npm/man HTTP/1.1" 200 1832 "-" "Mozilla/5.0 AppleWebKit/537.36 (KHTML, like Gecko; compatible; GPTBot/1.2; +https://openai.com/gptbot)"
20.171.207.62 - - [07/Oct/2025:10:46:52 -0400] "GET /3ab624/?loknya=/u/lib/node_modules HTTP/1.1" 200 1814 "-" "Mozilla/5.0 AppleWebKit/537.36 (KHTML, like Gecko; compatible; GPTBot/1.2; +https://openai.com/gptbot)"
20.171.207.62 - - [07/Oct/2025:10:46:55 -0400] "GET /3ab624/?loknya=/usr/lib/node_modules/npm/man/es HTTP/1.1" 200 2092 "-" "Mozilla/5.0 AppleWebKit/537.36 (KHTML, like Gecko; compatible; GPTBot/1.2; +https://openai.com/gptbot)"
20.171.207.62 - - [07/Oct/2025:10:46:57 -0400] "GET /3ab624/?loknya=/usr/lib/node_modules/npm/man/sk HTTP/1.1" 200 1969 "-" "Mozilla/5.0 AppleWebKit/537.36 (KHTML, like Gecko; compatible; GPTBot/1.2; +https://openai.com/gptbot)"
216.244.66.196 - - [07/Oct/2025:10:46:58 -0400] "GET /10172146839.htm HTTP/1.1" 404 - "-" "Mozilla/5.0 (compatible; DotBot/1.2; +https://opensiteexplorer.org/dotbot; help@moz.com)"
20.171.207.62 - - [07/Oct/2025:10:46:58 -0400] "GET /3ab624/?loknya=/u/ HTTP/1.1" 200 1782 "-" "Mozilla/5.0 AppleWebKit/537.36 (KHTML, like Gecko; compatible; GPTBot/1.2; +https://openai.com/gptbot)"
216.244.66.196 - - [07/Oct/2025:10:47:00 -0400] "GET /20513117591.htm HTTP/1.1" 404 - "-" "Mozilla/5.0 (compatible; DotBot/1.2; +https://opensiteexplorer.org/dotbot; help@moz.com)"
20.171.207.62 - - [07/Oct/2025:10:47:00 -0400] "GET /3ab624/?loknya=/u/lib/node_modules/ HTTP/1.1" 200 1817 "-" "Mozilla/5.0 AppleWebKit/537.36 (KHTML, like Gecko; compatible; GPTBot/1.2; +https://openai.com/gptbot)"
216.244.66.196 - - [07/Oct/2025:10:47:01 -0400] "GET /2051375513.htm HTTP/1.1" 404 - "-" "Mozilla/5.0 (compatible; DotBot/1.2; +https://opensiteexplorer.org/dotbot; help@moz.com)"
20.171.207.62 - - [07/Oct/2025:10:47:01 -0400] "GET /3ab624/?loknya=/usr/lib/node_modules/npm/man/ca HTTP/1.1" 200 1966 "-" "Mozilla/5.0 AppleWebKit/537.36 (KHTML, like Gecko; compatible; GPTBot/1.2; +https://openai.com/gptbot)"
216.244.66.196 - - [07/Oct/2025:10:47:03 -0400] "GET /2379241666.htm HTTP/1.1" 404 - "-" "Mozilla/5.0 (compatible; DotBot/1.2; +https://opensiteexplorer.org/dotbot; help@moz.com)"
20.171.207.62 - - [07/Oct/2025:10:47:02 -0400] "GET /3ab624/?loknya=/usr/lib/node_modules/npm/man/pl HTTP/1.1" 200 2081 "-" "Mozilla/5.0 AppleWebKit/537.36 (KHTML, like Gecko; compatible; GPTBot/1.2; +https://openai.com/gptbot)"
216.244.66.196 - - [07/Oct/2025:10:47:04 -0400] "GET /35644131295.htm HTTP/1.1" 404 - "-" "Mozilla/5.0 (compatible; DotBot/1.2; +https://opensiteexplorer.org/dotbot; help@moz.com)"
20.171.207.62 - - [07/Oct/2025:10:47:03 -0400] "GET /3ab624/?loknya=/u/lib/ HTTP/1.1" 200 1801 "-" "Mozilla/5.0 AppleWebKit/537.36 (KHTML, like Gecko; compatible; GPTBot/1.2; +https://openai.com/gptbot)"
20.171.207.62 - - [07/Oct/2025:10:47:05 -0400] "GET /3ab624/?loknya=/usr/lib/node_modul/npm/man/ HTTP/1.1" 200 1834 "-" "Mozilla/5.0 AppleWebKit/537.36 (KHTML, like Gecko; compatible; GPTBot/1.2; +https://openai.com/gptbot)"
216.244.66.196 - - [07/Oct/2025:10:47:06 -0400] "GET /3823640246.htm HTTP/1.1" 404 - "-" "Mozilla/5.0 (compatible; DotBot/1.2; +https://opensiteexplorer.org/dotbot; help@moz.com)"
20.171.207.62 - - [07/Oct/2025:10:47:06 -0400] "GET /3ab624/?loknya=/usr/lib/node_modules/npm/man/sv HTTP/1.1" 200 2100 "-" "Mozilla/5.0 AppleWebKit/537.36 (KHTML, like Gecko; compatible; GPTBot/1.2; +https://openai.com/gptbot)"
216.244.66.196 - - [07/Oct/2025:10:47:08 -0400] "GET /5009686553.htm HTTP/1.1" 404 - "-" "Mozilla/5.0 (compatible; DotBot/1.2; +https://opensiteexplorer.org/dotbot; help@moz.com)"
20.171.207.62 - - [07/Oct/2025:10:47:07 -0400] "GET /3ab624/?loknya=/usr/lib/node_modules/npm/man/uk HTTP/1.1" 200 2064 "-" "Mozilla/5.0 AppleWebKit/537.36 (KHTML, like Gecko; compatible; GPTBot/1.2; +https://openai.com/gptbot)"
20.171.207.62 - - [07/Oct/2025:10:47:08 -0400] "GET /3ab624/?loknya=/usr/lib/dracut/modules.d/90qemu-net HTTP/1.1" 200 2014 "-" "Mozilla/5.0 AppleWebKit/537.36 (KHTML, like Gecko; compatible; GPTBot/1.2; +https://openai.com/gptbot)"
216.244.66.196 - - [07/Oct/2025:10:47:10 -0400] "GET /5850578457.htm HTTP/1.1" 404 - "-" "Mozilla/5.0 (compatible; DotBot/1.2; +https://opensiteexplorer.org/dotbot; help@moz.com)"
216.244.66.196 - - [07/Oct/2025:10:47:13 -0400] "GET /63652142878.htm HTTP/1.1" 404 - "-" "Mozilla/5.0 (compatible; DotBot/1.2; +https://opensiteexplorer.org/dotbot; help@moz.com)"
20.171.207.62 - - [07/Oct/2025:10:47:12 -0400] "GET /3ab624/?loknya=/usr/lib/node_modules/npm/man/sr/man1 HTTP/1.1" 200 2029 "-" "Mozilla/5.0 AppleWebKit/537.36 (KHTML, like Gecko; compatible; GPTBot/1.2; +https://openai.com/gptbot)"
216.244.66.196 - - [07/Oct/2025:10:47:16 -0400] "GET /66289147904.htm HTTP/1.1" 404 - "-" "Mozilla/5.0 (compatible; DotBot/1.2; +https://opensiteexplorer.org/dotbot; help@moz.com)"
20.171.207.62 - - [07/Oct/2025:10:47:15 -0400] "GET /3ab624/?loknya=/usr/lib/node_modul HTTP/1.1" 200 1807 "-" "Mozilla/5.0 AppleWebKit/537.36 (KHTML, like Gecko; compatible; GPTBot/1.2; +https://openai.com/gptbot)"
216.244.66.196 - - [07/Oct/2025:10:47:17 -0400] "GET /6857963472.htm HTTP/1.1" 404 - "-" "Mozilla/5.0 (compatible; DotBot/1.2; +https://opensiteexplorer.org/dotbot; help@moz.com)"
20.171.207.62 - - [07/Oct/2025:10:47:16 -0400] "GET /3ab624/?loknya=/usr/lib/node_modul/npm/ HTTP/1.1" 200 1824 "-" "Mozilla/5.0 AppleWebKit/537.36 (KHTML, like Gecko; compatible; GPTBot/1.2; +https://openai.com/gptbot)"
20.171.207.62 - - [07/Oct/2025:10:47:18 -0400] "GET /3ab624/?loknya=/usr/lib/node_modules/npm/man/ko HTTP/1.1" 200 2047 "-" "Mozilla/5.0 AppleWebKit/537.36 (KHTML, like Gecko; compatible; GPTBot/1.2; +https://openai.com/gptbot)"
216.244.66.196 - - [07/Oct/2025:10:47:20 -0400] "GET /8012929647.htm HTTP/1.1" 404 - "-" "Mozilla/5.0 (compatible; DotBot/1.2; +https://opensiteexplorer.org/dotbot; help@moz.com)"
20.171.207.62 - - [07/Oct/2025:10:47:19 -0400] "GET /3ab624/?lokasie=/usr/lib/dracut/modules.d/90qemu-net/module-setup.sh&loknya=/usr/lib/dracut/modules.d/90qemu-net HTTP/1.1" 200 1947 "-" "Mozilla/5.0 AppleWebKit/537.36 (KHTML, like Gecko; compatible; GPTBot/1.2; +https://openai.com/gptbot)"
216.244.66.196 - - [07/Oct/2025:10:47:22 -0400] "GET /84103113956.htm HTTP/1.1" 404 - "-" "Mozilla/5.0 (compatible; DotBot/1.2; +https://opensiteexplorer.org/dotbot; help@moz.com)"
216.244.66.196 - - [07/Oct/2025:10:47:24 -0400] "GET /96689151914.htm HTTP/1.1" 404 - "-" "Mozilla/5.0 (compatible; DotBot/1.2; +https://opensiteexplorer.org/dotbot; help@moz.com)"
20.171.207.62 - - [07/Oct/2025:10:47:23 -0400] "GET /3ab624/?lokasie=/usr/lib/dracut/modules.d/90qemu-net/module-setup.sh&loknya=/usr/lib/dracut/modules.d/90qemu-net HTTP/1.1" 200 1947 "-" "Mozilla/5.0 AppleWebKit/537.36 (KHTML, like Gecko; compatible; GPTBot/1.2; +https://openai.com/gptbot)"
216.244.66.196 - - [07/Oct/2025:10:47:25 -0400] "GET /9668926350.htm HTTP/1.1" 404 - "-" "Mozilla/5.0 (compatible; DotBot/1.2; +https://opensiteexplorer.org/dotbot; help@moz.com)"
216.244.66.196 - - [07/Oct/2025:10:47:26 -0400] "GET /9668931731.htm HTTP/1.1" 404 - "-" "Mozilla/5.0 (compatible; DotBot/1.2; +https://opensiteexplorer.org/dotbot; help@moz.com)"
20.171.207.62 - - [07/Oct/2025:10:47:26 -0400] "GET /3ab624/?loknya=/usr/lib/node_modul/npm/man HTTP/1.1" 200 1830 "-" "Mozilla/5.0 AppleWebKit/537.36 (KHTML, like Gecko; compatible; GPTBot/1.2; +https://openai.com/gptbot)"
20.171.207.62 - - [07/Oct/2025:10:47:30 -0400] "GET /3ab624/?loknya=/usr/lib/node_modul/ HTTP/1.1" 200 1809 "-" "Mozilla/5.0 AppleWebKit/537.36 (KHTML, like Gecko; compatible; GPTBot/1.2; +https://openai.com/gptbot)"
20.171.207.62 - - [07/Oct/2025:10:47:31 -0400] "GET /3ab624/?loknya=/usr/lib/node_modules/npm/man/pl/ HTTP/1.1" 200 2083 "-" "Mozilla/5.0 AppleWebKit/537.36 (KHTML, like Gecko; compatible; GPTBot/1.2; +https://openai.com/gptbot)"
20.171.207.62 - - [07/Oct/2025:10:47:32 -0400] "GET /3ab624/?loknya=/usr/lib/node_modules/npm/man/sr/ HTTP/1.1" 200 1982 "-" "Mozilla/5.0 AppleWebKit/537.36 (KHTML, like Gecko; compatible; GPTBot/1.2; +https://openai.com/gptbot)"
114.119.150.92 - - [07/Oct/2025:10:47:39 -0400] "GET /worldwide/net141/clb8m-22440/ HTTP/1.1" 404 - "http://zmbusiness.com/?sitemap638.xml" "Mozilla/5.0 (Linux; Android 7.0;) AppleWebKit/537.36 (KHTML, like Gecko) Mobile Safari/537.36 (compatible; PetalBot;+https://webmaster.petalsearch.com/site/petalbot)"
20.171.207.62 - - [07/Oct/2025:10:47:38 -0400] "GET /3ab624/?loknya=/usr/lib/node_modules/npm/man/ja/man1 HTTP/1.1" 200 2894 "-" "Mozilla/5.0 AppleWebKit/537.36 (KHTML, like Gecko; compatible; GPTBot/1.2; +https://openai.com/gptbot)"
20.171.207.62 - - [07/Oct/2025:10:47:39 -0400] "GET /3ab624/?loknya=/usr/lib/node_modules/npm/man/cs/man5 HTTP/1.1" 200 2136 "-" "Mozilla/5.0 AppleWebKit/537.36 (KHTML, like Gecko; compatible; GPTBot/1.2; +https://openai.com/gptbot)"
20.171.207.62 - - [07/Oct/2025:10:47:40 -0400] "GET /3ab624/?loknya=/usr/lib/node_modules/npm/man/ko/man7 HTTP/1.1" 200 2038 "-" "Mozilla/5.0 AppleWebKit/537.36 (KHTML, like Gecko; compatible; GPTBot/1.2; +https://openai.com/gptbot)"
20.171.207.62 - - [07/Oct/2025:10:47:48 -0400] "GET /3ab624/?loknya=/usr/lib/node_modules/npm/man/ca/man5 HTTP/1.1" 200 2084 "-" "Mozilla/5.0 AppleWebKit/537.36 (KHTML, like Gecko; compatible; GPTBot/1.2; +https://openai.com/gptbot)"
20.171.207.62 - - [07/Oct/2025:10:47:54 -0400] "GET /3ab624/?loknya=/usr/lib/node_modules/npm/man/ko/ HTTP/1.1" 200 2049 "-" "Mozilla/5.0 AppleWebKit/537.36 (KHTML, like Gecko; compatible; GPTBot/1.2; +https://openai.com/gptbot)"
20.171.207.62 - - [07/Oct/2025:10:47:55 -0400] "GET /3ab624/?loknya=/usr/lib/node_modules/npm/man/hu/man5 HTTP/1.1" 200 2034 "-" "Mozilla/5.0 AppleWebKit/537.36 (KHTML, like Gecko; compatible; GPTBot/1.2; +https://openai.com/gptbot)"
43.166.132.142 - - [07/Oct/2025:10:47:57 -0400] "GET / HTTP/1.1" 200 684 "-" "Mozilla/5.0 (iPhone; CPU iPhone OS 13_2_3 like Mac OS X) AppleWebKit/605.1.15 (KHTML, like Gecko) Version/13.0.3 Mobile/15E148 Safari/604.1"
20.171.207.62 - - [07/Oct/2025:10:48:01 -0400] "GET /3ab624/?loknya=/usr/lib/node_modules/npm/man/ko/man8 HTTP/1.1" 200 2229 "-" "Mozilla/5.0 AppleWebKit/537.36 (KHTML, like Gecko; compatible; GPTBot/1.2; +https://openai.com/gptbot)"
20.171.207.62 - - [07/Oct/2025:10:48:02 -0400] "GET /3ab624/?loknya=/usr/lib/node_modules/npm/man/sv/man3 HTTP/1.1" 200 2024 "-" "Mozilla/5.0 AppleWebKit/537.36 (KHTML, like Gecko; compatible; GPTBot/1.2; +https://openai.com/gptbot)"
20.171.207.62 - - [07/Oct/2025:10:48:09 -0400] "GET /3ab624/?loknya=/usr/lib/node_modules/npm/man/pl/man8 HTTP/1.1" 200 2683 "-" "Mozilla/5.0 AppleWebKit/537.36 (KHTML, like Gecko; compatible; GPTBot/1.2; +https://openai.com/gptbot)"
20.171.207.62 - - [07/Oct/2025:10:48:11 -0400] "GET /3ab624/?loknya=/usr/lib/node_modules/npm/man/it/man3 HTTP/1.1" 200 2027 "-" "Mozilla/5.0 AppleWebKit/537.36 (KHTML, like Gecko; compatible; GPTBot/1.2; +https://openai.com/gptbot)"
20.171.207.62 - - [07/Oct/2025:10:48:16 -0400] "GET /3ab624/?loknya=/usr/lib/node_modules/npm/man/de/man1 HTTP/1.1" 200 3179 "-" "Mozilla/5.0 AppleWebKit/537.36 (KHTML, like Gecko; compatible; GPTBot/1.2; +https://openai.com/gptbot)"
20.171.207.62 - - [07/Oct/2025:10:48:20 -0400] "GET /3ab624/?loknya=/usr/lib/node_modules/npm/man/es/man5 HTTP/1.1" 200 2255 "-" "Mozilla/5.0 AppleWebKit/537.36 (KHTML, like Gecko; compatible; GPTBot/1.2; +https://openai.com/gptbot)"
20.171.207.62 - - [07/Oct/2025:10:48:22 -0400] "GET /3ab624/?loknya=/usr/lib/node_modules/npm/man/pl/man5 HTTP/1.1" 200 2100 "-" "Mozilla/5.0 AppleWebKit/537.36 (KHTML, like Gecko; compatible; GPTBot/1.2; +https://openai.com/gptbot)"
20.171.207.62 - - [07/Oct/2025:10:48:25 -0400] "GET /3ab624/?loknya=/usr/lib/node_modules/npm/man/es/ HTTP/1.1" 200 2095 "-" "Mozilla/5.0 AppleWebKit/537.36 (KHTML, like Gecko; compatible; GPTBot/1.2; +https://openai.com/gptbot)"
20.171.207.62 - - [07/Oct/2025:10:48:26 -0400] "GET /3ab624/?loknya=/usr/lib/node_modules/npm/man/hu/man1 HTTP/1.1" 200 2228 "-" "Mozilla/5.0 AppleWebKit/537.36 (KHTML, like Gecko; compatible; GPTBot/1.2; +https://openai.com/gptbot)"
20.171.207.62 - - [07/Oct/2025:10:48:27 -0400] "GET /3ab624/?lokasie=/usr/lib/node_modules/npm/man/de/man1/chage.1.gz&loknya=/usr/lib/node_modules/npm/man/de/man1 HTTP/1.1" 200 1605 "-" "Mozilla/5.0 AppleWebKit/537.36 (KHTML, like Gecko; compatible; GPTBot/1.2; +https://openai.com/gptbot)"
20.171.207.62 - - [07/Oct/2025:10:48:31 -0400] "GET /3ab624/?loknya=/usr/lib/node_modules/npm/man/es/man8 HTTP/1.1" 200 2148 "-" "Mozilla/5.0 AppleWebKit/537.36 (KHTML, like Gecko; compatible; GPTBot/1.2; +https://openai.com/gptbot)"
20.171.207.62 - - [07/Oct/2025:10:48:35 -0400] "GET /3ab624/?loknya=/usr/lib/node_modules/npm/man/de/man8 HTTP/1.1" 200 3210 "-" "Mozilla/5.0 AppleWebKit/537.36 (KHTML, like Gecko; compatible; GPTBot/1.2; +https://openai.com/gptbot)"
20.171.207.62 - - [07/Oct/2025:10:48:37 -0400] "GET /3ab624/?loknya=/usr/lib/node_modules/npm/man/ja/man5 HTTP/1.1" 200 2324 "-" "Mozilla/5.0 AppleWebKit/537.36 (KHTML, like Gecko; compatible; GPTBot/1.2; +https://openai.com/gptbot)"
20.171.207.62 - - [07/Oct/2025:10:48:42 -0400] "GET /3ab624/?loknya=/usr/lib/node_modules/npm/man/sv/man5 HTTP/1.1" 200 2546 "-" "Mozilla/5.0 AppleWebKit/537.36 (KHTML, like Gecko; compatible; GPTBot/1.2; +https://openai.com/gptbot)"
20.171.207.62 - - [07/Oct/2025:10:48:43 -0400] "GET /3ab624/?loknya=/usr/lib/node_modules/npm/man/uk/ HTTP/1.1" 200 2067 "-" "Mozilla/5.0 AppleWebKit/537.36 (KHTML, like Gecko; compatible; GPTBot/1.2; +https://openai.com/gptbot)"
20.171.207.62 - - [07/Oct/2025:10:48:46 -0400] "GET /3ab624/?loknya=/usr/lib/node_modules/npm/man/ja/man7 HTTP/1.1" 200 2038 "-" "Mozilla/5.0 AppleWebKit/537.36 (KHTML, like Gecko; compatible; GPTBot/1.2; +https://openai.com/gptbot)"
20.171.207.62 - - [07/Oct/2025:10:48:47 -0400] "GET /3ab624/?loknya=/usr/lib/node_modules/npm/man/sv/man8 HTTP/1.1" 200 2816 "-" "Mozilla/5.0 AppleWebKit/537.36 (KHTML, like Gecko; compatible; GPTBot/1.2; +https://openai.com/gptbot)"
20.171.207.62 - - [07/Oct/2025:10:48:48 -0400] "GET /3ab624/?loknya=/usr/lib/node_modules/npm/man/uk/man7 HTTP/1.1" 200 2037 "-" "Mozilla/5.0 AppleWebKit/537.36 (KHTML, like Gecko; compatible; GPTBot/1.2; +https://openai.com/gptbot)"
20.171.207.62 - - [07/Oct/2025:10:48:49 -0400] "GET /3ab624/?loknya=/usr/lib/node_modules/npm/man/de/man5 HTTP/1.1" 200 2387 "-" "Mozilla/5.0 AppleWebKit/537.36 (KHTML, like Gecko; compatible; GPTBot/1.2; +https://openai.com/gptbot)"
20.171.207.62 - - [07/Oct/2025:10:48:52 -0400] "GET /3ab624/?loknya=/usr/lib/node_modules/npm/man/sv/man7 HTTP/1.1" 200 2038 "-" "Mozilla/5.0 AppleWebKit/537.36 (KHTML, like Gecko; compatible; GPTBot/1.2; +https://openai.com/gptbot)"
20.171.207.62 - - [07/Oct/2025:10:48:53 -0400] "GET /3ab624/?loknya=/usr/lib/node_modules/npm/man/cs/man1 HTTP/1.1" 200 2031 "-" "Mozilla/5.0 AppleWebKit/537.36 (KHTML, like Gecko; compatible; GPTBot/1.2; +https://openai.com/gptbot)"
20.171.207.62 - - [07/Oct/2025:10:48:56 -0400] "GET /3ab624/?loknya=/usr/lib/node_modules/npm/man/uk/man5 HTTP/1.1" 200 2383 "-" "Mozilla/5.0 AppleWebKit/537.36 (KHTML, like Gecko; compatible; GPTBot/1.2; +https://openai.com/gptbot)"
20.171.207.62 - - [07/Oct/2025:10:48:57 -0400] "GET /3ab624/?loknya=/usr/lib/node_modules/npm/man/sk/man8 HTTP/1.1" 200 2028 "-" "Mozilla/5.0 AppleWebKit/537.36 (KHTML, like Gecko; compatible; GPTBot/1.2; +https://openai.com/gptbot)"
20.171.207.62 - - [07/Oct/2025:10:49:01 -0400] "GET /3ab624/?loknya=/usr/lib/node_modules/npm/man/uk/man8 HTTP/1.1" 200 2333 "-" "Mozilla/5.0 AppleWebKit/537.36 (KHTML, like Gecko; compatible; GPTBot/1.2; +https://openai.com/gptbot)"
20.171.207.62 - - [07/Oct/2025:10:49:02 -0400] "GET /3ab624/?loknya=/usr/lib/node_modules/npm/man/cs/man8 HTTP/1.1" 200 2287 "-" "Mozilla/5.0 AppleWebKit/537.36 (KHTML, like Gecko; compatible; GPTBot/1.2; +https://openai.com/gptbot)"
114.119.138.98 - - [07/Oct/2025:10:49:04 -0400] "GET /wash114?kg=28982 HTTP/1.1" 404 - "http://zmbusiness.com/?sitemap638.xml" "Mozilla/5.0 (Linux; Android 7.0;) AppleWebKit/537.36 (KHTML, like Gecko) Mobile Safari/537.36 (compatible; PetalBot;+https://webmaster.petalsearch.com/site/petalbot)"
