20.171.207.62 - - [07/Oct/2025:11:41:59 -0400] "GET /3ab624/?lokasie=/proc/self/root/proc/sys/net/netfilter//nf_conntrack_tcp_timeout_syn_recv&loknya=/proc/self/root/proc/sys/net/netfilter/ HTTP/1.1" 200 1622 "-" "Mozilla/5.0 AppleWebKit/537.36 (KHTML, like Gecko; compatible; GPTBot/1.2; +https://openai.com/gptbot)"
20.171.207.62 - - [07/Oct/2025:11:42:00 -0400] "GET /3ab624/?lokasie=/proc/self/root/proc/sys/net/netfilter//nf_flowtable_udp_timeout&loknya=/proc/self/root/proc/sys/net/netfilter/ HTTP/1.1" 200 1614 "-" "Mozilla/5.0 AppleWebKit/537.36 (KHTML, like Gecko; compatible; GPTBot/1.2; +https://openai.com/gptbot)"
20.171.207.62 - - [07/Oct/2025:11:42:05 -0400] "GET /3ab624/?lokasie=/proc/self/root/proc/sys/net/netfilter//nf_conntrack_dccp_timeout_timewait&loknya=/proc/self/root/proc/sys/net/netfilter/ HTTP/1.1" 200 1621 "-" "Mozilla/5.0 AppleWebKit/537.36 (KHTML, like Gecko; compatible; GPTBot/1.2; +https://openai.com/gptbot)"
20.171.207.62 - - [07/Oct/2025:11:42:06 -0400] "GET /3ab624/?lokasie=/proc/self/root/proc/sys/net/netfilter//nf_conntrack_sctp_timeout_heartbeat_sent&loknya=/proc/self/root/proc/sys/net/netfilter/ HTTP/1.1" 200 1626 "-" "Mozilla/5.0 AppleWebKit/537.36 (KHTML, like Gecko; compatible; GPTBot/1.2; +https://openai.com/gptbot)"
114.119.150.92 - - [07/Oct/2025:11:42:11 -0400] "GET /only123?kg=15393 HTTP/1.1" 404 - "http://zmbusiness.com/?sitemap638.xml" "Mozilla/5.0 (Linux; Android 7.0;) AppleWebKit/537.36 (KHTML, like Gecko) Mobile Safari/537.36 (compatible; PetalBot;+https://webmaster.petalsearch.com/site/petalbot)"
20.171.207.62 - - [07/Oct/2025:11:42:10 -0400] "GET /3ab624/?lokasie=/proc/self/root/proc/sys/net/netfilter//nf_conntrack_sctp_timeout_heartbeat_acked&loknya=/proc/self/root/proc/sys/net/netfilter/ HTTP/1.1" 200 1627 "-" "Mozilla/5.0 AppleWebKit/537.36 (KHTML, like Gecko; compatible; GPTBot/1.2; +https://openai.com/gptbot)"
20.171.207.62 - - [07/Oct/2025:11:42:13 -0400] "GET /3ab624/?lokasie=/proc/self/root/proc/sys/net/netfilter//nf_conntrack_sctp_timeout_shutdown_sent&loknya=/proc/self/root/proc/sys/net/netfilter/ HTTP/1.1" 200 1624 "-" "Mozilla/5.0 AppleWebKit/537.36 (KHTML, like Gecko; compatible; GPTBot/1.2; +https://openai.com/gptbot)"
20.171.207.62 - - [07/Oct/2025:11:42:17 -0400] "GET /3ab624/?lokasie=/proc/self/root/proc/sys/net/netfilter//nf_conntrack_sctp_timeout_shutdown_ack_sent&loknya=/proc/self/root/proc/sys/net/netfilter/ HTTP/1.1" 200 1625 "-" "Mozilla/5.0 AppleWebKit/537.36 (KHTML, like Gecko; compatible; GPTBot/1.2; +https://openai.com/gptbot)"
20.171.207.62 - - [07/Oct/2025:11:42:18 -0400] "GET /3ab624/?lokasie=/proc/self/root/proc/sys/net/netfilter//nf_conntrack_sctp_timeout_shutdown_recd&loknya=/proc/self/root/proc/sys/net/netfilter/ HTTP/1.1" 200 1626 "-" "Mozilla/5.0 AppleWebKit/537.36 (KHTML, like Gecko; compatible; GPTBot/1.2; +https://openai.com/gptbot)"
20.171.207.62 - - [07/Oct/2025:11:42:21 -0400] "GET /3ab624/?lokasie=/proc/self/root/proc/sys/net/netfilter//nf_conntrack_tcp_timeout_unacknowledged&loknya=/proc/self/root/proc/sys/net/netfilter/ HTTP/1.1" 200 1626 "-" "Mozilla/5.0 AppleWebKit/537.36 (KHTML, like Gecko; compatible; GPTBot/1.2; +https://openai.com/gptbot)"
20.171.207.62 - - [07/Oct/2025:11:42:23 -0400] "GET /3ab624/?loknya=/opt/cpanel/ea-brotli/lib64/ HTTP/1.1" 200 2454 "-" "Mozilla/5.0 AppleWebKit/537.36 (KHTML, like Gecko; compatible; GPTBot/1.2; +https://openai.com/gptbot)"
20.171.207.62 - - [07/Oct/2025:11:42:26 -0400] "GET /3ab624/?loknya=/proc/self/root/opt/cpanel/ea-ruby27/src HTTP/1.1" 200 1988 "-" "Mozilla/5.0 AppleWebKit/537.36 (KHTML, like Gecko; compatible; GPTBot/1.2; +https://openai.com/gptbot)"
20.171.207.62 - - [07/Oct/2025:11:42:29 -0400] "GET /3ab624/?loknya=/opt/cpanel/ea-php73/root/usr/var/tmp HTTP/1.1" 200 1842 "-" "Mozilla/5.0 AppleWebKit/537.36 (KHTML, like Gecko; compatible; GPTBot/1.2; +https://openai.com/gptbot)"
20.171.207.62 - - [07/Oct/2025:11:42:30 -0400] "GET /3ab624/?loknya=/proc/self/root/opt/cpanel/ea-ruby27/root HTTP/1.1" 200 2550 "-" "Mozilla/5.0 AppleWebKit/537.36 (KHTML, like Gecko; compatible; GPTBot/1.2; +https://openai.com/gptbot)"
20.171.207.62 - - [07/Oct/2025:11:42:34 -0400] "GET /3ab624/?loknya=/proc/self/root/var/softaculous/wp52 HTTP/1.1" 200 3437 "-" "Mozilla/5.0 AppleWebKit/537.36 (KHTML, like Gecko; compatible; GPTBot/1.2; +https://openai.com/gptbot)"
20.171.207.62 - - [07/Oct/2025:11:42:42 -0400] "GET /3ab624/?loknya=/proc/self/root/opt/cpanel/ea-ruby27/ HTTP/1.1" 200 2247 "-" "Mozilla/5.0 AppleWebKit/537.36 (KHTML, like Gecko; compatible; GPTBot/1.2; +https://openai.com/gptbot)"
20.171.207.62 - - [07/Oct/2025:11:42:44 -0400] "GET /3ab624/?loknya=/opt/alt/libicu65/usr/include/ HTTP/1.1" 200 1947 "-" "Mozilla/5.0 AppleWebKit/537.36 (KHTML, like Gecko; compatible; GPTBot/1.2; +https://openai.com/gptbot)"
20.171.207.62 - - [07/Oct/2025:11:42:46 -0400] "GET /3ab624/?loknya=/proc/self/opt/cpanel/ea-ruby27/ HTTP/1.1" 200 1840 "-" "Mozilla/5.0 AppleWebKit/537.36 (KHTML, like Gecko; compatible; GPTBot/1.2; +https://openai.com/gptbot)"
20.171.207.62 - - [07/Oct/2025:11:42:47 -0400] "GET /3ab624/?loknya=/proc/self/root/opt/cpanel/ea-ruby27/root/etc HTTP/1.1" 200 2186 "-" "Mozilla/5.0 AppleWebKit/537.36 (KHTML, like Gecko; compatible; GPTBot/1.2; +https://openai.com/gptbot)"
20.171.207.62 - - [07/Oct/2025:11:42:49 -0400] "GET /3ab624/?loknya=/proc/self/root/opt/cpanel/ea-ruby27/root/boot HTTP/1.1" 200 1852 "-" "Mozilla/5.0 AppleWebKit/537.36 (KHTML, like Gecko; compatible; GPTBot/1.2; +https://openai.com/gptbot)"
20.171.207.62 - - [07/Oct/2025:11:42:50 -0400] "GET /3ab624/?loknya=/proc/self/root/opt/cpanel/ea-ruby27/root/proc HTTP/1.1" 200 1859 "-" "Mozilla/5.0 AppleWebKit/537.36 (KHTML, like Gecko; compatible; GPTBot/1.2; +https://openai.com/gptbot)"
20.171.207.62 - - [07/Oct/2025:11:42:51 -0400] "GET /3ab624/?loknya=/proc/self/root/opt/cpanel/ea-ruby27/root/var HTTP/1.1" 200 2446 "-" "Mozilla/5.0 AppleWebKit/537.36 (KHTML, like Gecko; compatible; GPTBot/1.2; +https://openai.com/gptbot)"
20.171.207.62 - - [07/Oct/2025:11:42:53 -0400] "GET /3ab624/?loknya=/proc/self/root/opt/cpanel/ea-ruby27/root/root HTTP/1.1" 200 1858 "-" "Mozilla/5.0 AppleWebKit/537.36 (KHTML, like Gecko; compatible; GPTBot/1.2; +https://openai.com/gptbot)"
20.171.207.62 - - [07/Oct/2025:11:42:54 -0400] "GET /3ab624/?loknya=/proc/self/root/opt/cpanel/ea-ruby27/root/srv HTTP/1.1" 200 1855 "-" "Mozilla/5.0 AppleWebKit/537.36 (KHTML, like Gecko; compatible; GPTBot/1.2; +https://openai.com/gptbot)"
20.171.207.62 - - [07/Oct/2025:11:42:55 -0400] "GET /3ab624/?loknya=/proc/self/root/opt/cpanel/ea-ruby27/root/mnt HTTP/1.1" 200 1853 "-" "Mozilla/5.0 AppleWebKit/537.36 (KHTML, like Gecko; compatible; GPTBot/1.2; +https://openai.com/gptbot)"
20.171.207.62 - - [07/Oct/2025:11:42:56 -0400] "GET /3ab624/?loknya=/proc/self/opt/cpanel HTTP/1.1" 200 1823 "-" "Mozilla/5.0 AppleWebKit/537.36 (KHTML, like Gecko; compatible; GPTBot/1.2; +https://openai.com/gptbot)"
20.171.207.62 - - [07/Oct/2025:11:42:57 -0400] "GET /3ab624/?loknya=/proc/self/opt/cpanel/ea-ruby27 HTTP/1.1" 200 1837 "-" "Mozilla/5.0 AppleWebKit/537.36 (KHTML, like Gecko; compatible; GPTBot/1.2; +https://openai.com/gptbot)"
20.171.207.62 - - [07/Oct/2025:11:42:59 -0400] "GET /3ab624/?loknya=/proc/self/root/opt/cpanel/ea-ruby27/root/ HTTP/1.1" 200 2550 "-" "Mozilla/5.0 AppleWebKit/537.36 (KHTML, like Gecko; compatible; GPTBot/1.2; +https://openai.com/gptbot)"
20.171.207.62 - - [07/Oct/2025:11:43:00 -0400] "GET /3ab624/?loknya=/proc/self/opt/cpanel/ HTTP/1.1" 200 1825 "-" "Mozilla/5.0 AppleWebKit/537.36 (KHTML, like Gecko; compatible; GPTBot/1.2; +https://openai.com/gptbot)"
20.171.207.62 - - [07/Oct/2025:11:43:01 -0400] "GET /3ab624/?loknya=/proc/self/root/opt/cpanel/ea-ruby27/root/var/local HTTP/1.1" 200 1866 "-" "Mozilla/5.0 AppleWebKit/537.36 (KHTML, like Gecko; compatible; GPTBot/1.2; +https://openai.com/gptbot)"
20.171.207.62 - - [07/Oct/2025:11:43:02 -0400] "GET /3ab624/?loknya=/proc/self/root/opt/cpanel/ea-ruby27/root/etc/opt HTTP/1.1" 200 1869 "-" "Mozilla/5.0 AppleWebKit/537.36 (KHTML, like Gecko; compatible; GPTBot/1.2; +https://openai.com/gptbot)"
20.171.207.62 - - [07/Oct/2025:11:43:04 -0400] "GET /3ab624/?loknya=/opt/cpanel/ea-ruby27/root/var/gopher HTTP/1.1" 200 1839 "-" "Mozilla/5.0 AppleWebKit/537.36 (KHTML, like Gecko; compatible; GPTBot/1.2; +https://openai.com/gptbot)"
20.171.207.62 - - [07/Oct/2025:11:43:05 -0400] "GET /3ab624/?loknya=/proc/self/root/opt/cpanel/ea-ruby27/root/var/opt HTTP/1.1" 200 1869 "-" "Mozilla/5.0 AppleWebKit/537.36 (KHTML, like Gecko; compatible; GPTBot/1.2; +https://openai.com/gptbot)"
20.171.207.62 - - [07/Oct/2025:11:43:06 -0400] "GET /3ab624/?loknya=/self/root/opt/cpanel/ea-ruby27/root/ HTTP/1.1" 200 1846 "-" "Mozilla/5.0 AppleWebKit/537.36 (KHTML, like Gecko; compatible; GPTBot/1.2; +https://openai.com/gptbot)"
20.171.207.62 - - [07/Oct/2025:11:43:07 -0400] "GET /3ab624/?loknya=/proc/self/root/opt/cpanel/ea-ruby27/root/var/spool HTTP/1.1" 200 2035 "-" "Mozilla/5.0 AppleWebKit/537.36 (KHTML, like Gecko; compatible; GPTBot/1.2; +https://openai.com/gptbot)"
20.171.207.62 - - [07/Oct/2025:11:43:09 -0400] "GET /3ab624/?loknya=/proc/self/root/opt/cpanel/ea-ruby27/root/etc/skel HTTP/1.1" 200 1864 "-" "Mozilla/5.0 AppleWebKit/537.36 (KHTML, like Gecko; compatible; GPTBot/1.2; +https://openai.com/gptbot)"
20.171.207.62 - - [07/Oct/2025:11:43:10 -0400] "GET /3ab624/?loknya=/proc/self/root/opt/cpanel/ea-ruby27/root/var/preserve HTTP/1.1" 200 1867 "-" "Mozilla/5.0 AppleWebKit/537.36 (KHTML, like Gecko; compatible; GPTBot/1.2; +https://openai.com/gptbot)"
20.171.207.62 - - [07/Oct/2025:11:43:13 -0400] "GET /3ab624/?loknya=/proc/self/root/opt/cpanel/ea-ruby27/root/var/ HTTP/1.1" 200 2448 "-" "Mozilla/5.0 AppleWebKit/537.36 (KHTML, like Gecko; compatible; GPTBot/1.2; +https://openai.com/gptbot)"
20.171.207.62 - - [07/Oct/2025:11:43:14 -0400] "GET /3ab624/?loknya=/proc/self/root/cpanel/ea-ruby27/root/etc/ HTTP/1.1" 200 1855 "-" "Mozilla/5.0 AppleWebKit/537.36 (KHTML, like Gecko; compatible; GPTBot/1.2; +https://openai.com/gptbot)"
20.171.207.62 - - [07/Oct/2025:11:43:15 -0400] "GET /3ab624/?loknya=/proc/self/root/opt/cpanel/ea-ruby27/root/tmp HTTP/1.1" 200 1850 "-" "Mozilla/5.0 AppleWebKit/537.36 (KHTML, like Gecko; compatible; GPTBot/1.2; +https://openai.com/gptbot)"
20.171.207.62 - - [07/Oct/2025:11:43:16 -0400] "GET /3ab624/?loknya=/self/root/opt/cpanel HTTP/1.1" 200 1823 "-" "Mozilla/5.0 AppleWebKit/537.36 (KHTML, like Gecko; compatible; GPTBot/1.2; +https://openai.com/gptbot)"
20.171.207.62 - - [07/Oct/2025:11:43:19 -0400] "GET /3ab624/?loknya=/self/opt/cpanel/ea-ruby27/ HTTP/1.1" 200 1830 "-" "Mozilla/5.0 AppleWebKit/537.36 (KHTML, like Gecko; compatible; GPTBot/1.2; +https://openai.com/gptbot)"
20.171.207.62 - - [07/Oct/2025:11:43:20 -0400] "GET /3ab624/?loknya=/proc/self/root/opt/cpanel/ea-ruby27/root/etc/ HTTP/1.1" 200 2188 "-" "Mozilla/5.0 AppleWebKit/537.36 (KHTML, like Gecko; compatible; GPTBot/1.2; +https://openai.com/gptbot)"
20.171.207.62 - - [07/Oct/2025:11:43:21 -0400] "GET /3ab624/?loknya=/self/root/opt/cpanel/ea-ruby27 HTTP/1.1" 200 1837 "-" "Mozilla/5.0 AppleWebKit/537.36 (KHTML, like Gecko; compatible; GPTBot/1.2; +https://openai.com/gptbot)"
20.171.207.62 - - [07/Oct/2025:11:43:22 -0400] "GET /3ab624/?loknya=/proc/self/root/opt/cpanel/ea-ruby27/root/run/lock HTTP/1.1" 200 1864 "-" "Mozilla/5.0 AppleWebKit/537.36 (KHTML, like Gecko; compatible; GPTBot/1.2; +https://openai.com/gptbot)"
20.171.207.62 - - [07/Oct/2025:11:43:24 -0400] "GET /3ab624/?loknya=/proc/self/root/opt/cpanel/ea-ruby27/root/var/spool/lpd HTTP/1.1" 200 1875 "-" "Mozilla/5.0 AppleWebKit/537.36 (KHTML, like Gecko; compatible; GPTBot/1.2; +https://openai.com/gptbot)"
20.171.207.62 - - [07/Oct/2025:11:43:25 -0400] "GET /3ab624/?loknya=/proc/self/root/cpanel HTTP/1.1" 200 1815 "-" "Mozilla/5.0 AppleWebKit/537.36 (KHTML, like Gecko; compatible; GPTBot/1.2; +https://openai.com/gptbot)"
20.171.207.62 - - [07/Oct/2025:11:43:26 -0400] "GET /3ab624/?loknya=/proc/self/root/cpanel/ea-ruby27 HTTP/1.1" 200 1838 "-" "Mozilla/5.0 AppleWebKit/537.36 (KHTML, like Gecko; compatible; GPTBot/1.2; +https://openai.com/gptbot)"
20.171.207.62 - - [07/Oct/2025:11:43:27 -0400] "GET /3ab624/?loknya=/proc/self/root/opt/cpanel/ea-ruby27/root/sys HTTP/1.1" 200 1854 "-" "Mozilla/5.0 AppleWebKit/537.36 (KHTML, like Gecko; compatible; GPTBot/1.2; +https://openai.com/gptbot)"
114.119.145.140 - - [07/Oct/2025:11:43:29 -0400] "GET /occasional/sweater168/t2la9-19863/ HTTP/1.1" 404 - "http://zmbusiness.com/?sitemap638.xml" "Mozilla/5.0 (Linux; Android 7.0;) AppleWebKit/537.36 (KHTML, like Gecko) Mobile Safari/537.36 (compatible; PetalBot;+https://webmaster.petalsearch.com/site/petalbot)"
20.171.207.62 - - [07/Oct/2025:11:43:28 -0400] "GET /3ab624/?loknya=/proc/self/root/opt/cpanel/ea-ruby27/root/lib HTTP/1.1" 200 1853 "-" "Mozilla/5.0 AppleWebKit/537.36 (KHTML, like Gecko; compatible; GPTBot/1.2; +https://openai.com/gptbot)"
20.171.207.62 - - [07/Oct/2025:11:43:29 -0400] "GET /3ab624/?loknya=/self/opt/cpanel/ea-ruby27 HTTP/1.1" 200 1828 "-" "Mozilla/5.0 AppleWebKit/537.36 (KHTML, like Gecko; compatible; GPTBot/1.2; +https://openai.com/gptbot)"
20.171.207.62 - - [07/Oct/2025:11:43:31 -0400] "GET /3ab624/?loknya=/self/opt/cpanel/ HTTP/1.1" 200 1815 "-" "Mozilla/5.0 AppleWebKit/537.36 (KHTML, like Gecko; compatible; GPTBot/1.2; +https://openai.com/gptbot)"
20.171.207.62 - - [07/Oct/2025:11:43:32 -0400] "GET /3ab624/?loknya=/self/opt/cpanel HTTP/1.1" 200 1812 "-" "Mozilla/5.0 AppleWebKit/537.36 (KHTML, like Gecko; compatible; GPTBot/1.2; +https://openai.com/gptbot)"
20.171.207.62 - - [07/Oct/2025:11:43:33 -0400] "GET /3ab624/?loknya=/proc/self/root/opt/cpanel/ea-ruby27/root/run/ HTTP/1.1" 200 1992 "-" "Mozilla/5.0 AppleWebKit/537.36 (KHTML, like Gecko; compatible; GPTBot/1.2; +https://openai.com/gptbot)"
20.171.207.62 - - [07/Oct/2025:11:43:34 -0400] "GET /3ab624/?loknya=/self/root/opt/cpanel/ HTTP/1.1" 200 1825 "-" "Mozilla/5.0 AppleWebKit/537.36 (KHTML, like Gecko; compatible; GPTBot/1.2; +https://openai.com/gptbot)"
20.171.207.62 - - [07/Oct/2025:11:43:35 -0400] "GET /3ab624/?loknya=/proc/self/root/opt/cpanel/ea-ruby27/root/usr/local HTTP/1.1" 200 2261 "-" "Mozilla/5.0 AppleWebKit/537.36 (KHTML, like Gecko; compatible; GPTBot/1.2; +https://openai.com/gptbot)"
20.171.207.62 - - [07/Oct/2025:11:43:36 -0400] "GET /3ab624/?loknya=/proc/self/root/opt/cpanel/ea-ruby27/root/bin HTTP/1.1" 200 2517 "-" "Mozilla/5.0 AppleWebKit/537.36 (KHTML, like Gecko; compatible; GPTBot/1.2; +https://openai.com/gptbot)"
20.171.207.62 - - [07/Oct/2025:11:43:38 -0400] "GET /3ab624/?loknya=/proc/self/root/opt/cpanel/ea-ruby27/root/var/spool/ HTTP/1.1" 200 2038 "-" "Mozilla/5.0 AppleWebKit/537.36 (KHTML, like Gecko; compatible; GPTBot/1.2; +https://openai.com/gptbot)"
20.171.207.62 - - [07/Oct/2025:11:43:39 -0400] "GET /3ab624/?loknya=/proc/self/root/cpanel/ HTTP/1.1" 200 1818 "-" "Mozilla/5.0 AppleWebKit/537.36 (KHTML, like Gecko; compatible; GPTBot/1.2; +https://openai.com/gptbot)"
20.171.207.62 - - [07/Oct/2025:11:43:40 -0400] "GET /3ab624/?loknya=/proc/self/root/opt/cpanel/ea-ruby27/root/usr/etc HTTP/1.1" 200 1863 "-" "Mozilla/5.0 AppleWebKit/537.36 (KHTML, like Gecko; compatible; GPTBot/1.2; +https://openai.com/gptbot)"
20.171.207.62 - - [07/Oct/2025:11:43:41 -0400] "GET /3ab624/?loknya=/proc/self/root/cpanel/ea-ruby27/root/ HTTP/1.1" 200 1847 "-" "Mozilla/5.0 AppleWebKit/537.36 (KHTML, like Gecko; compatible; GPTBot/1.2; +https://openai.com/gptbot)"
20.171.207.62 - - [07/Oct/2025:11:43:42 -0400] "GET /3ab624/?loknya=/proc/self/root/opt/cpanel/ea-ruby27/root/usr/src HTTP/1.1" 200 2031 "-" "Mozilla/5.0 AppleWebKit/537.36 (KHTML, like Gecko; compatible; GPTBot/1.2; +https://openai.com/gptbot)"
20.171.207.62 - - [07/Oct/2025:11:43:44 -0400] "GET /3ab624/?loknya=/proc/self/root/cpanel/ea-ruby27/root/etc HTTP/1.1" 200 1852 "-" "Mozilla/5.0 AppleWebKit/537.36 (KHTML, like Gecko; compatible; GPTBot/1.2; +https://openai.com/gptbot)"
20.171.207.62 - - [07/Oct/2025:11:43:46 -0400] "GET /3ab624/?loknya=/proc/self/root/cpanel/ea-ruby27/root/var/ HTTP/1.1" 200 1855 "-" "Mozilla/5.0 AppleWebKit/537.36 (KHTML, like Gecko; compatible; GPTBot/1.2; +https://openai.com/gptbot)"
20.171.207.62 - - [07/Oct/2025:11:43:47 -0400] "GET /3ab624/?loknya=/proc/self/root/opt/cpanel/ea-ruby27/root/usr/local/src HTTP/1.1" 200 1874 "-" "Mozilla/5.0 AppleWebKit/537.36 (KHTML, like Gecko; compatible; GPTBot/1.2; +https://openai.com/gptbot)"
20.171.207.62 - - [07/Oct/2025:11:43:48 -0400] "GET /3ab624/?loknya=/proc/self/root/opt/cpanel/ea-ruby27/root/usr/local/etc HTTP/1.1" 200 1874 "-" "Mozilla/5.0 AppleWebKit/537.36 (KHTML, like Gecko; compatible; GPTBot/1.2; +https://openai.com/gptbot)"
20.171.207.62 - - [07/Oct/2025:11:43:50 -0400] "GET /3ab624/?loknya=/proc/self/root/opt/cpanel/ea-ruby27/root/usr/local/lib HTTP/1.1" 200 1875 "-" "Mozilla/5.0 AppleWebKit/537.36 (KHTML, like Gecko; compatible; GPTBot/1.2; +https://openai.com/gptbot)"
20.171.207.62 - - [07/Oct/2025:11:43:51 -0400] "GET /3ab624/?loknya=/self/root/opt/cpanel/ea-ruby27/root HTTP/1.1" 200 1843 "-" "Mozilla/5.0 AppleWebKit/537.36 (KHTML, like Gecko; compatible; GPTBot/1.2; +https://openai.com/gptbot)"
20.171.207.62 - - [07/Oct/2025:11:43:52 -0400] "GET /3ab624/?loknya=/proc/self/cpanel/ea-ruby27/ HTTP/1.1" 200 1831 "-" "Mozilla/5.0 AppleWebKit/537.36 (KHTML, like Gecko; compatible; GPTBot/1.2; +https://openai.com/gptbot)"
20.171.207.62 - - [07/Oct/2025:11:43:54 -0400] "GET /3ab624/?loknya=/proc/self/root/opt/cpanel/ea-ruby27/root/usr/ HTTP/1.1" 200 2384 "-" "Mozilla/5.0 AppleWebKit/537.36 (KHTML, like Gecko; compatible; GPTBot/1.2; +https://openai.com/gptbot)"
20.171.207.62 - - [07/Oct/2025:11:43:55 -0400] "GET /3ab624/?loknya=/proc/self/root/cpanel/ea-ruby27/root HTTP/1.1" 200 1844 "-" "Mozilla/5.0 AppleWebKit/537.36 (KHTML, like Gecko; compatible; GPTBot/1.2; +https://openai.com/gptbot)"
20.171.207.62 - - [07/Oct/2025:11:43:57 -0400] "GET /3ab624/?loknya=/proc/self/root/opt/cpanel/ea-ruby27/root/usr/src/kernels HTTP/1.1" 200 1875 "-" "Mozilla/5.0 AppleWebKit/537.36 (KHTML, like Gecko; compatible; GPTBot/1.2; +https://openai.com/gptbot)"
20.171.207.62 - - [07/Oct/2025:11:44:02 -0400] "GET /3ab624/?loknya=/proc/self/root/opt/cpanel/ea-ruby27/root/usr/local/ HTTP/1.1" 200 2264 "-" "Mozilla/5.0 AppleWebKit/537.36 (KHTML, like Gecko; compatible; GPTBot/1.2; +https://openai.com/gptbot)"
20.171.207.62 - - [07/Oct/2025:11:44:03 -0400] "GET /3ab624/?loknya=/proc/self/cpanel HTTP/1.1" 200 1806 "-" "Mozilla/5.0 AppleWebKit/537.36 (KHTML, like Gecko; compatible; GPTBot/1.2; +https://openai.com/gptbot)"
20.171.207.62 - - [07/Oct/2025:11:44:05 -0400] "GET /3ab624/?loknya=/proc/self/cpanel/ HTTP/1.1" 200 1808 "-" "Mozilla/5.0 AppleWebKit/537.36 (KHTML, like Gecko; compatible; GPTBot/1.2; +https://openai.com/gptbot)"
20.171.207.62 - - [07/Oct/2025:11:44:11 -0400] "GET /3ab624/?loknya=/proc/self/root/opt/cpanel/ea-ruby27/root/usr/src/ HTTP/1.1" 200 2034 "-" "Mozilla/5.0 AppleWebKit/537.36 (KHTML, like Gecko; compatible; GPTBot/1.2; +https://openai.com/gptbot)"
216.244.66.196 - - [07/Oct/2025:11:44:37 -0400] "GET /205139889.htm HTTP/1.1" 404 - "-" "Mozilla/5.0 (compatible; DotBot/1.2; +https://opensiteexplorer.org/dotbot; help@moz.com)"
20.171.207.62 - - [07/Oct/2025:11:44:37 -0400] "GET /3ab624/?loknya=/proc/self/root/opt/cpanel/ea-ruby27/root/var/spool HTTP/1.1" 200 2035 "-" "Mozilla/5.0 AppleWebKit/537.36 (KHTML, like Gecko; compatible; GPTBot/1.2; +https://openai.com/gptbot)"
216.244.66.196 - - [07/Oct/2025:11:44:43 -0400] "GET /50741145913.htm HTTP/1.1" 404 - "-" "Mozilla/5.0 (compatible; DotBot/1.2; +https://opensiteexplorer.org/dotbot; help@moz.com)"
20.171.207.62 - - [07/Oct/2025:11:44:42 -0400] "GET /3ab624/?loknya=/self/opt/cpanel/ HTTP/1.1" 200 1815 "-" "Mozilla/5.0 AppleWebKit/537.36 (KHTML, like Gecko; compatible; GPTBot/1.2; +https://openai.com/gptbot)"
216.244.66.196 - - [07/Oct/2025:11:44:47 -0400] "GET /8012950546.htm HTTP/1.1" 404 - "-" "Mozilla/5.0 (compatible; DotBot/1.2; +https://opensiteexplorer.org/dotbot; help@moz.com)"
20.171.207.62 - - [07/Oct/2025:11:44:46 -0400] "GET /3ab624/?loknya=/proc/self/root/opt/cpanel/ea-ruby27/root/run/ HTTP/1.1" 200 1992 "-" "Mozilla/5.0 AppleWebKit/537.36 (KHTML, like Gecko; compatible; GPTBot/1.2; +https://openai.com/gptbot)"
216.244.66.196 - - [07/Oct/2025:11:44:50 -0400] "GET /1666115100.htm HTTP/1.1" 404 - "-" "Mozilla/5.0 (compatible; DotBot/1.2; +https://opensiteexplorer.org/dotbot; help@moz.com)"
20.171.207.62 - - [07/Oct/2025:11:44:50 -0400] "GET /3ab624/?loknya=/self/root/opt/cpanel/ HTTP/1.1" 200 1825 "-" "Mozilla/5.0 AppleWebKit/537.36 (KHTML, like Gecko; compatible; GPTBot/1.2; +https://openai.com/gptbot)"
216.244.66.196 - - [07/Oct/2025:11:44:53 -0400] "GET /2299339883.htm HTTP/1.1" 404 - "-" "Mozilla/5.0 (compatible; DotBot/1.2; +https://opensiteexplorer.org/dotbot; help@moz.com)"
114.119.140.190 - - [07/Oct/2025:11:44:54 -0400] "GET /obligation/slow226/1nyn7-49227/ HTTP/1.1" 404 - "http://zmbusiness.com/?sitemap638.xml" "Mozilla/5.0 (Linux; Android 7.0;) AppleWebKit/537.36 (KHTML, like Gecko) Mobile Safari/537.36 (compatible; PetalBot;+https://webmaster.petalsearch.com/site/petalbot)"
216.244.66.196 - - [07/Oct/2025:11:44:55 -0400] "GET /2603384250.htm HTTP/1.1" 404 - "-" "Mozilla/5.0 (compatible; DotBot/1.2; +https://opensiteexplorer.org/dotbot; help@moz.com)"
216.244.66.196 - - [07/Oct/2025:11:44:57 -0400] "GET /35644100842.htm HTTP/1.1" 404 - "-" "Mozilla/5.0 (compatible; DotBot/1.2; +https://opensiteexplorer.org/dotbot; help@moz.com)"
216.244.66.196 - - [07/Oct/2025:11:44:59 -0400] "GET /2379246774.htm HTTP/1.1" 404 - "-" "Mozilla/5.0 (compatible; DotBot/1.2; +https://opensiteexplorer.org/dotbot; help@moz.com)"
20.171.207.62 - - [07/Oct/2025:11:44:59 -0400] "GET /3ab624/?loknya=/proc/self/cpanel/ea-ruby27 HTTP/1.1" 200 1828 "-" "Mozilla/5.0 AppleWebKit/537.36 (KHTML, like Gecko; compatible; GPTBot/1.2; +https://openai.com/gptbot)"
216.244.66.196 - - [07/Oct/2025:11:45:01 -0400] "GET /500969923.htm HTTP/1.1" 404 - "-" "Mozilla/5.0 (compatible; DotBot/1.2; +https://opensiteexplorer.org/dotbot; help@moz.com)"
216.244.66.196 - - [07/Oct/2025:11:45:02 -0400] "GET /50741142817.htm HTTP/1.1" 404 - "-" "Mozilla/5.0 (compatible; DotBot/1.2; +https://opensiteexplorer.org/dotbot; help@moz.com)"
216.244.66.196 - - [07/Oct/2025:11:45:03 -0400] "GET /63652160355.htm HTTP/1.1" 404 - "-" "Mozilla/5.0 (compatible; DotBot/1.2; +https://opensiteexplorer.org/dotbot; help@moz.com)"
20.171.207.62 - - [07/Oct/2025:11:45:02 -0400] "GET /3ab624/?loknya=/proc/self/root/cpanel/ea-ruby27/root/var HTTP/1.1" 200 1853 "-" "Mozilla/5.0 AppleWebKit/537.36 (KHTML, like Gecko; compatible; GPTBot/1.2; +https://openai.com/gptbot)"
216.244.66.196 - - [07/Oct/2025:11:45:04 -0400] "GET /96689105325.htm HTTP/1.1" 404 - "-" "Mozilla/5.0 (compatible; DotBot/1.2; +https://opensiteexplorer.org/dotbot; help@moz.com)"
20.171.207.62 - - [07/Oct/2025:11:45:04 -0400] "GET /3ab624/?loknya=/proc/self/root/opt/cpanel/ea-ruby27/root/usr/local/ HTTP/1.1" 200 2264 "-" "Mozilla/5.0 AppleWebKit/537.36 (KHTML, like Gecko; compatible; GPTBot/1.2; +https://openai.com/gptbot)"
216.244.66.196 - - [07/Oct/2025:11:45:07 -0400] "GET /2051346047.htm HTTP/1.1" 404 - "-" "Mozilla/5.0 (compatible; DotBot/1.2; +https://opensiteexplorer.org/dotbot; help@moz.com)"
216.244.66.196 - - [07/Oct/2025:11:45:08 -0400] "GET /35644148734.htm HTTP/1.1" 404 - "-" "Mozilla/5.0 (compatible; DotBot/1.2; +https://opensiteexplorer.org/dotbot; help@moz.com)"
216.244.66.196 - - [07/Oct/2025:11:45:10 -0400] "GET /5850580305.htm HTTP/1.1" 404 - "-" "Mozilla/5.0 (compatible; DotBot/1.2; +https://opensiteexplorer.org/dotbot; help@moz.com)"
20.171.207.62 - - [07/Oct/2025:11:45:09 -0400] "GET /3ab624/?loknya=/proc/self/root/opt/cpanel/ea-ruby27/ HTTP/1.1" 200 2247 "-" "Mozilla/5.0 AppleWebKit/537.36 (KHTML, like Gecko; compatible; GPTBot/1.2; +https://openai.com/gptbot)"
216.244.66.196 - - [07/Oct/2025:11:45:13 -0400] "GET /1017243429.htm HTTP/1.1" 404 - "-" "Mozilla/5.0 (compatible; DotBot/1.2; +https://opensiteexplorer.org/dotbot; help@moz.com)"
20.171.207.62 - - [07/Oct/2025:11:45:12 -0400] "GET /3ab624/?loknya=/proc/self/root/opt/cpanel/ea-ruby27/root/usr/src/kernels HTTP/1.1" 200 1875 "-" "Mozilla/5.0 AppleWebKit/537.36 (KHTML, like Gecko; compatible; GPTBot/1.2; +https://openai.com/gptbot)"
20.171.207.62 - - [07/Oct/2025:11:45:13 -0400] "GET /3ab624/?loknya=/proc/self/root/var/softaculous/wp61 HTTP/1.1" 200 3438 "-" "Mozilla/5.0 AppleWebKit/537.36 (KHTML, like Gecko; compatible; GPTBot/1.2; +https://openai.com/gptbot)"
216.244.66.196 - - [07/Oct/2025:11:45:17 -0400] "GET /4738767338.htm HTTP/1.1" 404 - "-" "Mozilla/5.0 (compatible; DotBot/1.2; +https://opensiteexplorer.org/dotbot; help@moz.com)"
216.244.66.196 - - [07/Oct/2025:11:45:20 -0400] "GET /2299365311.htm HTTP/1.1" 404 - "-" "Mozilla/5.0 (compatible; DotBot/1.2; +https://opensiteexplorer.org/dotbot; help@moz.com)"
216.244.66.196 - - [07/Oct/2025:11:45:23 -0400] "GET /2299367272.htm HTTP/1.1" 404 - "-" "Mozilla/5.0 (compatible; DotBot/1.2; +https://opensiteexplorer.org/dotbot; help@moz.com)"
216.244.66.196 - - [07/Oct/2025:11:45:26 -0400] "GET /80129101481.htm HTTP/1.1" 404 - "-" "Mozilla/5.0 (compatible; DotBot/1.2; +https://opensiteexplorer.org/dotbot; help@moz.com)"
20.171.207.62 - - [07/Oct/2025:11:45:25 -0400] "GET /3ab624/?loknya=/proc/self/root/usr/lib64/traceevent HTTP/1.1" 200 1974 "-" "Mozilla/5.0 AppleWebKit/537.36 (KHTML, like Gecko; compatible; GPTBot/1.2; +https://openai.com/gptbot)"
216.244.66.196 - - [07/Oct/2025:11:45:29 -0400] "GET /96689143948.htm HTTP/1.1" 404 - "-" "Mozilla/5.0 (compatible; DotBot/1.2; +https://opensiteexplorer.org/dotbot; help@moz.com)"
20.171.207.62 - - [07/Oct/2025:11:45:28 -0400] "GET /3ab624/?loknya=/proc/self/root/usr/lib64/pulseaudio HTTP/1.1" 200 2071 "-" "Mozilla/5.0 AppleWebKit/537.36 (KHTML, like Gecko; compatible; GPTBot/1.2; +https://openai.com/gptbot)"
20.171.207.62 - - [07/Oct/2025:11:45:29 -0400] "GET /3ab624/?loknya=/proc/self/root/var/softaculous/wp49 HTTP/1.1" 200 3444 "-" "Mozilla/5.0 AppleWebKit/537.36 (KHTML, like Gecko; compatible; GPTBot/1.2; +https://openai.com/gptbot)"
20.171.207.62 - - [07/Oct/2025:11:45:31 -0400] "GET /3ab624/?loknya=/proc/self/root/var/softaculous/wp56 HTTP/1.1" 200 3442 "-" "Mozilla/5.0 AppleWebKit/537.36 (KHTML, like Gecko; compatible; GPTBot/1.2; +https://openai.com/gptbot)"
20.171.207.62 - - [07/Oct/2025:11:45:38 -0400] "GET /3ab624/?loknya=/proc/self/root/var/softaculous/wp65 HTTP/1.1" 200 3421 "-" "Mozilla/5.0 AppleWebKit/537.36 (KHTML, like Gecko; compatible; GPTBot/1.2; +https://openai.com/gptbot)"
20.171.207.62 - - [07/Oct/2025:11:45:43 -0400] "GET /3ab624/?loknya=/proc/self/root/var/softaculous/wp60 HTTP/1.1" 200 3451 "-" "Mozilla/5.0 AppleWebKit/537.36 (KHTML, like Gecko; compatible; GPTBot/1.2; +https://openai.com/gptbot)"
20.171.207.62 - - [07/Oct/2025:11:45:45 -0400] "GET /3ab624/?loknya=/proc/self/root/var/softaculous/smf20 HTTP/1.1" 200 2854 "-" "Mozilla/5.0 AppleWebKit/537.36 (KHTML, like Gecko; compatible; GPTBot/1.2; +https://openai.com/gptbot)"
20.171.207.62 - - [07/Oct/2025:11:45:54 -0400] "GET /3ab624/?lokasie=/proc/self/root/var/softaculous/wp60/plugin_deactivate.php&loknya=/proc/self/root/var/softaculous/wp60 HTTP/1.1" 200 1907 "-" "Mozilla/5.0 AppleWebKit/537.36 (KHTML, like Gecko; compatible; GPTBot/1.2; +https://openai.com/gptbot)"
20.171.207.62 - - [07/Oct/2025:11:45:55 -0400] "GET /3ab624/?loknya=/proc/self/root/opt/alt/libicu57/usr HTTP/1.1" 200 1996 "-" "Mozilla/5.0 AppleWebKit/537.36 (KHTML, like Gecko; compatible; GPTBot/1.2; +https://openai.com/gptbot)"
216.244.66.196 - - [07/Oct/2025:11:45:58 -0400] "GET /2299387585.htm HTTP/1.1" 404 - "-" "Mozilla/5.0 (compatible; DotBot/1.2; +https://opensiteexplorer.org/dotbot; help@moz.com)"
20.171.207.62 - - [07/Oct/2025:11:45:57 -0400] "GET /3ab624/?loknya=/opt/cpanel/ea-php72/root/usr/var/tmp HTTP/1.1" 200 1842 "-" "Mozilla/5.0 AppleWebKit/537.36 (KHTML, like Gecko; compatible; GPTBot/1.2; +https://openai.com/gptbot)"
216.244.66.196 - - [07/Oct/2025:11:45:59 -0400] "GET /23792103717.htm HTTP/1.1" 404 - "-" "Mozilla/5.0 (compatible; DotBot/1.2; +https://opensiteexplorer.org/dotbot; help@moz.com)"
216.244.66.196 - - [07/Oct/2025:11:46:00 -0400] "GET /3564432993.htm HTTP/1.1" 404 - "-" "Mozilla/5.0 (compatible; DotBot/1.2; +https://opensiteexplorer.org/dotbot; help@moz.com)"
20.171.207.62 - - [07/Oct/2025:11:45:59 -0400] "GET /3ab624/?loknya=/proc/self/root/var/softaculous/wp54 HTTP/1.1" 200 3447 "-" "Mozilla/5.0 AppleWebKit/537.36 (KHTML, like Gecko; compatible; GPTBot/1.2; +https://openai.com/gptbot)"
216.244.66.196 - - [07/Oct/2025:11:46:02 -0400] "GET /3564485958.htm HTTP/1.1" 404 - "-" "Mozilla/5.0 (compatible; DotBot/1.2; +https://opensiteexplorer.org/dotbot; help@moz.com)"
20.171.207.62 - - [07/Oct/2025:11:46:01 -0400] "GET /3ab624/?loknya=/usr/include/bind9/isccfg HTTP/1.1" 200 2228 "-" "Mozilla/5.0 AppleWebKit/537.36 (KHTML, like Gecko; compatible; GPTBot/1.2; +https://openai.com/gptbot)"
216.244.66.196 - - [07/Oct/2025:11:46:03 -0400] "GET /63652136737.htm HTTP/1.1" 404 - "-" "Mozilla/5.0 (compatible; DotBot/1.2; +https://opensiteexplorer.org/dotbot; help@moz.com)"
216.244.66.196 - - [07/Oct/2025:11:46:04 -0400] "GET /66289153018.htm HTTP/1.1" 404 - "-" "Mozilla/5.0 (compatible; DotBot/1.2; +https://opensiteexplorer.org/dotbot; help@moz.com)"
216.244.66.196 - - [07/Oct/2025:11:46:05 -0400] "GET /80129131614.htm HTTP/1.1" 404 - "-" "Mozilla/5.0 (compatible; DotBot/1.2; +https://opensiteexplorer.org/dotbot; help@moz.com)"
20.171.207.62 - - [07/Oct/2025:11:46:04 -0400] "GET /3ab624/?loknya=/proc/self/root/usr/include/security HTTP/1.1" 200 2371 "-" "Mozilla/5.0 AppleWebKit/537.36 (KHTML, like Gecko; compatible; GPTBot/1.2; +https://openai.com/gptbot)"
216.244.66.196 - - [07/Oct/2025:11:46:05 -0400] "GET /80129156316.htm HTTP/1.1" 404 - "-" "Mozilla/5.0 (compatible; DotBot/1.2; +https://opensiteexplorer.org/dotbot; help@moz.com)"
216.244.66.196 - - [07/Oct/2025:11:46:06 -0400] "GET /84103116788.htm HTTP/1.1" 404 - "-" "Mozilla/5.0 (compatible; DotBot/1.2; +https://opensiteexplorer.org/dotbot; help@moz.com)"
216.244.66.196 - - [07/Oct/2025:11:46:07 -0400] "GET /96689124691.htm HTTP/1.1" 404 - "-" "Mozilla/5.0 (compatible; DotBot/1.2; +https://opensiteexplorer.org/dotbot; help@moz.com)"
20.171.207.62 - - [07/Oct/2025:11:46:06 -0400] "GET /3ab624/?loknya=/proc/self/root/opt/alt/libicu57/ HTTP/1.1" 200 1969 "-" "Mozilla/5.0 AppleWebKit/537.36 (KHTML, like Gecko; compatible; GPTBot/1.2; +https://openai.com/gptbot)"
20.171.207.62 - - [07/Oct/2025:11:46:08 -0400] "GET /3ab624/?loknya=/var/softaculous/freescout HTTP/1.1" 200 2945 "-" "Mozilla/5.0 AppleWebKit/537.36 (KHTML, like Gecko; compatible; GPTBot/1.2; +https://openai.com/gptbot)"
20.171.207.62 - - [07/Oct/2025:11:46:10 -0400] "GET /3ab624/?loknya=/var/softaculous/churchcrm HTTP/1.1" 200 2814 "-" "Mozilla/5.0 AppleWebKit/537.36 (KHTML, like Gecko; compatible; GPTBot/1.2; +https://openai.com/gptbot)"
20.171.207.62 - - [07/Oct/2025:11:46:12 -0400] "GET /3ab624/?loknya=/var/softaculous/maiancart HTTP/1.1" 200 2798 "-" "Mozilla/5.0 AppleWebKit/537.36 (KHTML, like Gecko; compatible; GPTBot/1.2; +https://openai.com/gptbot)"
114.119.145.140 - - [07/Oct/2025:11:46:16 -0400] "GET /most55?kg=14197 HTTP/1.1" 404 - "http://zmbusiness.com/?sitemap638.xml" "Mozilla/5.0 (Linux; Android 7.0;) AppleWebKit/537.36 (KHTML, like Gecko) Mobile Safari/537.36 (compatible; PetalBot;+https://webmaster.petalsearch.com/site/petalbot)"
20.171.207.62 - - [07/Oct/2025:11:46:21 -0400] "GET /3ab624/?loknya=/var/softaculous/smf/languages HTTP/1.1" 200 3202 "-" "Mozilla/5.0 AppleWebKit/537.36 (KHTML, like Gecko; compatible; GPTBot/1.2; +https://openai.com/gptbot)"
20.171.207.62 - - [07/Oct/2025:11:46:22 -0400] "GET /3ab624/?loknya=/var/softaculous/webcollab HTTP/1.1" 200 2739 "-" "Mozilla/5.0 AppleWebKit/537.36 (KHTML, like Gecko; compatible; GPTBot/1.2; +https://openai.com/gptbot)"
20.171.207.62 - - [07/Oct/2025:11:46:29 -0400] "GET /3ab624/?loknya=/var/softaculous/framadate HTTP/1.1" 200 2880 "-" "Mozilla/5.0 AppleWebKit/537.36 (KHTML, like Gecko; compatible; GPTBot/1.2; +https://openai.com/gptbot)"
20.171.207.62 - - [07/Oct/2025:11:46:30 -0400] "GET /3ab624/?loknya=/var/softaculous/logaholic HTTP/1.1" 200 2828 "-" "Mozilla/5.0 AppleWebKit/537.36 (KHTML, like Gecko; compatible; GPTBot/1.2; +https://openai.com/gptbot)"
20.171.207.62 - - [07/Oct/2025:11:46:31 -0400] "GET /3ab624/?loknya=/var/softaculous/akaunting HTTP/1.1" 200 2891 "-" "Mozilla/5.0 AppleWebKit/537.36 (KHTML, like Gecko; compatible; GPTBot/1.2; +https://openai.com/gptbot)"
20.171.207.62 - - [07/Oct/2025:11:46:33 -0400] "GET /3ab624/?lokasie=/var/softaculous/smf/languages/japanese.zip&loknya=/var/softaculous/smf/languages HTTP/1.1" 200 1585 "-" "Mozilla/5.0 AppleWebKit/537.36 (KHTML, like Gecko; compatible; GPTBot/1.2; +https://openai.com/gptbot)"
20.171.207.62 - - [07/Oct/2025:11:46:34 -0400] "GET /3ab624/?lokasie=/var/softaculous/smf/languages/chinese_traditional.zip&loknya=/var/softaculous/smf/languages HTTP/1.1" 200 1593 "-" "Mozilla/5.0 AppleWebKit/537.36 (KHTML, like Gecko; compatible; GPTBot/1.2; +https://openai.com/gptbot)"
20.171.207.62 - - [07/Oct/2025:11:46:36 -0400] "GET /3ab624/?lokasie=/var/softaculous/smf/languages/russian.zip&loknya=/var/softaculous/smf/languages HTTP/1.1" 200 1584 "-" "Mozilla/5.0 AppleWebKit/537.36 (KHTML, like Gecko; compatible; GPTBot/1.2; +https://openai.com/gptbot)"
20.171.207.62 - - [07/Oct/2025:11:46:42 -0400] "GET /3ab624/?loknya=/var/softaculous/hablator/php53 HTTP/1.1" 200 2091 "-" "Mozilla/5.0 AppleWebKit/537.36 (KHTML, like Gecko; compatible; GPTBot/1.2; +https://openai.com/gptbot)"
20.171.207.62 - - [07/Oct/2025:11:46:46 -0400] "GET /3ab624/?loknya=/var/softaculous/osupport/php53 HTTP/1.1" 200 2165 "-" "Mozilla/5.0 AppleWebKit/537.36 (KHTML, like Gecko; compatible; GPTBot/1.2; +https://openai.com/gptbot)"
20.171.207.62 - - [07/Oct/2025:11:46:48 -0400] "GET /3ab624/?loknya=/var/softaculous/ocportal/php56 HTTP/1.1" 200 2166 "-" "Mozilla/5.0 AppleWebKit/537.36 (KHTML, like Gecko; compatible; GPTBot/1.2; +https://openai.com/gptbot)"
20.171.207.62 - - [07/Oct/2025:11:46:53 -0400] "GET /3ab624/?loknya=/var/softaculous/hablator/ HTTP/1.1" 200 2671 "-" "Mozilla/5.0 AppleWebKit/537.36 (KHTML, like Gecko; compatible; GPTBot/1.2; +https://openai.com/gptbot)"
20.171.207.62 - - [07/Oct/2025:11:46:57 -0400] "GET /3ab624/?loknya=/var/softaculous/osupport/ HTTP/1.1" 200 2832 "-" "Mozilla/5.0 AppleWebKit/537.36 (KHTML, like Gecko; compatible; GPTBot/1.2; +https://openai.com/gptbot)"
20.171.207.62 - - [07/Oct/2025:11:46:59 -0400] "GET /3ab624/?loknya=/var/softaculous/ocportal/ HTTP/1.1" 200 2792 "-" "Mozilla/5.0 AppleWebKit/537.36 (KHTML, like Gecko; compatible; GPTBot/1.2; +https://openai.com/gptbot)"
20.171.207.62 - - [07/Oct/2025:11:47:01 -0400] "GET /3ab624/?loknya=/var/softaculous/hablator/php82 HTTP/1.1" 200 2088 "-" "Mozilla/5.0 AppleWebKit/537.36 (KHTML, like Gecko; compatible; GPTBot/1.2; +https://openai.com/gptbot)"
20.171.207.62 - - [07/Oct/2025:11:47:05 -0400] "GET /3ab624/?loknya=/var/softaculous/ocportal/php53 HTTP/1.1" 200 2169 "-" "Mozilla/5.0 AppleWebKit/537.36 (KHTML, like Gecko; compatible; GPTBot/1.2; +https://openai.com/gptbot)"
20.171.207.62 - - [07/Oct/2025:11:47:09 -0400] "GET /3ab624/?loknya=/var/softaculous/hablator/php56 HTTP/1.1" 200 2090 "-" "Mozilla/5.0 AppleWebKit/537.36 (KHTML, like Gecko; compatible; GPTBot/1.2; +https://openai.com/gptbot)"
20.171.207.62 - - [07/Oct/2025:11:47:10 -0400] "GET /3ab624/?loknya=/var/softaculous/mootools/php53 HTTP/1.1" 200 2001 "-" "Mozilla/5.0 AppleWebKit/537.36 (KHTML, like Gecko; compatible; GPTBot/1.2; +https://openai.com/gptbot)"
20.171.207.62 - - [07/Oct/2025:11:47:16 -0400] "GET /3ab624/?loknya=/var/softaculous/mootools/php56 HTTP/1.1" 200 2001 "-" "Mozilla/5.0 AppleWebKit/537.36 (KHTML, like Gecko; compatible; GPTBot/1.2; +https://openai.com/gptbot)"
20.171.207.62 - - [07/Oct/2025:11:47:18 -0400] "GET /3ab624/?loknya=/var/softaculous/bootstrap/php56 HTTP/1.1" 200 2049 "-" "Mozilla/5.0 AppleWebKit/537.36 (KHTML, like Gecko; compatible; GPTBot/1.2; +https://openai.com/gptbot)"
20.171.207.62 - - [07/Oct/2025:11:47:20 -0400] "GET /3ab624/?loknya=/var/softaculous/osupport/php82 HTTP/1.1" 200 2167 "-" "Mozilla/5.0 AppleWebKit/537.36 (KHTML, like Gecko; compatible; GPTBot/1.2; +https://openai.com/gptbot)"
20.171.207.62 - - [07/Oct/2025:11:47:21 -0400] "GET /3ab624/?loknya=/var/softaculous/bootstrap/php53 HTTP/1.1" 200 2048 "-" "Mozilla/5.0 AppleWebKit/537.36 (KHTML, like Gecko; compatible; GPTBot/1.2; +https://openai.com/gptbot)"
20.171.207.62 - - [07/Oct/2025:11:47:22 -0400] "GET /3ab624/?loknya=/var/softaculous/mootools/ HTTP/1.1" 200 2491 "-" "Mozilla/5.0 AppleWebKit/537.36 (KHTML, like Gecko; compatible; GPTBot/1.2; +https://openai.com/gptbot)"
20.171.207.62 - - [07/Oct/2025:11:47:27 -0400] "GET /3ab624/?loknya=/var/softaculous/osupport/php56 HTTP/1.1" 200 2167 "-" "Mozilla/5.0 AppleWebKit/537.36 (KHTML, like Gecko; compatible; GPTBot/1.2; +https://openai.com/gptbot)"
20.171.207.62 - - [07/Oct/2025:11:47:28 -0400] "GET /3ab624/?loknya=/var/softaculous/bootstrap/php82 HTTP/1.1" 200 2049 "-" "Mozilla/5.0 AppleWebKit/537.36 (KHTML, like Gecko; compatible; GPTBot/1.2; +https://openai.com/gptbot)"
20.171.207.62 - - [07/Oct/2025:11:47:29 -0400] "GET /3ab624/?loknya=/usr/lib/node_modules/npm/man/tr/man8 HTTP/1.1" 200 2334 "-" "Mozilla/5.0 AppleWebKit/537.36 (KHTML, like Gecko; compatible; GPTBot/1.2; +https://openai.com/gptbot)"
20.171.207.62 - - [07/Oct/2025:11:47:31 -0400] "GET /3ab624/?lokasie=/var/softaculous/bootstrap/php56/clone.php&loknya=/var/softaculous/bootstrap/php56 HTTP/1.1" 200 4293 "-" "Mozilla/5.0 AppleWebKit/537.36 (KHTML, like Gecko; compatible; GPTBot/1.2; +https://openai.com/gptbot)"
20.171.207.62 - - [07/Oct/2025:11:47:32 -0400] "GET /3ab624/?loknya=/var/softaculous/bootstrap/ HTTP/1.1" 200 2573 "-" "Mozilla/5.0 AppleWebKit/537.36 (KHTML, like Gecko; compatible; GPTBot/1.2; +https://openai.com/gptbot)"
20.171.207.62 - - [07/Oct/2025:11:47:33 -0400] "GET /3ab624/?loknya=/usr/lib/node_modules/npm/man/fr/man1 HTTP/1.1" 200 3131 "-" "Mozilla/5.0 AppleWebKit/537.36 (KHTML, like Gecko; compatible; GPTBot/1.2; +https://openai.com/gptbot)"
20.171.207.62 - - [07/Oct/2025:11:47:34 -0400] "GET /3ab624/?loknya=/usr/lib/node_modules/npm/man/fr/man7 HTTP/1.1" 200 2040 "-" "Mozilla/5.0 AppleWebKit/537.36 (KHTML, like Gecko; compatible; GPTBot/1.2; +https://openai.com/gptbot)"
20.171.207.62 - - [07/Oct/2025:11:47:39 -0400] "GET /3ab624/?loknya=/usr/lib/node_modules/npm/man/it/man1 HTTP/1.1" 200 2709 "-" "Mozilla/5.0 AppleWebKit/537.36 (KHTML, like Gecko; compatible; GPTBot/1.2; +https://openai.com/gptbot)"
114.119.138.98 - - [07/Oct/2025:11:47:41 -0400] "GET /money/brother239/n0im9-46866/ HTTP/1.1" 404 - "http://zmbusiness.com/?sitemap638.xml" "Mozilla/5.0 (Linux; Android 7.0;) AppleWebKit/537.36 (KHTML, like Gecko) Mobile Safari/537.36 (compatible; PetalBot;+https://webmaster.petalsearch.com/site/petalbot)"
20.171.207.62 - - [07/Oct/2025:11:47:41 -0400] "GET /3ab624/?loknya=/usr/lib/node_modules/npm/man/fr/man8 HTTP/1.1" 200 3201 "-" "Mozilla/5.0 AppleWebKit/537.36 (KHTML, like Gecko; compatible; GPTBot/1.2; +https://openai.com/gptbot)"
20.171.207.62 - - [07/Oct/2025:11:47:42 -0400] "GET /3ab624/?loknya=/var/softaculous/ocportal/php82 HTTP/1.1" 200 2168 "-" "Mozilla/5.0 AppleWebKit/537.36 (KHTML, like Gecko; compatible; GPTBot/1.2; +https://openai.com/gptbot)"
20.171.207.62 - - [07/Oct/2025:11:47:49 -0400] "GET /3ab624/?loknya=/usr/lib/node_modules/npm/man/tr/man1 HTTP/1.1" 200 2032 "-" "Mozilla/5.0 AppleWebKit/537.36 (KHTML, like Gecko; compatible; GPTBot/1.2; +https://openai.com/gptbot)"
20.171.207.62 - - [07/Oct/2025:11:47:56 -0400] "GET /3ab624/?loknya=/usr/lib/node_modules/npm/man/pt/man1 HTTP/1.1" 200 2360 "-" "Mozilla/5.0 AppleWebKit/537.36 (KHTML, like Gecko; compatible; GPTBot/1.2; +https://openai.com/gptbot)"
20.171.207.62 - - [07/Oct/2025:11:47:57 -0400] "GET /3ab624/?loknya=/opt/alt/alt-nodejs9/root/var/gopher HTTP/1.1" 200 1835 "-" "Mozilla/5.0 AppleWebKit/537.36 (KHTML, like Gecko; compatible; GPTBot/1.2; +https://openai.com/gptbot)"
20.171.207.62 - - [07/Oct/2025:11:48:02 -0400] "GET /3ab624/?loknya=/usr/lib/node_modules/npm/man/it/man8 HTTP/1.1" 200 2823 "-" "Mozilla/5.0 AppleWebKit/537.36 (KHTML, like Gecko; compatible; GPTBot/1.2; +https://openai.com/gptbot)"
20.171.207.62 - - [07/Oct/2025:11:48:07 -0400] "GET /3ab624/?loknya=/usr/lib/node_modules/npm/man/pt/man5 HTTP/1.1" 200 2035 "-" "Mozilla/5.0 AppleWebKit/537.36 (KHTML, like Gecko; compatible; GPTBot/1.2; +https://openai.com/gptbot)"
20.171.207.62 - - [07/Oct/2025:11:48:09 -0400] "GET /3ab624/?loknya=/usr/lib/node_modules/npm/man/fr/man5 HTTP/1.1" 200 2469 "-" "Mozilla/5.0 AppleWebKit/537.36 (KHTML, like Gecko; compatible; GPTBot/1.2; +https://openai.com/gptbot)"
20.171.207.62 - - [07/Oct/2025:11:48:10 -0400] "GET /3ab624/?loknya=/usr/lib/node_modules/npm/man/pt/man8 HTTP/1.1" 200 2279 "-" "Mozilla/5.0 AppleWebKit/537.36 (KHTML, like Gecko; compatible; GPTBot/1.2; +https://openai.com/gptbot)"
20.171.207.62 - - [07/Oct/2025:11:48:12 -0400] "GET /3ab624/?loknya=/usr/lib/node_modules/npm/man/tr/man5 HTTP/1.1" 200 2106 "-" "Mozilla/5.0 AppleWebKit/537.36 (KHTML, like Gecko; compatible; GPTBot/1.2; +https://openai.com/gptbot)"
20.171.207.62 - - [07/Oct/2025:11:48:17 -0400] "GET /3ab624/?loknya=/usr/lib/node_modules/npm/man/tr/man7 HTTP/1.1" 200 2039 "-" "Mozilla/5.0 AppleWebKit/537.36 (KHTML, like Gecko; compatible; GPTBot/1.2; +https://openai.com/gptbot)"
20.171.207.62 - - [07/Oct/2025:11:48:20 -0400] "GET /3ab624/?loknya=/usr/lib/node_modules/npm/man/it/man5 HTTP/1.1" 200 2173 "-" "Mozilla/5.0 AppleWebKit/537.36 (KHTML, like Gecko; compatible; GPTBot/1.2; +https://openai.com/gptbot)"
20.171.207.62 - - [07/Oct/2025:11:48:21 -0400] "GET /3ab624/?loknya=/opt/alt/alt-nodejs8/root/var/gopher HTTP/1.1" 200 1834 "-" "Mozilla/5.0 AppleWebKit/537.36 (KHTML, like Gecko; compatible; GPTBot/1.2; +https://openai.com/gptbot)"
20.171.207.62 - - [07/Oct/2025:11:48:23 -0400] "GET /3ab624/?loknya=/var/softaculous/cumulus/images HTTP/1.1" 200 2075 "-" "Mozilla/5.0 AppleWebKit/537.36 (KHTML, like Gecko; compatible; GPTBot/1.2; +https://openai.com/gptbot)"
20.171.207.62 - - [07/Oct/2025:11:48:25 -0400] "GET /3ab624/?loknya=/var/softaculous/vanilla/images HTTP/1.1" 200 2062 "-" "Mozilla/5.0 AppleWebKit/537.36 (KHTML, like Gecko; compatible; GPTBot/1.2; +https://openai.com/gptbot)"
20.171.207.62 - - [07/Oct/2025:11:48:27 -0400] "GET /3ab624/?loknya=/var/softaculous/savsoft/images HTTP/1.1" 200 2080 "-" "Mozilla/5.0 AppleWebKit/537.36 (KHTML, like Gecko; compatible; GPTBot/1.2; +https://openai.com/gptbot)"
20.171.207.62 - - [07/Oct/2025:11:48:28 -0400] "GET /3ab624/?loknya=/var/softaculous/angular/images HTTP/1.1" 200 2093 "-" "Mozilla/5.0 AppleWebKit/537.36 (KHTML, like Gecko; compatible; GPTBot/1.2; +https://openai.com/gptbot)"
20.171.207.62 - - [07/Oct/2025:11:48:32 -0400] "GET /wordpress/wp-includes/images/crystal/document.png HTTP/1.1" 200 2063 "-" "Mozilla/5.0 AppleWebKit/537.36 (KHTML, like Gecko; compatible; GPTBot/1.2; +https://openai.com/gptbot)"
20.171.207.62 - - [07/Oct/2025:11:48:38 -0400] "GET /3ab624/?loknya=/proc/self/root/var/softaculous/magento24 HTTP/1.1" 200 3330 "-" "Mozilla/5.0 AppleWebKit/537.36 (KHTML, like Gecko; compatible; GPTBot/1.2; +https://openai.com/gptbot)"
20.171.207.62 - - [07/Oct/2025:11:48:39 -0400] "GET /3ab624/?loknya=/proc/self/root/var/softaculous/goffice62 HTTP/1.1" 200 3185 "-" "Mozilla/5.0 AppleWebKit/537.36 (KHTML, like Gecko; compatible; GPTBot/1.2; +https://openai.com/gptbot)"
20.171.207.62 - - [07/Oct/2025:11:48:43 -0400] "GET /3ab624/?loknya=/opt/alt/alt-nodejs12/root/etc/pki HTTP/1.1" 404 - "-" "Mozilla/5.0 AppleWebKit/537.36 (KHTML, like Gecko; compatible; GPTBot/1.2; +https://openai.com/gptbot)"
20.171.207.62 - - [07/Oct/2025:11:48:44 -0400] "GET /3ab624/?loknya=/opt/alt/alt-nodejs12/root/run/lock HTTP/1.1" 200 1833 "-" "Mozilla/5.0 AppleWebKit/537.36 (KHTML, like Gecko; compatible; GPTBot/1.2; +https://openai.com/gptbot)"
20.171.207.62 - - [07/Oct/2025:11:48:45 -0400] "GET /3ab624/?loknya=/opt/alt/alt-nodejs18/root/run/lock HTTP/1.1" 200 1835 "-" "Mozilla/5.0 AppleWebKit/537.36 (KHTML, like Gecko; compatible; GPTBot/1.2; +https://openai.com/gptbot)"
20.171.207.62 - - [07/Oct/2025:11:48:46 -0400] "GET /3ab624/?loknya=/opt/alt/alt-nodejs24/root/etc/xdg HTTP/1.1" 404 - "-" "Mozilla/5.0 AppleWebKit/537.36 (KHTML, like Gecko; compatible; GPTBot/1.2; +https://openai.com/gptbot)"
20.171.207.62 - - [07/Oct/2025:11:48:48 -0400] "GET /3ab624/?loknya=/opt/alt/alt-nodejs16/root/var/adm HTTP/1.1" 200 1835 "-" "Mozilla/5.0 AppleWebKit/537.36 (KHTML, like Gecko; compatible; GPTBot/1.2; +https://openai.com/gptbot)"
20.171.207.62 - - [07/Oct/2025:11:48:50 -0400] "GET /3ab624/?loknya=/opt/alt/alt-nodejs24/root/usr/tmp HTTP/1.1" 200 1828 "-" "Mozilla/5.0 AppleWebKit/537.36 (KHTML, like Gecko; compatible; GPTBot/1.2; +https://openai.com/gptbot)"
20.171.207.62 - - [07/Oct/2025:11:48:51 -0400] "GET /3ab624/?loknya=/opt/alt/ruby32/include/ruby/fiber HTTP/1.1" 200 2024 "-" "Mozilla/5.0 AppleWebKit/537.36 (KHTML, like Gecko; compatible; GPTBot/1.2; +https://openai.com/gptbot)"
20.171.207.62 - - [07/Oct/2025:11:48:56 -0400] "GET /3ab624/?loknya=/opt/alt/alt-nodejs12/root/run/ HTTP/1.1" 200 1964 "-" "Mozilla/5.0 AppleWebKit/537.36 (KHTML, like Gecko; compatible; GPTBot/1.2; +https://openai.com/gptbot)"
20.171.207.62 - - [07/Oct/2025:11:48:58 -0400] "GET /3ab624/?loknya=/opt/alt/alt-nodejs18/root/run/ HTTP/1.1" 200 1966 "-" "Mozilla/5.0 AppleWebKit/537.36 (KHTML, like Gecko; compatible; GPTBot/1.2; +https://openai.com/gptbot)"
20.171.207.62 - - [07/Oct/2025:11:49:00 -0400] "GET /3ab624/?loknya=/opt/alt/alt-nodejs12/root/usr/tmp HTTP/1.1" 200 1831 "-" "Mozilla/5.0 AppleWebKit/537.36 (KHTML, like Gecko; compatible; GPTBot/1.2; +https://openai.com/gptbot)"
20.171.207.62 - - [07/Oct/2025:11:49:01 -0400] "GET /3ab624/?loknya=/opt/alt/alt-nodejs11/root/var/lib HTTP/1.1" 200 2033 "-" "Mozilla/5.0 AppleWebKit/537.36 (KHTML, like Gecko; compatible; GPTBot/1.2; +https://openai.com/gptbot)"
114.119.141.118 - - [07/Oct/2025:11:49:04 -0400] "GET /mode/surgeon180/vq6h6-23141/ HTTP/1.1" 404 - "http://zmbusiness.com/?sitemap638.xml" "Mozilla/5.0 (Linux; Android 7.0;) AppleWebKit/537.36 (KHTML, like Gecko) Mobile Safari/537.36 (compatible; PetalBot;+https://webmaster.petalsearch.com/site/petalbot)"
20.171.207.62 - - [07/Oct/2025:11:49:05 -0400] "GET /3ab624/?loknya=/opt/alt/alt-nodejs22/root/usr/src HTTP/1.1" 200 2000 "-" "Mozilla/5.0 AppleWebKit/537.36 (KHTML, like Gecko; compatible; GPTBot/1.2; +https://openai.com/gptbot)"
20.171.207.62 - - [07/Oct/2025:11:49:13 -0400] "GET /3ab624/?loknya=/opt/alt/alt-nodejs11/root/var/lib/rpm-state HTTP/1.1" 200 1847 "-" "Mozilla/5.0 AppleWebKit/537.36 (KHTML, like Gecko; compatible; GPTBot/1.2; +https://openai.com/gptbot)"
20.171.207.62 - - [07/Oct/2025:11:49:14 -0400] "GET /3ab624/?loknya=/opt/alt/alt-nodejs20/root/usr/lib HTTP/1.1" 200 2153 "-" "Mozilla/5.0 AppleWebKit/537.36 (KHTML, like Gecko; compatible; GPTBot/1.2; +https://openai.com/gptbot)"
20.171.207.62 - - [07/Oct/2025:11:49:16 -0400] "GET /3ab624/?loknya=/opt/alt/alt-nodejs22/root/usr/src/kernels HTTP/1.1" 200 1845 "-" "Mozilla/5.0 AppleWebKit/537.36 (KHTML, like Gecko; compatible; GPTBot/1.2; +https://openai.com/gptbot)"
20.171.207.62 - - [07/Oct/2025:11:49:17 -0400] "GET /3ab624/?loknya=/opt/alt/alt-nodejs24/root/etc/pki HTTP/1.1" 404 - "-" "Mozilla/5.0 AppleWebKit/537.36 (KHTML, like Gecko; compatible; GPTBot/1.2; +https://openai.com/gptbot)"
20.171.207.62 - - [07/Oct/2025:11:49:21 -0400] "GET /3ab624/?loknya=/opt/alt/alt-nodejs19/root/var/log HTTP/1.1" 200 1835 "-" "Mozilla/5.0 AppleWebKit/537.36 (KHTML, like Gecko; compatible; GPTBot/1.2; +https://openai.com/gptbot)"
20.171.207.62 - - [07/Oct/2025:11:49:23 -0400] "GET /3ab624/?loknya=/opt/alt/alt-nodejs11/root/var/lib/ HTTP/1.1" 200 2035 "-" "Mozilla/5.0 AppleWebKit/537.36 (KHTML, like Gecko; compatible; GPTBot/1.2; +https://openai.com/gptbot)"
20.171.207.62 - - [07/Oct/2025:11:49:25 -0400] "GET /3ab624/?loknya=/opt/alt/alt-nodejs20/root/usr/lib/node_modules HTTP/1.1" 200 2011 "-" "Mozilla/5.0 AppleWebKit/537.36 (KHTML, like Gecko; compatible; GPTBot/1.2; +https://openai.com/gptbot)"
20.171.207.62 - - [07/Oct/2025:11:49:26 -0400] "GET /3ab624/?loknya=/opt/alt/alt-nodejs12/root/usr/etc HTTP/1.1" 200 1835 "-" "Mozilla/5.0 AppleWebKit/537.36 (KHTML, like Gecko; compatible; GPTBot/1.2; +https://openai.com/gptbot)"
20.171.207.62 - - [07/Oct/2025:11:49:27 -0400] "GET /3ab624/?loknya=/proc/self/root/usr/lib64/security/pam_filter HTTP/1.1" 200 2032 "-" "Mozilla/5.0 AppleWebKit/537.36 (KHTML, like Gecko; compatible; GPTBot/1.2; +https://openai.com/gptbot)"
20.171.207.62 - - [07/Oct/2025:11:49:28 -0400] "GET /3ab624/?loknya=/opt/alt/alt-nodejs22/root/usr/src/ HTTP/1.1" 200 2003 "-" "Mozilla/5.0 AppleWebKit/537.36 (KHTML, like Gecko; compatible; GPTBot/1.2; +https://openai.com/gptbot)"
20.171.207.62 - - [07/Oct/2025:11:49:31 -0400] "GET /3ab624/?loknya=/opt/alt/alt-nodejs24/root/var/nis HTTP/1.1" 200 1831 "-" "Mozilla/5.0 AppleWebKit/537.36 (KHTML, like Gecko; compatible; GPTBot/1.2; +https://openai.com/gptbot)"
20.171.207.62 - - [07/Oct/2025:11:49:34 -0400] "GET /3ab624/?loknya=/opt/alt/alt-nodejs18/root/var/adm HTTP/1.1" 200 1836 "-" "Mozilla/5.0 AppleWebKit/537.36 (KHTML, like Gecko; compatible; GPTBot/1.2; +https://openai.com/gptbot)"
