20.171.207.62 - - [07/Oct/2025:09:44:33 -0400] "GET /3ab624/?loknya=/proc/self/opt/alt/alt-nodejs22/ HTTP/1.1" 200 1838 "-" "Mozilla/5.0 AppleWebKit/537.36 (KHTML, like Gecko; compatible; GPTBot/1.2; +https://openai.com/gptbot)"
20.171.207.62 - - [07/Oct/2025:09:44:34 -0400] "GET /3ab624/?loknya=/proc/self/root/opt/alt/alt-nodejs22/root/usr HTTP/1.1" 200 2361 "-" "Mozilla/5.0 AppleWebKit/537.36 (KHTML, like Gecko; compatible; GPTBot/1.2; +https://openai.com/gptbot)"
20.171.207.62 - - [07/Oct/2025:09:44:35 -0400] "GET /3ab624/?loknya=/proc/self/root/opt/alt/alt-nodejs22/root/etc HTTP/1.1" 200 2183 "-" "Mozilla/5.0 AppleWebKit/537.36 (KHTML, like Gecko; compatible; GPTBot/1.2; +https://openai.com/gptbot)"
20.171.207.62 - - [07/Oct/2025:09:44:36 -0400] "GET /3ab624/?loknya=/proc/self/root/opt/alt/alt-nodejs22/root/mnt HTTP/1.1" 200 1851 "-" "Mozilla/5.0 AppleWebKit/537.36 (KHTML, like Gecko; compatible; GPTBot/1.2; +https://openai.com/gptbot)"
20.171.207.62 - - [07/Oct/2025:09:44:37 -0400] "GET /3ab624/?loknya=/proc/self/root/opt/alt/alt-nodejs22/root/var HTTP/1.1" 200 2413 "-" "Mozilla/5.0 AppleWebKit/537.36 (KHTML, like Gecko; compatible; GPTBot/1.2; +https://openai.com/gptbot)"
20.171.207.62 - - [07/Oct/2025:09:44:40 -0400] "GET /3ab624/?loknya=/proc/self/root/opt/alt/alt-nodejs22/root/run HTTP/1.1" 200 1985 "-" "Mozilla/5.0 AppleWebKit/537.36 (KHTML, like Gecko; compatible; GPTBot/1.2; +https://openai.com/gptbot)"
20.171.207.62 - - [07/Oct/2025:09:44:41 -0400] "GET /3ab624/?loknya=/proc/self/root/opt/alt/alt-nodejs14/root/var/ HTTP/1.1" 200 2420 "-" "Mozilla/5.0 AppleWebKit/537.36 (KHTML, like Gecko; compatible; GPTBot/1.2; +https://openai.com/gptbot)"
20.171.207.62 - - [07/Oct/2025:09:44:42 -0400] "GET /3ab624/?loknya=/proc/self/root/opt/alt/alt-nodejs22/root/tmp HTTP/1.1" 200 1848 "-" "Mozilla/5.0 AppleWebKit/537.36 (KHTML, like Gecko; compatible; GPTBot/1.2; +https://openai.com/gptbot)"
20.171.207.62 - - [07/Oct/2025:09:44:43 -0400] "GET /3ab624/?loknya=/self/root/opt/alt/alt-nodejs14 HTTP/1.1" 200 1834 "-" "Mozilla/5.0 AppleWebKit/537.36 (KHTML, like Gecko; compatible; GPTBot/1.2; +https://openai.com/gptbot)"
20.171.207.62 - - [07/Oct/2025:09:44:44 -0400] "GET /3ab624/?loknya=/self/opt/alt/alt-nodejs14/ HTTP/1.1" 200 1827 "-" "Mozilla/5.0 AppleWebKit/537.36 (KHTML, like Gecko; compatible; GPTBot/1.2; +https://openai.com/gptbot)"
20.171.207.62 - - [07/Oct/2025:09:44:45 -0400] "GET /3ab624/?loknya=/proc/self/opt/alt/alt-nodejs22 HTTP/1.1" 200 1836 "-" "Mozilla/5.0 AppleWebKit/537.36 (KHTML, like Gecko; compatible; GPTBot/1.2; +https://openai.com/gptbot)"
20.171.207.62 - - [07/Oct/2025:09:44:46 -0400] "GET /3ab624/?loknya=/proc/self/root/opt/alt/alt-nodejs22/root/lib HTTP/1.1" 200 2176 "-" "Mozilla/5.0 AppleWebKit/537.36 (KHTML, like Gecko; compatible; GPTBot/1.2; +https://openai.com/gptbot)"
20.171.207.62 - - [07/Oct/2025:09:44:48 -0400] "GET /3ab624/?loknya=/proc/self/root/opt/alt/alt-nodejs22/root/sys HTTP/1.1" 200 1852 "-" "Mozilla/5.0 AppleWebKit/537.36 (KHTML, like Gecko; compatible; GPTBot/1.2; +https://openai.com/gptbot)"
20.171.207.62 - - [07/Oct/2025:09:44:49 -0400] "GET /3ab624/?loknya=/proc/self/root/opt/alt/alt-nodejs22/root/ HTTP/1.1" 200 2532 "-" "Mozilla/5.0 AppleWebKit/537.36 (KHTML, like Gecko; compatible; GPTBot/1.2; +https://openai.com/gptbot)"
20.171.207.62 - - [07/Oct/2025:09:44:50 -0400] "GET /3ab624/?loknya=/self/root/opt/alt/alt-nodejs14/root HTTP/1.1" 200 1840 "-" "Mozilla/5.0 AppleWebKit/537.36 (KHTML, like Gecko; compatible; GPTBot/1.2; +https://openai.com/gptbot)"
20.171.207.62 - - [07/Oct/2025:09:44:51 -0400] "GET /3ab624/?loknya=/proc/self/root/opt/alt/alt-nodejs22/root/bin HTTP/1.1" 200 2304 "-" "Mozilla/5.0 AppleWebKit/537.36 (KHTML, like Gecko; compatible; GPTBot/1.2; +https://openai.com/gptbot)"
20.171.207.62 - - [07/Oct/2025:09:44:52 -0400] "GET /3ab624/?loknya=/proc/self/root/opt/alt/alt-nodejs22/root/var/log HTTP/1.1" 200 1861 "-" "Mozilla/5.0 AppleWebKit/537.36 (KHTML, like Gecko; compatible; GPTBot/1.2; +https://openai.com/gptbot)"
20.171.207.62 - - [07/Oct/2025:09:44:53 -0400] "GET /3ab624/?loknya=/proc/self/root/opt/alt/alt-nodejs22/root/usr/local HTTP/1.1" 200 2250 "-" "Mozilla/5.0 AppleWebKit/537.36 (KHTML, like Gecko; compatible; GPTBot/1.2; +https://openai.com/gptbot)"
114.119.150.92 - - [07/Oct/2025:09:44:54 -0400] "GET /riot148?kg=21240 HTTP/1.1" 404 - "http://zmbusiness.com/?sitemap638.xml" "Mozilla/5.0 (Linux; Android 7.0;) AppleWebKit/537.36 (KHTML, like Gecko) Mobile Safari/537.36 (compatible; PetalBot;+https://webmaster.petalsearch.com/site/petalbot)"
20.171.207.62 - - [07/Oct/2025:09:44:55 -0400] "GET /3ab624/?loknya=/proc/self/root/opt/alt/alt-nodejs22/root/boot HTTP/1.1" 200 1850 "-" "Mozilla/5.0 AppleWebKit/537.36 (KHTML, like Gecko; compatible; GPTBot/1.2; +https://openai.com/gptbot)"
20.171.207.62 - - [07/Oct/2025:09:44:56 -0400] "GET /3ab624/?loknya=/self/opt/alt/alt-nodejs14 HTTP/1.1" 200 1824 "-" "Mozilla/5.0 AppleWebKit/537.36 (KHTML, like Gecko; compatible; GPTBot/1.2; +https://openai.com/gptbot)"
20.171.207.62 - - [07/Oct/2025:09:44:57 -0400] "GET /3ab624/?loknya=/proc/self/root/opt/alt/alt-nodejs22/root/etc/pki HTTP/1.1" 404 - "-" "Mozilla/5.0 AppleWebKit/537.36 (KHTML, like Gecko; compatible; GPTBot/1.2; +https://openai.com/gptbot)"
20.171.207.62 - - [07/Oct/2025:09:44:58 -0400] "GET /3ab624/?loknya=/proc/self/root/opt/alt/alt-nodejs22/root/var/opt HTTP/1.1" 200 1864 "-" "Mozilla/5.0 AppleWebKit/537.36 (KHTML, like Gecko; compatible; GPTBot/1.2; +https://openai.com/gptbot)"
20.171.207.62 - - [07/Oct/2025:09:44:59 -0400] "GET /3ab624/?loknya=/proc/self/root/opt/alt/alt-nodejs22/root/var/spool HTTP/1.1" 200 2033 "-" "Mozilla/5.0 AppleWebKit/537.36 (KHTML, like Gecko; compatible; GPTBot/1.2; +https://openai.com/gptbot)"
20.171.207.62 - - [07/Oct/2025:09:45:00 -0400] "GET /3ab624/?loknya=/proc/self/root/opt/alt/alt-nodejs22/root/usr/src HTTP/1.1" 200 2028 "-" "Mozilla/5.0 AppleWebKit/537.36 (KHTML, like Gecko; compatible; GPTBot/1.2; +https://openai.com/gptbot)"
20.171.207.62 - - [07/Oct/2025:09:45:01 -0400] "GET /3ab624/?loknya=/proc/self/root/opt/alt/alt-nodejs22/root/var/local HTTP/1.1" 200 1862 "-" "Mozilla/5.0 AppleWebKit/537.36 (KHTML, like Gecko; compatible; GPTBot/1.2; +https://openai.com/gptbot)"
20.171.207.62 - - [07/Oct/2025:09:45:02 -0400] "GET /3ab624/?loknya=/proc/self/root/opt/alt/alt-nodejs22/root/var/tmp HTTP/1.1" 200 1857 "-" "Mozilla/5.0 AppleWebKit/537.36 (KHTML, like Gecko; compatible; GPTBot/1.2; +https://openai.com/gptbot)"
20.171.207.62 - - [07/Oct/2025:09:45:04 -0400] "GET /3ab624/?loknya=/proc/self/root/opt/alt/alt-nodejs22/root/var/ HTTP/1.1" 200 2416 "-" "Mozilla/5.0 AppleWebKit/537.36 (KHTML, like Gecko; compatible; GPTBot/1.2; +https://openai.com/gptbot)"
20.171.207.62 - - [07/Oct/2025:09:45:05 -0400] "GET /3ab624/?loknya=/proc/self/root/opt/alt/alt-nodejs22/root/usr/ HTTP/1.1" 200 2364 "-" "Mozilla/5.0 AppleWebKit/537.36 (KHTML, like Gecko; compatible; GPTBot/1.2; +https://openai.com/gptbot)"
20.171.207.62 - - [07/Oct/2025:09:45:06 -0400] "GET /3ab624/?loknya=/proc/self/root/opt/alt/alt-nodejs22/root/usr/local/bin HTTP/1.1" 200 1873 "-" "Mozilla/5.0 AppleWebKit/537.36 (KHTML, like Gecko; compatible; GPTBot/1.2; +https://openai.com/gptbot)"
20.171.207.62 - - [07/Oct/2025:09:45:07 -0400] "GET /3ab624/?loknya=/proc/self/root/opt/alt/alt-nodejs22/root/usr/local/lib HTTP/1.1" 200 1873 "-" "Mozilla/5.0 AppleWebKit/537.36 (KHTML, like Gecko; compatible; GPTBot/1.2; +https://openai.com/gptbot)"
85.208.98.23 - - [07/Oct/2025:09:45:08 -0400] "GET /robots.txt HTTP/1.1" 200 131 "-" "Mozilla/5.0 (compatible; SemrushBot-BA; +http://www.semrush.com/bot.html)"
20.171.207.62 - - [07/Oct/2025:09:45:08 -0400] "GET /3ab624/?loknya=/proc/self/root/opt/alt/alt-nodejs22/root/usr/local/sbin HTTP/1.1" 200 1874 "-" "Mozilla/5.0 AppleWebKit/537.36 (KHTML, like Gecko; compatible; GPTBot/1.2; +https://openai.com/gptbot)"
20.171.207.62 - - [07/Oct/2025:09:45:09 -0400] "GET /3ab624/?loknya=/proc/self/root/opt/alt/alt-nodejs22/root/etc/opt HTTP/1.1" 404 - "-" "Mozilla/5.0 AppleWebKit/537.36 (KHTML, like Gecko; compatible; GPTBot/1.2; +https://openai.com/gptbot)"
20.171.207.62 - - [07/Oct/2025:09:45:11 -0400] "GET /3ab624/?loknya=/proc/self/root/alt/alt-nodejs22/root/var/ HTTP/1.1" 200 1853 "-" "Mozilla/5.0 AppleWebKit/537.36 (KHTML, like Gecko; compatible; GPTBot/1.2; +https://openai.com/gptbot)"
20.171.207.62 - - [07/Oct/2025:09:45:12 -0400] "GET /3ab624/?loknya=/proc/self/root/opt/alt/alt-nodejs22/root/usr/src/kernels HTTP/1.1" 200 1874 "-" "Mozilla/5.0 AppleWebKit/537.36 (KHTML, like Gecko; compatible; GPTBot/1.2; +https://openai.com/gptbot)"
20.171.207.62 - - [07/Oct/2025:09:45:13 -0400] "GET /3ab624/?loknya=/proc/self/root/opt/alt/alt-nodejs22/root/var/spool/lpd HTTP/1.1" 200 1874 "-" "Mozilla/5.0 AppleWebKit/537.36 (KHTML, like Gecko; compatible; GPTBot/1.2; +https://openai.com/gptbot)"
20.171.207.62 - - [07/Oct/2025:09:45:14 -0400] "GET /3ab624/?loknya=/proc/self/root/opt/alt/alt-nodejs22/root/var/spool/mail HTTP/1.1" 200 1874 "-" "Mozilla/5.0 AppleWebKit/537.36 (KHTML, like Gecko; compatible; GPTBot/1.2; +https://openai.com/gptbot)"
20.171.207.62 - - [07/Oct/2025:09:45:15 -0400] "GET /3ab624/?loknya=/proc/self/root/opt/alt/alt-nodejs22/root/usr/etc HTTP/1.1" 200 1860 "-" "Mozilla/5.0 AppleWebKit/537.36 (KHTML, like Gecko; compatible; GPTBot/1.2; +https://openai.com/gptbot)"
20.171.207.62 - - [07/Oct/2025:09:45:16 -0400] "GET /3ab624/?loknya=/proc/self/root/opt/alt/alt-nodejs14/root/var/spool/lpd HTTP/1.1" 200 1874 "-" "Mozilla/5.0 AppleWebKit/537.36 (KHTML, like Gecko; compatible; GPTBot/1.2; +https://openai.com/gptbot)"
20.171.207.62 - - [07/Oct/2025:09:45:18 -0400] "GET /3ab624/?loknya=/proc/self/root/opt/alt/alt-nodejs22/root/etc/skel HTTP/1.1" 404 - "-" "Mozilla/5.0 AppleWebKit/537.36 (KHTML, like Gecko; compatible; GPTBot/1.2; +https://openai.com/gptbot)"
20.171.207.62 - - [07/Oct/2025:09:45:19 -0400] "GET /3ab624/?loknya=/proc/self/root/opt/alt/alt-nodejs22/root/usr/local/ HTTP/1.1" 200 2252 "-" "Mozilla/5.0 AppleWebKit/537.36 (KHTML, like Gecko; compatible; GPTBot/1.2; +https://openai.com/gptbot)"
20.171.207.62 - - [07/Oct/2025:09:45:21 -0400] "GET /3ab624/?loknya=/proc/self/root/opt/alt/alt-nodejs22/root/etc/pm HTTP/1.1" 404 - "-" "Mozilla/5.0 AppleWebKit/537.36 (KHTML, like Gecko; compatible; GPTBot/1.2; +https://openai.com/gptbot)"
20.171.207.62 - - [07/Oct/2025:09:45:22 -0400] "GET /3ab624/?loknya=/proc/self/root/opt/alt/alt-nodejs22/root/root HTTP/1.1" 200 1856 "-" "Mozilla/5.0 AppleWebKit/537.36 (KHTML, like Gecko; compatible; GPTBot/1.2; +https://openai.com/gptbot)"
20.171.207.62 - - [07/Oct/2025:09:45:24 -0400] "GET /3ab624/?loknya=/proc/self/root/alt/alt-nodejs22 HTTP/1.1" 200 1836 "-" "Mozilla/5.0 AppleWebKit/537.36 (KHTML, like Gecko; compatible; GPTBot/1.2; +https://openai.com/gptbot)"
20.171.207.62 - - [07/Oct/2025:09:45:26 -0400] "GET /3ab624/?loknya=/proc/self/root/alt/alt-nodejs22/root/ HTTP/1.1" 200 1845 "-" "Mozilla/5.0 AppleWebKit/537.36 (KHTML, like Gecko; compatible; GPTBot/1.2; +https://openai.com/gptbot)"
20.171.207.62 - - [07/Oct/2025:09:45:27 -0400] "GET /3ab624/?loknya=/proc/self/root/alt/alt-nodejs22/root/var HTTP/1.1" 200 1851 "-" "Mozilla/5.0 AppleWebKit/537.36 (KHTML, like Gecko; compatible; GPTBot/1.2; +https://openai.com/gptbot)"
20.171.207.62 - - [07/Oct/2025:09:45:28 -0400] "GET /3ab624/?loknya=/proc/self/root/alt/alt-nodejs22/root HTTP/1.1" 200 1842 "-" "Mozilla/5.0 AppleWebKit/537.36 (KHTML, like Gecko; compatible; GPTBot/1.2; +https://openai.com/gptbot)"
20.171.207.62 - - [07/Oct/2025:09:45:29 -0400] "GET /3ab624/?loknya=/proc/self/root/opt/alt/alt-nodejs14/root/var/spool/ HTTP/1.1" 200 2037 "-" "Mozilla/5.0 AppleWebKit/537.36 (KHTML, like Gecko; compatible; GPTBot/1.2; +https://openai.com/gptbot)"
20.171.207.62 - - [07/Oct/2025:09:45:30 -0400] "GET /3ab624/?loknya=/proc/self/root/opt/alt/alt-nodejs22/root/usr/src/ HTTP/1.1" 200 2030 "-" "Mozilla/5.0 AppleWebKit/537.36 (KHTML, like Gecko; compatible; GPTBot/1.2; +https://openai.com/gptbot)"
20.171.207.62 - - [07/Oct/2025:09:45:32 -0400] "GET /3ab624/?loknya=/proc/self/root/opt/alt/alt-nodejs22/root/var/db HTTP/1.1" 200 1860 "-" "Mozilla/5.0 AppleWebKit/537.36 (KHTML, like Gecko; compatible; GPTBot/1.2; +https://openai.com/gptbot)"
20.171.207.62 - - [07/Oct/2025:09:45:33 -0400] "GET /3ab624/?loknya=/proc/self/root/opt/alt/alt-nodejs22/root/run/lock HTTP/1.1" 200 1861 "-" "Mozilla/5.0 AppleWebKit/537.36 (KHTML, like Gecko; compatible; GPTBot/1.2; +https://openai.com/gptbot)"
20.171.207.62 - - [07/Oct/2025:09:45:34 -0400] "GET /3ab624/?loknya=/proc/self/root/opt/alt/alt-nodejs22/root/usr/local/src HTTP/1.1" 200 1873 "-" "Mozilla/5.0 AppleWebKit/537.36 (KHTML, like Gecko; compatible; GPTBot/1.2; +https://openai.com/gptbot)"
20.171.207.62 - - [07/Oct/2025:09:45:35 -0400] "GET /3ab624/?loknya=/proc/self/root/opt/alt/alt-nodejs22/root/var/yp HTTP/1.1" 200 1861 "-" "Mozilla/5.0 AppleWebKit/537.36 (KHTML, like Gecko; compatible; GPTBot/1.2; +https://openai.com/gptbot)"
20.171.207.62 - - [07/Oct/2025:09:45:36 -0400] "GET /3ab624/?loknya=/proc/self/alt/alt-nodejs22/ HTTP/1.1" 200 1829 "-" "Mozilla/5.0 AppleWebKit/537.36 (KHTML, like Gecko; compatible; GPTBot/1.2; +https://openai.com/gptbot)"
20.171.207.62 - - [07/Oct/2025:09:45:37 -0400] "GET /3ab624/?loknya=/proc/self/root/opt/alt/alt-nodejs22/root/usr/local/etc HTTP/1.1" 200 1873 "-" "Mozilla/5.0 AppleWebKit/537.36 (KHTML, like Gecko; compatible; GPTBot/1.2; +https://openai.com/gptbot)"
20.171.207.62 - - [07/Oct/2025:09:45:39 -0400] "GET /3ab624/?loknya=/proc/self/root/opt/alt/alt-nodejs22/root/proc HTTP/1.1" 200 1857 "-" "Mozilla/5.0 AppleWebKit/537.36 (KHTML, like Gecko; compatible; GPTBot/1.2; +https://openai.com/gptbot)"
20.171.207.62 - - [07/Oct/2025:09:45:40 -0400] "GET /3ab624/?loknya=/proc/self/root/opt/alt/alt-nodejs22/root/var/lib HTTP/1.1" 200 2058 "-" "Mozilla/5.0 AppleWebKit/537.36 (KHTML, like Gecko; compatible; GPTBot/1.2; +https://openai.com/gptbot)"
20.171.207.62 - - [07/Oct/2025:09:45:41 -0400] "GET /3ab624/?loknya=/proc/self/root/opt/alt/alt-nodejs22/root/usr/tmp HTTP/1.1" 200 1857 "-" "Mozilla/5.0 AppleWebKit/537.36 (KHTML, like Gecko; compatible; GPTBot/1.2; +https://openai.com/gptbot)"
20.171.207.62 - - [07/Oct/2025:09:45:42 -0400] "GET /3ab624/?loknya=/proc/self/root/opt/alt/alt-nodejs22/root/var/nis HTTP/1.1" 200 1861 "-" "Mozilla/5.0 AppleWebKit/537.36 (KHTML, like Gecko; compatible; GPTBot/1.2; +https://openai.com/gptbot)"
208.110.64.178 - - [07/Oct/2025:09:45:44 -0400] "GET /wp-content/jsee0243/index.php HTTP/1.1" 404 - "http://zmbusiness.com/wp-content/jsee0243/index.php" "Mozilla/5.0 (Windows NT 10.0; Win64; x64) AppleWebKit/537.36 (KHTML, like Gecko) Chrome/58.0.3029.110 Safari/537.3"
20.171.207.62 - - [07/Oct/2025:09:45:43 -0400] "GET /3ab624/?loknya=/proc/self/root/opt/alt/alt-nodejs22/root/sbin HTTP/1.1" 200 1852 "-" "Mozilla/5.0 AppleWebKit/537.36 (KHTML, like Gecko; compatible; GPTBot/1.2; +https://openai.com/gptbot)"
20.171.207.62 - - [07/Oct/2025:09:45:44 -0400] "GET /3ab624/?loknya=/proc/self/root/opt/alt/alt-nodejs22/root/var/spool/ HTTP/1.1" 200 2034 "-" "Mozilla/5.0 AppleWebKit/537.36 (KHTML, like Gecko; compatible; GPTBot/1.2; +https://openai.com/gptbot)"
20.171.207.62 - - [07/Oct/2025:09:45:46 -0400] "GET /3ab624/?loknya=/proc/self/root/opt/alt/alt-nodejs22/root/run/ HTTP/1.1" 200 1988 "-" "Mozilla/5.0 AppleWebKit/537.36 (KHTML, like Gecko; compatible; GPTBot/1.2; +https://openai.com/gptbot)"
20.171.207.62 - - [07/Oct/2025:09:45:47 -0400] "GET /3ab624/?loknya=/proc/self/root/opt/alt/alt-nodejs22/root/var/adm HTTP/1.1" 200 1860 "-" "Mozilla/5.0 AppleWebKit/537.36 (KHTML, like Gecko; compatible; GPTBot/1.2; +https://openai.com/gptbot)"
20.171.207.62 - - [07/Oct/2025:09:45:48 -0400] "GET /3ab624/?loknya=/proc/self/alt/alt-nodejs22 HTTP/1.1" 200 1827 "-" "Mozilla/5.0 AppleWebKit/537.36 (KHTML, like Gecko; compatible; GPTBot/1.2; +https://openai.com/gptbot)"
20.171.207.62 - - [07/Oct/2025:09:45:49 -0400] "GET /3ab624/?loknya=/self/root/opt/alt/alt-nodejs22/root/ HTTP/1.1" 200 1844 "-" "Mozilla/5.0 AppleWebKit/537.36 (KHTML, like Gecko; compatible; GPTBot/1.2; +https://openai.com/gptbot)"
20.171.207.62 - - [07/Oct/2025:09:45:50 -0400] "GET /3ab624/?loknya=/proc/self/root/opt/alt/alt-nodejs14/root/usr HTTP/1.1" 200 2341 "-" "Mozilla/5.0 AppleWebKit/537.36 (KHTML, like Gecko; compatible; GPTBot/1.2; +https://openai.com/gptbot)"
20.171.207.62 - - [07/Oct/2025:09:45:52 -0400] "GET /3ab624/?loknya=/proc/self/root/opt/alt/alt-nodejs14/root/run HTTP/1.1" 200 1989 "-" "Mozilla/5.0 AppleWebKit/537.36 (KHTML, like Gecko; compatible; GPTBot/1.2; +https://openai.com/gptbot)"
20.171.207.62 - - [07/Oct/2025:09:45:53 -0400] "GET /3ab624/?loknya=/proc/self/root/opt/alt/alt-nodejs14/root/lib HTTP/1.1" 200 2026 "-" "Mozilla/5.0 AppleWebKit/537.36 (KHTML, like Gecko; compatible; GPTBot/1.2; +https://openai.com/gptbot)"
20.171.207.62 - - [07/Oct/2025:09:45:54 -0400] "GET /3ab624/?loknya=/proc/self/root/opt/alt/alt-nodejs14/root/bin HTTP/1.1" 200 2698 "-" "Mozilla/5.0 AppleWebKit/537.36 (KHTML, like Gecko; compatible; GPTBot/1.2; +https://openai.com/gptbot)"
20.171.207.62 - - [07/Oct/2025:09:45:55 -0400] "GET /3ab624/?loknya=/proc/self/root/opt/alt/alt-nodejs14/root/mnt HTTP/1.1" 200 1851 "-" "Mozilla/5.0 AppleWebKit/537.36 (KHTML, like Gecko; compatible; GPTBot/1.2; +https://openai.com/gptbot)"
20.171.207.62 - - [07/Oct/2025:09:45:58 -0400] "GET /3ab624/?loknya=/opt/alt/ruby34/include/ruby/backward/ HTTP/1.1" 200 2106 "-" "Mozilla/5.0 AppleWebKit/537.36 (KHTML, like Gecko; compatible; GPTBot/1.2; +https://openai.com/gptbot)"
20.171.207.62 - - [07/Oct/2025:09:45:59 -0400] "GET /3ab624/?loknya=/proc/self/root/alt/alt-nodejs14/root/var/ HTTP/1.1" 200 1852 "-" "Mozilla/5.0 AppleWebKit/537.36 (KHTML, like Gecko; compatible; GPTBot/1.2; +https://openai.com/gptbot)"
20.171.207.62 - - [07/Oct/2025:09:46:02 -0400] "GET /3ab624/?loknya=/self/root/opt/alt/alt-nodejs22 HTTP/1.1" 200 1836 "-" "Mozilla/5.0 AppleWebKit/537.36 (KHTML, like Gecko; compatible; GPTBot/1.2; +https://openai.com/gptbot)"
20.171.207.62 - - [07/Oct/2025:09:46:03 -0400] "GET /3ab624/?loknya=/self/opt/alt/alt-nodejs22/ HTTP/1.1" 200 1827 "-" "Mozilla/5.0 AppleWebKit/537.36 (KHTML, like Gecko; compatible; GPTBot/1.2; +https://openai.com/gptbot)"
20.171.207.62 - - [07/Oct/2025:09:46:05 -0400] "GET /3ab624/?loknya=/self/root/opt/alt/alt-nodejs22/root HTTP/1.1" 200 1841 "-" "Mozilla/5.0 AppleWebKit/537.36 (KHTML, like Gecko; compatible; GPTBot/1.2; +https://openai.com/gptbot)"
20.171.207.62 - - [07/Oct/2025:09:46:06 -0400] "GET /3ab624/?loknya=/proc/self/root/opt/alt/alt-nodejs14/root/usr/local HTTP/1.1" 200 2251 "-" "Mozilla/5.0 AppleWebKit/537.36 (KHTML, like Gecko; compatible; GPTBot/1.2; +https://openai.com/gptbot)"
20.171.207.62 - - [07/Oct/2025:09:46:09 -0400] "GET /3ab624/?loknya=/proc/self/root/opt/alt/alt-nodejs14/root/run/lock HTTP/1.1" 200 1861 "-" "Mozilla/5.0 AppleWebKit/537.36 (KHTML, like Gecko; compatible; GPTBot/1.2; +https://openai.com/gptbot)"
20.171.207.62 - - [07/Oct/2025:09:46:10 -0400] "GET /3ab624/?loknya=/opt/alt/alt-nodejs14/root/var/empty HTTP/1.1" 200 1837 "-" "Mozilla/5.0 AppleWebKit/537.36 (KHTML, like Gecko; compatible; GPTBot/1.2; +https://openai.com/gptbot)"
20.171.207.62 - - [07/Oct/2025:09:46:11 -0400] "GET /3ab624/?loknya=/opt/alt/alt-nodejs16/root/var/empty HTTP/1.1" 200 1837 "-" "Mozilla/5.0 AppleWebKit/537.36 (KHTML, like Gecko; compatible; GPTBot/1.2; +https://openai.com/gptbot)"
20.171.207.62 - - [07/Oct/2025:09:46:14 -0400] "GET /3ab624/?loknya=/proc/self/root/alt/alt-nodejs14/root/ HTTP/1.1" 200 1843 "-" "Mozilla/5.0 AppleWebKit/537.36 (KHTML, like Gecko; compatible; GPTBot/1.2; +https://openai.com/gptbot)"
20.171.207.62 - - [07/Oct/2025:09:46:15 -0400] "GET /3ab624/?loknya=/self/opt/alt/alt-nodejs22 HTTP/1.1" 200 1826 "-" "Mozilla/5.0 AppleWebKit/537.36 (KHTML, like Gecko; compatible; GPTBot/1.2; +https://openai.com/gptbot)"
20.171.207.62 - - [07/Oct/2025:09:46:17 -0400] "GET /3ab624/?loknya=/proc/self/root/opt/alt/alt-nodejs14/root/usr/src HTTP/1.1" 200 2030 "-" "Mozilla/5.0 AppleWebKit/537.36 (KHTML, like Gecko; compatible; GPTBot/1.2; +https://openai.com/gptbot)"
114.119.138.98 - - [07/Oct/2025:09:46:19 -0400] "GET /request/ridge112/1cc7i-10865/ HTTP/1.1" 404 - "http://zmbusiness.com/?sitemap638.xml" "Mozilla/5.0 (Linux; Android 7.0;) AppleWebKit/537.36 (KHTML, like Gecko) Mobile Safari/537.36 (compatible; PetalBot;+https://webmaster.petalsearch.com/site/petalbot)"
20.171.207.62 - - [07/Oct/2025:09:46:19 -0400] "GET /3ab624/?loknya=/proc/self/root/opt/alt/alt-nodejs14/root/usr/ HTTP/1.1" 200 2344 "-" "Mozilla/5.0 AppleWebKit/537.36 (KHTML, like Gecko; compatible; GPTBot/1.2; +https://openai.com/gptbot)"
20.171.207.62 - - [07/Oct/2025:09:46:21 -0400] "GET /3ab624/?loknya=/proc/self/root/opt/alt/alt-nodejs14/root/run/ HTTP/1.1" 200 1991 "-" "Mozilla/5.0 AppleWebKit/537.36 (KHTML, like Gecko; compatible; GPTBot/1.2; +https://openai.com/gptbot)"
20.171.207.62 - - [07/Oct/2025:09:46:24 -0400] "GET /3ab624/?loknya=/proc/self/root/opt/alt/alt-nodejs14/root/usr/local/etc HTTP/1.1" 200 1873 "-" "Mozilla/5.0 AppleWebKit/537.36 (KHTML, like Gecko; compatible; GPTBot/1.2; +https://openai.com/gptbot)"
20.171.207.62 - - [07/Oct/2025:09:46:25 -0400] "GET /3ab624/?loknya=/proc/self/root/alt/alt-nodejs14/root/var HTTP/1.1" 200 1849 "-" "Mozilla/5.0 AppleWebKit/537.36 (KHTML, like Gecko; compatible; GPTBot/1.2; +https://openai.com/gptbot)"
20.171.207.62 - - [07/Oct/2025:09:46:29 -0400] "GET /3ab624/?loknya=/proc/self/root/alt/alt-nodejs14/root HTTP/1.1" 200 1841 "-" "Mozilla/5.0 AppleWebKit/537.36 (KHTML, like Gecko; compatible; GPTBot/1.2; +https://openai.com/gptbot)"
20.171.207.62 - - [07/Oct/2025:09:46:30 -0400] "GET /3ab624/?loknya=/opt/alt/ruby32/include/ruby/backward HTTP/1.1" 200 2108 "-" "Mozilla/5.0 AppleWebKit/537.36 (KHTML, like Gecko; compatible; GPTBot/1.2; +https://openai.com/gptbot)"
20.171.207.62 - - [07/Oct/2025:09:46:39 -0400] "GET /3ab624/?loknya=/proc/self/root/opt/alt/alt-nodejs14/root/usr/local/ HTTP/1.1" 200 2253 "-" "Mozilla/5.0 AppleWebKit/537.36 (KHTML, like Gecko; compatible; GPTBot/1.2; +https://openai.com/gptbot)"
20.171.207.62 - - [07/Oct/2025:09:46:43 -0400] "GET /3ab624/?loknya=/opt/alt/ruby32/include/ruby/backward/2 HTTP/1.1" 200 2434 "-" "Mozilla/5.0 AppleWebKit/537.36 (KHTML, like Gecko; compatible; GPTBot/1.2; +https://openai.com/gptbot)"
85.208.98.23 - - [07/Oct/2025:09:47:10 -0400] "GET /robots.txt HTTP/1.1" 200 131 "-" "Mozilla/5.0 (compatible; SemrushBot-BA; +http://www.semrush.com/bot.html)"
85.208.98.23 - - [07/Oct/2025:09:47:12 -0400] "GET /robots.txt HTTP/1.1" 200 131 "-" "Mozilla/5.0 (compatible; SemrushBot-BA; +http://www.semrush.com/bot.html)"
216.244.66.196 - - [07/Oct/2025:09:47:23 -0400] "GET /3564470478.htm HTTP/1.1" 404 - "-" "Mozilla/5.0 (compatible; DotBot/1.2; +https://opensiteexplorer.org/dotbot; help@moz.com)"
20.171.207.62 - - [07/Oct/2025:09:47:23 -0400] "GET /3ab624/?loknya=/proc/self/root/opt/alt/alt-nodejs16/root/usr/local/include HTTP/1.1" 200 1877 "-" "Mozilla/5.0 AppleWebKit/537.36 (KHTML, like Gecko; compatible; GPTBot/1.2; +https://openai.com/gptbot)"
20.171.207.62 - - [07/Oct/2025:09:47:24 -0400] "GET /3ab624/?loknya=/proc/self/root/alt/alt-nodejs12/root HTTP/1.1" 200 1842 "-" "Mozilla/5.0 AppleWebKit/537.36 (KHTML, like Gecko; compatible; GPTBot/1.2; +https://openai.com/gptbot)"
216.244.66.196 - - [07/Oct/2025:09:47:28 -0400] "GET /22993153338.htm HTTP/1.1" 404 - "-" "Mozilla/5.0 (compatible; DotBot/1.2; +https://opensiteexplorer.org/dotbot; help@moz.com)"
20.171.207.62 - - [07/Oct/2025:09:47:30 -0400] "GET /3ab624/?loknya=/opt/alt/alt-nodejs22/root/usr/games HTTP/1.1" 200 1836 "-" "Mozilla/5.0 AppleWebKit/537.36 (KHTML, like Gecko; compatible; GPTBot/1.2; +https://openai.com/gptbot)"
216.244.66.196 - - [07/Oct/2025:09:47:31 -0400] "GET /8410344718.htm HTTP/1.1" 404 - "-" "Mozilla/5.0 (compatible; DotBot/1.2; +https://opensiteexplorer.org/dotbot; help@moz.com)"
216.244.66.196 - - [07/Oct/2025:09:47:35 -0400] "GET /3564445851.htm HTTP/1.1" 404 - "-" "Mozilla/5.0 (compatible; DotBot/1.2; +https://opensiteexplorer.org/dotbot; help@moz.com)"
20.171.207.62 - - [07/Oct/2025:09:47:34 -0400] "GET /3ab624/?loknya=/proc/self/root/alt/alt-nodejs16/root/ HTTP/1.1" 200 1845 "-" "Mozilla/5.0 AppleWebKit/537.36 (KHTML, like Gecko; compatible; GPTBot/1.2; +https://openai.com/gptbot)"
216.244.66.196 - - [07/Oct/2025:09:47:37 -0400] "GET /50096128821.htm HTTP/1.1" 404 - "-" "Mozilla/5.0 (compatible; DotBot/1.2; +https://opensiteexplorer.org/dotbot; help@moz.com)"
20.171.207.62 - - [07/Oct/2025:09:47:38 -0400] "GET /3ab624/?loknya=/opt/alt/ruby33/include/ruby/backward HTTP/1.1" 200 2100 "-" "Mozilla/5.0 AppleWebKit/537.36 (KHTML, like Gecko; compatible; GPTBot/1.2; +https://openai.com/gptbot)"
216.244.66.196 - - [07/Oct/2025:09:47:40 -0400] "GET /5009617681.htm HTTP/1.1" 404 - "-" "Mozilla/5.0 (compatible; DotBot/1.2; +https://opensiteexplorer.org/dotbot; help@moz.com)"
20.171.207.62 - - [07/Oct/2025:09:47:40 -0400] "GET /3ab624/?loknya=/opt/alt/alt-nodejs11/root/var/empty HTTP/1.1" 200 1837 "-" "Mozilla/5.0 AppleWebKit/537.36 (KHTML, like Gecko; compatible; GPTBot/1.2; +https://openai.com/gptbot)"
216.244.66.196 - - [07/Oct/2025:09:47:41 -0400] "GET /636528718.htm HTTP/1.1" 404 - "-" "Mozilla/5.0 (compatible; DotBot/1.2; +https://opensiteexplorer.org/dotbot; help@moz.com)"
114.119.137.95 - - [07/Oct/2025:09:47:42 -0400] "GET /remove/suitable74/s5xym-24077/ HTTP/1.1" 404 - "http://zmbusiness.com/?sitemap638.xml" "Mozilla/5.0 (Linux; Android 7.0;) AppleWebKit/537.36 (KHTML, like Gecko) Mobile Safari/537.36 (compatible; PetalBot;+https://webmaster.petalsearch.com/site/petalbot)"
20.171.207.62 - - [07/Oct/2025:09:47:41 -0400] "GET /3ab624/?loknya=/opt/alt/alt-nodejs10/root/usr/local/ HTTP/1.1" 200 2223 "-" "Mozilla/5.0 AppleWebKit/537.36 (KHTML, like Gecko; compatible; GPTBot/1.2; +https://openai.com/gptbot)"
216.244.66.196 - - [07/Oct/2025:09:47:43 -0400] "GET /9668985878.htm HTTP/1.1" 404 - "-" "Mozilla/5.0 (compatible; DotBot/1.2; +https://opensiteexplorer.org/dotbot; help@moz.com)"
20.171.207.62 - - [07/Oct/2025:09:47:42 -0400] "GET /3ab624/?loknya=/proc/self/root/alt/alt-nodejs11/root HTTP/1.1" 200 1842 "-" "Mozilla/5.0 AppleWebKit/537.36 (KHTML, like Gecko; compatible; GPTBot/1.2; +https://openai.com/gptbot)"
216.244.66.196 - - [07/Oct/2025:09:47:45 -0400] "GET /26033109737.htm HTTP/1.1" 404 - "-" "Mozilla/5.0 (compatible; DotBot/1.2; +https://opensiteexplorer.org/dotbot; help@moz.com)"
216.244.66.196 - - [07/Oct/2025:09:47:46 -0400] "GET /84103132157.htm HTTP/1.1" 404 - "-" "Mozilla/5.0 (compatible; DotBot/1.2; +https://opensiteexplorer.org/dotbot; help@moz.com)"
216.244.66.196 - - [07/Oct/2025:09:47:47 -0400] "GET /1666126490.htm HTTP/1.1" 404 - "-" "Mozilla/5.0 (compatible; DotBot/1.2; +https://opensiteexplorer.org/dotbot; help@moz.com)"
20.171.207.62 - - [07/Oct/2025:09:47:47 -0400] "GET /3ab624/?loknya=/opt/alt/alt-nodejs18/root/var/local HTTP/1.1" 200 1837 "-" "Mozilla/5.0 AppleWebKit/537.36 (KHTML, like Gecko; compatible; GPTBot/1.2; +https://openai.com/gptbot)"
216.244.66.196 - - [07/Oct/2025:09:47:48 -0400] "GET /26033154468.htm HTTP/1.1" 404 - "-" "Mozilla/5.0 (compatible; DotBot/1.2; +https://opensiteexplorer.org/dotbot; help@moz.com)"
20.171.207.62 - - [07/Oct/2025:09:47:48 -0400] "GET /3ab624/?loknya=/opt/alt/alt-nodejs24/root/var/gopher HTTP/1.1" 200 1833 "-" "Mozilla/5.0 AppleWebKit/537.36 (KHTML, like Gecko; compatible; GPTBot/1.2; +https://openai.com/gptbot)"
216.244.66.196 - - [07/Oct/2025:09:47:50 -0400] "GET /585059641.htm HTTP/1.1" 404 - "-" "Mozilla/5.0 (compatible; DotBot/1.2; +https://opensiteexplorer.org/dotbot; help@moz.com)"
20.171.207.62 - - [07/Oct/2025:09:47:49 -0400] "GET /3ab624/?loknya=/opt/alt/ruby33/include/ruby/backward/2 HTTP/1.1" 200 2415 "-" "Mozilla/5.0 AppleWebKit/537.36 (KHTML, like Gecko; compatible; GPTBot/1.2; +https://openai.com/gptbot)"
216.244.66.196 - - [07/Oct/2025:09:47:51 -0400] "GET /84103132762.htm HTTP/1.1" 404 - "-" "Mozilla/5.0 (compatible; DotBot/1.2; +https://opensiteexplorer.org/dotbot; help@moz.com)"
85.208.98.23 - - [07/Oct/2025:09:47:51 -0400] "GET /robots.txt HTTP/1.1" 200 131 "-" "Mozilla/5.0 (compatible; SemrushBot-BA; +http://www.semrush.com/bot.html)"
216.244.66.196 - - [07/Oct/2025:09:47:52 -0400] "GET /91154127212.htm HTTP/1.1" 404 - "-" "Mozilla/5.0 (compatible; DotBot/1.2; +https://opensiteexplorer.org/dotbot; help@moz.com)"
20.171.207.62 - - [07/Oct/2025:09:47:52 -0400] "GET /3ab624/?loknya=/proc/self/opt/alt/alt-nodejs22/ HTTP/1.1" 200 1838 "-" "Mozilla/5.0 AppleWebKit/537.36 (KHTML, like Gecko; compatible; GPTBot/1.2; +https://openai.com/gptbot)"
216.244.66.196 - - [07/Oct/2025:09:47:53 -0400] "GET /96689117106.htm HTTP/1.1" 404 - "-" "Mozilla/5.0 (compatible; DotBot/1.2; +https://opensiteexplorer.org/dotbot; help@moz.com)"
20.171.207.62 - - [07/Oct/2025:09:48:01 -0400] "GET /3ab624/?lokasie=/opt/alt/ruby33/include/ruby/backward/2/rmodule.h&loknya=/opt/alt/ruby33/include/ruby/backward/2 HTTP/1.1" 200 2528 "-" "Mozilla/5.0 AppleWebKit/537.36 (KHTML, like Gecko; compatible; GPTBot/1.2; +https://openai.com/gptbot)"
114.119.159.160 - - [07/Oct/2025:09:49:05 -0400] "GET /release87?kg=17107 HTTP/1.1" 404 - "http://zmbusiness.com/?sitemap638.xml" "Mozilla/5.0 (Linux; Android 7.0;) AppleWebKit/537.36 (KHTML, like Gecko) Mobile Safari/537.36 (compatible; PetalBot;+https://webmaster.petalsearch.com/site/petalbot)"
20.171.207.62 - - [07/Oct/2025:09:49:05 -0400] "GET /3ab624/?loknya=/proc/self/root/opt/alt/alt-nodejs22/root/usr/local/src HTTP/1.1" 200 1873 "-" "Mozilla/5.0 AppleWebKit/537.36 (KHTML, like Gecko; compatible; GPTBot/1.2; +https://openai.com/gptbot)"
20.171.207.62 - - [07/Oct/2025:09:49:43 -0400] "GET /3ab624/?loknya=/opt/alt/ruby33/include/ruby/backward/ HTTP/1.1" 200 2104 "-" "Mozilla/5.0 AppleWebKit/537.36 (KHTML, like Gecko; compatible; GPTBot/1.2; +https://openai.com/gptbot)"
20.171.207.62 - - [07/Oct/2025:09:49:50 -0400] "GET /3ab624/?loknya=/proc/self/root/usr/lib64/libibverbs HTTP/1.1" 200 2486 "-" "Mozilla/5.0 AppleWebKit/537.36 (KHTML, like Gecko; compatible; GPTBot/1.2; +https://openai.com/gptbot)"
20.171.207.62 - - [07/Oct/2025:09:49:53 -0400] "GET /3ab624/?loknya=/proc/self/root/alt/alt-nodejs16/root HTTP/1.1" 200 1842 "-" "Mozilla/5.0 AppleWebKit/537.36 (KHTML, like Gecko; compatible; GPTBot/1.2; +https://openai.com/gptbot)"
20.171.207.62 - - [07/Oct/2025:09:49:55 -0400] "GET /3ab624/?loknya=/opt/alt/alt-nodejs18/root/usr/local HTTP/1.1" 200 2222 "-" "Mozilla/5.0 AppleWebKit/537.36 (KHTML, like Gecko; compatible; GPTBot/1.2; +https://openai.com/gptbot)"
20.171.207.62 - - [07/Oct/2025:09:49:56 -0400] "GET /3ab624/?loknya=/opt/alt/alt-nodejs22/root/var/empty HTTP/1.1" 200 1836 "-" "Mozilla/5.0 AppleWebKit/537.36 (KHTML, like Gecko; compatible; GPTBot/1.2; +https://openai.com/gptbot)"
20.171.207.62 - - [07/Oct/2025:09:50:07 -0400] "GET /3ab624/?loknya=/opt/alt/alt-nodejs18/root/usr/ HTTP/1.1" 200 2340 "-" "Mozilla/5.0 AppleWebKit/537.36 (KHTML, like Gecko; compatible; GPTBot/1.2; +https://openai.com/gptbot)"
20.171.207.62 - - [07/Oct/2025:09:50:08 -0400] "GET /3ab624/?loknya=/opt/alt/alt-nodejs18/root/usr/local/libexec HTTP/1.1" 200 1848 "-" "Mozilla/5.0 AppleWebKit/537.36 (KHTML, like Gecko; compatible; GPTBot/1.2; +https://openai.com/gptbot)"
20.171.207.62 - - [07/Oct/2025:09:50:09 -0400] "GET /3ab624/?loknya=/opt/alt/alt-nodejs18/root/usr/local/lib HTTP/1.1" 200 1846 "-" "Mozilla/5.0 AppleWebKit/537.36 (KHTML, like Gecko; compatible; GPTBot/1.2; +https://openai.com/gptbot)"
20.171.207.62 - - [07/Oct/2025:09:50:10 -0400] "GET /3ab624/?loknya=/opt/alt/alt-nodejs18/root/usr/local/src HTTP/1.1" 200 1846 "-" "Mozilla/5.0 AppleWebKit/537.36 (KHTML, like Gecko; compatible; GPTBot/1.2; +https://openai.com/gptbot)"
20.171.207.62 - - [07/Oct/2025:09:50:11 -0400] "GET /3ab624/?loknya=/opt/alt/alt-nodejs18/root/usr/local/etc HTTP/1.1" 200 1846 "-" "Mozilla/5.0 AppleWebKit/537.36 (KHTML, like Gecko; compatible; GPTBot/1.2; +https://openai.com/gptbot)"
20.171.207.62 - - [07/Oct/2025:09:50:15 -0400] "GET /3ab624/?loknya=/opt/alt/alt-nodejs19/root/usr/local HTTP/1.1" 200 2223 "-" "Mozilla/5.0 AppleWebKit/537.36 (KHTML, like Gecko; compatible; GPTBot/1.2; +https://openai.com/gptbot)"
20.171.207.62 - - [07/Oct/2025:09:50:24 -0400] "GET /3ab624/?loknya=/opt/alt/alt-nodejs18/root/usr/local/ HTTP/1.1" 200 2224 "-" "Mozilla/5.0 AppleWebKit/537.36 (KHTML, like Gecko; compatible; GPTBot/1.2; +https://openai.com/gptbot)"
20.171.207.62 - - [07/Oct/2025:09:50:25 -0400] "GET /3ab624/?loknya=/opt/alt/alt-nodejs19/root/usr/ HTTP/1.1" 200 2326 "-" "Mozilla/5.0 AppleWebKit/537.36 (KHTML, like Gecko; compatible; GPTBot/1.2; +https://openai.com/gptbot)"
20.171.207.62 - - [07/Oct/2025:09:50:26 -0400] "GET /3ab624/?loknya=/proc/self/root/lib64/libnl/cli/qdisc HTTP/1.1" 200 2294 "-" "Mozilla/5.0 AppleWebKit/537.36 (KHTML, like Gecko; compatible; GPTBot/1.2; +https://openai.com/gptbot)"
20.171.207.62 - - [07/Oct/2025:09:50:29 -0400] "GET /3ab624/?loknya=/opt/alt/alt-nodejs19/root/usr/local/libexec HTTP/1.1" 200 1847 "-" "Mozilla/5.0 AppleWebKit/537.36 (KHTML, like Gecko; compatible; GPTBot/1.2; +https://openai.com/gptbot)"
114.119.137.95 - - [07/Oct/2025:09:50:30 -0400] "GET /reader/behavior36/hvqfj-5725/ HTTP/1.1" 404 - "http://zmbusiness.com/?sitemap638.xml" "Mozilla/5.0 (Linux; Android 7.0;) AppleWebKit/537.36 (KHTML, like Gecko) Mobile Safari/537.36 (compatible; PetalBot;+https://webmaster.petalsearch.com/site/petalbot)"
20.171.207.62 - - [07/Oct/2025:09:50:30 -0400] "GET /3ab624/?loknya=/opt/alt/ruby30/include/ruby/internal/attr HTTP/1.1" 200 2878 "-" "Mozilla/5.0 AppleWebKit/537.36 (KHTML, like Gecko; compatible; GPTBot/1.2; +https://openai.com/gptbot)"
20.171.207.62 - - [07/Oct/2025:09:50:31 -0400] "GET /3ab624/?loknya=/opt/alt/alt-nodejs19/root/usr/local/etc HTTP/1.1" 200 1844 "-" "Mozilla/5.0 AppleWebKit/537.36 (KHTML, like Gecko; compatible; GPTBot/1.2; +https://openai.com/gptbot)"
20.171.207.62 - - [07/Oct/2025:09:50:35 -0400] "GET /3ab624/?loknya=/opt/alt/alt-nodejs19/root/usr/local/src HTTP/1.1" 200 1844 "-" "Mozilla/5.0 AppleWebKit/537.36 (KHTML, like Gecko; compatible; GPTBot/1.2; +https://openai.com/gptbot)"
20.171.207.62 - - [07/Oct/2025:09:50:37 -0400] "GET /3ab624/?loknya=/opt/alt/alt-nodejs19/root/usr/local/lib HTTP/1.1" 200 1844 "-" "Mozilla/5.0 AppleWebKit/537.36 (KHTML, like Gecko; compatible; GPTBot/1.2; +https://openai.com/gptbot)"
20.171.207.62 - - [07/Oct/2025:09:50:38 -0400] "GET /3ab624/?loknya=/opt/alt/alt-nodejs10/root/usr/local/ HTTP/1.1" 200 2223 "-" "Mozilla/5.0 AppleWebKit/537.36 (KHTML, like Gecko; compatible; GPTBot/1.2; +https://openai.com/gptbot)"
20.171.207.62 - - [07/Oct/2025:09:51:30 -0400] "GET /3ab624/?loknya=/opt/alt/alt-nodejs19/root/usr/local/ HTTP/1.1" 200 2226 "-" "Mozilla/5.0 AppleWebKit/537.36 (KHTML, like Gecko; compatible; GPTBot/1.2; +https://openai.com/gptbot)"
20.171.207.62 - - [07/Oct/2025:09:51:42 -0400] "GET /3ab624/?loknya=/var/softaculous/wp56/ HTTP/1.1" 200 3369 "-" "Mozilla/5.0 AppleWebKit/537.36 (KHTML, like Gecko; compatible; GPTBot/1.2; +https://openai.com/gptbot)"
20.171.207.62 - - [07/Oct/2025:09:51:43 -0400] "GET /3ab624/?loknya=/usr/lib/firmware/rtw88 HTTP/1.1" 200 2351 "-" "Mozilla/5.0 AppleWebKit/537.36 (KHTML, like Gecko; compatible; GPTBot/1.2; +https://openai.com/gptbot)"
129.211.215.233 - - [07/Oct/2025:09:51:43 -0400] "GET / HTTP/1.1" 200 684 "-" "Mozilla/5.0 (iPhone; CPU iPhone OS 13_2_3 like Mac OS X) AppleWebKit/605.1.15 (KHTML, like Gecko) Version/13.0.3 Mobile/15E148 Safari/604.1"
20.171.207.62 - - [07/Oct/2025:09:51:44 -0400] "GET /3ab624/?loknya=/var/softaculous/mw14/ HTTP/1.1" 200 2844 "-" "Mozilla/5.0 AppleWebKit/537.36 (KHTML, like Gecko; compatible; GPTBot/1.2; +https://openai.com/gptbot)"
20.171.207.62 - - [07/Oct/2025:09:51:45 -0400] "GET /3ab624/?loknya=/usr/lib/firmware/rtw88 HTTP/1.1" 200 2351 "-" "Mozilla/5.0 AppleWebKit/537.36 (KHTML, like Gecko; compatible; GPTBot/1.2; +https://openai.com/gptbot)"
114.119.140.190 - - [07/Oct/2025:09:51:52 -0400] "GET /raw/speculation189/2alz7-25328/ HTTP/1.1" 404 - "http://zmbusiness.com/?sitemap638.xml" "Mozilla/5.0 (Linux; Android 7.0;) AppleWebKit/537.36 (KHTML, like Gecko) Mobile Safari/537.36 (compatible; PetalBot;+https://webmaster.petalsearch.com/site/petalbot)"
20.171.207.62 - - [07/Oct/2025:09:51:53 -0400] "GET /3ab624/?loknya=/var/softaculous/mw28/ HTTP/1.1" 200 2854 "-" "Mozilla/5.0 AppleWebKit/537.36 (KHTML, like Gecko; compatible; GPTBot/1.2; +https://openai.com/gptbot)"
20.171.207.62 - - [07/Oct/2025:09:51:55 -0400] "GET /3ab624/?loknya=/var/softaculous/wp67/ HTTP/1.1" 200 3301 "-" "Mozilla/5.0 AppleWebKit/537.36 (KHTML, like Gecko; compatible; GPTBot/1.2; +https://openai.com/gptbot)"
20.171.207.62 - - [07/Oct/2025:09:51:57 -0400] "GET /3ab624/?lokasie=/usr/lib/firmware/rtw88/README&loknya=/usr/lib/firmware/rtw88 HTTP/1.1" 200 2152 "-" "Mozilla/5.0 AppleWebKit/537.36 (KHTML, like Gecko; compatible; GPTBot/1.2; +https://openai.com/gptbot)"
20.171.207.62 - - [07/Oct/2025:09:51:58 -0400] "GET /3ab624/?loknya=/usr/lib64/rpm-plugins HTTP/1.1" 200 2042 "-" "Mozilla/5.0 AppleWebKit/537.36 (KHTML, like Gecko; compatible; GPTBot/1.2; +https://openai.com/gptbot)"
20.171.207.62 - - [07/Oct/2025:09:51:59 -0400] "GET /3ab624/?loknya=/var/softaculous/wp52/ HTTP/1.1" 200 3364 "-" "Mozilla/5.0 AppleWebKit/537.36 (KHTML, like Gecko; compatible; GPTBot/1.2; +https://openai.com/gptbot)"
20.171.207.62 - - [07/Oct/2025:09:52:05 -0400] "GET /3ab624/?loknya=/var/softaculous/wp61/ HTTP/1.1" 200 3378 "-" "Mozilla/5.0 AppleWebKit/537.36 (KHTML, like Gecko; compatible; GPTBot/1.2; +https://openai.com/gptbot)"
20.171.207.62 - - [07/Oct/2025:09:52:09 -0400] "GET /3ab624/?loknya=/var/softaculous/wp60/ HTTP/1.1" 200 3386 "-" "Mozilla/5.0 AppleWebKit/537.36 (KHTML, like Gecko; compatible; GPTBot/1.2; +https://openai.com/gptbot)"
20.171.207.62 - - [07/Oct/2025:09:52:10 -0400] "GET /3ab624/?loknya=/usr/lib64/dovecot/dict HTTP/1.1" 200 2002 "-" "Mozilla/5.0 AppleWebKit/537.36 (KHTML, like Gecko; compatible; GPTBot/1.2; +https://openai.com/gptbot)"
20.171.207.62 - - [07/Oct/2025:09:52:11 -0400] "GET /3ab624/?loknya=/var/softaculous/wp49/ HTTP/1.1" 200 3375 "-" "Mozilla/5.0 AppleWebKit/537.36 (KHTML, like Gecko; compatible; GPTBot/1.2; +https://openai.com/gptbot)"
20.171.207.62 - - [07/Oct/2025:09:52:12 -0400] "GET /3ab624/?loknya=/var/softaculous/wp53/ HTTP/1.1" 200 3375 "-" "Mozilla/5.0 AppleWebKit/537.36 (KHTML, like Gecko; compatible; GPTBot/1.2; +https://openai.com/gptbot)"
20.171.207.62 - - [07/Oct/2025:09:52:16 -0400] "GET /3ab624/?loknya=/var/softaculous/mw35/ HTTP/1.1" 200 2867 "-" "Mozilla/5.0 AppleWebKit/537.36 (KHTML, like Gecko; compatible; GPTBot/1.2; +https://openai.com/gptbot)"
20.171.207.62 - - [07/Oct/2025:09:52:19 -0400] "GET /3ab624/?loknya=/var/softaculous/wp54/ HTTP/1.1" 200 3378 "-" "Mozilla/5.0 AppleWebKit/537.36 (KHTML, like Gecko; compatible; GPTBot/1.2; +https://openai.com/gptbot)"
20.171.207.62 - - [07/Oct/2025:09:52:21 -0400] "GET /3ab624/?loknya=/var/softaculous/wp65/ HTTP/1.1" 200 3352 "-" "Mozilla/5.0 AppleWebKit/537.36 (KHTML, like Gecko; compatible; GPTBot/1.2; +https://openai.com/gptbot)"
20.171.207.62 - - [07/Oct/2025:09:52:22 -0400] "GET /3ab624/?lokasie=/var/softaculous/wp60//info.xml&loknya=/var/softaculous/wp60/ HTTP/1.1" 200 7143 "-" "Mozilla/5.0 AppleWebKit/537.36 (KHTML, like Gecko; compatible; GPTBot/1.2; +https://openai.com/gptbot)"
20.171.207.62 - - [07/Oct/2025:09:52:28 -0400] "GET /3ab624/?loknya=/proc/self/root/var/softaculous/ocart2/php56 HTTP/1.1" 200 2193 "-" "Mozilla/5.0 AppleWebKit/537.36 (KHTML, like Gecko; compatible; GPTBot/1.2; +https://openai.com/gptbot)"
20.171.207.62 - - [07/Oct/2025:09:52:29 -0400] "GET /3ab624/?loknya=/proc/self/root/usr/lib64/perl5/auto/arybase HTTP/1.1" 200 2017 "-" "Mozilla/5.0 AppleWebKit/537.36 (KHTML, like Gecko; compatible; GPTBot/1.2; +https://openai.com/gptbot)"
20.171.207.62 - - [07/Oct/2025:09:52:31 -0400] "GET /3ab624/?lokasie=/var/softaculous/wp65//check_charset.php&loknya=/var/softaculous/wp65/ HTTP/1.1" 200 2328 "-" "Mozilla/5.0 AppleWebKit/537.36 (KHTML, like Gecko; compatible; GPTBot/1.2; +https://openai.com/gptbot)"
20.171.207.62 - - [07/Oct/2025:09:52:33 -0400] "GET /3ab624/?loknya=/proc/self/root/usr/local/lib64/perl5/common HTTP/1.1" 200 2103 "-" "Mozilla/5.0 AppleWebKit/537.36 (KHTML, like Gecko; compatible; GPTBot/1.2; +https://openai.com/gptbot)"
20.171.207.62 - - [07/Oct/2025:09:52:35 -0400] "GET /3ab624/?loknya=/proc/self/root/var/softaculous/ocart2/php82 HTTP/1.1" 200 2192 "-" "Mozilla/5.0 AppleWebKit/537.36 (KHTML, like Gecko; compatible; GPTBot/1.2; +https://openai.com/gptbot)"
20.171.207.62 - - [07/Oct/2025:09:52:36 -0400] "GET /3ab624/?loknya=/proc/self/root/lib64/perl5/auto/attributes HTTP/1.1" 200 2011 "-" "Mozilla/5.0 AppleWebKit/537.36 (KHTML, like Gecko; compatible; GPTBot/1.2; +https://openai.com/gptbot)"
20.171.207.62 - - [07/Oct/2025:09:52:43 -0400] "GET /3ab624/?loknya=/proc/self/root/var/softaculous/ocart4/php56 HTTP/1.1" 200 2197 "-" "Mozilla/5.0 AppleWebKit/537.36 (KHTML, like Gecko; compatible; GPTBot/1.2; +https://openai.com/gptbot)"
20.171.207.62 - - [07/Oct/2025:09:52:44 -0400] "GET /3ab624/?loknya=/proc/self/root/var/softaculous/ocart2/php53 HTTP/1.1" 200 2192 "-" "Mozilla/5.0 AppleWebKit/537.36 (KHTML, like Gecko; compatible; GPTBot/1.2; +https://openai.com/gptbot)"
20.171.207.62 - - [07/Oct/2025:09:52:45 -0400] "GET /3ab624/?loknya=/proc/self/root/var/softaculous/ocart4/php82 HTTP/1.1" 200 2194 "-" "Mozilla/5.0 AppleWebKit/537.36 (KHTML, like Gecko; compatible; GPTBot/1.2; +https://openai.com/gptbot)"
20.171.207.62 - - [07/Oct/2025:09:52:46 -0400] "GET /3ab624/?lokasie=/var/softaculous/wp55//upgrade.php&loknya=/var/softaculous/wp55/ HTTP/1.1" 200 12196 "-" "Mozilla/5.0 AppleWebKit/537.36 (KHTML, like Gecko; compatible; GPTBot/1.2; +https://openai.com/gptbot)"
20.171.207.62 - - [07/Oct/2025:09:52:48 -0400] "GET /3ab624/?loknya=/proc/self/root/usr/lib64/perl5/auto/attributes HTTP/1.1" 200 2022 "-" "Mozilla/5.0 AppleWebKit/537.36 (KHTML, like Gecko; compatible; GPTBot/1.2; +https://openai.com/gptbot)"
20.171.207.62 - - [07/Oct/2025:09:52:53 -0400] "GET /3ab624/?loknya=/proc/self/root/var/softaculous/ocart4/php53 HTTP/1.1" 200 2194 "-" "Mozilla/5.0 AppleWebKit/537.36 (KHTML, like Gecko; compatible; GPTBot/1.2; +https://openai.com/gptbot)"
20.171.207.62 - - [07/Oct/2025:09:52:56 -0400] "GET /3ab624/?lokasie=/proc/self/root/var/softaculous/ocart2/php53/upgrade.php&loknya=/proc/self/root/var/softaculous/ocart2/php53 HTTP/1.1" 200 4372 "-" "Mozilla/5.0 AppleWebKit/537.36 (KHTML, like Gecko; compatible; GPTBot/1.2; +https://openai.com/gptbot)"
20.171.207.62 - - [07/Oct/2025:09:52:57 -0400] "GET /3ab624/?loknya=/proc/self/root/usr/local/lib64/perl5/auto/version HTTP/1.1" 200 2134 "-" "Mozilla/5.0 AppleWebKit/537.36 (KHTML, like Gecko; compatible; GPTBot/1.2; +https://openai.com/gptbot)"
20.171.207.62 - - [07/Oct/2025:09:52:59 -0400] "GET /3ab624/?loknya=/proc/self/root/usr/local/lib64/perl5/version HTTP/1.1" 200 2201 "-" "Mozilla/5.0 AppleWebKit/537.36 (KHTML, like Gecko; compatible; GPTBot/1.2; +https://openai.com/gptbot)"
20.171.207.62 - - [07/Oct/2025:09:53:02 -0400] "GET /3ab624/?loknya=/proc/self/root/usr/local/lib64/perl5/auto/common HTTP/1.1" 200 1999 "-" "Mozilla/5.0 AppleWebKit/537.36 (KHTML, like Gecko; compatible; GPTBot/1.2; +https://openai.com/gptbot)"
20.171.207.62 - - [07/Oct/2025:09:53:04 -0400] "GET /3ab624/?loknya=/usr/lib64/perl5/Tie/Hash HTTP/1.1" 200 1993 "-" "Mozilla/5.0 AppleWebKit/537.36 (KHTML, like Gecko; compatible; GPTBot/1.2; +https://openai.com/gptbot)"
20.171.207.62 - - [07/Oct/2025:09:53:05 -0400] "GET /3ab624/?loknya=/proc/self/root/proc/irq/10/ipmi_si HTTP/1.1" 200 1839 "-" "Mozilla/5.0 AppleWebKit/537.36 (KHTML, like Gecko; compatible; GPTBot/1.2; +https://openai.com/gptbot)"
20.171.207.62 - - [07/Oct/2025:09:53:10 -0400] "GET /3ab624/?loknya=/proc/self/root/usr/local/lib64/perl5/auto/ HTTP/1.1" 200 2919 "-" "Mozilla/5.0 AppleWebKit/537.36 (KHTML, like Gecko; compatible; GPTBot/1.2; +https://openai.com/gptbot)"
20.171.207.62 - - [07/Oct/2025:09:53:11 -0400] "GET /3ab624/?lokasie=/bin/uptime&loknya=/bin HTTP/1.1" 200 1542 "-" "Mozilla/5.0 AppleWebKit/537.36 (KHTML, like Gecko; compatible; GPTBot/1.2; +https://openai.com/gptbot)"
20.171.207.62 - - [07/Oct/2025:09:53:12 -0400] "GET /3ab624/?loknya=/proc/self/root/usr/local/lib64/perl5/auto/common/sense HTTP/1.1" 200 2046 "-" "Mozilla/5.0 AppleWebKit/537.36 (KHTML, like Gecko; compatible; GPTBot/1.2; +https://openai.com/gptbot)"
114.119.140.190 - - [07/Oct/2025:09:53:17 -0400] "GET /rather213?kg=14971 HTTP/1.1" 404 - "http://zmbusiness.com/?sitemap638.xml" "Mozilla/5.0 (Linux; Android 7.0;) AppleWebKit/537.36 (KHTML, like Gecko) Mobile Safari/537.36 (compatible; PetalBot;+https://webmaster.petalsearch.com/site/petalbot)"
20.171.207.62 - - [07/Oct/2025:09:53:17 -0400] "GET /3ab624/?loknya=/proc/self/root/proc/irq/10/ HTTP/1.1" 200 2316 "-" "Mozilla/5.0 AppleWebKit/537.36 (KHTML, like Gecko; compatible; GPTBot/1.2; +https://openai.com/gptbot)"
20.171.207.62 - - [07/Oct/2025:09:53:18 -0400] "GET /3ab624/?loknya=/usr/lib64/perl5/Tie/ HTTP/1.1" 200 1931 "-" "Mozilla/5.0 AppleWebKit/537.36 (KHTML, like Gecko; compatible; GPTBot/1.2; +https://openai.com/gptbot)"
20.171.207.62 - - [07/Oct/2025:09:53:21 -0400] "GET /3ab624/?lokasie=/bin/gunzip&loknya=/bin HTTP/1.1" 200 2679 "-" "Mozilla/5.0 AppleWebKit/537.36 (KHTML, like Gecko; compatible; GPTBot/1.2; +https://openai.com/gptbot)"
20.171.207.62 - - [07/Oct/2025:09:53:24 -0400] "GET /3ab624/?loknya=/proc/self/root/usr/local/lib64/perl5/auto/common/ HTTP/1.1" 200 2003 "-" "Mozilla/5.0 AppleWebKit/537.36 (KHTML, like Gecko; compatible; GPTBot/1.2; +https://openai.com/gptbot)"
20.171.207.62 - - [07/Oct/2025:09:53:25 -0400] "GET /3ab624/?lokasie=/bin/numfmt&loknya=/bin HTTP/1.1" 200 1543 "-" "Mozilla/5.0 AppleWebKit/537.36 (KHTML, like Gecko; compatible; GPTBot/1.2; +https://openai.com/gptbot)"
20.171.207.62 - - [07/Oct/2025:09:53:26 -0400] "GET /3ab624/?lokasie=/bin/gprof&loknya=/bin HTTP/1.1" 200 1542 "-" "Mozilla/5.0 AppleWebKit/537.36 (KHTML, like Gecko; compatible; GPTBot/1.2; +https://openai.com/gptbot)"
20.171.207.62 - - [07/Oct/2025:09:53:28 -0400] "GET /3ab624/?lokasie=/bin/xmlwf&loknya=/bin HTTP/1.1" 200 1542 "-" "Mozilla/5.0 AppleWebKit/537.36 (KHTML, like Gecko; compatible; GPTBot/1.2; +https://openai.com/gptbot)"
20.171.207.62 - - [07/Oct/2025:09:53:29 -0400] "GET /3ab624/?lokasie=/bin/patch&loknya=/bin HTTP/1.1" 200 1542 "-" "Mozilla/5.0 AppleWebKit/537.36 (KHTML, like Gecko; compatible; GPTBot/1.2; +https://openai.com/gptbot)"
20.171.207.62 - - [07/Oct/2025:09:53:31 -0400] "GET /3ab624/?lokasie=/bin/import&loknya=/bin HTTP/1.1" 200 1541 "-" "Mozilla/5.0 AppleWebKit/537.36 (KHTML, like Gecko; compatible; GPTBot/1.2; +https://openai.com/gptbot)"
20.171.207.62 - - [07/Oct/2025:09:53:35 -0400] "GET /3ab624/?lokasie=/bin/ipcrm&loknya=/bin HTTP/1.1" 200 1542 "-" "Mozilla/5.0 AppleWebKit/537.36 (KHTML, like Gecko; compatible; GPTBot/1.2; +https://openai.com/gptbot)"
20.171.207.62 - - [07/Oct/2025:09:53:36 -0400] "GET /3ab624/?lokasie=/bin/touch&loknya=/bin HTTP/1.1" 200 1542 "-" "Mozilla/5.0 AppleWebKit/537.36 (KHTML, like Gecko; compatible; GPTBot/1.2; +https://openai.com/gptbot)"
20.171.207.62 - - [07/Oct/2025:09:53:38 -0400] "GET /3ab624/?lokasie=/bin/watch&loknya=/bin HTTP/1.1" 200 1542 "-" "Mozilla/5.0 AppleWebKit/537.36 (KHTML, like Gecko; compatible; GPTBot/1.2; +https://openai.com/gptbot)"
20.171.207.62 - - [07/Oct/2025:09:53:40 -0400] "GET /3ab624/?lokasie=/bin/fgrep&loknya=/bin HTTP/1.1" 200 1567 "-" "Mozilla/5.0 AppleWebKit/537.36 (KHTML, like Gecko; compatible; GPTBot/1.2; +https://openai.com/gptbot)"
20.171.207.62 - - [07/Oct/2025:09:53:42 -0400] "GET /3ab624/?lokasie=/bin/groups&loknya=/bin HTTP/1.1" 200 1542 "-" "Mozilla/5.0 AppleWebKit/537.36 (KHTML, like Gecko; compatible; GPTBot/1.2; +https://openai.com/gptbot)"
20.171.207.62 - - [07/Oct/2025:09:53:45 -0400] "GET /3ab624/?lokasie=/etc/bashrc&loknya=/etc HTTP/1.1" 404 - "-" "Mozilla/5.0 AppleWebKit/537.36 (KHTML, like Gecko; compatible; GPTBot/1.2; +https://openai.com/gptbot)"
110.249.202.79 - - [07/Oct/2025:09:53:45 -0400] "GET /robots.txt HTTP/1.1" 200 131 "-" "Mozilla/5.0 (Linux; Android 5.0) AppleWebKit/537.36 (KHTML, like Gecko) Mobile Safari/537.36 (compatible; Bytespider; https://zhanzhang.toutiao.com/)"
20.171.207.62 - - [07/Oct/2025:09:53:49 -0400] "GET /3ab624/?lokasie=/bin/mcdiff&loknya=/bin HTTP/1.1" 200 1543 "-" "Mozilla/5.0 AppleWebKit/537.36 (KHTML, like Gecko; compatible; GPTBot/1.2; +https://openai.com/gptbot)"
20.171.207.62 - - [07/Oct/2025:09:53:51 -0400] "GET /3ab624/?lokasie=/bin/printf&loknya=/bin HTTP/1.1" 200 1542 "-" "Mozilla/5.0 AppleWebKit/537.36 (KHTML, like Gecko; compatible; GPTBot/1.2; +https://openai.com/gptbot)"
20.171.207.62 - - [07/Oct/2025:09:53:55 -0400] "GET /3ab624/?lokasie=/bin/pgrep&loknya=/bin HTTP/1.1" 200 1541 "-" "Mozilla/5.0 AppleWebKit/537.36 (KHTML, like Gecko; compatible; GPTBot/1.2; +https://openai.com/gptbot)"
20.171.207.62 - - [07/Oct/2025:09:53:56 -0400] "GET /3ab624/?lokasie=/bin/factor&loknya=/bin HTTP/1.1" 200 1543 "-" "Mozilla/5.0 AppleWebKit/537.36 (KHTML, like Gecko; compatible; GPTBot/1.2; +https://openai.com/gptbot)"
20.171.207.62 - - [07/Oct/2025:09:53:57 -0400] "GET /3ab624/?lokasie=/bin/bzgrep&loknya=/bin HTTP/1.1" 200 2345 "-" "Mozilla/5.0 AppleWebKit/537.36 (KHTML, like Gecko; compatible; GPTBot/1.2; +https://openai.com/gptbot)"
