20.171.207.62 - - [07/Oct/2025:10:01:57 -0400] "GET /3ab624/?loknya=/usr/lib/kbd/keymaps/legacy HTTP/1.1" 200 2109 "-" "Mozilla/5.0 AppleWebKit/537.36 (KHTML, like Gecko; compatible; GPTBot/1.2; +https://openai.com/gptbot)"
20.171.207.62 - - [07/Oct/2025:10:01:58 -0400] "GET /3ab624/?loknya=/lib/node_modules/npm/man/it HTTP/1.1" 200 2036 "-" "Mozilla/5.0 AppleWebKit/537.36 (KHTML, like Gecko; compatible; GPTBot/1.2; +https://openai.com/gptbot)"
20.171.207.62 - - [07/Oct/2025:10:01:59 -0400] "GET /3ab624/?loknya=/usr/lib/firmware/imx/ HTTP/1.1" 200 1936 "-" "Mozilla/5.0 AppleWebKit/537.36 (KHTML, like Gecko; compatible; GPTBot/1.2; +https://openai.com/gptbot)"
20.171.207.62 - - [07/Oct/2025:10:02:00 -0400] "GET /3ab624/?loknya=/proc/self/root/usr/lib/grub HTTP/1.1" 200 1966 "-" "Mozilla/5.0 AppleWebKit/537.36 (KHTML, like Gecko; compatible; GPTBot/1.2; +https://openai.com/gptbot)"
20.171.207.62 - - [07/Oct/2025:10:02:01 -0400] "GET /3ab624/?loknya=/proc/self/root/lib/kbd/keymaps HTTP/1.1" 200 1983 "-" "Mozilla/5.0 AppleWebKit/537.36 (KHTML, like Gecko; compatible; GPTBot/1.2; +https://openai.com/gptbot)"
20.171.207.62 - - [07/Oct/2025:10:02:03 -0400] "GET /3ab624/?loknya=/proc/self/root/usr/include/rpc HTTP/1.1" 200 2017 "-" "Mozilla/5.0 AppleWebKit/537.36 (KHTML, like Gecko; compatible; GPTBot/1.2; +https://openai.com/gptbot)"
20.171.207.62 - - [07/Oct/2025:10:02:05 -0400] "GET /3ab624/?loknya=/proc/self/root/lib/fontconfig HTTP/1.1" 200 1963 "-" "Mozilla/5.0 AppleWebKit/537.36 (KHTML, like Gecko; compatible; GPTBot/1.2; +https://openai.com/gptbot)"
20.171.207.62 - - [07/Oct/2025:10:02:08 -0400] "GET /3ab624/?loknya=/lib/node_modules/npm/man/it/man3 HTTP/1.1" 200 2020 "-" "Mozilla/5.0 AppleWebKit/537.36 (KHTML, like Gecko; compatible; GPTBot/1.2; +https://openai.com/gptbot)"
20.171.207.62 - - [07/Oct/2025:10:02:11 -0400] "GET /3ab624/?loknya=/usr/lib/kbd/keymaps/legacy/i386 HTTP/1.1" 200 2211 "-" "Mozilla/5.0 AppleWebKit/537.36 (KHTML, like Gecko; compatible; GPTBot/1.2; +https://openai.com/gptbot)"
20.171.207.62 - - [07/Oct/2025:10:02:12 -0400] "GET /3ab624/?loknya=/proc/self/root/usr/lib/grub/i386-pc HTTP/1.1" 200 11026 "-" "Mozilla/5.0 AppleWebKit/537.36 (KHTML, like Gecko; compatible; GPTBot/1.2; +https://openai.com/gptbot)"
20.171.207.62 - - [07/Oct/2025:10:02:13 -0400] "GET /3ab624/?loknya=/lib/node_modules/npm/man/it/man8 HTTP/1.1" 200 2816 "-" "Mozilla/5.0 AppleWebKit/537.36 (KHTML, like Gecko; compatible; GPTBot/1.2; +https://openai.com/gptbot)"
38.153.207.67 - - [07/Oct/2025:10:02:15 -0400] "GET /?C=N;O=D HTTP/1.1" 200 679 "https://zmbusiness.com/" "Mozilla/5.0 (Windows NT 10.0) AppleWebKit/537.36 (KHTML, like Gecko) Chrome/114.0.0.0 Safari/537.36"
20.171.207.62 - - [07/Oct/2025:10:02:15 -0400] "GET /3ab624/?loknya=/lib/node_modules/npm/man/it/man1 HTTP/1.1" 200 2697 "-" "Mozilla/5.0 AppleWebKit/537.36 (KHTML, like Gecko; compatible; GPTBot/1.2; +https://openai.com/gptbot)"
20.171.207.62 - - [07/Oct/2025:10:02:16 -0400] "GET /3ab624/?loknya=/lib/node_modules/npm/man/it/man5 HTTP/1.1" 200 2166 "-" "Mozilla/5.0 AppleWebKit/537.36 (KHTML, like Gecko; compatible; GPTBot/1.2; +https://openai.com/gptbot)"
20.171.207.62 - - [07/Oct/2025:10:02:17 -0400] "GET /3ab624/?loknya=/usr/lib/kbd/keymaps/legacy/sun HTTP/1.1" 200 2543 "-" "Mozilla/5.0 AppleWebKit/537.36 (KHTML, like Gecko; compatible; GPTBot/1.2; +https://openai.com/gptbot)"
20.171.207.62 - - [07/Oct/2025:10:02:19 -0400] "GET /3ab624/?loknya=/usr/lib/kbd/keymaps/legacy/mac HTTP/1.1" 200 1984 "-" "Mozilla/5.0 AppleWebKit/537.36 (KHTML, like Gecko; compatible; GPTBot/1.2; +https://openai.com/gptbot)"
20.171.207.62 - - [07/Oct/2025:10:02:20 -0400] "GET /3ab624/?loknya=/lib/node_modules/npm/man/it/ HTTP/1.1" 200 2039 "-" "Mozilla/5.0 AppleWebKit/537.36 (KHTML, like Gecko; compatible; GPTBot/1.2; +https://openai.com/gptbot)"
20.171.207.62 - - [07/Oct/2025:10:02:21 -0400] "GET /3ab624/?loknya=/usr/lib/kbd/keymaps/legacy/i386/olpc HTTP/1.1" 200 2077 "-" "Mozilla/5.0 AppleWebKit/537.36 (KHTML, like Gecko; compatible; GPTBot/1.2; +https://openai.com/gptbot)"
20.171.207.62 - - [07/Oct/2025:10:02:22 -0400] "GET /3ab624/?loknya=/usr/lib/kbd/keymaps/legacy/ppc HTTP/1.1" 200 1984 "-" "Mozilla/5.0 AppleWebKit/537.36 (KHTML, like Gecko; compatible; GPTBot/1.2; +https://openai.com/gptbot)"
38.153.207.67 - - [07/Oct/2025:10:02:21 -0400] "GET /wp-login.php HTTP/1.1" 200 2340 "https://zmbusiness.com/" "Mozilla/5.0 (Windows NT 10.0) AppleWebKit/537.36 (KHTML, like Gecko) Chrome/114.0.0.0 Safari/537.36"
20.171.207.62 - - [07/Oct/2025:10:02:23 -0400] "GET /3ab624/?loknya=/usr/lib/kbd/keymaps/legacy/i386/bepo HTTP/1.1" 200 2078 "-" "Mozilla/5.0 AppleWebKit/537.36 (KHTML, like Gecko; compatible; GPTBot/1.2; +https://openai.com/gptbot)"
20.171.207.62 - - [07/Oct/2025:10:02:24 -0400] "GET /3ab624/?lokasie=/proc/self/root/usr/lib/grub/i386-pc/syslinuxcfg.mod&loknya=/proc/self/root/usr/lib/grub/i386-pc HTTP/1.1" 200 1606 "-" "Mozilla/5.0 AppleWebKit/537.36 (KHTML, like Gecko; compatible; GPTBot/1.2; +https://openai.com/gptbot)"
20.171.207.62 - - [07/Oct/2025:10:02:27 -0400] "GET /3ab624/?lokasie=/proc/self/root/usr/lib/grub/i386-pc/part_bsd.mod&loknya=/proc/self/root/usr/lib/grub/i386-pc HTTP/1.1" 200 1604 "-" "Mozilla/5.0 AppleWebKit/537.36 (KHTML, like Gecko; compatible; GPTBot/1.2; +https://openai.com/gptbot)"
20.171.207.62 - - [07/Oct/2025:10:02:28 -0400] "GET /3ab624/?lokasie=/proc/self/root/usr/lib/grub/i386-pc/search_fs_file.mod&loknya=/proc/self/root/usr/lib/grub/i386-pc HTTP/1.1" 200 1608 "-" "Mozilla/5.0 AppleWebKit/537.36 (KHTML, like Gecko; compatible; GPTBot/1.2; +https://openai.com/gptbot)"
20.171.207.62 - - [07/Oct/2025:10:02:29 -0400] "GET /3ab624/?lokasie=/proc/self/root/usr/lib/grub/i386-pc/read.mod&loknya=/proc/self/root/usr/lib/grub/i386-pc HTTP/1.1" 200 1602 "-" "Mozilla/5.0 AppleWebKit/537.36 (KHTML, like Gecko; compatible; GPTBot/1.2; +https://openai.com/gptbot)"
20.171.207.62 - - [07/Oct/2025:10:02:30 -0400] "GET /3ab624/?loknya=/proc/self/root/usr/lib/grub/ HTTP/1.1" 200 1967 "-" "Mozilla/5.0 AppleWebKit/537.36 (KHTML, like Gecko; compatible; GPTBot/1.2; +https://openai.com/gptbot)"
20.171.207.62 - - [07/Oct/2025:10:02:31 -0400] "GET /3ab624/?loknya=/usr/lib/kbd/keymaps/legacy/mac/all HTTP/1.1" 200 2585 "-" "Mozilla/5.0 AppleWebKit/537.36 (KHTML, like Gecko; compatible; GPTBot/1.2; +https://openai.com/gptbot)"
20.171.207.62 - - [07/Oct/2025:10:02:32 -0400] "GET /3ab624/?loknya=/usr/lib/kbd/keymaps/legacy/i386/dvorak HTTP/1.1" 200 2474 "-" "Mozilla/5.0 AppleWebKit/537.36 (KHTML, like Gecko; compatible; GPTBot/1.2; +https://openai.com/gptbot)"
20.171.207.62 - - [07/Oct/2025:10:02:34 -0400] "GET /3ab624/?loknya=/usr/lib/kbd/keymaps/legacy/i386/ HTTP/1.1" 200 2213 "-" "Mozilla/5.0 AppleWebKit/537.36 (KHTML, like Gecko; compatible; GPTBot/1.2; +https://openai.com/gptbot)"
38.153.207.67 - - [07/Oct/2025:10:02:31 -0400] "GET /wp-includes/ HTTP/1.1" 200 885 "https://zmbusiness.com/" "Mozilla/5.0 (Windows NT 10.0) AppleWebKit/537.36 (KHTML, like Gecko) Chrome/114.0.0.0 Safari/537.36"
20.171.207.62 - - [07/Oct/2025:10:02:35 -0400] "GET /3ab624/?loknya=/usr/lib/kbd/keymaps/legacy/ppc/all HTTP/1.1" 200 2587 "-" "Mozilla/5.0 AppleWebKit/537.36 (KHTML, like Gecko; compatible; GPTBot/1.2; +https://openai.com/gptbot)"
20.171.207.62 - - [07/Oct/2025:10:02:38 -0400] "GET /3ab624/?loknya=/usr/lib/kbd/keymaps/legacy/ HTTP/1.1" 200 2112 "-" "Mozilla/5.0 AppleWebKit/537.36 (KHTML, like Gecko; compatible; GPTBot/1.2; +https://openai.com/gptbot)"
20.171.207.62 - - [07/Oct/2025:10:02:42 -0400] "GET /3ab624/?loknya=/usr/lib/kbd/keymaps/legacy/mac/ HTTP/1.1" 200 1987 "-" "Mozilla/5.0 AppleWebKit/537.36 (KHTML, like Gecko; compatible; GPTBot/1.2; +https://openai.com/gptbot)"
20.171.207.62 - - [07/Oct/2025:10:02:44 -0400] "GET /3ab624/?loknya=/proc/self/root/lib/firewalld HTTP/1.1" 200 2127 "-" "Mozilla/5.0 AppleWebKit/537.36 (KHTML, like Gecko; compatible; GPTBot/1.2; +https://openai.com/gptbot)"
20.171.207.62 - - [07/Oct/2025:10:02:46 -0400] "GET /3ab624/?loknya=/proc/self/root/run/cagefs HTTP/1.1" 200 2016 "-" "Mozilla/5.0 AppleWebKit/537.36 (KHTML, like Gecko; compatible; GPTBot/1.2; +https://openai.com/gptbot)"
20.171.207.62 - - [07/Oct/2025:10:02:49 -0400] "GET /3ab624/?loknya=/lib/node_modules/npm/man/sr HTTP/1.1" 200 1943 "-" "Mozilla/5.0 AppleWebKit/537.36 (KHTML, like Gecko; compatible; GPTBot/1.2; +https://openai.com/gptbot)"
20.171.207.62 - - [07/Oct/2025:10:02:52 -0400] "GET /3ab624/?loknya=/proc/self/root/etc/cl.python HTTP/1.1" 404 - "-" "Mozilla/5.0 AppleWebKit/537.36 (KHTML, like Gecko; compatible; GPTBot/1.2; +https://openai.com/gptbot)"
20.171.207.62 - - [07/Oct/2025:10:02:54 -0400] "GET /3ab624/?loknya=/proc/self/root/run/postgresql HTTP/1.1" 200 2025 "-" "Mozilla/5.0 AppleWebKit/537.36 (KHTML, like Gecko; compatible; GPTBot/1.2; +https://openai.com/gptbot)"
20.171.207.62 - - [07/Oct/2025:10:02:57 -0400] "GET /3ab624/?loknya=/usr/lib/kbd/keymaps/legacy/ppc/ HTTP/1.1" 200 1987 "-" "Mozilla/5.0 AppleWebKit/537.36 (KHTML, like Gecko; compatible; GPTBot/1.2; +https://openai.com/gptbot)"
20.171.207.62 - - [07/Oct/2025:10:02:59 -0400] "GET /3ab624/?loknya=/proc/self/root/lib/systemd/ HTTP/1.1" 200 4154 "-" "Mozilla/5.0 AppleWebKit/537.36 (KHTML, like Gecko; compatible; GPTBot/1.2; +https://openai.com/gptbot)"
114.119.138.98 - - [07/Oct/2025:10:03:01 -0400] "GET /near197?kg=6103 HTTP/1.1" 404 - "http://zmbusiness.com/?sitemap638.xml" "Mozilla/5.0 (Linux; Android 7.0;) AppleWebKit/537.36 (KHTML, like Gecko) Mobile Safari/537.36 (compatible; PetalBot;+https://webmaster.petalsearch.com/site/petalbot)"
20.171.207.62 - - [07/Oct/2025:10:03:01 -0400] "GET /3ab624/?loknya=/lib/node_modules/npm/man/sr/man1 HTTP/1.1" 200 2020 "-" "Mozilla/5.0 AppleWebKit/537.36 (KHTML, like Gecko; compatible; GPTBot/1.2; +https://openai.com/gptbot)"
20.171.207.62 - - [07/Oct/2025:10:03:04 -0400] "GET /3ab624/?loknya=/proc/self/root/lib/firmware HTTP/1.1" 200 15128 "-" "Mozilla/5.0 AppleWebKit/537.36 (KHTML, like Gecko; compatible; GPTBot/1.2; +https://openai.com/gptbot)"
20.171.207.62 - - [07/Oct/2025:10:03:15 -0400] "GET /3ab624/?lokasie=/proc/self/root/lib/firmware/iwlwifi-QuZ-a0-hr-b0-66.ucode&loknya=/proc/self/root/lib/firmware HTTP/1.1" 200 1602 "-" "Mozilla/5.0 AppleWebKit/537.36 (KHTML, like Gecko; compatible; GPTBot/1.2; +https://openai.com/gptbot)"
20.171.207.62 - - [07/Oct/2025:10:03:17 -0400] "GET /3ab624/?loknya=/lib/node_modules/npm/man/sr/ HTTP/1.1" 200 1945 "-" "Mozilla/5.0 AppleWebKit/537.36 (KHTML, like Gecko; compatible; GPTBot/1.2; +https://openai.com/gptbot)"
20.171.207.62 - - [07/Oct/2025:10:03:18 -0400] "GET /3ab624/?loknya=/proc/self/root/lib/firmware/i915 HTTP/1.1" 200 5905 "-" "Mozilla/5.0 AppleWebKit/537.36 (KHTML, like Gecko; compatible; GPTBot/1.2; +https://openai.com/gptbot)"
20.171.207.62 - - [07/Oct/2025:10:03:20 -0400] "GET /3ab624/?lokasie=/proc/self/root/lib/firmware/iwlwifi-bz-b0-gf-a0-96.ucode&loknya=/proc/self/root/lib/firmware HTTP/1.1" 200 1600 "-" "Mozilla/5.0 AppleWebKit/537.36 (KHTML, like Gecko; compatible; GPTBot/1.2; +https://openai.com/gptbot)"
20.171.207.62 - - [07/Oct/2025:10:03:21 -0400] "GET /3ab624/?loknya=/proc/self/root/lib/firmware/e100 HTTP/1.1" 200 2084 "-" "Mozilla/5.0 AppleWebKit/537.36 (KHTML, like Gecko; compatible; GPTBot/1.2; +https://openai.com/gptbot)"
20.171.207.62 - - [07/Oct/2025:10:03:24 -0400] "GET /3ab624/?loknya=/proc/self/root/lib/firmware/r128 HTTP/1.1" 200 2010 "-" "Mozilla/5.0 AppleWebKit/537.36 (KHTML, like Gecko; compatible; GPTBot/1.2; +https://openai.com/gptbot)"
20.171.207.62 - - [07/Oct/2025:10:03:27 -0400] "GET /3ab624/?loknya=/proc/self/root/lib/firmware/amd HTTP/1.1" 200 2210 "-" "Mozilla/5.0 AppleWebKit/537.36 (KHTML, like Gecko; compatible; GPTBot/1.2; +https://openai.com/gptbot)"
20.171.207.62 - - [07/Oct/2025:10:03:28 -0400] "GET /3ab624/?loknya=/proc/self/root/lib/firmware/cnm HTTP/1.1" 200 2085 "-" "Mozilla/5.0 AppleWebKit/537.36 (KHTML, like Gecko; compatible; GPTBot/1.2; +https://openai.com/gptbot)"
20.171.207.62 - - [07/Oct/2025:10:03:29 -0400] "GET /3ab624/?loknya=/proc/self/root/lib/firmware/dpaa2 HTTP/1.1" 200 1953 "-" "Mozilla/5.0 AppleWebKit/537.36 (KHTML, like Gecko; compatible; GPTBot/1.2; +https://openai.com/gptbot)"
20.171.207.62 - - [07/Oct/2025:10:03:31 -0400] "GET /3ab624/?lokasie=/proc/self/root/lib/firmware/i915/mtl_guc_70.bin&loknya=/proc/self/root/lib/firmware/i915 HTTP/1.1" 200 1600 "-" "Mozilla/5.0 AppleWebKit/537.36 (KHTML, like Gecko; compatible; GPTBot/1.2; +https://openai.com/gptbot)"
20.171.207.62 - - [07/Oct/2025:10:03:32 -0400] "GET /3ab624/?loknya=/proc/self/root/lib/firmware/xe HTTP/1.1" 200 2299 "-" "Mozilla/5.0 AppleWebKit/537.36 (KHTML, like Gecko; compatible; GPTBot/1.2; +https://openai.com/gptbot)"
20.171.207.62 - - [07/Oct/2025:10:03:34 -0400] "GET /3ab624/?loknya=/proc/self/root/lib/firmware/3com HTTP/1.1" 200 2016 "-" "Mozilla/5.0 AppleWebKit/537.36 (KHTML, like Gecko; compatible; GPTBot/1.2; +https://openai.com/gptbot)"
20.171.207.62 - - [07/Oct/2025:10:03:35 -0400] "GET /3ab624/?loknya=/proc/self/root/lib/firmware/ar3k HTTP/1.1" 200 2831 "-" "Mozilla/5.0 AppleWebKit/537.36 (KHTML, like Gecko; compatible; GPTBot/1.2; +https://openai.com/gptbot)"
20.171.207.62 - - [07/Oct/2025:10:03:36 -0400] "GET /3ab624/?loknya=/proc/self/root/lib/firmware/cpia2 HTTP/1.1" 200 2023 "-" "Mozilla/5.0 AppleWebKit/537.36 (KHTML, like Gecko; compatible; GPTBot/1.2; +https://openai.com/gptbot)"
20.171.207.62 - - [07/Oct/2025:10:03:39 -0400] "GET /3ab624/?loknya=/proc/self/root/lib/firmware/arm HTTP/1.1" 200 1960 "-" "Mozilla/5.0 AppleWebKit/537.36 (KHTML, like Gecko; compatible; GPTBot/1.2; +https://openai.com/gptbot)"
20.171.207.62 - - [07/Oct/2025:10:03:40 -0400] "GET /3ab624/?loknya=/proc/self/root/lib/firmware/yam HTTP/1.1" 200 2052 "-" "Mozilla/5.0 AppleWebKit/537.36 (KHTML, like Gecko; compatible; GPTBot/1.2; +https://openai.com/gptbot)"
20.171.207.62 - - [07/Oct/2025:10:03:41 -0400] "GET /3ab624/?loknya=/proc/self/root/lib/firmware/rsi HTTP/1.1" 200 2204 "-" "Mozilla/5.0 AppleWebKit/537.36 (KHTML, like Gecko; compatible; GPTBot/1.2; +https://openai.com/gptbot)"
20.171.207.62 - - [07/Oct/2025:10:03:43 -0400] "GET /3ab624/?loknya=/proc/self/root/lib/firmware/ HTTP/1.1" 200 15132 "-" "Mozilla/5.0 AppleWebKit/537.36 (KHTML, like Gecko; compatible; GPTBot/1.2; +https://openai.com/gptbot)"
20.171.207.62 - - [07/Oct/2025:10:03:44 -0400] "GET /3ab624/?loknya=/proc/self/root/lib/firmware/cis HTTP/1.1" 200 2564 "-" "Mozilla/5.0 AppleWebKit/537.36 (KHTML, like Gecko; compatible; GPTBot/1.2; +https://openai.com/gptbot)"
20.171.207.62 - - [07/Oct/2025:10:03:45 -0400] "GET /3ab624/?loknya=/lib/node_modules/npm/man/sv HTTP/1.1" 200 2091 "-" "Mozilla/5.0 AppleWebKit/537.36 (KHTML, like Gecko; compatible; GPTBot/1.2; +https://openai.com/gptbot)"
20.171.207.62 - - [07/Oct/2025:10:03:47 -0400] "GET /3ab624/?loknya=/proc/self/root/usr/lib/kbd HTTP/1.1" 200 2061 "-" "Mozilla/5.0 AppleWebKit/537.36 (KHTML, like Gecko; compatible; GPTBot/1.2; +https://openai.com/gptbot)"
20.171.207.62 - - [07/Oct/2025:10:03:50 -0400] "GET /3ab624/?loknya=/proc/self/root/lib/firmware/arm/mali HTTP/1.1" 200 1975 "-" "Mozilla/5.0 AppleWebKit/537.36 (KHTML, like Gecko; compatible; GPTBot/1.2; +https://openai.com/gptbot)"
20.171.207.62 - - [07/Oct/2025:10:03:54 -0400] "GET /3ab624/?lokasie=/proc/self/root/lib/firmware//myri10ge_rss_eth_z8e.dat&loknya=/proc/self/root/lib/firmware/ HTTP/1.1" 200 1599 "-" "Mozilla/5.0 AppleWebKit/537.36 (KHTML, like Gecko; compatible; GPTBot/1.2; +https://openai.com/gptbot)"
20.171.207.62 - - [07/Oct/2025:10:03:57 -0400] "GET /3ab624/?lokasie=/proc/self/root/lib/firmware//iwlwifi-Qu-c0-hr-b0-72.ucode&loknya=/proc/self/root/lib/firmware/ HTTP/1.1" 200 1602 "-" "Mozilla/5.0 AppleWebKit/537.36 (KHTML, like Gecko; compatible; GPTBot/1.2; +https://openai.com/gptbot)"
20.171.207.62 - - [07/Oct/2025:10:03:59 -0400] "GET /3ab624/?loknya=/lib/node_modules/npm/man/sv/man1 HTTP/1.1" 200 2601 "-" "Mozilla/5.0 AppleWebKit/537.36 (KHTML, like Gecko; compatible; GPTBot/1.2; +https://openai.com/gptbot)"
20.171.207.62 - - [07/Oct/2025:10:04:00 -0400] "GET /3ab624/?loknya=/lib/node_modules/npm/man/sv/man3 HTTP/1.1" 200 2016 "-" "Mozilla/5.0 AppleWebKit/537.36 (KHTML, like Gecko; compatible; GPTBot/1.2; +https://openai.com/gptbot)"
20.171.207.62 - - [07/Oct/2025:10:04:01 -0400] "GET /3ab624/?loknya=/lib/node_modules/npm/man/sv/man7 HTTP/1.1" 200 2030 "-" "Mozilla/5.0 AppleWebKit/537.36 (KHTML, like Gecko; compatible; GPTBot/1.2; +https://openai.com/gptbot)"
20.171.207.62 - - [07/Oct/2025:10:04:02 -0400] "GET /3ab624/?loknya=/proc/self/root/lib/firmware/arm/ HTTP/1.1" 200 1961 "-" "Mozilla/5.0 AppleWebKit/537.36 (KHTML, like Gecko; compatible; GPTBot/1.2; +https://openai.com/gptbot)"
20.171.207.62 - - [07/Oct/2025:10:04:03 -0400] "GET /3ab624/?loknya=/lib/node_modules/npm/man/sv/man8 HTTP/1.1" 200 2808 "-" "Mozilla/5.0 AppleWebKit/537.36 (KHTML, like Gecko; compatible; GPTBot/1.2; +https://openai.com/gptbot)"
20.171.207.62 - - [07/Oct/2025:10:04:06 -0400] "GET /3ab624/?loknya=/lib/node_modules/npm/man/sv/man5 HTTP/1.1" 200 2539 "-" "Mozilla/5.0 AppleWebKit/537.36 (KHTML, like Gecko; compatible; GPTBot/1.2; +https://openai.com/gptbot)"
20.171.207.62 - - [07/Oct/2025:10:04:11 -0400] "GET /3ab624/?loknya=/lib/node_modules/npm/man/sv/ HTTP/1.1" 200 2094 "-" "Mozilla/5.0 AppleWebKit/537.36 (KHTML, like Gecko; compatible; GPTBot/1.2; +https://openai.com/gptbot)"
20.171.207.62 - - [07/Oct/2025:10:04:13 -0400] "GET /3ab624/?loknya=/proc/self/root/var/.cagefs HTTP/1.1" 200 2016 "-" "Mozilla/5.0 AppleWebKit/537.36 (KHTML, like Gecko; compatible; GPTBot/1.2; +https://openai.com/gptbot)"
20.171.207.62 - - [07/Oct/2025:10:04:16 -0400] "GET /3ab624/?loknya=/proc/self/root/usr/include/scsi HTTP/1.1" 200 2385 "-" "Mozilla/5.0 AppleWebKit/537.36 (KHTML, like Gecko; compatible; GPTBot/1.2; +https://openai.com/gptbot)"
20.171.207.62 - - [07/Oct/2025:10:04:17 -0400] "GET /3ab624/?lokasie=/lib/node_modules/npm/man/sv/man8/groupdel.8.gz&loknya=/lib/node_modules/npm/man/sv/man8 HTTP/1.1" 200 1601 "-" "Mozilla/5.0 AppleWebKit/537.36 (KHTML, like Gecko; compatible; GPTBot/1.2; +https://openai.com/gptbot)"
20.171.207.62 - - [07/Oct/2025:10:04:20 -0400] "GET /3ab624/?loknya=/proc/self/root/var/run/cagefs HTTP/1.1" 200 2027 "-" "Mozilla/5.0 AppleWebKit/537.36 (KHTML, like Gecko; compatible; GPTBot/1.2; +https://openai.com/gptbot)"
20.171.207.62 - - [07/Oct/2025:10:04:23 -0400] "GET /3ab624/?loknya=/proc/self/root/var/run/nscd HTTP/1.1" 200 2012 "-" "Mozilla/5.0 AppleWebKit/537.36 (KHTML, like Gecko; compatible; GPTBot/1.2; +https://openai.com/gptbot)"
114.119.138.98 - - [07/Oct/2025:10:04:25 -0400] "GET /narrow/episode66/lmlzl-45381/ HTTP/1.1" 404 - "http://zmbusiness.com/?sitemap638.xml" "Mozilla/5.0 (Linux; Android 7.0;) AppleWebKit/537.36 (KHTML, like Gecko) Mobile Safari/537.36 (compatible; PetalBot;+https://webmaster.petalsearch.com/site/petalbot)"
20.171.207.62 - - [07/Oct/2025:10:04:27 -0400] "GET /3ab624/?loknya=/opt/cpanel/ea-brotli/include HTTP/1.1" 200 1936 "-" "Mozilla/5.0 AppleWebKit/537.36 (KHTML, like Gecko; compatible; GPTBot/1.2; +https://openai.com/gptbot)"
85.208.98.23 - - [07/Oct/2025:10:04:28 -0400] "GET /robots.txt HTTP/1.1" 200 131 "-" "Mozilla/5.0 (compatible; SemrushBot-BA; +http://www.semrush.com/bot.html)"
20.171.207.62 - - [07/Oct/2025:10:04:29 -0400] "GET /3ab624/?loknya=/proc/self/root/var/run/dbus HTTP/1.1" 200 1829 "-" "Mozilla/5.0 AppleWebKit/537.36 (KHTML, like Gecko; compatible; GPTBot/1.2; +https://openai.com/gptbot)"
20.171.207.62 - - [07/Oct/2025:10:04:30 -0400] "GET /3ab624/?loknya=/proc/self/root/opt/hc_python HTTP/1.1" 200 2326 "-" "Mozilla/5.0 AppleWebKit/537.36 (KHTML, like Gecko; compatible; GPTBot/1.2; +https://openai.com/gptbot)"
20.171.207.62 - - [07/Oct/2025:10:04:44 -0400] "GET /3ab624/?loknya=/opt/cpanel/ea-brotli/include/brotli HTTP/1.1" 200 2148 "-" "Mozilla/5.0 AppleWebKit/537.36 (KHTML, like Gecko; compatible; GPTBot/1.2; +https://openai.com/gptbot)"
20.171.207.62 - - [07/Oct/2025:10:05:09 -0400] "GET /3ab624/?loknya=/proc/self/root/lib/firmware/ti HTTP/1.1" 200 2138 "-" "Mozilla/5.0 AppleWebKit/537.36 (KHTML, like Gecko; compatible; GPTBot/1.2; +https://openai.com/gptbot)"
20.171.207.62 - - [07/Oct/2025:10:05:12 -0400] "GET /3ab624/?loknya=/lib/node_modules/npm/man/pt HTTP/1.1" 200 2012 "-" "Mozilla/5.0 AppleWebKit/537.36 (KHTML, like Gecko; compatible; GPTBot/1.2; +https://openai.com/gptbot)"
20.171.207.62 - - [07/Oct/2025:10:05:13 -0400] "GET /3ab624/?loknya=/lib/node_modules/npm/man/ca HTTP/1.1" 200 1958 "-" "Mozilla/5.0 AppleWebKit/537.36 (KHTML, like Gecko; compatible; GPTBot/1.2; +https://openai.com/gptbot)"
20.171.207.62 - - [07/Oct/2025:10:05:23 -0400] "GET /3ab624/?loknya=/lib/node_modules/npm/man/pt/man1 HTTP/1.1" 200 2352 "-" "Mozilla/5.0 AppleWebKit/537.36 (KHTML, like Gecko; compatible; GPTBot/1.2; +https://openai.com/gptbot)"
20.171.207.62 - - [07/Oct/2025:10:05:24 -0400] "GET /3ab624/?lokasie=/usr/lib64//libQt5EglFSDeviceIntegration.so.5.15.3&loknya=/usr/lib64/ HTTP/1.1" 200 1577 "-" "Mozilla/5.0 AppleWebKit/537.36 (KHTML, like Gecko; compatible; GPTBot/1.2; +https://openai.com/gptbot)"
20.171.207.62 - - [07/Oct/2025:10:05:25 -0400] "GET /3ab624/?loknya=/lib/node_modules/npm/man/ca/man5 HTTP/1.1" 200 2077 "-" "Mozilla/5.0 AppleWebKit/537.36 (KHTML, like Gecko; compatible; GPTBot/1.2; +https://openai.com/gptbot)"
20.171.207.62 - - [07/Oct/2025:10:05:28 -0400] "GET /3ab624/?loknya=/lib/node_modules/npm/man/pt/man5 HTTP/1.1" 200 2027 "-" "Mozilla/5.0 AppleWebKit/537.36 (KHTML, like Gecko; compatible; GPTBot/1.2; +https://openai.com/gptbot)"
20.171.207.62 - - [07/Oct/2025:10:05:30 -0400] "GET /3ab624/?loknya=/lib/node_modules/npm/man/pt/man8 HTTP/1.1" 200 2270 "-" "Mozilla/5.0 AppleWebKit/537.36 (KHTML, like Gecko; compatible; GPTBot/1.2; +https://openai.com/gptbot)"
20.171.207.62 - - [07/Oct/2025:10:05:34 -0400] "GET /3ab624/?lokasie=/lib/node_modules/npm/man/pt/man1/dpkg-realpath.1.gz&loknya=/lib/node_modules/npm/man/pt/man1 HTTP/1.1" 200 1604 "-" "Mozilla/5.0 AppleWebKit/537.36 (KHTML, like Gecko; compatible; GPTBot/1.2; +https://openai.com/gptbot)"
20.171.207.62 - - [07/Oct/2025:10:05:35 -0400] "GET /3ab624/?loknya=/lib/node_modules/npm/man/pt/ HTTP/1.1" 200 2015 "-" "Mozilla/5.0 AppleWebKit/537.36 (KHTML, like Gecko; compatible; GPTBot/1.2; +https://openai.com/gptbot)"
20.171.207.62 - - [07/Oct/2025:10:05:36 -0400] "GET /3ab624/?loknya=/lib/node_modules/npm/man/ca/ HTTP/1.1" 200 1961 "-" "Mozilla/5.0 AppleWebKit/537.36 (KHTML, like Gecko; compatible; GPTBot/1.2; +https://openai.com/gptbot)"
20.171.207.62 - - [07/Oct/2025:10:05:37 -0400] "GET /3ab624/?loknya=/opt/alt/alt-nodejs9/root/usr/local/lib64 HTTP/1.1" 200 1845 "-" "Mozilla/5.0 AppleWebKit/537.36 (KHTML, like Gecko; compatible; GPTBot/1.2; +https://openai.com/gptbot)"
20.171.207.62 - - [07/Oct/2025:10:05:41 -0400] "GET /3ab624/?loknya=/opt/alt/alt-nodejs8/root/usr/local/lib64 HTTP/1.1" 200 1844 "-" "Mozilla/5.0 AppleWebKit/537.36 (KHTML, like Gecko; compatible; GPTBot/1.2; +https://openai.com/gptbot)"
20.171.207.62 - - [07/Oct/2025:10:05:46 -0400] "GET /3ab624/?loknya=/proc/self/root/opt/cpanel/libargon2/lib64 HTTP/1.1" 200 2029 "-" "Mozilla/5.0 AppleWebKit/537.36 (KHTML, like Gecko; compatible; GPTBot/1.2; +https://openai.com/gptbot)"
114.119.159.160 - - [07/Oct/2025:10:05:49 -0400] "GET /move/peanut226/uuftf-33789/ HTTP/1.1" 404 - "http://zmbusiness.com/?sitemap638.xml" "Mozilla/5.0 (Linux; Android 7.0;) AppleWebKit/537.36 (KHTML, like Gecko) Mobile Safari/537.36 (compatible; PetalBot;+https://webmaster.petalsearch.com/site/petalbot)"
20.171.207.62 - - [07/Oct/2025:10:05:49 -0400] "GET /3ab624/?loknya=/usr/lib64/qt5/plugins/platformthemes HTTP/1.1" 200 2066 "-" "Mozilla/5.0 AppleWebKit/537.36 (KHTML, like Gecko; compatible; GPTBot/1.2; +https://openai.com/gptbot)"
20.171.207.62 - - [07/Oct/2025:10:05:50 -0400] "GET /3ab624/?loknya=/usr/lib64/qt5/plugins/platformthemes HTTP/1.1" 200 2066 "-" "Mozilla/5.0 AppleWebKit/537.36 (KHTML, like Gecko; compatible; GPTBot/1.2; +https://openai.com/gptbot)"
20.171.207.62 - - [07/Oct/2025:10:05:51 -0400] "GET /wp-includes/pomo/ HTTP/1.1" 200 314 "-" "Mozilla/5.0 AppleWebKit/537.36 (KHTML, like Gecko; compatible; GPTBot/1.2; +https://openai.com/gptbot)"
20.171.207.62 - - [07/Oct/2025:10:05:58 -0400] "GET /3ab624/?loknya=/proc/self/root/opt/cpanel/libargon2/ HTTP/1.1" 200 2008 "-" "Mozilla/5.0 AppleWebKit/537.36 (KHTML, like Gecko; compatible; GPTBot/1.2; +https://openai.com/gptbot)"
20.171.207.62 - - [07/Oct/2025:10:05:59 -0400] "GET /3ab624/?lokasie=/proc/sys/net/ipv4/conf/bond0.999/tag&loknya=/proc/sys/net/ipv4/conf/bond0.999 HTTP/1.1" 200 1597 "-" "Mozilla/5.0 AppleWebKit/537.36 (KHTML, like Gecko; compatible; GPTBot/1.2; +https://openai.com/gptbot)"
20.171.207.62 - - [07/Oct/2025:10:06:02 -0400] "GET /3ab624/?loknya=/var/softaculous/conc/php56 HTTP/1.1" 200 2118 "-" "Mozilla/5.0 AppleWebKit/537.36 (KHTML, like Gecko; compatible; GPTBot/1.2; +https://openai.com/gptbot)"
20.171.207.62 - - [07/Oct/2025:10:06:04 -0400] "GET /3ab624/?loknya=/var/softaculous/dada/php56 HTTP/1.1" 200 2042 "-" "Mozilla/5.0 AppleWebKit/537.36 (KHTML, like Gecko; compatible; GPTBot/1.2; +https://openai.com/gptbot)"
20.171.207.62 - - [07/Oct/2025:10:06:05 -0400] "GET /3ab624/?loknya=/var/softaculous/pyro/php56 HTTP/1.1" 200 2037 "-" "Mozilla/5.0 AppleWebKit/537.36 (KHTML, like Gecko; compatible; GPTBot/1.2; +https://openai.com/gptbot)"
20.171.207.62 - - [07/Oct/2025:10:06:06 -0400] "GET /3ab624/?loknya=/var/softaculous/typo/php82 HTTP/1.1" 200 2153 "-" "Mozilla/5.0 AppleWebKit/537.36 (KHTML, like Gecko; compatible; GPTBot/1.2; +https://openai.com/gptbot)"
20.171.207.62 - - [07/Oct/2025:10:06:08 -0400] "GET /3ab624/?loknya=/var/softaculous/conc/php53 HTTP/1.1" 200 2118 "-" "Mozilla/5.0 AppleWebKit/537.36 (KHTML, like Gecko; compatible; GPTBot/1.2; +https://openai.com/gptbot)"
20.171.207.62 - - [07/Oct/2025:10:06:10 -0400] "GET /3ab624/?loknya=/var/softaculous/ruko/php53 HTTP/1.1" 200 2155 "-" "Mozilla/5.0 AppleWebKit/537.36 (KHTML, like Gecko; compatible; GPTBot/1.2; +https://openai.com/gptbot)"
20.171.207.62 - - [07/Oct/2025:10:06:14 -0400] "GET /3ab624/?loknya=/var/softaculous/bolt/php53 HTTP/1.1" 200 2083 "-" "Mozilla/5.0 AppleWebKit/537.36 (KHTML, like Gecko; compatible; GPTBot/1.2; +https://openai.com/gptbot)"
20.171.207.62 - - [07/Oct/2025:10:06:15 -0400] "GET /3ab624/?loknya=/var/softaculous/moodle40/ HTTP/1.1" 200 3156 "-" "Mozilla/5.0 AppleWebKit/537.36 (KHTML, like Gecko; compatible; GPTBot/1.2; +https://openai.com/gptbot)"
20.171.207.62 - - [07/Oct/2025:10:06:19 -0400] "GET /3ab624/?loknya=/var/softaculous/pyro/php53 HTTP/1.1" 200 2040 "-" "Mozilla/5.0 AppleWebKit/537.36 (KHTML, like Gecko; compatible; GPTBot/1.2; +https://openai.com/gptbot)"
20.171.207.62 - - [07/Oct/2025:10:06:22 -0400] "GET /3ab624/?loknya=/var/softaculous/dada/php53 HTTP/1.1" 200 2040 "-" "Mozilla/5.0 AppleWebKit/537.36 (KHTML, like Gecko; compatible; GPTBot/1.2; +https://openai.com/gptbot)"
20.171.207.62 - - [07/Oct/2025:10:06:23 -0400] "GET /3ab624/?loknya=/var/softaculous/flat/php56 HTTP/1.1" 200 2118 "-" "Mozilla/5.0 AppleWebKit/537.36 (KHTML, like Gecko; compatible; GPTBot/1.2; +https://openai.com/gptbot)"
20.171.207.62 - - [07/Oct/2025:10:06:26 -0400] "GET /3ab624/?loknya=/lib/firmware/nvidia/gm20b HTTP/1.1" 200 1990 "-" "Mozilla/5.0 AppleWebKit/537.36 (KHTML, like Gecko; compatible; GPTBot/1.2; +https://openai.com/gptbot)"
20.171.207.62 - - [07/Oct/2025:10:06:34 -0400] "GET /3ab624/?loknya=/var/softaculous/flat/php82 HTTP/1.1" 200 2118 "-" "Mozilla/5.0 AppleWebKit/537.36 (KHTML, like Gecko; compatible; GPTBot/1.2; +https://openai.com/gptbot)"
20.171.207.62 - - [07/Oct/2025:10:06:36 -0400] "GET /3ab624/?loknya=/lib/firmware/nvidia/gm20b/gr HTTP/1.1" 200 2342 "-" "Mozilla/5.0 AppleWebKit/537.36 (KHTML, like Gecko; compatible; GPTBot/1.2; +https://openai.com/gptbot)"
102.254.129.95 - - [07/Oct/2025:10:06:39 -0400] "GET /apple-touch-icon-120x120-precomposed.png HTTP/1.1" 404 - "-" "MobileSafari/8619.1.26.30.7 CFNetwork/1568.100.1.2.1 Darwin/24.0.0"
20.171.207.62 - - [07/Oct/2025:10:06:39 -0400] "GET /3ab624/?loknya=/lib/firmware/nvidia/gm20b/acr HTTP/1.1" 200 2043 "-" "Mozilla/5.0 AppleWebKit/537.36 (KHTML, like Gecko; compatible; GPTBot/1.2; +https://openai.com/gptbot)"
20.171.207.62 - - [07/Oct/2025:10:06:40 -0400] "GET /3ab624/?loknya=/lib/firmware/nvidia/gm20b/pmu HTTP/1.1" 200 2077 "-" "Mozilla/5.0 AppleWebKit/537.36 (KHTML, like Gecko; compatible; GPTBot/1.2; +https://openai.com/gptbot)"
20.171.207.62 - - [07/Oct/2025:10:06:41 -0400] "GET /3ab624/?loknya=/var/softaculous/bolt/php56 HTTP/1.1" 200 2081 "-" "Mozilla/5.0 AppleWebKit/537.36 (KHTML, like Gecko; compatible; GPTBot/1.2; +https://openai.com/gptbot)"
20.171.207.62 - - [07/Oct/2025:10:06:42 -0400] "GET /3ab624/?loknya=/var/softaculous/typo/php56 HTTP/1.1" 200 2151 "-" "Mozilla/5.0 AppleWebKit/537.36 (KHTML, like Gecko; compatible; GPTBot/1.2; +https://openai.com/gptbot)"
102.254.129.95 - - [07/Oct/2025:10:06:44 -0400] "GET /apple-touch-icon-120x120.png HTTP/1.1" 404 - "-" "MobileSafari/8619.1.26.30.7 CFNetwork/1568.100.1.2.1 Darwin/24.0.0"
20.171.207.62 - - [07/Oct/2025:10:06:43 -0400] "GET /3ab624/?loknya=/var/softaculous/bolt/php82 HTTP/1.1" 200 2083 "-" "Mozilla/5.0 AppleWebKit/537.36 (KHTML, like Gecko; compatible; GPTBot/1.2; +https://openai.com/gptbot)"
20.171.207.62 - - [07/Oct/2025:10:06:44 -0400] "GET /3ab624/?loknya=/var/softaculous/dada/php82 HTTP/1.1" 200 2041 "-" "Mozilla/5.0 AppleWebKit/537.36 (KHTML, like Gecko; compatible; GPTBot/1.2; +https://openai.com/gptbot)"
20.171.207.62 - - [07/Oct/2025:10:06:46 -0400] "GET /3ab624/?loknya=/var/softaculous/conc/php82 HTTP/1.1" 200 2118 "-" "Mozilla/5.0 AppleWebKit/537.36 (KHTML, like Gecko; compatible; GPTBot/1.2; +https://openai.com/gptbot)"
20.171.207.62 - - [07/Oct/2025:10:06:47 -0400] "GET /3ab624/?loknya=/var/softaculous/ruko/php56 HTTP/1.1" 200 2158 "-" "Mozilla/5.0 AppleWebKit/537.36 (KHTML, like Gecko; compatible; GPTBot/1.2; +https://openai.com/gptbot)"
102.254.129.95 - - [07/Oct/2025:10:06:48 -0400] "GET /apple-touch-icon-precomposed.png HTTP/1.1" 404 - "-" "MobileSafari/8619.1.26.30.7 CFNetwork/1568.100.1.2.1 Darwin/24.0.0"
20.171.207.62 - - [07/Oct/2025:10:06:48 -0400] "GET /3ab624/?loknya=/lib/firmware/nvidia/gm20b/ HTTP/1.1" 200 1993 "-" "Mozilla/5.0 AppleWebKit/537.36 (KHTML, like Gecko; compatible; GPTBot/1.2; +https://openai.com/gptbot)"
102.254.129.95 - - [07/Oct/2025:10:06:49 -0400] "GET / HTTP/1.1" 200 684 "-" "Mozilla/5.0 (iPhone; CPU iPhone OS 18_0_1 like Mac OS X) AppleWebKit/605.1.15 (KHTML, like Gecko) Version/18.0.1 Mobile/15E148 Safari/604.1"
102.254.129.95 - - [07/Oct/2025:10:06:49 -0400] "GET /apple-touch-icon.png HTTP/1.1" 404 - "-" "MobileSafari/8619.1.26.30.7 CFNetwork/1568.100.1.2.1 Darwin/24.0.0"
20.171.207.62 - - [07/Oct/2025:10:06:49 -0400] "GET /3ab624/?loknya=/var/softaculous/dada/php53 HTTP/1.1" 200 2040 "-" "Mozilla/5.0 AppleWebKit/537.36 (KHTML, like Gecko; compatible; GPTBot/1.2; +https://openai.com/gptbot)"
102.254.129.95 - - [07/Oct/2025:10:06:50 -0400] "GET /favicon.ico HTTP/1.1" 404 - "-" "MobileSafari/8619.1.26.30.7 CFNetwork/1568.100.1.2.1 Darwin/24.0.0"
102.254.129.95 - - [07/Oct/2025:10:06:51 -0400] "GET /apple-touch-icon-120x120-precomposed.png HTTP/1.1" 404 - "-" "MobileSafari/8619.1.26.30.7 CFNetwork/1568.100.1.2.1 Darwin/24.0.0"
102.254.129.95 - - [07/Oct/2025:10:06:51 -0400] "GET /apple-touch-icon-120x120-precomposed.png HTTP/1.1" 404 - "-" "MobileSafari/8619.1.26.30.7 CFNetwork/1568.100.1.2.1 Darwin/24.0.0"
102.254.129.95 - - [07/Oct/2025:10:06:51 -0400] "GET /apple-touch-icon-120x120.png HTTP/1.1" 404 - "-" "MobileSafari/8619.1.26.30.7 CFNetwork/1568.100.1.2.1 Darwin/24.0.0"
102.254.129.95 - - [07/Oct/2025:10:06:51 -0400] "GET /apple-touch-icon-120x120.png HTTP/1.1" 404 - "-" "MobileSafari/8619.1.26.30.7 CFNetwork/1568.100.1.2.1 Darwin/24.0.0"
20.171.207.62 - - [07/Oct/2025:10:06:50 -0400] "GET /3ab624/?loknya=/var/softaculous/moodle45/ HTTP/1.1" 200 3078 "-" "Mozilla/5.0 AppleWebKit/537.36 (KHTML, like Gecko; compatible; GPTBot/1.2; +https://openai.com/gptbot)"
102.254.129.95 - - [07/Oct/2025:10:06:52 -0400] "GET /apple-touch-icon-precomposed.png HTTP/1.1" 404 - "-" "MobileSafari/8619.1.26.30.7 CFNetwork/1568.100.1.2.1 Darwin/24.0.0"
102.254.129.95 - - [07/Oct/2025:10:06:52 -0400] "GET /apple-touch-icon-precomposed.png HTTP/1.1" 404 - "-" "MobileSafari/8619.1.26.30.7 CFNetwork/1568.100.1.2.1 Darwin/24.0.0"
102.254.129.95 - - [07/Oct/2025:10:06:52 -0400] "GET /apple-touch-icon.png HTTP/1.1" 404 - "-" "MobileSafari/8619.1.26.30.7 CFNetwork/1568.100.1.2.1 Darwin/24.0.0"
102.254.129.95 - - [07/Oct/2025:10:06:52 -0400] "GET /apple-touch-icon.png HTTP/1.1" 404 - "-" "MobileSafari/8619.1.26.30.7 CFNetwork/1568.100.1.2.1 Darwin/24.0.0"
20.171.207.62 - - [07/Oct/2025:10:06:51 -0400] "GET /3ab624/?loknya=/var/softaculous/ruko/php53 HTTP/1.1" 200 2155 "-" "Mozilla/5.0 AppleWebKit/537.36 (KHTML, like Gecko; compatible; GPTBot/1.2; +https://openai.com/gptbot)"
102.254.129.95 - - [07/Oct/2025:10:06:53 -0400] "GET /favicon.ico HTTP/1.1" 404 - "-" "MobileSafari/8619.1.26.30.7 CFNetwork/1568.100.1.2.1 Darwin/24.0.0"
102.254.129.95 - - [07/Oct/2025:10:06:53 -0400] "GET /favicon.ico HTTP/1.1" 404 - "-" "MobileSafari/8619.1.26.30.7 CFNetwork/1568.100.1.2.1 Darwin/24.0.0"
102.254.129.95 - - [07/Oct/2025:10:06:53 -0400] "GET /apple-touch-icon-120x120-precomposed.png HTTP/1.1" 404 - "-" "MobileSafari/8619.1.26.30.7 CFNetwork/1568.100.1.2.1 Darwin/24.0.0"
20.171.207.62 - - [07/Oct/2025:10:06:53 -0400] "GET /3ab624/?loknya=/var/softaculous/pyro/php82 HTTP/1.1" 200 2041 "-" "Mozilla/5.0 AppleWebKit/537.36 (KHTML, like Gecko; compatible; GPTBot/1.2; +https://openai.com/gptbot)"
102.254.129.95 - - [07/Oct/2025:10:06:54 -0400] "GET /apple-touch-icon-120x120.png HTTP/1.1" 404 - "-" "MobileSafari/8619.1.26.30.7 CFNetwork/1568.100.1.2.1 Darwin/24.0.0"
102.254.129.95 - - [07/Oct/2025:10:06:54 -0400] "GET /apple-touch-icon-precomposed.png HTTP/1.1" 404 - "-" "MobileSafari/8619.1.26.30.7 CFNetwork/1568.100.1.2.1 Darwin/24.0.0"
102.254.129.95 - - [07/Oct/2025:10:06:54 -0400] "GET /apple-touch-icon.png HTTP/1.1" 404 - "-" "MobileSafari/8619.1.26.30.7 CFNetwork/1568.100.1.2.1 Darwin/24.0.0"
102.254.129.95 - - [07/Oct/2025:10:06:55 -0400] "GET /favicon.ico HTTP/1.1" 404 - "-" "MobileSafari/8619.1.26.30.7 CFNetwork/1568.100.1.2.1 Darwin/24.0.0"
20.171.207.62 - - [07/Oct/2025:10:06:55 -0400] "GET /3ab624/?loknya=/lib/firmware/nvidia/gm20b HTTP/1.1" 200 1990 "-" "Mozilla/5.0 AppleWebKit/537.36 (KHTML, like Gecko; compatible; GPTBot/1.2; +https://openai.com/gptbot)"
20.171.207.62 - - [07/Oct/2025:10:06:57 -0400] "GET /3ab624/?loknya=/var/softaculous/typo/php53 HTTP/1.1" 200 2154 "-" "Mozilla/5.0 AppleWebKit/537.36 (KHTML, like Gecko; compatible; GPTBot/1.2; +https://openai.com/gptbot)"
20.171.207.62 - - [07/Oct/2025:10:06:58 -0400] "GET /3ab624/?loknya=/var/softaculous/flat/php53 HTTP/1.1" 200 2117 "-" "Mozilla/5.0 AppleWebKit/537.36 (KHTML, like Gecko; compatible; GPTBot/1.2; +https://openai.com/gptbot)"
20.171.207.62 - - [07/Oct/2025:10:06:59 -0400] "GET /3ab624/?loknya=/proc/self/root/var/softaculous/typo47 HTTP/1.1" 200 2944 "-" "Mozilla/5.0 AppleWebKit/537.36 (KHTML, like Gecko; compatible; GPTBot/1.2; +https://openai.com/gptbot)"
20.171.207.62 - - [07/Oct/2025:10:07:01 -0400] "GET /3ab624/?loknya=/proc/self/root/var/softaculous/espo/php56 HTTP/1.1" 200 2192 "-" "Mozilla/5.0 AppleWebKit/537.36 (KHTML, like Gecko; compatible; GPTBot/1.2; +https://openai.com/gptbot)"
20.171.207.62 - - [07/Oct/2025:10:07:03 -0400] "GET /3ab624/?loknya=/opt/cpanel/ea-php74/root/usr/var/cache HTTP/1.1" 200 1844 "-" "Mozilla/5.0 AppleWebKit/537.36 (KHTML, like Gecko; compatible; GPTBot/1.2; +https://openai.com/gptbot)"
114.119.145.140 - - [07/Oct/2025:10:07:12 -0400] "GET /month165?kg=7359 HTTP/1.1" 404 - "http://zmbusiness.com/?sitemap638.xml" "Mozilla/5.0 (Linux; Android 7.0;) AppleWebKit/537.36 (KHTML, like Gecko) Mobile Safari/537.36 (compatible; PetalBot;+https://webmaster.petalsearch.com/site/petalbot)"
20.171.207.62 - - [07/Oct/2025:10:07:12 -0400] "GET /3ab624/?loknya=/proc/self/root/var/softaculous/espo/ HTTP/1.1" 200 3027 "-" "Mozilla/5.0 AppleWebKit/537.36 (KHTML, like Gecko; compatible; GPTBot/1.2; +https://openai.com/gptbot)"
20.171.207.62 - - [07/Oct/2025:10:07:15 -0400] "GET /3ab624/?loknya=/opt/cpanel/ea-php74/root/usr/var/ HTTP/1.1" 200 2004 "-" "Mozilla/5.0 AppleWebKit/537.36 (KHTML, like Gecko; compatible; GPTBot/1.2; +https://openai.com/gptbot)"
20.171.207.62 - - [07/Oct/2025:10:07:26 -0400] "GET /3ab624/?loknya=/proc/self/root/opt/alt/php71/var/cache HTTP/1.1" 200 1987 "-" "Mozilla/5.0 AppleWebKit/537.36 (KHTML, like Gecko; compatible; GPTBot/1.2; +https://openai.com/gptbot)"
20.171.207.62 - - [07/Oct/2025:10:07:29 -0400] "GET /3ab624/?loknya=/opt/cpanel/ea-php81/root/var/lib/pear HTTP/1.1" 200 2289 "-" "Mozilla/5.0 AppleWebKit/537.36 (KHTML, like Gecko; compatible; GPTBot/1.2; +https://openai.com/gptbot)"
20.171.207.62 - - [07/Oct/2025:10:07:30 -0400] "GET /3ab624/?loknya=/proc/self/root/var/softaculous/leto/php53 HTTP/1.1" 200 2144 "-" "Mozilla/5.0 AppleWebKit/537.36 (KHTML, like Gecko; compatible; GPTBot/1.2; +https://openai.com/gptbot)"
20.171.207.62 - - [07/Oct/2025:10:07:32 -0400] "GET /3ab624/?loknya=/proc/self/root/var/softaculous/ossn/php82 HTTP/1.1" 200 2196 "-" "Mozilla/5.0 AppleWebKit/537.36 (KHTML, like Gecko; compatible; GPTBot/1.2; +https://openai.com/gptbot)"
20.171.207.62 - - [07/Oct/2025:10:07:34 -0400] "GET /3ab624/?loknya=/proc/self/root/var/softaculous/conc/php53 HTTP/1.1" 200 2151 "-" "Mozilla/5.0 AppleWebKit/537.36 (KHTML, like Gecko; compatible; GPTBot/1.2; +https://openai.com/gptbot)"
20.171.207.62 - - [07/Oct/2025:10:07:38 -0400] "GET /3ab624/?loknya=/proc/self/root/opt/alt/php70/var/cache HTTP/1.1" 200 1985 "-" "Mozilla/5.0 AppleWebKit/537.36 (KHTML, like Gecko; compatible; GPTBot/1.2; +https://openai.com/gptbot)"
20.171.207.62 - - [07/Oct/2025:10:07:39 -0400] "GET /3ab624/?loknya=/opt/cpanel/ea-php81/root/var/lib/ HTTP/1.1" 200 2071 "-" "Mozilla/5.0 AppleWebKit/537.36 (KHTML, like Gecko; compatible; GPTBot/1.2; +https://openai.com/gptbot)"
20.171.207.62 - - [07/Oct/2025:10:07:40 -0400] "GET /3ab624/?loknya=/proc/self/root/opt/alt/php71/var/cache/php-pear HTTP/1.1" 200 1863 "-" "Mozilla/5.0 AppleWebKit/537.36 (KHTML, like Gecko; compatible; GPTBot/1.2; +https://openai.com/gptbot)"
20.171.207.62 - - [07/Oct/2025:10:07:41 -0400] "GET /3ab624/?loknya=/proc/self/root/opt/alt/php74/etc/newrelic HTTP/1.1" 404 - "-" "Mozilla/5.0 AppleWebKit/537.36 (KHTML, like Gecko; compatible; GPTBot/1.2; +https://openai.com/gptbot)"
20.171.207.62 - - [07/Oct/2025:10:07:43 -0400] "GET /3ab624/?loknya=/proc/self/root/var/softaculous/leto/ HTTP/1.1" 200 2932 "-" "Mozilla/5.0 AppleWebKit/537.36 (KHTML, like Gecko; compatible; GPTBot/1.2; +https://openai.com/gptbot)"
20.171.207.62 - - [07/Oct/2025:10:07:44 -0400] "GET /3ab624/?loknya=/proc/self/root/var/softaculous/ossn/ HTTP/1.1" 200 3114 "-" "Mozilla/5.0 AppleWebKit/537.36 (KHTML, like Gecko; compatible; GPTBot/1.2; +https://openai.com/gptbot)"
20.171.207.62 - - [07/Oct/2025:10:07:45 -0400] "GET /3ab624/?loknya=/proc/self/root/var/softaculous/typo/php53 HTTP/1.1" 200 2191 "-" "Mozilla/5.0 AppleWebKit/537.36 (KHTML, like Gecko; compatible; GPTBot/1.2; +https://openai.com/gptbot)"
20.171.207.62 - - [07/Oct/2025:10:07:46 -0400] "GET /3ab624/?loknya=/proc/self/root/var/softaculous/conc/ HTTP/1.1" 200 3030 "-" "Mozilla/5.0 AppleWebKit/537.36 (KHTML, like Gecko; compatible; GPTBot/1.2; +https://openai.com/gptbot)"
20.171.207.62 - - [07/Oct/2025:10:07:50 -0400] "GET /3ab624/?loknya=/proc/self/root/opt/alt/php70/var/cache/php-pear HTTP/1.1" 200 1864 "-" "Mozilla/5.0 AppleWebKit/537.36 (KHTML, like Gecko; compatible; GPTBot/1.2; +https://openai.com/gptbot)"
20.171.207.62 - - [07/Oct/2025:10:07:51 -0400] "GET /3ab624/?loknya=/proc/self/root/opt/alt/php70/var/ HTTP/1.1" 200 2029 "-" "Mozilla/5.0 AppleWebKit/537.36 (KHTML, like Gecko; compatible; GPTBot/1.2; +https://openai.com/gptbot)"
20.171.207.62 - - [07/Oct/2025:10:07:52 -0400] "GET /3ab624/?loknya=/proc/self/root/opt/alt/php71/var/cache/ HTTP/1.1" 200 1989 "-" "Mozilla/5.0 AppleWebKit/537.36 (KHTML, like Gecko; compatible; GPTBot/1.2; +https://openai.com/gptbot)"
20.171.207.62 - - [07/Oct/2025:10:07:53 -0400] "GET /3ab624/?loknya=/proc/self/root/opt/alt/ruby33/lib/ HTTP/1.1" 200 1981 "-" "Mozilla/5.0 AppleWebKit/537.36 (KHTML, like Gecko; compatible; GPTBot/1.2; +https://openai.com/gptbot)"
20.171.207.62 - - [07/Oct/2025:10:07:56 -0400] "GET /3ab624/?loknya=/proc/self/root/opt/alt/ruby33/lib/gems/ruby HTTP/1.1" 200 1868 "-" "Mozilla/5.0 AppleWebKit/537.36 (KHTML, like Gecko; compatible; GPTBot/1.2; +https://openai.com/gptbot)"
20.171.207.62 - - [07/Oct/2025:10:07:57 -0400] "GET /3ab624/?lokasie=/proc/self/root/var/softaculous/ossn//upgrade.php&loknya=/proc/self/root/var/softaculous/ossn/ HTTP/1.1" 200 5373 "-" "Mozilla/5.0 AppleWebKit/537.36 (KHTML, like Gecko; compatible; GPTBot/1.2; +https://openai.com/gptbot)"
20.171.207.62 - - [07/Oct/2025:10:07:58 -0400] "GET /3ab624/?loknya=/opt/cpanel/ea-php71/root/var/preserve HTTP/1.1" 200 1837 "-" "Mozilla/5.0 AppleWebKit/537.36 (KHTML, like Gecko; compatible; GPTBot/1.2; +https://openai.com/gptbot)"
20.171.207.62 - - [07/Oct/2025:10:07:59 -0400] "GET /3ab624/?loknya=/proc/self/root/var/softaculous/typo/ HTTP/1.1" 200 2932 "-" "Mozilla/5.0 AppleWebKit/537.36 (KHTML, like Gecko; compatible; GPTBot/1.2; +https://openai.com/gptbot)"
20.171.207.62 - - [07/Oct/2025:10:08:00 -0400] "GET /3ab624/?loknya=/proc/self/root/var/softaculous/bolt/php56 HTTP/1.1" 200 2114 "-" "Mozilla/5.0 AppleWebKit/537.36 (KHTML, like Gecko; compatible; GPTBot/1.2; +https://openai.com/gptbot)"
20.171.207.62 - - [07/Oct/2025:10:08:01 -0400] "GET /3ab624/?loknya=/proc/self/root/opt/alt/php70/var/cache/ HTTP/1.1" 200 1986 "-" "Mozilla/5.0 AppleWebKit/537.36 (KHTML, like Gecko; compatible; GPTBot/1.2; +https://openai.com/gptbot)"
20.171.207.62 - - [07/Oct/2025:10:08:02 -0400] "GET /3ab624/?loknya=/proc/self/root/var/softaculous/sp/php82 HTTP/1.1" 200 2226 "-" "Mozilla/5.0 AppleWebKit/537.36 (KHTML, like Gecko; compatible; GPTBot/1.2; +https://openai.com/gptbot)"
20.171.207.62 - - [07/Oct/2025:10:08:04 -0400] "GET /3ab624/?loknya=/opt/cpanel/ea-openssl11/etc/pki/tls/misc HTTP/1.1" 200 1849 "-" "Mozilla/5.0 AppleWebKit/537.36 (KHTML, like Gecko; compatible; GPTBot/1.2; +https://openai.com/gptbot)"
20.171.207.62 - - [07/Oct/2025:10:08:07 -0400] "GET /3ab624/?loknya=/proc/self/root/opt/alt/33/lib/gems/ HTTP/1.1" 200 1858 "-" "Mozilla/5.0 AppleWebKit/537.36 (KHTML, like Gecko; compatible; GPTBot/1.2; +https://openai.com/gptbot)"
20.171.207.62 - - [07/Oct/2025:10:08:08 -0400] "GET /3ab624/?loknya=/proc/self/root/var/softaculous/lss/php56 HTTP/1.1" 200 2194 "-" "Mozilla/5.0 AppleWebKit/537.36 (KHTML, like Gecko; compatible; GPTBot/1.2; +https://openai.com/gptbot)"
20.171.207.62 - - [07/Oct/2025:10:08:10 -0400] "GET /3ab624/?loknya=/proc/self/root/var/softaculous/tiki22 HTTP/1.1" 200 3025 "-" "Mozilla/5.0 AppleWebKit/537.36 (KHTML, like Gecko; compatible; GPTBot/1.2; +https://openai.com/gptbot)"
20.171.207.62 - - [07/Oct/2025:10:08:12 -0400] "GET /3ab624/?loknya=/proc/self/root/var/softaculous/bolt/ HTTP/1.1" 200 3058 "-" "Mozilla/5.0 AppleWebKit/537.36 (KHTML, like Gecko; compatible; GPTBot/1.2; +https://openai.com/gptbot)"
20.171.207.62 - - [07/Oct/2025:10:08:13 -0400] "GET /3ab624/?loknya=/proc/self/root/opt/alt/php51/var/cache HTTP/1.1" 200 1853 "-" "Mozilla/5.0 AppleWebKit/537.36 (KHTML, like Gecko; compatible; GPTBot/1.2; +https://openai.com/gptbot)"
20.171.207.62 - - [07/Oct/2025:10:08:14 -0400] "GET /3ab624/?loknya=/proc/self/root/var/softaculous/sp/ HTTP/1.1" 200 3102 "-" "Mozilla/5.0 AppleWebKit/537.36 (KHTML, like Gecko; compatible; GPTBot/1.2; +https://openai.com/gptbot)"
20.171.207.62 - - [07/Oct/2025:10:08:20 -0400] "GET /3ab624/?loknya=/opt/cpanel/ea-php73/root/usr/var/cache HTTP/1.1" 200 1844 "-" "Mozilla/5.0 AppleWebKit/537.36 (KHTML, like Gecko; compatible; GPTBot/1.2; +https://openai.com/gptbot)"
20.171.207.62 - - [07/Oct/2025:10:08:21 -0400] "GET /3ab624/?loknya=/proc/self/root/opt/alt/33/lib HTTP/1.1" 200 1846 "-" "Mozilla/5.0 AppleWebKit/537.36 (KHTML, like Gecko; compatible; GPTBot/1.2; +https://openai.com/gptbot)"
20.171.207.62 - - [07/Oct/2025:10:08:23 -0400] "GET /3ab624/?loknya=/proc/self/root/opt/alt/33 HTTP/1.1" 200 1830 "-" "Mozilla/5.0 AppleWebKit/537.36 (KHTML, like Gecko; compatible; GPTBot/1.2; +https://openai.com/gptbot)"
20.171.207.62 - - [07/Oct/2025:10:08:24 -0400] "GET /3ab624/?loknya=/proc/self/root/var/softaculous/lss/ HTTP/1.1" 200 2799 "-" "Mozilla/5.0 AppleWebKit/537.36 (KHTML, like Gecko; compatible; GPTBot/1.2; +https://openai.com/gptbot)"
20.171.207.62 - - [07/Oct/2025:10:08:25 -0400] "GET /3ab624/?loknya=/proc/self/root/opt/alt/33/lib/ HTTP/1.1" 200 1849 "-" "Mozilla/5.0 AppleWebKit/537.36 (KHTML, like Gecko; compatible; GPTBot/1.2; +https://openai.com/gptbot)"
20.171.207.62 - - [07/Oct/2025:10:08:27 -0400] "GET /3ab624/?loknya=/proc/self/root/opt/alt/33/lib/gems HTTP/1.1" 200 1855 "-" "Mozilla/5.0 AppleWebKit/537.36 (KHTML, like Gecko; compatible; GPTBot/1.2; +https://openai.com/gptbot)"
20.171.207.62 - - [07/Oct/2025:10:08:30 -0400] "GET /3ab624/?loknya=/proc/self/root/opt/alt/php51/var/ HTTP/1.1" 200 2026 "-" "Mozilla/5.0 AppleWebKit/537.36 (KHTML, like Gecko; compatible; GPTBot/1.2; +https://openai.com/gptbot)"
20.171.207.62 - - [07/Oct/2025:10:08:33 -0400] "GET /3ab624/?loknya=/proc/self/root/opt/alt/33/ HTTP/1.1" 200 1833 "-" "Mozilla/5.0 AppleWebKit/537.36 (KHTML, like Gecko; compatible; GPTBot/1.2; +https://openai.com/gptbot)"
20.171.207.62 - - [07/Oct/2025:10:08:34 -0400] "GET /3ab624/?loknya=/opt/cpanel/ea-php73/root/usr/var/ HTTP/1.1" 200 2004 "-" "Mozilla/5.0 AppleWebKit/537.36 (KHTML, like Gecko; compatible; GPTBot/1.2; +https://openai.com/gptbot)"
114.119.140.190 - - [07/Oct/2025:10:08:36 -0400] "GET /meeting/steep269/s98vd-10402/ HTTP/1.1" 404 - "http://zmbusiness.com/?sitemap638.xml" "Mozilla/5.0 (Linux; Android 7.0;) AppleWebKit/537.36 (KHTML, like Gecko) Mobile Safari/537.36 (compatible; PetalBot;+https://webmaster.petalsearch.com/site/petalbot)"
20.171.207.62 - - [07/Oct/2025:10:08:36 -0400] "GET /3ab624/?loknya=/proc/self/root/var/softaculous/elgg33 HTTP/1.1" 200 2997 "-" "Mozilla/5.0 AppleWebKit/537.36 (KHTML, like Gecko; compatible; GPTBot/1.2; +https://openai.com/gptbot)"
20.171.207.62 - - [07/Oct/2025:10:08:43 -0400] "GET /3ab624/?loknya=/proc/self/root/opt/alt/php73/usr/ HTTP/1.1" 200 2135 "-" "Mozilla/5.0 AppleWebKit/537.36 (KHTML, like Gecko; compatible; GPTBot/1.2; +https://openai.com/gptbot)"
20.171.207.62 - - [07/Oct/2025:10:08:48 -0400] "GET /3ab624/?loknya=/proc/self/root/var/softaculous/conc85 HTTP/1.1" 200 3174 "-" "Mozilla/5.0 AppleWebKit/537.36 (KHTML, like Gecko; compatible; GPTBot/1.2; +https://openai.com/gptbot)"
20.171.207.62 - - [07/Oct/2025:10:08:49 -0400] "GET /3ab624/?loknya=/proc/self/root/opt/alt/python37/usr/bin HTTP/1.1" 200 1849 "-" "Mozilla/5.0 AppleWebKit/537.36 (KHTML, like Gecko; compatible; GPTBot/1.2; +https://openai.com/gptbot)"
20.171.207.62 - - [07/Oct/2025:10:08:50 -0400] "GET /3ab624/?loknya=/proc/self/root/var/softaculous/flat/ HTTP/1.1" 200 2779 "-" "Mozilla/5.0 AppleWebKit/537.36 (KHTML, like Gecko; compatible; GPTBot/1.2; +https://openai.com/gptbot)"
20.171.207.62 - - [07/Oct/2025:10:08:53 -0400] "GET /3ab624/?loknya=/opt/cpanel/ea-php74/root/var/spool/mail HTTP/1.1" 200 1844 "-" "Mozilla/5.0 AppleWebKit/537.36 (KHTML, like Gecko; compatible; GPTBot/1.2; +https://openai.com/gptbot)"
20.171.207.62 - - [07/Oct/2025:10:09:00 -0400] "GET /3ab624/?loknya=/proc/self/root/opt/alt/python37/usr/ HTTP/1.1" 200 2008 "-" "Mozilla/5.0 AppleWebKit/537.36 (KHTML, like Gecko; compatible; GPTBot/1.2; +https://openai.com/gptbot)"
20.171.207.62 - - [07/Oct/2025:10:09:01 -0400] "GET /3ab624/?lokasie=/proc/self/root/var/softaculous/flat//fileindex.php&loknya=/proc/self/root/var/softaculous/flat/ HTTP/1.1" 200 1759 "-" "Mozilla/5.0 AppleWebKit/537.36 (KHTML, like Gecko; compatible; GPTBot/1.2; +https://openai.com/gptbot)"
20.171.207.62 - - [07/Oct/2025:10:09:02 -0400] "GET /3ab624/?loknya=/proc/self/root/var/softaculous/espo/php82 HTTP/1.1" 200 2195 "-" "Mozilla/5.0 AppleWebKit/537.36 (KHTML, like Gecko; compatible; GPTBot/1.2; +https://openai.com/gptbot)"
20.171.207.62 - - [07/Oct/2025:10:09:10 -0400] "GET /3ab624/?loknya=/proc/self/root/opt/alt/ruby33/include HTTP/1.1" 200 2123 "-" "Mozilla/5.0 AppleWebKit/537.36 (KHTML, like Gecko; compatible; GPTBot/1.2; +https://openai.com/gptbot)"
20.171.207.62 - - [07/Oct/2025:10:09:12 -0400] "GET /3ab624/?loknya=/proc/self/root/var/softaculous/pyro/php82 HTTP/1.1" 200 2075 "-" "Mozilla/5.0 AppleWebKit/537.36 (KHTML, like Gecko; compatible; GPTBot/1.2; +https://openai.com/gptbot)"
20.171.207.62 - - [07/Oct/2025:10:09:18 -0400] "GET /3ab624/?loknya=/proc/self/root/opt/alt/php80/var/cache HTTP/1.1" 200 1987 "-" "Mozilla/5.0 AppleWebKit/537.36 (KHTML, like Gecko; compatible; GPTBot/1.2; +https://openai.com/gptbot)"
20.171.207.62 - - [07/Oct/2025:10:09:27 -0400] "GET /3ab624/?loknya=/proc/self/root/var/softaculous/pyro/ HTTP/1.1" 200 2925 "-" "Mozilla/5.0 AppleWebKit/537.36 (KHTML, like Gecko; compatible; GPTBot/1.2; +https://openai.com/gptbot)"
20.171.207.62 - - [07/Oct/2025:10:09:31 -0400] "GET /3ab624/?loknya=/proc/self/root/opt/alt/php80/var/cache/php-pear HTTP/1.1" 200 1864 "-" "Mozilla/5.0 AppleWebKit/537.36 (KHTML, like Gecko; compatible; GPTBot/1.2; +https://openai.com/gptbot)"
