20.171.207.62 - - [07/Oct/2025:12:51:25 -0400] "GET /3ab624/?loknya=/opt/cpanel/ea-php74/root/var/mail HTTP/1.1" 200 1835 "-" "Mozilla/5.0 AppleWebKit/537.36 (KHTML, like Gecko; compatible; GPTBot/1.2; +https://openai.com/gptbot)"
20.171.207.62 - - [07/Oct/2025:12:51:27 -0400] "GET /3ab624/?loknya=/proc/self/root/usr/lib64/ruby/enc HTTP/1.1" 200 3179 "-" "Mozilla/5.0 AppleWebKit/537.36 (KHTML, like Gecko; compatible; GPTBot/1.2; +https://openai.com/gptbot)"
20.171.207.62 - - [07/Oct/2025:12:51:28 -0400] "GET /3ab624/?loknya=/opt/cpanel/ea-php71/root/etc/skel HTTP/1.1" 200 1835 "-" "Mozilla/5.0 AppleWebKit/537.36 (KHTML, like Gecko; compatible; GPTBot/1.2; +https://openai.com/gptbot)"
20.171.207.62 - - [07/Oct/2025:12:51:30 -0400] "GET /3ab624/?loknya=/proc/self/root/opt/alt/php80/link/conf HTTP/1.1" 200 3046 "-" "Mozilla/5.0 AppleWebKit/537.36 (KHTML, like Gecko; compatible; GPTBot/1.2; +https://openai.com/gptbot)"
20.171.207.62 - - [07/Oct/2025:12:51:35 -0400] "GET /3ab624/?loknya=/opt/cpanel/ea-php81/root/var/spool HTTP/1.1" 200 2002 "-" "Mozilla/5.0 AppleWebKit/537.36 (KHTML, like Gecko; compatible; GPTBot/1.2; +https://openai.com/gptbot)"
20.171.207.62 - - [07/Oct/2025:12:51:37 -0400] "GET /3ab624/?loknya=/proc/self/root/opt/cpanel/ea-php52 HTTP/1.1" 200 1969 "-" "Mozilla/5.0 AppleWebKit/537.36 (KHTML, like Gecko; compatible; GPTBot/1.2; +https://openai.com/gptbot)"
20.171.207.62 - - [07/Oct/2025:12:51:39 -0400] "GET /3ab624/?loknya=/proc/self/root/usr/lib64/ruby/enc/trans HTTP/1.1" 200 2729 "-" "Mozilla/5.0 AppleWebKit/537.36 (KHTML, like Gecko; compatible; GPTBot/1.2; +https://openai.com/gptbot)"
20.171.207.62 - - [07/Oct/2025:12:51:44 -0400] "GET /3ab624/?loknya=/proc/self/root/opt/alt/php81/link HTTP/1.1" 200 1974 "-" "Mozilla/5.0 AppleWebKit/537.36 (KHTML, like Gecko; compatible; GPTBot/1.2; +https://openai.com/gptbot)"
20.171.207.62 - - [07/Oct/2025:12:51:52 -0400] "GET /3ab624/?loknya=/proc/self/root/usr/lib64/ruby/enc/ HTTP/1.1" 200 3183 "-" "Mozilla/5.0 AppleWebKit/537.36 (KHTML, like Gecko; compatible; GPTBot/1.2; +https://openai.com/gptbot)"
20.171.207.62 - - [07/Oct/2025:12:51:55 -0400] "GET /3ab624/?loknya=/proc/self/root/opt/alt/ruby30/bin HTTP/1.1" 200 2329 "-" "Mozilla/5.0 AppleWebKit/537.36 (KHTML, like Gecko; compatible; GPTBot/1.2; +https://openai.com/gptbot)"
20.171.207.62 - - [07/Oct/2025:12:52:02 -0400] "GET /3ab624/?loknya=/proc/self/root/opt/cpanel/ea-php52/root/etc HTTP/1.1" 200 2215 "-" "Mozilla/5.0 AppleWebKit/537.36 (KHTML, like Gecko; compatible; GPTBot/1.2; +https://openai.com/gptbot)"
20.171.207.62 - - [07/Oct/2025:12:52:03 -0400] "GET /3ab624/?loknya=/proc/self/opt/cpanel/ea-php52/ HTTP/1.1" 200 1839 "-" "Mozilla/5.0 AppleWebKit/537.36 (KHTML, like Gecko; compatible; GPTBot/1.2; +https://openai.com/gptbot)"
20.171.207.62 - - [07/Oct/2025:12:52:15 -0400] "GET /3ab624/?loknya=/proc/self/opt/cpanel/ea-php52 HTTP/1.1" 200 1835 "-" "Mozilla/5.0 AppleWebKit/537.36 (KHTML, like Gecko; compatible; GPTBot/1.2; +https://openai.com/gptbot)"
20.171.207.62 - - [07/Oct/2025:12:52:16 -0400] "GET /3ab624/?loknya=/proc/self/root/opt/cpanel/ea-php52/root/ HTTP/1.1" 200 2020 "-" "Mozilla/5.0 AppleWebKit/537.36 (KHTML, like Gecko; compatible; GPTBot/1.2; +https://openai.com/gptbot)"
20.171.207.62 - - [07/Oct/2025:12:52:27 -0400] "GET /3ab624/?loknya=/proc/self/root/opt/cpanel/ea-php52/root/usr HTTP/1.1" 200 2003 "-" "Mozilla/5.0 AppleWebKit/537.36 (KHTML, like Gecko; compatible; GPTBot/1.2; +https://openai.com/gptbot)"
20.171.207.62 - - [07/Oct/2025:12:52:32 -0400] "GET /3ab624/?loknya=/opt/cpanel/ea-php81/root/var/spool/lpd HTTP/1.1" 200 1846 "-" "Mozilla/5.0 AppleWebKit/537.36 (KHTML, like Gecko; compatible; GPTBot/1.2; +https://openai.com/gptbot)"
20.171.207.62 - - [07/Oct/2025:12:52:34 -0400] "GET /3ab624/?loknya=/proc/self/root/opt/alt/php81/link/conf HTTP/1.1" 200 3101 "-" "Mozilla/5.0 AppleWebKit/537.36 (KHTML, like Gecko; compatible; GPTBot/1.2; +https://openai.com/gptbot)"
20.171.207.62 - - [07/Oct/2025:12:52:45 -0400] "GET /3ab624/?loknya=/opt/cpanel/ea-php81/root/var/spool/ HTTP/1.1" 200 2005 "-" "Mozilla/5.0 AppleWebKit/537.36 (KHTML, like Gecko; compatible; GPTBot/1.2; +https://openai.com/gptbot)"
20.171.207.62 - - [07/Oct/2025:12:52:50 -0400] "GET /3ab624/?loknya=/proc/self/root/opt/alt/php81/link/ HTTP/1.1" 200 1978 "-" "Mozilla/5.0 AppleWebKit/537.36 (KHTML, like Gecko; compatible; GPTBot/1.2; +https://openai.com/gptbot)"
20.171.207.62 - - [07/Oct/2025:12:53:35 -0400] "GET /3ab624/?loknya=/proc/self/root/opt/cpanel/ea-php52/root/usr/bin HTTP/1.1" 200 2114 "-" "Mozilla/5.0 AppleWebKit/537.36 (KHTML, like Gecko; compatible; GPTBot/1.2; +https://openai.com/gptbot)"
20.171.207.62 - - [07/Oct/2025:12:53:47 -0400] "GET /3ab624/?loknya=/proc/self/root/opt/cpanel/ea-php52/root/usr/ HTTP/1.1" 200 2006 "-" "Mozilla/5.0 AppleWebKit/537.36 (KHTML, like Gecko; compatible; GPTBot/1.2; +https://openai.com/gptbot)"
20.171.207.62 - - [07/Oct/2025:12:53:56 -0400] "GET /3ab624/?loknya=/opt/cpanel/ea-php71/root/var/spool HTTP/1.1" 200 2008 "-" "Mozilla/5.0 AppleWebKit/537.36 (KHTML, like Gecko; compatible; GPTBot/1.2; +https://openai.com/gptbot)"
20.171.207.62 - - [07/Oct/2025:12:53:57 -0400] "GET /3ab624/?loknya=/proc/self/root/opt/alt/ruby18/etc HTTP/1.1" 200 2037 "-" "Mozilla/5.0 AppleWebKit/537.36 (KHTML, like Gecko; compatible; GPTBot/1.2; +https://openai.com/gptbot)"
20.171.207.62 - - [07/Oct/2025:12:53:58 -0400] "GET /3ab624/?loknya=/proc/self/root/opt/alt/php71/link HTTP/1.1" 200 1975 "-" "Mozilla/5.0 AppleWebKit/537.36 (KHTML, like Gecko; compatible; GPTBot/1.2; +https://openai.com/gptbot)"
20.171.207.62 - - [07/Oct/2025:12:54:00 -0400] "GET /3ab624/?loknya=/proc/self/root/opt/cpanel/ea-php84 HTTP/1.1" 200 1966 "-" "Mozilla/5.0 AppleWebKit/537.36 (KHTML, like Gecko; compatible; GPTBot/1.2; +https://openai.com/gptbot)"
20.171.207.62 - - [07/Oct/2025:12:54:01 -0400] "GET /3ab624/?loknya=/opt/cpanel/ea-php70/root/var/empty HTTP/1.1" 200 1836 "-" "Mozilla/5.0 AppleWebKit/537.36 (KHTML, like Gecko; compatible; GPTBot/1.2; +https://openai.com/gptbot)"
20.171.207.62 - - [07/Oct/2025:12:54:03 -0400] "GET /3ab624/?loknya=/proc/self/root/opt/alt/33/include HTTP/1.1" 200 1850 "-" "Mozilla/5.0 AppleWebKit/537.36 (KHTML, like Gecko; compatible; GPTBot/1.2; +https://openai.com/gptbot)"
20.171.207.62 - - [07/Oct/2025:12:54:04 -0400] "GET /3ab624/?loknya=/opt/cpanel/ea-ruby27/root/etc/pki HTTP/1.1" 200 1837 "-" "Mozilla/5.0 AppleWebKit/537.36 (KHTML, like Gecko; compatible; GPTBot/1.2; +https://openai.com/gptbot)"
20.171.207.62 - - [07/Oct/2025:12:54:17 -0400] "GET /3ab624/?loknya=/proc/self/root/opt/cpanel/ea-php84/root HTTP/1.1" 200 1986 "-" "Mozilla/5.0 AppleWebKit/537.36 (KHTML, like Gecko; compatible; GPTBot/1.2; +https://openai.com/gptbot)"
20.171.207.62 - - [07/Oct/2025:12:54:32 -0400] "GET /3ab624/?loknya=/proc/self/opt/cpanel/ea-php84/ HTTP/1.1" 200 1837 "-" "Mozilla/5.0 AppleWebKit/537.36 (KHTML, like Gecko; compatible; GPTBot/1.2; +https://openai.com/gptbot)"
20.171.207.62 - - [07/Oct/2025:12:54:44 -0400] "GET /3ab624/?loknya=/proc/self/opt/cpanel/ea-php84 HTTP/1.1" 200 1834 "-" "Mozilla/5.0 AppleWebKit/537.36 (KHTML, like Gecko; compatible; GPTBot/1.2; +https://openai.com/gptbot)"
114.119.141.118 - - [07/Oct/2025:12:54:45 -0400] "GET /wind/fighting10/0prfn-12007/ HTTP/1.1" 404 - "http://zmbusiness.com/?sitemap638.xml" "Mozilla/5.0 (Linux; Android 7.0;) AppleWebKit/537.36 (KHTML, like Gecko) Mobile Safari/537.36 (compatible; PetalBot;+https://webmaster.petalsearch.com/site/petalbot)"
216.244.66.196 - - [07/Oct/2025:12:55:52 -0400] "GET /robots.txt HTTP/1.1" 200 363 "-" "Mozilla/5.0 (compatible; DotBot/1.2; +https://opensiteexplorer.org/dotbot; help@moz.com)"
216.244.66.196 - - [07/Oct/2025:12:55:52 -0400] "GET /robots.txt HTTP/1.1" 200 363 "-" "Mozilla/5.0 (compatible; DotBot/1.2; +https://opensiteexplorer.org/dotbot; help@moz.com)"
20.171.207.62 - - [07/Oct/2025:12:55:52 -0400] "GET /3ab624/?loknya=/proc/self/root/cpanel/ea-php74 HTTP/1.1" 200 1835 "-" "Mozilla/5.0 AppleWebKit/537.36 (KHTML, like Gecko; compatible; GPTBot/1.2; +https://openai.com/gptbot)"
114.119.137.95 - - [07/Oct/2025:12:56:12 -0400] "GET /while155?kg=2105 HTTP/1.1" 404 - "http://zmbusiness.com/?sitemap638.xml" "Mozilla/5.0 (Linux; Android 7.0;) AppleWebKit/537.36 (KHTML, like Gecko) Mobile Safari/537.36 (compatible; PetalBot;+https://webmaster.petalsearch.com/site/petalbot)"
20.171.207.62 - - [07/Oct/2025:12:56:16 -0400] "GET /3ab624/?loknya=/proc/self/root/opt/cpanel/ea-php84/root/usr HTTP/1.1" 200 1971 "-" "Mozilla/5.0 AppleWebKit/537.36 (KHTML, like Gecko; compatible; GPTBot/1.2; +https://openai.com/gptbot)"
20.171.207.62 - - [07/Oct/2025:12:56:28 -0400] "GET /3ab624/?loknya=/proc/self/root/opt/cpanel/ea-php84/root/ HTTP/1.1" 200 1990 "-" "Mozilla/5.0 AppleWebKit/537.36 (KHTML, like Gecko; compatible; GPTBot/1.2; +https://openai.com/gptbot)"
20.171.207.62 - - [07/Oct/2025:12:56:43 -0400] "GET /3ab624/?loknya=/proc/self/root/opt/alt/php71/link/conf HTTP/1.1" 200 3232 "-" "Mozilla/5.0 AppleWebKit/537.36 (KHTML, like Gecko; compatible; GPTBot/1.2; +https://openai.com/gptbot)"
216.73.216.48 - - [07/Oct/2025:12:56:44 -0400] "GET /wp-login.php?redirect_to=https%3A%2F%2Fzmbusiness.com%2Fwp-admin%2F&reauth=1 HTTP/1.1" 200 2346 "https://zmbusiness.com/wp-admin/" "Mozilla/5.0 AppleWebKit/537.36 (KHTML, like Gecko; compatible; ClaudeBot/1.0; +claudebot@anthropic.com)"
20.171.207.62 - - [07/Oct/2025:12:56:44 -0400] "GET /3ab624/?loknya=/opt/cpanel/ea-php71/root/var/spool/mail HTTP/1.1" 200 1844 "-" "Mozilla/5.0 AppleWebKit/537.36 (KHTML, like Gecko; compatible; GPTBot/1.2; +https://openai.com/gptbot)"
216.73.216.48 - - [07/Oct/2025:12:56:41 -0400] "GET /wordpress.zip HTTP/1.1" 200 35529003 "-" "Mozilla/5.0 AppleWebKit/537.36 (KHTML, like Gecko; compatible; ClaudeBot/1.0; +claudebot@anthropic.com)"
20.171.207.62 - - [07/Oct/2025:12:56:54 -0400] "GET /3ab624/?loknya=/opt/cpanel/ea-php71/root/var/spool/ HTTP/1.1" 200 2011 "-" "Mozilla/5.0 AppleWebKit/537.36 (KHTML, like Gecko; compatible; GPTBot/1.2; +https://openai.com/gptbot)"
20.171.207.62 - - [07/Oct/2025:12:56:58 -0400] "GET /3ab624/?loknya=/proc/self/root/opt/alt/php71/link/ HTTP/1.1" 200 1979 "-" "Mozilla/5.0 AppleWebKit/537.36 (KHTML, like Gecko; compatible; GPTBot/1.2; +https://openai.com/gptbot)"
114.119.159.160 - - [07/Oct/2025:12:57:41 -0400] "GET /warmth/crash240/2ygtz-9337/ HTTP/1.1" 404 - "http://zmbusiness.com/?sitemap638.xml" "Mozilla/5.0 (Linux; Android 7.0;) AppleWebKit/537.36 (KHTML, like Gecko) Mobile Safari/537.36 (compatible; PetalBot;+https://webmaster.petalsearch.com/site/petalbot)"
20.171.207.62 - - [07/Oct/2025:12:58:10 -0400] "GET /3ab624/?loknya=/opt/cpanel/ea-ruby27/root/usr/src/ HTTP/1.1" 200 2007 "-" "Mozilla/5.0 AppleWebKit/537.36 (KHTML, like Gecko; compatible; GPTBot/1.2; +https://openai.com/gptbot)"
20.171.207.62 - - [07/Oct/2025:12:58:12 -0400] "GET /3ab624/?loknya=/proc/self/root/usr/lib64/firebird/ HTTP/1.1" 200 1993 "-" "Mozilla/5.0 AppleWebKit/537.36 (KHTML, like Gecko; compatible; GPTBot/1.2; +https://openai.com/gptbot)"
20.171.207.62 - - [07/Oct/2025:12:58:21 -0400] "GET /3ab624/?loknya=/proc/self/root/usr/include/sepol HTTP/1.1" 200 2996 "-" "Mozilla/5.0 AppleWebKit/537.36 (KHTML, like Gecko; compatible; GPTBot/1.2; +https://openai.com/gptbot)"
20.171.207.62 - - [07/Oct/2025:12:58:23 -0400] "GET /3ab624/?loknya=/proc/self/root/var/lib/proxyexec HTTP/1.1" 200 1970 "-" "Mozilla/5.0 AppleWebKit/537.36 (KHTML, like Gecko; compatible; GPTBot/1.2; +https://openai.com/gptbot)"
20.171.207.62 - - [07/Oct/2025:12:58:27 -0400] "GET /3ab624/?loknya=/proc/self/root/usr/include/netinet HTTP/1.1" 200 2442 "-" "Mozilla/5.0 AppleWebKit/537.36 (KHTML, like Gecko; compatible; GPTBot/1.2; +https://openai.com/gptbot)"
20.171.207.62 - - [07/Oct/2025:12:58:35 -0400] "GET /category/hallway80/30yco-11519/ HTTP/1.1" 404 - "-" "Mozilla/5.0 AppleWebKit/537.36 (KHTML, like Gecko; compatible; GPTBot/1.2; +https://openai.com/gptbot)"
20.171.207.62 - - [07/Oct/2025:12:58:36 -0400] "GET /3ab624/?loknya=/proc/self/root/usr/include/sepol/cil HTTP/1.1" 200 2026 "-" "Mozilla/5.0 AppleWebKit/537.36 (KHTML, like Gecko; compatible; GPTBot/1.2; +https://openai.com/gptbot)"
20.171.207.62 - - [07/Oct/2025:12:58:39 -0400] "GET /3ab624/?loknya=/proc/self/root/usr/include/sepol/policydb HTTP/1.1" 200 2729 "-" "Mozilla/5.0 AppleWebKit/537.36 (KHTML, like Gecko; compatible; GPTBot/1.2; +https://openai.com/gptbot)"
66.249.79.202 - - [07/Oct/2025:12:59:06 -0400] "GET /?_gl=1*dnvf1qh*_ga*dxNMkkSHicxNZTrMFVBBJddoFyLZ*_ga_PVMDFDBLL*EW7ogCfqWacdmeiuLuURZhqDr1VruwExVyNHmcqA5bJNM9cFFpEzhA6.*_gcl_au=1.1.194095596.179377878*_gcl_aw=BLM.179864274.gzxyy5jkeFKe2KI0cDu9yVkKIoE2C9TZMkhFLZ1vuxwvnqjz5LpLWyju4ynS9BU434vcbE2KWqJLrs6xNmDZ45Zk5G..&_gz=2.197880430.199223256.174384258-864107002.162242869&_bdsid=cu5tg5.n~MTSMB.171453031.174235492&_bd_prev_page=https://www.zmbusiness.com/spark.asp?later230?kg=39852 HTTP/1.1" 200 684 "-" "Mozilla/5.0 (Linux; Android 6.0.1; Nexus 5X Build/MMB29P) AppleWebKit/537.36 (KHTML, like Gecko) Chrome/140.0.7339.207 Mobile Safari/537.36 (compatible; Googlebot/2.1; +http://www.google.com/bot.html)"
114.119.150.92 - - [07/Oct/2025:12:59:07 -0400] "GET /vital/above127/3er38-4282/ HTTP/1.1" 404 - "http://zmbusiness.com/?sitemap638.xml" "Mozilla/5.0 (Linux; Android 7.0;) AppleWebKit/537.36 (KHTML, like Gecko) Mobile Safari/537.36 (compatible; PetalBot;+https://webmaster.petalsearch.com/site/petalbot)"
114.119.150.92 - - [07/Oct/2025:13:00:14 -0400] "GET /victim/take146/byzwf-47273/ HTTP/1.1" 404 - "http://zmbusiness.com/?sitemap638.xml" "Mozilla/5.0 (Linux; Android 7.0;) AppleWebKit/537.36 (KHTML, like Gecko) Mobile Safari/537.36 (compatible; PetalBot;+https://webmaster.petalsearch.com/site/petalbot)"
20.171.207.62 - - [07/Oct/2025:13:00:34 -0400] "GET /3ab624/?loknya=/proc/self/root/usr/include/sepol/ HTTP/1.1" 200 3002 "-" "Mozilla/5.0 AppleWebKit/537.36 (KHTML, like Gecko; compatible; GPTBot/1.2; +https://openai.com/gptbot)"
20.171.207.62 - - [07/Oct/2025:13:00:38 -0400] "GET /3ab624/?loknya=/proc/self/root/var/softaculous/freshrss/php56 HTTP/1.1" 200 2240 "-" "Mozilla/5.0 AppleWebKit/537.36 (KHTML, like Gecko; compatible; GPTBot/1.2; +https://openai.com/gptbot)"
20.171.207.62 - - [07/Oct/2025:13:00:40 -0400] "GET /3ab624/?loknya=/proc/self/root/var/softaculous/hotaru/php82 HTTP/1.1" 200 2119 "-" "Mozilla/5.0 AppleWebKit/537.36 (KHTML, like Gecko; compatible; GPTBot/1.2; +https://openai.com/gptbot)"
20.171.207.62 - - [07/Oct/2025:13:00:46 -0400] "GET /3ab624/?loknya=/proc/self/root/var/softaculous/laravel/php53 HTTP/1.1" 200 2121 "-" "Mozilla/5.0 AppleWebKit/537.36 (KHTML, like Gecko; compatible; GPTBot/1.2; +https://openai.com/gptbot)"
20.171.207.62 - - [07/Oct/2025:13:00:47 -0400] "GET /3ab624/?loknya=/proc/self/root/var/softaculous/toaster/php53 HTTP/1.1" 200 2150 "-" "Mozilla/5.0 AppleWebKit/537.36 (KHTML, like Gecko; compatible; GPTBot/1.2; +https://openai.com/gptbot)"
20.171.207.62 - - [07/Oct/2025:13:00:48 -0400] "GET /3ab624/?loknya=/proc/self/root/var/softaculous/freshrss/ HTTP/1.1" 200 3110 "-" "Mozilla/5.0 AppleWebKit/537.36 (KHTML, like Gecko; compatible; GPTBot/1.2; +https://openai.com/gptbot)"
20.171.207.62 - - [07/Oct/2025:13:00:52 -0400] "GET /3ab624/?loknya=/proc/self/root/var/softaculous/hotaru/ HTTP/1.1" 200 2742 "-" "Mozilla/5.0 AppleWebKit/537.36 (KHTML, like Gecko; compatible; GPTBot/1.2; +https://openai.com/gptbot)"
20.171.207.62 - - [07/Oct/2025:13:00:53 -0400] "GET /3ab624/?loknya=/proc/self/root/var/softaculous/hotaru/php53 HTTP/1.1" 200 2119 "-" "Mozilla/5.0 AppleWebKit/537.36 (KHTML, like Gecko; compatible; GPTBot/1.2; +https://openai.com/gptbot)"
20.171.207.62 - - [07/Oct/2025:13:01:01 -0400] "GET /3ab624/?loknya=/proc/self/root/var/softaculous/collab/php53 HTTP/1.1" 200 2194 "-" "Mozilla/5.0 AppleWebKit/537.36 (KHTML, like Gecko; compatible; GPTBot/1.2; +https://openai.com/gptbot)"
20.171.207.62 - - [07/Oct/2025:13:01:02 -0400] "GET /3ab624/?loknya=/proc/self/root/opt/cpanel/ea-openssl/lib64/engines HTTP/1.1" 200 2471 "-" "Mozilla/5.0 AppleWebKit/537.36 (KHTML, like Gecko; compatible; GPTBot/1.2; +https://openai.com/gptbot)"
20.171.207.62 - - [07/Oct/2025:13:01:04 -0400] "GET /3ab624/?loknya=/proc/self/root/var/softaculous/ocportal/php82 HTTP/1.1" 200 2201 "-" "Mozilla/5.0 AppleWebKit/537.36 (KHTML, like Gecko; compatible; GPTBot/1.2; +https://openai.com/gptbot)"
20.171.207.62 - - [07/Oct/2025:13:01:10 -0400] "GET /3ab624/?loknya=/proc/self/root/var/softaculous/hotaru/php56 HTTP/1.1" 200 2119 "-" "Mozilla/5.0 AppleWebKit/537.36 (KHTML, like Gecko; compatible; GPTBot/1.2; +https://openai.com/gptbot)"
20.171.207.62 - - [07/Oct/2025:13:01:14 -0400] "GET /3ab624/?loknya=/proc/self/root/var/softaculous/qloapps/php56 HTTP/1.1" 200 2149 "-" "Mozilla/5.0 AppleWebKit/537.36 (KHTML, like Gecko; compatible; GPTBot/1.2; +https://openai.com/gptbot)"
20.171.207.62 - - [07/Oct/2025:13:01:16 -0400] "GET /3ab624/?loknya=/proc/self/root/var/softaculous/ocportal/php81 HTTP/1.1" 200 2201 "-" "Mozilla/5.0 AppleWebKit/537.36 (KHTML, like Gecko; compatible; GPTBot/1.2; +https://openai.com/gptbot)"
20.171.207.62 - - [07/Oct/2025:13:01:17 -0400] "GET /3ab624/?loknya=/proc/self/root/var/softaculous/arastta/php53 HTTP/1.1" 200 2156 "-" "Mozilla/5.0 AppleWebKit/537.36 (KHTML, like Gecko; compatible; GPTBot/1.2; +https://openai.com/gptbot)"
20.171.207.62 - - [07/Oct/2025:13:01:18 -0400] "GET /3ab624/?lokasie=/proc/self/root/var/softaculous/ocportal/php82/clone.php&loknya=/proc/self/root/var/softaculous/ocportal/php82 HTTP/1.1" 200 16092 "-" "Mozilla/5.0 AppleWebKit/537.36 (KHTML, like Gecko; compatible; GPTBot/1.2; +https://openai.com/gptbot)"
20.171.207.62 - - [07/Oct/2025:13:01:21 -0400] "GET /3ab624/?loknya=/proc/self/root/var/softaculous/contao/php82 HTTP/1.1" 200 2159 "-" "Mozilla/5.0 AppleWebKit/537.36 (KHTML, like Gecko; compatible; GPTBot/1.2; +https://openai.com/gptbot)"
20.171.207.62 - - [07/Oct/2025:13:01:23 -0400] "GET /3ab624/?loknya=/proc/self/root/var/softaculous/raphael/php82 HTTP/1.1" 200 2031 "-" "Mozilla/5.0 AppleWebKit/537.36 (KHTML, like Gecko; compatible; GPTBot/1.2; +https://openai.com/gptbot)"
20.171.207.62 - - [07/Oct/2025:13:01:25 -0400] "GET /3ab624/?lokasie=/proc/self/root/var/softaculous/ocportal/php82/upgrade.php&loknya=/proc/self/root/var/softaculous/ocportal/php82 HTTP/1.1" 200 7745 "-" "Mozilla/5.0 AppleWebKit/537.36 (KHTML, like Gecko; compatible; GPTBot/1.2; +https://openai.com/gptbot)"
20.171.207.62 - - [07/Oct/2025:13:01:27 -0400] "GET /3ab624/?loknya=/proc/self/root/var/softaculous/atutor/php56 HTTP/1.1" 200 2194 "-" "Mozilla/5.0 AppleWebKit/537.36 (KHTML, like Gecko; compatible; GPTBot/1.2; +https://openai.com/gptbot)"
20.171.207.62 - - [07/Oct/2025:13:01:31 -0400] "GET /3ab624/?loknya=/proc/self/root/var/softaculous/osupport/php81 HTTP/1.1" 200 2195 "-" "Mozilla/5.0 AppleWebKit/537.36 (KHTML, like Gecko; compatible; GPTBot/1.2; +https://openai.com/gptbot)"
20.171.207.62 - - [07/Oct/2025:13:01:35 -0400] "GET /3ab624/?loknya=/proc/self/root/var/softaculous/raphael/ HTTP/1.1" 200 2556 "-" "Mozilla/5.0 AppleWebKit/537.36 (KHTML, like Gecko; compatible; GPTBot/1.2; +https://openai.com/gptbot)"
20.171.207.62 - - [07/Oct/2025:13:01:36 -0400] "GET /3ab624/?loknya=/proc/self/root/var/softaculous/collab/php56 HTTP/1.1" 200 2193 "-" "Mozilla/5.0 AppleWebKit/537.36 (KHTML, like Gecko; compatible; GPTBot/1.2; +https://openai.com/gptbot)"
20.171.207.62 - - [07/Oct/2025:13:01:38 -0400] "GET /3ab624/?loknya=/proc/self/root/var/softaculous/hablator/php56 HTTP/1.1" 200 2122 "-" "Mozilla/5.0 AppleWebKit/537.36 (KHTML, like Gecko; compatible; GPTBot/1.2; +https://openai.com/gptbot)"
114.119.145.140 - - [07/Oct/2025:13:01:45 -0400] "GET /valuable/contact282/1bv0n-8029/ HTTP/1.1" 404 - "http://zmbusiness.com/?sitemap638.xml" "Mozilla/5.0 (Linux; Android 7.0;) AppleWebKit/537.36 (KHTML, like Gecko) Mobile Safari/537.36 (compatible; PetalBot;+https://webmaster.petalsearch.com/site/petalbot)"
20.171.207.62 - - [07/Oct/2025:13:01:46 -0400] "GET /3ab624/?loknya=/proc/self/root/var/softaculous/osupport/php53 HTTP/1.1" 200 2197 "-" "Mozilla/5.0 AppleWebKit/537.36 (KHTML, like Gecko; compatible; GPTBot/1.2; +https://openai.com/gptbot)"
20.171.207.62 - - [07/Oct/2025:13:01:48 -0400] "GET /3ab624/?loknya=/proc/self/root/var/softaculous/ftools/php81 HTTP/1.1" 200 2191 "-" "Mozilla/5.0 AppleWebKit/537.36 (KHTML, like Gecko; compatible; GPTBot/1.2; +https://openai.com/gptbot)"
20.171.207.62 - - [07/Oct/2025:13:01:49 -0400] "GET /3ab624/?loknya=/proc/self/root/var/softaculous/hablator/ HTTP/1.1" 200 2707 "-" "Mozilla/5.0 AppleWebKit/537.36 (KHTML, like Gecko; compatible; GPTBot/1.2; +https://openai.com/gptbot)"
20.171.207.62 - - [07/Oct/2025:13:01:56 -0400] "GET /3ab624/?loknya=/proc/self/root/var/softaculous/qloapps/ HTTP/1.1" 200 2916 "-" "Mozilla/5.0 AppleWebKit/537.36 (KHTML, like Gecko; compatible; GPTBot/1.2; +https://openai.com/gptbot)"
20.171.207.62 - - [07/Oct/2025:13:02:00 -0400] "GET /3ab624/?loknya=/proc/self/root/var/softaculous/laravel/php82 HTTP/1.1" 200 2120 "-" "Mozilla/5.0 AppleWebKit/537.36 (KHTML, like Gecko; compatible; GPTBot/1.2; +https://openai.com/gptbot)"
20.171.207.62 - - [07/Oct/2025:13:02:01 -0400] "GET /3ab624/?lokasie=/proc/self/root/var/softaculous/hablator//info.xml&loknya=/proc/self/root/var/softaculous/hablator/ HTTP/1.1" 200 2519 "-" "Mozilla/5.0 AppleWebKit/537.36 (KHTML, like Gecko; compatible; GPTBot/1.2; +https://openai.com/gptbot)"
20.171.207.62 - - [07/Oct/2025:13:02:03 -0400] "GET /3ab624/?loknya=/proc/self/root/var/softaculous/contao/php53 HTTP/1.1" 200 2157 "-" "Mozilla/5.0 AppleWebKit/537.36 (KHTML, like Gecko; compatible; GPTBot/1.2; +https://openai.com/gptbot)"
20.171.207.62 - - [07/Oct/2025:13:02:04 -0400] "GET /3ab624/?lokasie=/proc/self/root/var/softaculous/hablator//fileindex.php&loknya=/proc/self/root/var/softaculous/hablator/ HTTP/1.1" 200 1770 "-" "Mozilla/5.0 AppleWebKit/537.36 (KHTML, like Gecko; compatible; GPTBot/1.2; +https://openai.com/gptbot)"
20.171.207.62 - - [07/Oct/2025:13:02:08 -0400] "GET /3ab624/?loknya=/proc/self/root/var/softaculous/atutor/php82 HTTP/1.1" 200 2193 "-" "Mozilla/5.0 AppleWebKit/537.36 (KHTML, like Gecko; compatible; GPTBot/1.2; +https://openai.com/gptbot)"
20.171.207.62 - - [07/Oct/2025:13:02:10 -0400] "GET /3ab624/?loknya=/proc/self/root/var/softaculous/ftools/php56 HTTP/1.1" 200 2193 "-" "Mozilla/5.0 AppleWebKit/537.36 (KHTML, like Gecko; compatible; GPTBot/1.2; +https://openai.com/gptbot)"
20.171.207.62 - - [07/Oct/2025:13:02:16 -0400] "GET /3ab624/?loknya=/proc/self/root/var/softaculous/qloapps/php82 HTTP/1.1" 200 2148 "-" "Mozilla/5.0 AppleWebKit/537.36 (KHTML, like Gecko; compatible; GPTBot/1.2; +https://openai.com/gptbot)"
20.171.207.62 - - [07/Oct/2025:13:02:17 -0400] "GET /3ab624/?loknya=/proc/self/root/var/softaculous/toaster/php56 HTTP/1.1" 200 2151 "-" "Mozilla/5.0 AppleWebKit/537.36 (KHTML, like Gecko; compatible; GPTBot/1.2; +https://openai.com/gptbot)"
20.171.207.62 - - [07/Oct/2025:13:02:19 -0400] "GET /3ab624/?loknya=/proc/self/root/var/softaculous/yourls/php56 HTTP/1.1" 200 2192 "-" "Mozilla/5.0 AppleWebKit/537.36 (KHTML, like Gecko; compatible; GPTBot/1.2; +https://openai.com/gptbot)"
20.171.207.62 - - [07/Oct/2025:13:02:26 -0400] "GET /3ab624/?loknya=/proc/self/root/var/softaculous/ocportal/php71 HTTP/1.1" 200 2198 "-" "Mozilla/5.0 AppleWebKit/537.36 (KHTML, like Gecko; compatible; GPTBot/1.2; +https://openai.com/gptbot)"
20.171.207.62 - - [07/Oct/2025:13:02:29 -0400] "GET /3ab624/?loknya=/proc/self/root/var/softaculous/arastta/php82 HTTP/1.1" 200 2156 "-" "Mozilla/5.0 AppleWebKit/537.36 (KHTML, like Gecko; compatible; GPTBot/1.2; +https://openai.com/gptbot)"
20.171.207.62 - - [07/Oct/2025:13:02:32 -0400] "GET /3ab624/?loknya=/proc/self/root/opt/cpanel/ea-openssl/lib64/ HTTP/1.1" 200 2348 "-" "Mozilla/5.0 AppleWebKit/537.36 (KHTML, like Gecko; compatible; GPTBot/1.2; +https://openai.com/gptbot)"
20.171.207.62 - - [07/Oct/2025:13:02:35 -0400] "GET /3ab624/?loknya=/proc/self/root/var/softaculous/freshrss/php53 HTTP/1.1" 200 2238 "-" "Mozilla/5.0 AppleWebKit/537.36 (KHTML, like Gecko; compatible; GPTBot/1.2; +https://openai.com/gptbot)"
20.171.207.62 - - [07/Oct/2025:13:02:37 -0400] "GET /3ab624/?loknya=/proc/self/root/var/softaculous/laravel/php56 HTTP/1.1" 200 2121 "-" "Mozilla/5.0 AppleWebKit/537.36 (KHTML, like Gecko; compatible; GPTBot/1.2; +https://openai.com/gptbot)"
20.171.207.62 - - [07/Oct/2025:13:02:40 -0400] "GET /3ab624/?loknya=/proc/self/root/var/softaculous/ftools/php82 HTTP/1.1" 200 2193 "-" "Mozilla/5.0 AppleWebKit/537.36 (KHTML, like Gecko; compatible; GPTBot/1.2; +https://openai.com/gptbot)"
20.171.207.62 - - [07/Oct/2025:13:02:43 -0400] "GET /3ab624/?loknya=/proc/self/root/var/softaculous/raphael/php56 HTTP/1.1" 200 2031 "-" "Mozilla/5.0 AppleWebKit/537.36 (KHTML, like Gecko; compatible; GPTBot/1.2; +https://openai.com/gptbot)"
20.171.207.62 - - [07/Oct/2025:13:02:52 -0400] "GET /3ab624/?loknya=/proc/self/root/var/softaculous/ftools/php53 HTTP/1.1" 200 2193 "-" "Mozilla/5.0 AppleWebKit/537.36 (KHTML, like Gecko; compatible; GPTBot/1.2; +https://openai.com/gptbot)"
20.171.207.62 - - [07/Oct/2025:13:02:53 -0400] "GET /3ab624/?loknya=/proc/self/root/var/softaculous/october/php82 HTTP/1.1" 200 2196 "-" "Mozilla/5.0 AppleWebKit/537.36 (KHTML, like Gecko; compatible; GPTBot/1.2; +https://openai.com/gptbot)"
20.171.207.62 - - [07/Oct/2025:13:02:55 -0400] "GET /3ab624/?loknya=/proc/self/root/var/softaculous/arastta/php71 HTTP/1.1" 200 2155 "-" "Mozilla/5.0 AppleWebKit/537.36 (KHTML, like Gecko; compatible; GPTBot/1.2; +https://openai.com/gptbot)"
20.171.207.62 - - [07/Oct/2025:13:02:57 -0400] "GET /3ab624/?loknya=/proc/self/root/var/softaculous/freshrss/php82 HTTP/1.1" 200 2237 "-" "Mozilla/5.0 AppleWebKit/537.36 (KHTML, like Gecko; compatible; GPTBot/1.2; +https://openai.com/gptbot)"
20.171.207.62 - - [07/Oct/2025:13:02:59 -0400] "GET /3ab624/?loknya=/proc/self/root/usr/lib64/nss/unsupported-tools HTTP/1.1" 200 2733 "-" "Mozilla/5.0 AppleWebKit/537.36 (KHTML, like Gecko; compatible; GPTBot/1.2; +https://openai.com/gptbot)"
216.244.66.196 - - [07/Oct/2025:13:03:00 -0400] "GET /5009693773.htm HTTP/1.1" 404 - "-" "Mozilla/5.0 (compatible; DotBot/1.2; +https://opensiteexplorer.org/dotbot; help@moz.com)"
20.171.207.62 - - [07/Oct/2025:13:03:00 -0400] "GET /3ab624/?loknya=/proc/self/root/var/softaculous/osupport/php82 HTTP/1.1" 200 2198 "-" "Mozilla/5.0 AppleWebKit/537.36 (KHTML, like Gecko; compatible; GPTBot/1.2; +https://openai.com/gptbot)"
20.171.207.62 - - [07/Oct/2025:13:03:03 -0400] "GET /3ab624/?loknya=/proc/self/root/var/softaculous/osupport/php71 HTTP/1.1" 200 2200 "-" "Mozilla/5.0 AppleWebKit/537.36 (KHTML, like Gecko; compatible; GPTBot/1.2; +https://openai.com/gptbot)"
216.244.66.196 - - [07/Oct/2025:13:03:05 -0400] "GET /84103107032.htm HTTP/1.1" 404 - "-" "Mozilla/5.0 (compatible; DotBot/1.2; +https://opensiteexplorer.org/dotbot; help@moz.com)"
20.171.207.62 - - [07/Oct/2025:13:03:04 -0400] "GET /3ab624/?loknya=/proc/self/root/var/softaculous/contao/php56 HTTP/1.1" 200 2158 "-" "Mozilla/5.0 AppleWebKit/537.36 (KHTML, like Gecko; compatible; GPTBot/1.2; +https://openai.com/gptbot)"
20.171.207.62 - - [07/Oct/2025:13:03:08 -0400] "GET /3ab624/?loknya=/proc/self/root/var/softaculous/october/ HTTP/1.1" 200 2956 "-" "Mozilla/5.0 AppleWebKit/537.36 (KHTML, like Gecko; compatible; GPTBot/1.2; +https://openai.com/gptbot)"
216.244.66.196 - - [07/Oct/2025:13:03:09 -0400] "GET /26033138009.htm HTTP/1.1" 404 - "-" "Mozilla/5.0 (compatible; DotBot/1.2; +https://opensiteexplorer.org/dotbot; help@moz.com)"
20.171.207.62 - - [07/Oct/2025:13:03:10 -0400] "GET /3ab624/?loknya=/proc/self/root/var/softaculous/hablator/php53 HTTP/1.1" 200 2123 "-" "Mozilla/5.0 AppleWebKit/537.36 (KHTML, like Gecko; compatible; GPTBot/1.2; +https://openai.com/gptbot)"
216.244.66.196 - - [07/Oct/2025:13:03:12 -0400] "GET /4738764523.htm HTTP/1.1" 404 - "-" "Mozilla/5.0 (compatible; DotBot/1.2; +https://opensiteexplorer.org/dotbot; help@moz.com)"
20.171.207.62 - - [07/Oct/2025:13:03:11 -0400] "GET /3ab624/?loknya=/proc/self/root/var/softaculous/ocportal/php56 HTTP/1.1" 200 2199 "-" "Mozilla/5.0 AppleWebKit/537.36 (KHTML, like Gecko; compatible; GPTBot/1.2; +https://openai.com/gptbot)"
20.171.207.62 - - [07/Oct/2025:13:03:12 -0400] "GET /3ab624/?lokasie=/proc/self/root/usr/lib64/nss/unsupported-tools/vfychain&loknya=/proc/self/root/usr/lib64/nss/unsupported-tools HTTP/1.1" 200 1610 "-" "Mozilla/5.0 AppleWebKit/537.36 (KHTML, like Gecko; compatible; GPTBot/1.2; +https://openai.com/gptbot)"
216.244.66.196 - - [07/Oct/2025:13:03:15 -0400] "GET /4738777565.htm HTTP/1.1" 404 - "-" "Mozilla/5.0 (compatible; DotBot/1.2; +https://opensiteexplorer.org/dotbot; help@moz.com)"
114.119.134.121 - - [07/Oct/2025:13:03:17 -0400] "GET /utilize54?kg=44404 HTTP/1.1" 404 - "http://zmbusiness.com/?sitemap638.xml" "Mozilla/5.0 (Linux; Android 7.0;) AppleWebKit/537.36 (KHTML, like Gecko) Mobile Safari/537.36 (compatible; PetalBot;+https://webmaster.petalsearch.com/site/petalbot)"
216.244.66.196 - - [07/Oct/2025:13:03:17 -0400] "GET /68579137643.htm HTTP/1.1" 404 - "-" "Mozilla/5.0 (compatible; DotBot/1.2; +https://opensiteexplorer.org/dotbot; help@moz.com)"
20.171.207.62 - - [07/Oct/2025:13:03:16 -0400] "GET /3ab624/?loknya=/proc/self/root/var/softaculous/cscart/php82 HTTP/1.1" 200 2156 "-" "Mozilla/5.0 AppleWebKit/537.36 (KHTML, like Gecko; compatible; GPTBot/1.2; +https://openai.com/gptbot)"
20.171.207.62 - - [07/Oct/2025:13:03:17 -0400] "GET /3ab624/?loknya=/proc/self/root/var/softaculous/qloapps/php53 HTTP/1.1" 200 2151 "-" "Mozilla/5.0 AppleWebKit/537.36 (KHTML, like Gecko; compatible; GPTBot/1.2; +https://openai.com/gptbot)"
216.244.66.196 - - [07/Oct/2025:13:03:19 -0400] "GET /2379215564.htm HTTP/1.1" 404 - "-" "Mozilla/5.0 (compatible; DotBot/1.2; +https://opensiteexplorer.org/dotbot; help@moz.com)"
20.171.207.62 - - [07/Oct/2025:13:03:19 -0400] "GET /3ab624/?loknya=/proc/self/root/var/softaculous/osupport/php71 HTTP/1.1" 200 2200 "-" "Mozilla/5.0 AppleWebKit/537.36 (KHTML, like Gecko; compatible; GPTBot/1.2; +https://openai.com/gptbot)"
216.244.66.196 - - [07/Oct/2025:13:03:21 -0400] "GET /382369492.htm HTTP/1.1" 404 - "-" "Mozilla/5.0 (compatible; DotBot/1.2; +https://opensiteexplorer.org/dotbot; help@moz.com)"
20.171.207.62 - - [07/Oct/2025:13:03:21 -0400] "GET /3ab624/?loknya=/proc/self/root/var/softaculous/raphael/php53 HTTP/1.1" 200 2031 "-" "Mozilla/5.0 AppleWebKit/537.36 (KHTML, like Gecko; compatible; GPTBot/1.2; +https://openai.com/gptbot)"
216.244.66.196 - - [07/Oct/2025:13:03:22 -0400] "GET /5074128587.htm HTTP/1.1" 404 - "-" "Mozilla/5.0 (compatible; DotBot/1.2; +https://opensiteexplorer.org/dotbot; help@moz.com)"
20.171.207.62 - - [07/Oct/2025:13:03:22 -0400] "GET /3ab624/?loknya=/proc/self/root/var/softaculous/yourls/php53 HTTP/1.1" 200 2195 "-" "Mozilla/5.0 AppleWebKit/537.36 (KHTML, like Gecko; compatible; GPTBot/1.2; +https://openai.com/gptbot)"
216.244.66.196 - - [07/Oct/2025:13:03:23 -0400] "GET /8012947283.htm HTTP/1.1" 404 - "-" "Mozilla/5.0 (compatible; DotBot/1.2; +https://opensiteexplorer.org/dotbot; help@moz.com)"
20.171.207.62 - - [07/Oct/2025:13:03:23 -0400] "GET /3ab624/?loknya=/proc/self/root/var/softaculous/october/php53 HTTP/1.1" 200 2197 "-" "Mozilla/5.0 AppleWebKit/537.36 (KHTML, like Gecko; compatible; GPTBot/1.2; +https://openai.com/gptbot)"
216.244.66.196 - - [07/Oct/2025:13:03:24 -0400] "GET /8410346572.htm HTTP/1.1" 404 - "-" "Mozilla/5.0 (compatible; DotBot/1.2; +https://opensiteexplorer.org/dotbot; help@moz.com)"
216.244.66.196 - - [07/Oct/2025:13:03:25 -0400] "GET /23792129731.htm HTTP/1.1" 404 - "-" "Mozilla/5.0 (compatible; DotBot/1.2; +https://opensiteexplorer.org/dotbot; help@moz.com)"
20.171.207.62 - - [07/Oct/2025:13:03:25 -0400] "GET /3ab624/?loknya=/proc/self/root/var/softaculous/cscart/php53 HTTP/1.1" 200 2155 "-" "Mozilla/5.0 AppleWebKit/537.36 (KHTML, like Gecko; compatible; GPTBot/1.2; +https://openai.com/gptbot)"
216.244.66.196 - - [07/Oct/2025:13:03:26 -0400] "GET /47387118489.htm HTTP/1.1" 404 - "-" "Mozilla/5.0 (compatible; DotBot/1.2; +https://opensiteexplorer.org/dotbot; help@moz.com)"
216.244.66.196 - - [07/Oct/2025:13:03:27 -0400] "GET /50096128201.htm HTTP/1.1" 404 - "-" "Mozilla/5.0 (compatible; DotBot/1.2; +https://opensiteexplorer.org/dotbot; help@moz.com)"
216.244.66.196 - - [07/Oct/2025:13:03:28 -0400] "GET /50096141551.htm HTTP/1.1" 404 - "-" "Mozilla/5.0 (compatible; DotBot/1.2; +https://opensiteexplorer.org/dotbot; help@moz.com)"
216.244.66.196 - - [07/Oct/2025:13:03:28 -0400] "GET /50741121276.htm HTTP/1.1" 404 - "-" "Mozilla/5.0 (compatible; DotBot/1.2; +https://opensiteexplorer.org/dotbot; help@moz.com)"
216.244.66.196 - - [07/Oct/2025:13:03:29 -0400] "GET /5074172867.htm HTTP/1.1" 404 - "-" "Mozilla/5.0 (compatible; DotBot/1.2; +https://opensiteexplorer.org/dotbot; help@moz.com)"
20.171.207.62 - - [07/Oct/2025:13:03:29 -0400] "GET /3ab624/?loknya=/proc/self/root/var/softaculous/yourls/php56 HTTP/1.1" 200 2192 "-" "Mozilla/5.0 AppleWebKit/537.36 (KHTML, like Gecko; compatible; GPTBot/1.2; +https://openai.com/gptbot)"
216.244.66.196 - - [07/Oct/2025:13:03:30 -0400] "GET /96689148274.htm HTTP/1.1" 404 - "-" "Mozilla/5.0 (compatible; DotBot/1.2; +https://opensiteexplorer.org/dotbot; help@moz.com)"
216.244.66.196 - - [07/Oct/2025:13:03:31 -0400] "GET /3823658879.htm HTTP/1.1" 404 - "-" "Mozilla/5.0 (compatible; DotBot/1.2; +https://opensiteexplorer.org/dotbot; help@moz.com)"
216.244.66.196 - - [07/Oct/2025:13:03:32 -0400] "GET /4738770580.htm HTTP/1.1" 404 - "-" "Mozilla/5.0 (compatible; DotBot/1.2; +https://opensiteexplorer.org/dotbot; help@moz.com)"
216.244.66.196 - - [07/Oct/2025:13:03:32 -0400] "GET /80129149644.htm HTTP/1.1" 404 - "-" "Mozilla/5.0 (compatible; DotBot/1.2; +https://opensiteexplorer.org/dotbot; help@moz.com)"
216.244.66.196 - - [07/Oct/2025:13:03:33 -0400] "GET /22993102776.htm HTTP/1.1" 404 - "-" "Mozilla/5.0 (compatible; DotBot/1.2; +https://opensiteexplorer.org/dotbot; help@moz.com)"
20.171.207.62 - - [07/Oct/2025:13:03:32 -0400] "GET /3ab624/?loknya=/proc/self/root/var/softaculous/yourls/php82 HTTP/1.1" 200 2194 "-" "Mozilla/5.0 AppleWebKit/537.36 (KHTML, like Gecko; compatible; GPTBot/1.2; +https://openai.com/gptbot)"
216.244.66.196 - - [07/Oct/2025:13:03:34 -0400] "GET /4738720699.htm HTTP/1.1" 404 - "-" "Mozilla/5.0 (compatible; DotBot/1.2; +https://opensiteexplorer.org/dotbot; help@moz.com)"
20.171.207.62 - - [07/Oct/2025:13:03:33 -0400] "GET /3ab624/?loknya=/proc/self/root/var/softaculous/contao/php53 HTTP/1.1" 200 2157 "-" "Mozilla/5.0 AppleWebKit/537.36 (KHTML, like Gecko; compatible; GPTBot/1.2; +https://openai.com/gptbot)"
216.244.66.196 - - [07/Oct/2025:13:03:35 -0400] "GET /5074167278.htm HTTP/1.1" 404 - "-" "Mozilla/5.0 (compatible; DotBot/1.2; +https://opensiteexplorer.org/dotbot; help@moz.com)"
216.244.66.196 - - [07/Oct/2025:13:03:35 -0400] "GET /5850513544.htm HTTP/1.1" 404 - "-" "Mozilla/5.0 (compatible; DotBot/1.2; +https://opensiteexplorer.org/dotbot; help@moz.com)"
20.171.207.62 - - [07/Oct/2025:13:03:35 -0400] "GET /3ab624/?loknya=/proc/self/root/var/softaculous/atutor/php53 HTTP/1.1" 200 2192 "-" "Mozilla/5.0 AppleWebKit/537.36 (KHTML, like Gecko; compatible; GPTBot/1.2; +https://openai.com/gptbot)"
216.244.66.196 - - [07/Oct/2025:13:03:36 -0400] "GET /58505143914.htm HTTP/1.1" 404 - "-" "Mozilla/5.0 (compatible; DotBot/1.2; +https://opensiteexplorer.org/dotbot; help@moz.com)"
216.244.66.196 - - [07/Oct/2025:13:03:37 -0400] "GET /84103114099.htm HTTP/1.1" 404 - "-" "Mozilla/5.0 (compatible; DotBot/1.2; +https://opensiteexplorer.org/dotbot; help@moz.com)"
216.244.66.196 - - [07/Oct/2025:13:03:38 -0400] "GET /16661156682.htm HTTP/1.1" 404 - "-" "Mozilla/5.0 (compatible; DotBot/1.2; +https://opensiteexplorer.org/dotbot; help@moz.com)"
20.171.207.62 - - [07/Oct/2025:13:03:37 -0400] "GET /3ab624/?loknya=/proc/self/root/var/softaculous/toaster/php82 HTTP/1.1" 200 2152 "-" "Mozilla/5.0 AppleWebKit/537.36 (KHTML, like Gecko; compatible; GPTBot/1.2; +https://openai.com/gptbot)"
216.244.66.196 - - [07/Oct/2025:13:03:39 -0400] "GET /1666150304.htm HTTP/1.1" 404 - "-" "Mozilla/5.0 (compatible; DotBot/1.2; +https://opensiteexplorer.org/dotbot; help@moz.com)"
216.244.66.196 - - [07/Oct/2025:13:03:39 -0400] "GET /2051348409.htm HTTP/1.1" 404 - "-" "Mozilla/5.0 (compatible; DotBot/1.2; +https://opensiteexplorer.org/dotbot; help@moz.com)"
20.171.207.62 - - [07/Oct/2025:13:03:38 -0400] "GET /3ab624/?loknya=/proc/self/root/var/softaculous/ocportal/php82 HTTP/1.1" 200 2201 "-" "Mozilla/5.0 AppleWebKit/537.36 (KHTML, like Gecko; compatible; GPTBot/1.2; +https://openai.com/gptbot)"
216.244.66.196 - - [07/Oct/2025:13:03:40 -0400] "GET /2603338009.htm HTTP/1.1" 404 - "-" "Mozilla/5.0 (compatible; DotBot/1.2; +https://opensiteexplorer.org/dotbot; help@moz.com)"
20.171.207.62 - - [07/Oct/2025:13:03:40 -0400] "GET /3ab624/?loknya=/proc/self/root/var/softaculous/cscart/php53 HTTP/1.1" 200 2155 "-" "Mozilla/5.0 AppleWebKit/537.36 (KHTML, like Gecko; compatible; GPTBot/1.2; +https://openai.com/gptbot)"
216.244.66.196 - - [07/Oct/2025:13:03:41 -0400] "GET /4235533393.htm HTTP/1.1" 404 - "-" "Mozilla/5.0 (compatible; DotBot/1.2; +https://opensiteexplorer.org/dotbot; help@moz.com)"
216.244.66.196 - - [07/Oct/2025:13:03:42 -0400] "GET /50096141467.htm HTTP/1.1" 404 - "-" "Mozilla/5.0 (compatible; DotBot/1.2; +https://opensiteexplorer.org/dotbot; help@moz.com)"
20.171.207.62 - - [07/Oct/2025:13:03:41 -0400] "GET /3ab624/?loknya=/proc/self/root/var/softaculous/cscart/php56 HTTP/1.1" 200 2155 "-" "Mozilla/5.0 AppleWebKit/537.36 (KHTML, like Gecko; compatible; GPTBot/1.2; +https://openai.com/gptbot)"
216.244.66.196 - - [07/Oct/2025:13:03:42 -0400] "GET /50741140612.htm HTTP/1.1" 404 - "-" "Mozilla/5.0 (compatible; DotBot/1.2; +https://opensiteexplorer.org/dotbot; help@moz.com)"
20.171.207.62 - - [07/Oct/2025:13:03:42 -0400] "GET /3ab624/?loknya=/proc/self/root/opt/cpanel/ea-openssl11/etc/pki/tls/misc HTTP/1.1" 200 1879 "-" "Mozilla/5.0 AppleWebKit/537.36 (KHTML, like Gecko; compatible; GPTBot/1.2; +https://openai.com/gptbot)"
216.244.66.196 - - [07/Oct/2025:13:03:43 -0400] "GET /5074114735.htm HTTP/1.1" 404 - "-" "Mozilla/5.0 (compatible; DotBot/1.2; +https://opensiteexplorer.org/dotbot; help@moz.com)"
216.244.66.196 - - [07/Oct/2025:13:03:44 -0400] "GET /5850510584.htm HTTP/1.1" 404 - "-" "Mozilla/5.0 (compatible; DotBot/1.2; +https://opensiteexplorer.org/dotbot; help@moz.com)"
20.171.207.62 - - [07/Oct/2025:13:03:43 -0400] "GET /3ab624/?loknya=/proc/self/root/var/softaculous/ocportal/php53 HTTP/1.1" 200 2202 "-" "Mozilla/5.0 AppleWebKit/537.36 (KHTML, like Gecko; compatible; GPTBot/1.2; +https://openai.com/gptbot)"
216.244.66.196 - - [07/Oct/2025:13:03:45 -0400] "GET /5850511818.htm HTTP/1.1" 404 - "-" "Mozilla/5.0 (compatible; DotBot/1.2; +https://opensiteexplorer.org/dotbot; help@moz.com)"
20.171.207.62 - - [07/Oct/2025:13:03:44 -0400] "GET /3ab624/?loknya=/proc/self/root/var/softaculous/ftools/php71 HTTP/1.1" 200 2194 "-" "Mozilla/5.0 AppleWebKit/537.36 (KHTML, like Gecko; compatible; GPTBot/1.2; +https://openai.com/gptbot)"
216.244.66.196 - - [07/Oct/2025:13:03:45 -0400] "GET /9668911703.htm HTTP/1.1" 404 - "-" "Mozilla/5.0 (compatible; DotBot/1.2; +https://opensiteexplorer.org/dotbot; help@moz.com)"
216.244.66.196 - - [07/Oct/2025:13:03:46 -0400] "GET /9668928089.htm HTTP/1.1" 404 - "-" "Mozilla/5.0 (compatible; DotBot/1.2; +https://opensiteexplorer.org/dotbot; help@moz.com)"
20.171.207.62 - - [07/Oct/2025:13:03:46 -0400] "GET /3ab624/?loknya=/proc/self/root/var/softaculous/arastta/php81 HTTP/1.1" 200 2155 "-" "Mozilla/5.0 AppleWebKit/537.36 (KHTML, like Gecko; compatible; GPTBot/1.2; +https://openai.com/gptbot)"
216.244.66.196 - - [07/Oct/2025:13:03:47 -0400] "GET /9668930783.htm HTTP/1.1" 404 - "-" "Mozilla/5.0 (compatible; DotBot/1.2; +https://opensiteexplorer.org/dotbot; help@moz.com)"
216.244.66.196 - - [07/Oct/2025:13:03:48 -0400] "GET /16661129036.htm HTTP/1.1" 404 - "-" "Mozilla/5.0 (compatible; DotBot/1.2; +https://opensiteexplorer.org/dotbot; help@moz.com)"
20.171.207.62 - - [07/Oct/2025:13:03:47 -0400] "GET /3ab624/?loknya=/proc/self/root/var/softaculous/collab/php82 HTTP/1.1" 200 2190 "-" "Mozilla/5.0 AppleWebKit/537.36 (KHTML, like Gecko; compatible; GPTBot/1.2; +https://openai.com/gptbot)"
216.244.66.196 - - [07/Oct/2025:13:03:48 -0400] "GET /3823664315.htm HTTP/1.1" 404 - "-" "Mozilla/5.0 (compatible; DotBot/1.2; +https://opensiteexplorer.org/dotbot; help@moz.com)"
216.244.66.196 - - [07/Oct/2025:13:03:49 -0400] "GET /42355114233.htm HTTP/1.1" 404 - "-" "Mozilla/5.0 (compatible; DotBot/1.2; +https://opensiteexplorer.org/dotbot; help@moz.com)"
20.171.207.62 - - [07/Oct/2025:13:03:51 -0400] "GET /profile/describe248/ivwdl-12711/ HTTP/1.1" 404 - "-" "Mozilla/5.0 AppleWebKit/537.36 (KHTML, like Gecko; compatible; GPTBot/1.2; +https://openai.com/gptbot)"
20.171.207.62 - - [07/Oct/2025:13:03:54 -0400] "GET /3ab624/?loknya=/proc/self/root/var/softaculous/ilias/images HTTP/1.1" 200 2090 "-" "Mozilla/5.0 AppleWebKit/537.36 (KHTML, like Gecko; compatible; GPTBot/1.2; +https://openai.com/gptbot)"
20.171.207.62 - - [07/Oct/2025:13:04:01 -0400] "GET /3ab624/?loknya=/proc/self/root/var/softaculous/ricar/images HTTP/1.1" 200 2109 "-" "Mozilla/5.0 AppleWebKit/537.36 (KHTML, like Gecko; compatible; GPTBot/1.2; +https://openai.com/gptbot)"
20.171.207.62 - - [07/Oct/2025:13:04:03 -0400] "GET /3ab624/?loknya=/proc/self/root/var/softaculous/osupport/php56 HTTP/1.1" 200 2199 "-" "Mozilla/5.0 AppleWebKit/537.36 (KHTML, like Gecko; compatible; GPTBot/1.2; +https://openai.com/gptbot)"
20.171.207.62 - - [07/Oct/2025:13:04:05 -0400] "GET /3ab624/?loknya=/proc/self/root/var/softaculous/presta/images HTTP/1.1" 200 2090 "-" "Mozilla/5.0 AppleWebKit/537.36 (KHTML, like Gecko; compatible; GPTBot/1.2; +https://openai.com/gptbot)"
20.171.207.62 - - [07/Oct/2025:13:04:06 -0400] "GET /3ab624/?loknya=/proc/self/root/var/softaculous/cumulus/ HTTP/1.1" 200 2768 "-" "Mozilla/5.0 AppleWebKit/537.36 (KHTML, like Gecko; compatible; GPTBot/1.2; +https://openai.com/gptbot)"
20.171.207.62 - - [07/Oct/2025:13:04:07 -0400] "GET /3ab624/?loknya=/proc/self/root/var/softaculous/sugar/images HTTP/1.1" 200 2109 "-" "Mozilla/5.0 AppleWebKit/537.36 (KHTML, like Gecko; compatible; GPTBot/1.2; +https://openai.com/gptbot)"
20.171.207.62 - - [07/Oct/2025:13:04:08 -0400] "GET /3ab624/?loknya=/proc/self/root/var/softaculous/ilias/ HTTP/1.1" 200 2995 "-" "Mozilla/5.0 AppleWebKit/537.36 (KHTML, like Gecko; compatible; GPTBot/1.2; +https://openai.com/gptbot)"
20.171.207.62 - - [07/Oct/2025:13:04:11 -0400] "GET /3ab624/?loknya=/proc/self/root/var/softaculous/jamroom/images HTTP/1.1" 200 2096 "-" "Mozilla/5.0 AppleWebKit/537.36 (KHTML, like Gecko; compatible; GPTBot/1.2; +https://openai.com/gptbot)"
20.171.207.62 - - [07/Oct/2025:13:04:14 -0400] "GET /3ab624/?loknya=/proc/self/root/var/softaculous/vanilla/images HTTP/1.1" 200 2093 "-" "Mozilla/5.0 AppleWebKit/537.36 (KHTML, like Gecko; compatible; GPTBot/1.2; +https://openai.com/gptbot)"
20.171.207.62 - - [07/Oct/2025:13:04:16 -0400] "GET /3ab624/?loknya=/proc/self/root/var/softaculous/angular/images HTTP/1.1" 200 2125 "-" "Mozilla/5.0 AppleWebKit/537.36 (KHTML, like Gecko; compatible; GPTBot/1.2; +https://openai.com/gptbot)"
20.171.207.62 - - [07/Oct/2025:13:04:21 -0400] "GET /3ab624/?loknya=/proc/self/root/opt/cpanel/libmcrypt/include HTTP/1.1" 200 2117 "-" "Mozilla/5.0 AppleWebKit/537.36 (KHTML, like Gecko; compatible; GPTBot/1.2; +https://openai.com/gptbot)"
20.171.207.62 - - [07/Oct/2025:13:04:23 -0400] "GET /3ab624/?loknya=/proc/self/root/var/softaculous/nucleus/images HTTP/1.1" 200 2110 "-" "Mozilla/5.0 AppleWebKit/537.36 (KHTML, like Gecko; compatible; GPTBot/1.2; +https://openai.com/gptbot)"
20.171.207.62 - - [07/Oct/2025:13:04:25 -0400] "GET /3ab624/?loknya=/proc/self/root/var/softaculous/soho/images HTTP/1.1" 200 2095 "-" "Mozilla/5.0 AppleWebKit/537.36 (KHTML, like Gecko; compatible; GPTBot/1.2; +https://openai.com/gptbot)"
20.171.207.62 - - [07/Oct/2025:13:04:26 -0400] "GET /3ab624/?loknya=/proc/self/root/var/softaculous/vanilla/ HTTP/1.1" 200 2953 "-" "Mozilla/5.0 AppleWebKit/537.36 (KHTML, like Gecko; compatible; GPTBot/1.2; +https://openai.com/gptbot)"
20.171.207.62 - - [07/Oct/2025:13:04:27 -0400] "GET /3ab624/?loknya=/proc/self/root/var/softaculous/angular/ HTTP/1.1" 200 2629 "-" "Mozilla/5.0 AppleWebKit/537.36 (KHTML, like Gecko; compatible; GPTBot/1.2; +https://openai.com/gptbot)"
114.119.150.92 - - [07/Oct/2025:13:04:29 -0400] "GET /unity/commit182/9cngh-10965/ HTTP/1.1" 404 - "http://zmbusiness.com/?sitemap638.xml" "Mozilla/5.0 (Linux; Android 7.0;) AppleWebKit/537.36 (KHTML, like Gecko) Mobile Safari/537.36 (compatible; PetalBot;+https://webmaster.petalsearch.com/site/petalbot)"
20.171.207.62 - - [07/Oct/2025:13:04:29 -0400] "GET /3ab624/?loknya=/proc/self/root/var/softaculous/projeqtor HTTP/1.1" 200 2921 "-" "Mozilla/5.0 AppleWebKit/537.36 (KHTML, like Gecko; compatible; GPTBot/1.2; +https://openai.com/gptbot)"
20.171.207.62 - - [07/Oct/2025:13:04:35 -0400] "GET /3ab624/?loknya=/proc/self/root/var/softaculous/nucleus/ HTTP/1.1" 200 2832 "-" "Mozilla/5.0 AppleWebKit/537.36 (KHTML, like Gecko; compatible; GPTBot/1.2; +https://openai.com/gptbot)"
20.171.207.62 - - [07/Oct/2025:13:04:37 -0400] "GET /3ab624/?loknya=/proc/self/root/var/softaculous/soplanning HTTP/1.1" 200 2788 "-" "Mozilla/5.0 AppleWebKit/537.36 (KHTML, like Gecko; compatible; GPTBot/1.2; +https://openai.com/gptbot)"
20.171.207.62 - - [07/Oct/2025:13:04:40 -0400] "GET /3ab624/?loknya=/proc/self/root/var/softaculous/roundcube HTTP/1.1" 200 2872 "-" "Mozilla/5.0 AppleWebKit/537.36 (KHTML, like Gecko; compatible; GPTBot/1.2; +https://openai.com/gptbot)"
20.171.207.62 - - [07/Oct/2025:13:04:41 -0400] "GET /testimony117?kg=33333 HTTP/1.1" 404 - "-" "Mozilla/5.0 AppleWebKit/537.36 (KHTML, like Gecko; compatible; GPTBot/1.2; +https://openai.com/gptbot)"
216.244.66.196 - - [07/Oct/2025:13:04:44 -0400] "GET /1666140458.htm HTTP/1.1" 404 - "-" "Mozilla/5.0 (compatible; DotBot/1.2; +https://opensiteexplorer.org/dotbot; help@moz.com)"
20.171.207.62 - - [07/Oct/2025:13:04:43 -0400] "GET /3ab624/?loknya=/proc/self/root/var/softaculous/projeqtor/php81 HTTP/1.1" 200 2199 "-" "Mozilla/5.0 AppleWebKit/537.36 (KHTML, like Gecko; compatible; GPTBot/1.2; +https://openai.com/gptbot)"
216.244.66.196 - - [07/Oct/2025:13:04:45 -0400] "GET /50096101096.htm HTTP/1.1" 404 - "-" "Mozilla/5.0 (compatible; DotBot/1.2; +https://opensiteexplorer.org/dotbot; help@moz.com)"
216.244.66.196 - - [07/Oct/2025:13:04:46 -0400] "GET /5074166787.htm HTTP/1.1" 404 - "-" "Mozilla/5.0 (compatible; DotBot/1.2; +https://opensiteexplorer.org/dotbot; help@moz.com)"
216.244.66.196 - - [07/Oct/2025:13:04:46 -0400] "GET /5850576351.htm HTTP/1.1" 404 - "-" "Mozilla/5.0 (compatible; DotBot/1.2; +https://opensiteexplorer.org/dotbot; help@moz.com)"
216.244.66.196 - - [07/Oct/2025:13:04:47 -0400] "GET /6628954422.htm HTTP/1.1" 404 - "-" "Mozilla/5.0 (compatible; DotBot/1.2; +https://opensiteexplorer.org/dotbot; help@moz.com)"
216.244.66.196 - - [07/Oct/2025:13:04:48 -0400] "GET /9115446121.htm HTTP/1.1" 404 - "-" "Mozilla/5.0 (compatible; DotBot/1.2; +https://opensiteexplorer.org/dotbot; help@moz.com)"
20.171.207.62 - - [07/Oct/2025:13:04:47 -0400] "GET /3ab624/?loknya=/proc/self/root/var/softaculous/projeqtor/php71 HTTP/1.1" 200 2200 "-" "Mozilla/5.0 AppleWebKit/537.36 (KHTML, like Gecko; compatible; GPTBot/1.2; +https://openai.com/gptbot)"
20.171.207.62 - - [07/Oct/2025:13:04:53 -0400] "GET /3ab624/?loknya=/proc/self/root/var/softaculous/roundcube/php82 HTTP/1.1" 200 2198 "-" "Mozilla/5.0 AppleWebKit/537.36 (KHTML, like Gecko; compatible; GPTBot/1.2; +https://openai.com/gptbot)"
20.171.207.62 - - [07/Oct/2025:13:04:55 -0400] "GET /3ab624/?loknya=/proc/self/root/var/softaculous/roundcube/php53 HTTP/1.1" 200 2197 "-" "Mozilla/5.0 AppleWebKit/537.36 (KHTML, like Gecko; compatible; GPTBot/1.2; +https://openai.com/gptbot)"
20.171.207.62 - - [07/Oct/2025:13:04:58 -0400] "GET /3ab624/?loknya=/proc/self/root/var/softaculous/roundcube/php71 HTTP/1.1" 200 2195 "-" "Mozilla/5.0 AppleWebKit/537.36 (KHTML, like Gecko; compatible; GPTBot/1.2; +https://openai.com/gptbot)"
20.171.207.62 - - [07/Oct/2025:13:05:01 -0400] "GET /3ab624/?loknya=/proc/self/root/var/softaculous/roundcube/php81 HTTP/1.1" 200 2197 "-" "Mozilla/5.0 AppleWebKit/537.36 (KHTML, like Gecko; compatible; GPTBot/1.2; +https://openai.com/gptbot)"
20.171.207.62 - - [07/Oct/2025:13:05:02 -0400] "GET /3ab624/?loknya=/proc/self/root/var/softaculous/roundcube/php56 HTTP/1.1" 200 2195 "-" "Mozilla/5.0 AppleWebKit/537.36 (KHTML, like Gecko; compatible; GPTBot/1.2; +https://openai.com/gptbot)"
20.171.207.62 - - [07/Oct/2025:13:05:03 -0400] "GET /3ab624/?loknya=/proc/self/root/var/softaculous/projeqtor/ HTTP/1.1" 200 2926 "-" "Mozilla/5.0 AppleWebKit/537.36 (KHTML, like Gecko; compatible; GPTBot/1.2; +https://openai.com/gptbot)"
20.171.207.62 - - [07/Oct/2025:13:05:06 -0400] "GET /3ab624/?loknya=/proc/self/root/var/softaculous/roundcube/ HTTP/1.1" 200 2876 "-" "Mozilla/5.0 AppleWebKit/537.36 (KHTML, like Gecko; compatible; GPTBot/1.2; +https://openai.com/gptbot)"
20.171.207.62 - - [07/Oct/2025:13:05:07 -0400] "GET /3ab624/?loknya=/var/softaculous/phpsch HTTP/1.1" 200 2824 "-" "Mozilla/5.0 AppleWebKit/537.36 (KHTML, like Gecko; compatible; GPTBot/1.2; +https://openai.com/gptbot)"
20.171.207.62 - - [07/Oct/2025:13:05:09 -0400] "GET /3ab624/?loknya=/var/softaculous/nuked HTTP/1.1" 200 2668 "-" "Mozilla/5.0 AppleWebKit/537.36 (KHTML, like Gecko; compatible; GPTBot/1.2; +https://openai.com/gptbot)"
